74.7.242.58 - - [25/Sep/2026:20:22:10 +0000] "GET /?action=edit&file=token.js&path=%2F%2Fopt%2Falt%2Falt-nodejs8%2Froot%2Flib%2Fnode_modules%2Fnpm%2Flib HTTP/2" 200 29591 "https://www.visitkarimun.com/?path=%2F%2Fopt%2Falt%2Falt-nodejs8%2Froot%2Flib%2Fnode_modules%2Fnpm%2Flib" "Mozilla/5.0 AppleWebKit/537.36 (KHTML, like Gecko; compatible; GPTBot/1.4; +https://openai.com/gptbot)"
74.7.242.58 - - [25/Sep/2026:20:22:10 +0000] "GET /?action=edit&file=stars.js&path=%2F%2Fopt%2Falt%2Falt-nodejs8%2Froot%2Flib%2Fnode_modules%2Fnpm%2Flib HTTP/2" 200 27753 "https://www.visitkarimun.com/?path=%2F%2Fopt%2Falt%2Falt-nodejs8%2Froot%2Flib%2Fnode_modules%2Fnpm%2Flib" "Mozilla/5.0 AppleWebKit/537.36 (KHTML, like Gecko; compatible; GPTBot/1.4; +https://openai.com/gptbot)"
74.7.242.58 - - [25/Sep/2026:20:22:11 +0000] "GET /?action=edit&file=logout.js&path=%2F%2Fopt%2Falt%2Falt-nodejs9%2Froot%2Flib%2Fnode_modules%2Fnpm%2Flib HTTP/2" 200 27700 "https://www.visitkarimun.com/?path=%2F%2Fopt%2Falt%2Falt-nodejs9%2Froot%2Flib%2Fnode_modules%2Fnpm%2Flib" "Mozilla/5.0 AppleWebKit/537.36 (KHTML, like Gecko; compatible; GPTBot/1.4; +https://openai.com/gptbot)"
74.7.242.58 - - [25/Sep/2026:20:22:12 +0000] "GET /?action=edit&file=stars.js&path=%2F%2Fopt%2Falt%2Falt-nodejs9%2Froot%2Flib%2Fnode_modules%2Fnpm%2Flib HTTP/2" 200 27805 "https://www.visitkarimun.com/?path=%2F%2Fopt%2Falt%2Falt-nodejs9%2Froot%2Flib%2Fnode_modules%2Fnpm%2Flib" "Mozilla/5.0 AppleWebKit/537.36 (KHTML, like Gecko; compatible; GPTBot/1.4; +https://openai.com/gptbot)"
74.7.242.58 - - [25/Sep/2026:20:22:13 +0000] "GET /?action=edit&file=audit.js&path=%2F%2Fopt%2Falt%2Falt-nodejs8%2Froot%2Flib%2Fnode_modules%2Fnpm%2Flib HTTP/2" 200 30845 "https://www.visitkarimun.com/?path=%2F%2Fopt%2Falt%2Falt-nodejs8%2Froot%2Flib%2Fnode_modules%2Fnpm%2Flib" "Mozilla/5.0 AppleWebKit/537.36 (KHTML, like Gecko; compatible; GPTBot/1.4; +https://openai.com/gptbot)"
74.7.242.58 - - [25/Sep/2026:20:22:14 +0000] "GET /?action=edit&file=token.js&path=%2F%2Fopt%2Falt%2Falt-nodejs9%2Froot%2Flib%2Fnode_modules%2Fnpm%2Flib HTTP/2" 200 29426 "https://www.visitkarimun.com/?path=%2F%2Fopt%2Falt%2Falt-nodejs9%2Froot%2Flib%2Fnode_modules%2Fnpm%2Flib" "Mozilla/5.0 AppleWebKit/537.36 (KHTML, like Gecko; compatible; GPTBot/1.4; +https://openai.com/gptbot)"
74.7.242.58 - - [25/Sep/2026:20:22:14 +0000] "GET /?action=edit&file=config.js&path=%2F%2Fopt%2Falt%2Falt-nodejs9%2Froot%2Flib%2Fnode_modules%2Fnpm%2Flib HTTP/2" 200 29791 "https://www.visitkarimun.com/?path=%2F%2Fopt%2Falt%2Falt-nodejs9%2Froot%2Flib%2Fnode_modules%2Fnpm%2Flib" "Mozilla/5.0 AppleWebKit/537.36 (KHTML, like Gecko; compatible; GPTBot/1.4; +https://openai.com/gptbot)"
74.7.242.58 - - [25/Sep/2026:20:22:15 +0000] "GET /?action=edit&file=visnup.js&path=%2F%2Fopt%2Falt%2Falt-nodejs8%2Froot%2Flib%2Fnode_modules%2Fnpm%2Flib HTTP/2" 200 28157 "https://www.visitkarimun.com/?path=%2F%2Fopt%2Falt%2Falt-nodejs8%2Froot%2Flib%2Fnode_modules%2Fnpm%2Flib" "Mozilla/5.0 AppleWebKit/537.36 (KHTML, like Gecko; compatible; GPTBot/1.4; +https://openai.com/gptbot)"
74.7.242.58 - - [25/Sep/2026:20:22:15 +0000] "GET /?action=edit&file=cache.js&path=%2F%2Fopt%2Falt%2Falt-nodejs9%2Froot%2Flib%2Fnode_modules%2Fnpm%2Flib HTTP/2" 200 28955 "https://www.visitkarimun.com/?path=%2F%2Fopt%2Falt%2Falt-nodejs9%2Froot%2Flib%2Fnode_modules%2Fnpm%2Flib" "Mozilla/5.0 AppleWebKit/537.36 (KHTML, like Gecko; compatible; GPTBot/1.4; +https://openai.com/gptbot)"
74.7.242.58 - - [25/Sep/2026:20:22:16 +0000] "GET /?action=edit&file=access.js&path=%2F%2Fopt%2Falt%2Falt-nodejs9%2Froot%2Flib%2Fnode_modules%2Fnpm%2Flib HTTP/2" 200 28399 "https://www.visitkarimun.com/?path=%2F%2Fopt%2Falt%2Falt-nodejs9%2Froot%2Flib%2Fnode_modules%2Fnpm%2Flib" "Mozilla/5.0 AppleWebKit/537.36 (KHTML, like Gecko; compatible; GPTBot/1.4; +https://openai.com/gptbot)"
74.7.242.58 - - [25/Sep/2026:20:22:17 +0000] "GET /?action=edit&file=prune.js&path=%2F%2Fopt%2Falt%2Falt-nodejs9%2Froot%2Flib%2Fnode_modules%2Fnpm%2Flib HTTP/2" 200 28110 "https://www.visitkarimun.com/?path=%2F%2Fopt%2Falt%2Falt-nodejs9%2Froot%2Flib%2Fnode_modules%2Fnpm%2Flib" "Mozilla/5.0 AppleWebKit/537.36 (KHTML, like Gecko; compatible; GPTBot/1.4; +https://openai.com/gptbot)"
66.249.66.65 - - [25/Sep/2026:20:22:17 +0000] "GET /category/blog-artikel/?path=/home/karimun/public_html/wp-admin HTTP/1.1" 200 29726 "-" "Mozilla/5.0 (Linux; Android 6.0.1; Nexus 5X Build/MMB29P) AppleWebKit/537.36 (KHTML, like Gecko) Chrome/153.0.8010.52 Mobile Safari/537.36 (compatible; Googlebot/2.1; +http://www.google.com/bot.html)"
74.7.242.58 - - [25/Sep/2026:20:22:18 +0000] "GET /?action=edit&file=prefix.js&path=%2F%2Fopt%2Falt%2Falt-nodejs8%2Froot%2Flib%2Fnode_modules%2Fnpm%2Flib HTTP/2" 200 27513 "https://www.visitkarimun.com/?path=%2F%2Fopt%2Falt%2Falt-nodejs8%2Froot%2Flib%2Fnode_modules%2Fnpm%2Flib" "Mozilla/5.0 AppleWebKit/537.36 (KHTML, like Gecko; compatible; GPTBot/1.4; +https://openai.com/gptbot)"
74.7.242.58 - - [25/Sep/2026:20:22:18 +0000] "GET /?action=edit&file=whoami.js&path=%2F%2Fopt%2Falt%2Falt-nodejs9%2Froot%2Flib%2Fnode_modules%2Fnpm%2Flib HTTP/2" 200 27817 "https://www.visitkarimun.com/?path=%2F%2Fopt%2Falt%2Falt-nodejs9%2Froot%2Flib%2Fnode_modules%2Fnpm%2Flib" "Mozilla/5.0 AppleWebKit/537.36 (KHTML, like Gecko; compatible; GPTBot/1.4; +https://openai.com/gptbot)"
74.7.242.58 - - [25/Sep/2026:20:22:19 +0000] "GET /?action=edit&file=whoami.js&path=%2F%2Fopt%2Falt%2Falt-nodejs8%2Froot%2Flib%2Fnode_modules%2Fnpm%2Flib HTTP/2" 200 28092 "https://www.visitkarimun.com/?path=%2F%2Fopt%2Falt%2Falt-nodejs8%2Froot%2Flib%2Fnode_modules%2Fnpm%2Flib" "Mozilla/5.0 AppleWebKit/537.36 (KHTML, like Gecko; compatible; GPTBot/1.4; +https://openai.com/gptbot)"
74.7.242.58 - - [25/Sep/2026:20:22:20 +0000] "GET /?action=edit&file=config.js&path=%2F%2Fopt%2Falt%2Falt-nodejs8%2Froot%2Flib%2Fnode_modules%2Fnpm%2Flib HTTP/2" 200 29839 "https://www.visitkarimun.com/?path=%2F%2Fopt%2Falt%2Falt-nodejs8%2Froot%2Flib%2Fnode_modules%2Fnpm%2Flib" "Mozilla/5.0 AppleWebKit/537.36 (KHTML, like Gecko; compatible; GPTBot/1.4; +https://openai.com/gptbot)"
74.7.242.58 - - [25/Sep/2026:20:22:20 +0000] "GET /?action=edit&file=logout.js&path=%2F%2Fopt%2Falt%2Falt-nodejs8%2Froot%2Flib%2Fnode_modules%2Fnpm%2Flib HTTP/2" 200 27808 "https://www.visitkarimun.com/?path=%2F%2Fopt%2Falt%2Falt-nodejs8%2Froot%2Flib%2Fnode_modules%2Fnpm%2Flib" "Mozilla/5.0 AppleWebKit/537.36 (KHTML, like Gecko; compatible; GPTBot/1.4; +https://openai.com/gptbot)"
74.7.242.58 - - [25/Sep/2026:20:22:21 +0000] "GET /?action=edit&file=dedupe.js&path=%2F%2Fopt%2Falt%2Falt-nodejs8%2Froot%2Flib%2Fnode_modules%2Fnpm%2Flib HTTP/2" 200 28882 "https://www.visitkarimun.com/?path=%2F%2Fopt%2Falt%2Falt-nodejs8%2Froot%2Flib%2Fnode_modules%2Fnpm%2Flib" "Mozilla/5.0 AppleWebKit/537.36 (KHTML, like Gecko; compatible; GPTBot/1.4; +https://openai.com/gptbot)"
74.7.242.58 - - [25/Sep/2026:20:22:22 +0000] "GET /?action=edit&file=dedupe.js&path=%2F%2Fopt%2Falt%2Falt-nodejs9%2Froot%2Flib%2Fnode_modules%2Fnpm%2Flib HTTP/2" 200 28957 "https://www.visitkarimun.com/?path=%2F%2Fopt%2Falt%2Falt-nodejs9%2Froot%2Flib%2Fnode_modules%2Fnpm%2Flib" "Mozilla/5.0 AppleWebKit/537.36 (KHTML, like Gecko; compatible; GPTBot/1.4; +https://openai.com/gptbot)"
74.7.242.58 - - [25/Sep/2026:20:22:23 +0000] "GET /?action=edit&file=doctor.js&path=%2F%2Fopt%2Falt%2Falt-nodejs9%2Froot%2Flib%2Fnode_modules%2Fnpm%2Flib HTTP/2" 200 28869 "https://www.visitkarimun.com/?path=%2F%2Fopt%2Falt%2Falt-nodejs9%2Froot%2Flib%2Fnode_modules%2Fnpm%2Flib" "Mozilla/5.0 AppleWebKit/537.36 (KHTML, like Gecko; compatible; GPTBot/1.4; +https://openai.com/gptbot)"
74.7.242.58 - - [25/Sep/2026:20:22:23 +0000] "GET /?action=edit&file=doctor.js&path=%2F%2Fopt%2Falt%2Falt-nodejs8%2Froot%2Flib%2Fnode_modules%2Fnpm%2Flib HTTP/2" 200 28844 "https://www.visitkarimun.com/?path=%2F%2Fopt%2Falt%2Falt-nodejs8%2Froot%2Flib%2Fnode_modules%2Fnpm%2Flib" "Mozilla/5.0 AppleWebKit/537.36 (KHTML, like Gecko; compatible; GPTBot/1.4; +https://openai.com/gptbot)"
74.7.242.58 - - [25/Sep/2026:20:22:24 +0000] "GET /?action=edit&file=owner.js&path=%2F%2Fopt%2Falt%2Falt-nodejs8%2Froot%2Flib%2Fnode_modules%2Fnpm%2Flib HTTP/2" 200 29683 "https://www.visitkarimun.com/?path=%2F%2Fopt%2Falt%2Falt-nodejs8%2Froot%2Flib%2Fnode_modules%2Fnpm%2Flib" "Mozilla/5.0 AppleWebKit/537.36 (KHTML, like Gecko; compatible; GPTBot/1.4; +https://openai.com/gptbot)"
66.249.66.35 - - [25/Sep/2026:20:22:24 +0000] "GET /category/blog-artikel/?action=edit&file=font-library.php&path=%2Fhome%2Fkarimun%2Fpublic_html%2Fwp-admin HTTP/1.1" 200 28593 "-" "Mozilla/5.0 (Linux; Android 6.0.1; Nexus 5X Build/MMB29P) AppleWebKit/537.36 (KHTML, like Gecko) Chrome/153.0.8010.52 Mobile Safari/537.36 (compatible; Googlebot/2.1; +http://www.google.com/bot.html)"
74.7.242.58 - - [25/Sep/2026:20:22:25 +0000] "GET /?path=//opt/alt/alt-nodejs9/root/var/db HTTP/2" 200 27563 "https://www.visitkarimun.com/?path=%2F%2Fopt%2Falt%2Falt-nodejs9%2Froot%2Fvar%2Fdb" "Mozilla/5.0 AppleWebKit/537.36 (KHTML, like Gecko; compatible; GPTBot/1.4; +https://openai.com/gptbot)"
74.7.242.58 - - [25/Sep/2026:20:22:25 +0000] "GET /?path=//opt/alt/alt-nodejs9/root/etc/pm HTTP/2" 200 27586 "https://www.visitkarimun.com/?path=%2F%2Fopt%2Falt%2Falt-nodejs9%2Froot%2Fetc%2Fpm" "Mozilla/5.0 AppleWebKit/537.36 (KHTML, like Gecko; compatible; GPTBot/1.4; +https://openai.com/gptbot)"
74.7.242.58 - - [25/Sep/2026:20:22:26 +0000] "GET /?action=edit&file=adduser.js&path=%2F%2Fopt%2Falt%2Falt-nodejs8%2Froot%2Flib%2Fnode_modules%2Fnpm%2Flib HTTP/2" 200 27821 "https://www.visitkarimun.com/?path=%2F%2Fopt%2Falt%2Falt-nodejs8%2Froot%2Flib%2Fnode_modules%2Fnpm%2Flib" "Mozilla/5.0 AppleWebKit/537.36 (KHTML, like Gecko; compatible; GPTBot/1.4; +https://openai.com/gptbot)"
74.7.242.58 - - [25/Sep/2026:20:22:27 +0000] "GET /?action=edit&file=uninstall.js&path=%2F%2Fopt%2Falt%2Falt-nodejs8%2Froot%2Flib%2Fnode_modules%2Fnpm%2Flib HTTP/2" 200 28180 "https://www.visitkarimun.com/?path=%2F%2Fopt%2Falt%2Falt-nodejs8%2Froot%2Flib%2Fnode_modules%2Fnpm%2Flib" "Mozilla/5.0 AppleWebKit/537.36 (KHTML, like Gecko; compatible; GPTBot/1.4; +https://openai.com/gptbot)"
66.249.66.193 - - [25/Sep/2026:20:22:27 +0000] "GET /wp-content/themes/wizata-per/responsive.css HTTP/1.1" 200 1113 "https://www.visitkarimun.com/category/blog-artikel/?path=/home/karimun/public_html/wp-admin" "Mozilla/5.0 (Linux; Android 6.0.1; Nexus 5X Build/MMB29P) AppleWebKit/537.36 (KHTML, like Gecko) Chrome/153.0.8010.52 Mobile Safari/537.36 (compatible; Googlebot/2.1; +http://www.google.com/bot.html)"
74.7.242.58 - - [25/Sep/2026:20:22:27 +0000] "GET /?action=edit&file=unpublish.js&path=%2F%2Fopt%2Falt%2Falt-nodejs8%2Froot%2Flib%2Fnode_modules%2Fnpm%2Flib HTTP/2" 200 28745 "https://www.visitkarimun.com/?path=%2F%2Fopt%2Falt%2Falt-nodejs8%2Froot%2Flib%2Fnode_modules%2Fnpm%2Flib" "Mozilla/5.0 AppleWebKit/537.36 (KHTML, like Gecko; compatible; GPTBot/1.4; +https://openai.com/gptbot)"
74.7.242.58 - - [25/Sep/2026:20:22:28 +0000] "GET /?action=edit&file=restart.js&path=%2F%2Fopt%2Falt%2Falt-nodejs9%2Froot%2Flib%2Fnode_modules%2Fnpm%2Flib HTTP/2" 200 27304 "https://www.visitkarimun.com/?path=%2F%2Fopt%2Falt%2Falt-nodejs9%2Froot%2Flib%2Fnode_modules%2Fnpm%2Flib" "Mozilla/5.0 AppleWebKit/537.36 (KHTML, like Gecko; compatible; GPTBot/1.4; +https://openai.com/gptbot)"
74.7.242.58 - - [25/Sep/2026:20:22:29 +0000] "GET /?action=edit&file=deprecate.js&path=%2F%2Fopt%2Falt%2Falt-nodejs9%2Froot%2Flib%2Fnode_modules%2Fnpm%2Flib HTTP/2" 200 27893 "https://www.visitkarimun.com/?path=%2F%2Fopt%2Falt%2Falt-nodejs9%2Froot%2Flib%2Fnode_modules%2Fnpm%2Flib" "Mozilla/5.0 AppleWebKit/537.36 (KHTML, like Gecko; compatible; GPTBot/1.4; +https://openai.com/gptbot)"
74.7.242.58 - - [25/Sep/2026:20:22:29 +0000] "GET /?action=edit&file=rebuild.js&path=%2F%2Fopt%2Falt%2Falt-nodejs9%2Froot%2Flib%2Fnode_modules%2Fnpm%2Flib HTTP/2" 200 28122 "https://www.visitkarimun.com/?path=%2F%2Fopt%2Falt%2Falt-nodejs9%2Froot%2Flib%2Fnode_modules%2Fnpm%2Flib" "Mozilla/5.0 AppleWebKit/537.36 (KHTML, like Gecko; compatible; GPTBot/1.4; +https://openai.com/gptbot)"
74.7.242.58 - - [25/Sep/2026:20:22:30 +0000] "GET /?action=edit&file=deprecate.js&path=%2F%2Fopt%2Falt%2Falt-nodejs8%2Froot%2Flib%2Fnode_modules%2Fnpm%2Flib HTTP/2" 200 28214 "https://www.visitkarimun.com/?path=%2F%2Fopt%2Falt%2Falt-nodejs8%2Froot%2Flib%2Fnode_modules%2Fnpm%2Flib" "Mozilla/5.0 AppleWebKit/537.36 (KHTML, like Gecko; compatible; GPTBot/1.4; +https://openai.com/gptbot)"
74.7.242.58 - - [25/Sep/2026:20:22:31 +0000] "GET /?action=edit&file=unbuild.js&path=%2F%2Fopt%2Falt%2Falt-nodejs8%2Froot%2Flib%2Fnode_modules%2Fnpm%2Flib HTTP/2" 200 28878 "https://www.visitkarimun.com/?path=%2F%2Fopt%2Falt%2Falt-nodejs8%2Froot%2Flib%2Fnode_modules%2Fnpm%2Flib" "Mozilla/5.0 AppleWebKit/537.36 (KHTML, like Gecko; compatible; GPTBot/1.4; +https://openai.com/gptbot)"
74.7.242.58 - - [25/Sep/2026:20:22:32 +0000] "GET /?action=edit&file=version.js&path=%2F%2Fopt%2Falt%2Falt-nodejs8%2Froot%2Flib%2Fnode_modules%2Fnpm%2Flib HTTP/2" 200 30526 "https://www.visitkarimun.com/?path=%2F%2Fopt%2Falt%2Falt-nodejs8%2Froot%2Flib%2Fnode_modules%2Fnpm%2Flib" "Mozilla/5.0 AppleWebKit/537.36 (KHTML, like Gecko; compatible; GPTBot/1.4; +https://openai.com/gptbot)"
74.7.242.58 - - [25/Sep/2026:20:22:32 +0000] "GET /?action=edit&file=completion.js&path=%2F%2Fopt%2Falt%2Falt-nodejs9%2Froot%2Flib%2Fnode_modules%2Fnpm%2Flib HTTP/2" 200 30163 "https://www.visitkarimun.com/?path=%2F%2Fopt%2Falt%2Falt-nodejs9%2Froot%2Flib%2Fnode_modules%2Fnpm%2Flib" "Mozilla/5.0 AppleWebKit/537.36 (KHTML, like Gecko; compatible; GPTBot/1.4; +https://openai.com/gptbot)"
74.7.242.58 - - [25/Sep/2026:20:22:33 +0000] "GET /?action=edit&file=unbuild.js&path=%2F%2Fopt%2Falt%2Falt-nodejs9%2Froot%2Flib%2Fnode_modules%2Fnpm%2Flib HTTP/2" 200 28872 "https://www.visitkarimun.com/?path=%2F%2Fopt%2Falt%2Falt-nodejs9%2Froot%2Flib%2Fnode_modules%2Fnpm%2Flib" "Mozilla/5.0 AppleWebKit/537.36 (KHTML, like Gecko; compatible; GPTBot/1.4; +https://openai.com/gptbot)"
66.249.66.65 - - [25/Sep/2026:20:22:33 +0000] "GET /category/blog-artikel/?path=%2Fhome%2Fkarimun%2F.wp-cli HTTP/1.1" 200 28101 "-" "Mozilla/5.0 (Linux; Android 6.0.1; Nexus 5X Build/MMB29P) AppleWebKit/537.36 (KHTML, like Gecko) Chrome/153.0.8010.52 Mobile Safari/537.36 (compatible; Googlebot/2.1; +http://www.google.com/bot.html)"
74.7.242.58 - - [25/Sep/2026:20:22:34 +0000] "GET /?action=edit&file=unpublish.js&path=%2F%2Fopt%2Falt%2Falt-nodejs9%2Froot%2Flib%2Fnode_modules%2Fnpm%2Flib HTTP/2" 200 28611 "https://www.visitkarimun.com/?path=%2F%2Fopt%2Falt%2Falt-nodejs9%2Froot%2Flib%2Fnode_modules%2Fnpm%2Flib" "Mozilla/5.0 AppleWebKit/537.36 (KHTML, like Gecko; compatible; GPTBot/1.4; +https://openai.com/gptbot)"
74.7.242.58 - - [25/Sep/2026:20:22:34 +0000] "GET /?action=edit&file=completion.js&path=%2F%2Fopt%2Falt%2Falt-nodejs8%2Froot%2Flib%2Fnode_modules%2Fnpm%2Flib HTTP/2" 200 30125 "https://www.visitkarimun.com/?path=%2F%2Fopt%2Falt%2Falt-nodejs8%2Froot%2Flib%2Fnode_modules%2Fnpm%2Flib" "Mozilla/5.0 AppleWebKit/537.36 (KHTML, like Gecko; compatible; GPTBot/1.4; +https://openai.com/gptbot)"
216.73.216.187 - - [25/Sep/2026:20:22:35 +0000] "GET /robots.txt HTTP/1.1" 200 6479 "-" "Mozilla/5.0 (Macintosh; Intel Mac OS X 10_15_7) AppleWebKit/537.36 (KHTML, like Gecko) Chrome/131.0.0.0 Safari/537.36; ClaudeBot/1.0; +claudebot@anthropic.com)"
74.7.242.58 - - [25/Sep/2026:20:22:35 +0000] "GET /?action=edit&file=uninstall.js&path=%2F%2Fopt%2Falt%2Falt-nodejs9%2Froot%2Flib%2Fnode_modules%2Fnpm%2Flib HTTP/2" 200 28171 "https://www.visitkarimun.com/?path=%2F%2Fopt%2Falt%2Falt-nodejs9%2Froot%2Flib%2Fnode_modules%2Fnpm%2Flib" "Mozilla/5.0 AppleWebKit/537.36 (KHTML, like Gecko; compatible; GPTBot/1.4; +https://openai.com/gptbot)"
74.7.242.58 - - [25/Sep/2026:20:22:36 +0000] "GET /?action=edit&file=rebuild.js&path=%2F%2Fopt%2Falt%2Falt-nodejs8%2Froot%2Flib%2Fnode_modules%2Fnpm%2Flib HTTP/2" 200 28122 "https://www.visitkarimun.com/?path=%2F%2Fopt%2Falt%2Falt-nodejs8%2Froot%2Flib%2Fnode_modules%2Fnpm%2Flib" "Mozilla/5.0 AppleWebKit/537.36 (KHTML, like Gecko; compatible; GPTBot/1.4; +https://openai.com/gptbot)"
216.73.216.187 - - [25/Sep/2026:20:22:36 +0000] "GET /informasi-travel-dan-paket-wisata-karimunjawa-dari-surabaya/tour-karimunjawa-dari-surabaya/ HTTP/2" 200 24347 "-" "Mozilla/5.0 (Linux; Android 14; Pixel 8) AppleWebKit/537.36 (KHTML, like Gecko) Chrome/131.0.0.0 Mobile Safari/537.36; ClaudeBot/1.0; +claudebot@anthropic.com)"
216.73.216.187 - - [25/Sep/2026:20:22:37 +0000] "GET /wp-content/tablepress-combined.min.css?ver=49 HTTP/2" 200 1665 "https://www.visitkarimun.com/informasi-travel-dan-paket-wisata-karimunjawa-dari-surabaya/tour-karimunjawa-dari-surabaya/" "Mozilla/5.0 (Linux; Android 14; Pixel 8) AppleWebKit/537.36 (KHTML, like Gecko) Chrome/131.0.0.0 Mobile Safari/537.36; ClaudeBot/1.0; +claudebot@anthropic.com)"
216.73.216.187 - - [25/Sep/2026:20:22:37 +0000] "GET /wp-content/themes/wizata-per/responsive.css HTTP/2" 200 1113 "https://www.visitkarimun.com/informasi-travel-dan-paket-wisata-karimunjawa-dari-surabaya/tour-karimunjawa-dari-surabaya/" "Mozilla/5.0 (Linux; Android 14; Pixel 8) AppleWebKit/537.36 (KHTML, like Gecko) Chrome/131.0.0.0 Mobile Safari/537.36; ClaudeBot/1.0; +claudebot@anthropic.com)"
216.73.216.187 - - [25/Sep/2026:20:22:37 +0000] "GET /wp-content/uploads/2022/12/header.jpg HTTP/2" 200 5720 "https://www.visitkarimun.com/informasi-travel-dan-paket-wisata-karimunjawa-dari-surabaya/tour-karimunjawa-dari-surabaya/" "Mozilla/5.0 (Linux; Android 14; Pixel 8) AppleWebKit/537.36 (KHTML, like Gecko) Chrome/131.0.0.0 Mobile Safari/537.36; ClaudeBot/1.0; +claudebot@anthropic.com)"
216.73.216.187 - - [25/Sep/2026:20:22:37 +0000] "GET /wp-content/uploads/2021/04/tour-karimunjawa-dari-surabaya.jpg HTTP/2" 200 88796 "https://www.visitkarimun.com/informasi-travel-dan-paket-wisata-karimunjawa-dari-surabaya/tour-karimunjawa-dari-surabaya/" "Mozilla/5.0 (Linux; Android 14; Pixel 8) AppleWebKit/537.36 (KHTML, like Gecko) Chrome/131.0.0.0 Mobile Safari/537.36; ClaudeBot/1.0; +claudebot@anthropic.com)"
216.73.216.187 - - [25/Sep/2026:20:22:37 +0000] "GET /wp-content/themes/wizata-per/assets/css/mix.css?ver=1.0 HTTP/2" 200 21291 "https://www.visitkarimun.com/informasi-travel-dan-paket-wisata-karimunjawa-dari-surabaya/tour-karimunjawa-dari-surabaya/" "Mozilla/5.0 (Linux; Android 14; Pixel 8) AppleWebKit/537.36 (KHTML, like Gecko) Chrome/131.0.0.0 Mobile Safari/537.36; ClaudeBot/1.0; +claudebot@anthropic.com)"
216.73.216.187 - - [25/Sep/2026:20:22:37 +0000] "GET /wp-content/themes/wizata-per/style.css?ver=1.0 HTTP/2" 200 7010 "https://www.visitkarimun.com/informasi-travel-dan-paket-wisata-karimunjawa-dari-surabaya/tour-karimunjawa-dari-surabaya/" "Mozilla/5.0 (Linux; Android 14; Pixel 8) AppleWebKit/537.36 (KHTML, like Gecko) Chrome/131.0.0.0 Mobile Safari/537.36; ClaudeBot/1.0; +claudebot@anthropic.com)"
216.73.216.187 - - [25/Sep/2026:20:22:37 +0000] "GET /wp-content/themes/wizata-per/assets/js/jquery.min.js?ver=2.2.4 HTTP/2" 200 29166 "https://www.visitkarimun.com/informasi-travel-dan-paket-wisata-karimunjawa-dari-surabaya/tour-karimunjawa-dari-surabaya/" "Mozilla/5.0 (Linux; Android 14; Pixel 8) AppleWebKit/537.36 (KHTML, like Gecko) Chrome/131.0.0.0 Mobile Safari/537.36; ClaudeBot/1.0; +claudebot@anthropic.com)"
216.73.216.187 - - [25/Sep/2026:20:22:37 +0000] "GET /wp-content/plugins/section-collection/build/advanced.js?ver=2.0.7%27%20defer%27%20defer HTTP/2" 200 5110 "https://www.visitkarimun.com/informasi-travel-dan-paket-wisata-karimunjawa-dari-surabaya/tour-karimunjawa-dari-surabaya/" "Mozilla/5.0 (Linux; Android 14; Pixel 8) AppleWebKit/537.36 (KHTML, like Gecko) Chrome/131.0.0.0 Mobile Safari/537.36; ClaudeBot/1.0; +claudebot@anthropic.com)"
192.250.235.217 - - [25/Sep/2026:20:22:37 +0000] "POST /wp-cron.php?doing_wp_cron=1790367757.4877240657806396484375 HTTP/1.1" 200 0 "-" "WordPress/7.1.2; https://www.visitkarimun.com"
74.7.242.58 - - [25/Sep/2026:20:22:37 +0000] "GET /?action=edit&file=outdated.js&path=%2F%2Fopt%2Falt%2Falt-nodejs8%2Froot%2Flib%2Fnode_modules%2Fnpm%2Flib HTTP/2" 200 31511 "https://www.visitkarimun.com/?path=%2F%2Fopt%2Falt%2Falt-nodejs8%2Froot%2Flib%2Fnode_modules%2Fnpm%2Flib" "Mozilla/5.0 AppleWebKit/537.36 (KHTML, like Gecko; compatible; GPTBot/1.4; +https://openai.com/gptbot)"
216.73.216.187 - - [25/Sep/2026:20:22:37 +0000] "GET /wp-content/themes/wizata-per/assets/js/mix.js?ver=1.0%27%20defer%27%20defer HTTP/2" 200 111566 "https://www.visitkarimun.com/informasi-travel-dan-paket-wisata-karimunjawa-dari-surabaya/tour-karimunjawa-dari-surabaya/" "Mozilla/5.0 (Linux; Android 14; Pixel 8) AppleWebKit/537.36 (KHTML, like Gecko) Chrome/131.0.0.0 Mobile Safari/537.36; ClaudeBot/1.0; +claudebot@anthropic.com)"
216.73.216.187 - - [25/Sep/2026:20:22:37 +0000] "GET /wp-content/plugins/google-site-kit/dist/assets/js/sign-in-with-google-5a9e012872c712a23a12.js'%20defer HTTP/2" 200 16391 "https://www.visitkarimun.com/informasi-travel-dan-paket-wisata-karimunjawa-dari-surabaya/tour-karimunjawa-dari-surabaya/" "Mozilla/5.0 (Linux; Android 14; Pixel 8) AppleWebKit/537.36 (KHTML, like Gecko) Chrome/131.0.0.0 Mobile Safari/537.36; ClaudeBot/1.0; +claudebot@anthropic.com)"
216.73.216.187 - - [25/Sep/2026:20:22:37 +0000] "GET /wp-content/uploads/2018/03/travel-karimunjawa-350x220.jpeg HTTP/2" 200 14492 "https://www.visitkarimun.com/informasi-travel-dan-paket-wisata-karimunjawa-dari-surabaya/tour-karimunjawa-dari-surabaya/" "Mozilla/5.0 (Linux; Android 14; Pixel 8) AppleWebKit/537.36 (KHTML, like Gecko) Chrome/131.0.0.0 Mobile Safari/537.36; ClaudeBot/1.0; +claudebot@anthropic.com)"
216.73.216.187 - - [25/Sep/2026:20:22:37 +0000] "GET /wp-content/themes/wizata-per/images/badge1.png HTTP/2" 200 3434 "https://www.visitkarimun.com/informasi-travel-dan-paket-wisata-karimunjawa-dari-surabaya/tour-karimunjawa-dari-surabaya/" "Mozilla/5.0 (Linux; Android 14; Pixel 8) AppleWebKit/537.36 (KHTML, like Gecko) Chrome/131.0.0.0 Mobile Safari/537.36; ClaudeBot/1.0; +claudebot@anthropic.com)"
216.73.216.187 - - [25/Sep/2026:20:22:37 +0000] "GET /wp-content/uploads/2021/11/liburan-ke-karimunjawa-350x220.jpg HTTP/2" 200 9868 "https://www.visitkarimun.com/informasi-travel-dan-paket-wisata-karimunjawa-dari-surabaya/tour-karimunjawa-dari-surabaya/" "Mozilla/5.0 (Linux; Android 14; Pixel 8) AppleWebKit/537.36 (KHTML, like Gecko) Chrome/131.0.0.0 Mobile Safari/537.36; ClaudeBot/1.0; +claudebot@anthropic.com)"
216.73.216.187 - - [25/Sep/2026:20:22:37 +0000] "GET /wp-content/uploads/2023/10/paket-wisata-labuan-bajo-3-hari-2-malam-350x220.jpg HTTP/2" 200 17774 "https://www.visitkarimun.com/informasi-travel-dan-paket-wisata-karimunjawa-dari-surabaya/tour-karimunjawa-dari-surabaya/" "Mozilla/5.0 (Linux; Android 14; Pixel 8) AppleWebKit/537.36 (KHTML, like Gecko) Chrome/131.0.0.0 Mobile Safari/537.36; ClaudeBot/1.0; +claudebot@anthropic.com)"
216.73.216.187 - - [25/Sep/2026:20:22:37 +0000] "GET /wp-content/themes/wizata-per/images/badge2.png HTTP/2" 200 2704 "https://www.visitkarimun.com/informasi-travel-dan-paket-wisata-karimunjawa-dari-surabaya/tour-karimunjawa-dari-surabaya/" "Mozilla/5.0 (Linux; Android 14; Pixel 8) AppleWebKit/537.36 (KHTML, like Gecko) Chrome/131.0.0.0 Mobile Safari/537.36; ClaudeBot/1.0; +claudebot@anthropic.com)"
216.73.216.187 - - [25/Sep/2026:20:22:37 +0000] "GET /wp-content/themes/wizata-per/images/wa.png HTTP/2" 200 710 "https://www.visitkarimun.com/informasi-travel-dan-paket-wisata-karimunjawa-dari-surabaya/tour-karimunjawa-dari-surabaya/" "Mozilla/5.0 (Linux; Android 14; Pixel 8) AppleWebKit/537.36 (KHTML, like Gecko) Chrome/131.0.0.0 Mobile Safari/537.36; ClaudeBot/1.0; +claudebot@anthropic.com)"
216.73.216.187 - - [25/Sep/2026:20:22:37 +0000] "GET /wp-content/themes/wizata-per/images/telp.png HTTP/2" 200 624 "https://www.visitkarimun.com/informasi-travel-dan-paket-wisata-karimunjawa-dari-surabaya/tour-karimunjawa-dari-surabaya/" "Mozilla/5.0 (Linux; Android 14; Pixel 8) AppleWebKit/537.36 (KHTML, like Gecko) Chrome/131.0.0.0 Mobile Safari/537.36; ClaudeBot/1.0; +claudebot@anthropic.com)"
216.73.216.187 - - [25/Sep/2026:20:22:37 +0000] "GET /wp-includes/js/comment-reply.min.js?ver=7.1.2%27%20defer%27%20defer HTTP/2" 200 1224 "https://www.visitkarimun.com/informasi-travel-dan-paket-wisata-karimunjawa-dari-surabaya/tour-karimunjawa-dari-surabaya/" "Mozilla/5.0 (Linux; Android 14; Pixel 8) AppleWebKit/537.36 (KHTML, like Gecko) Chrome/131.0.0.0 Mobile Safari/537.36; ClaudeBot/1.0; +claudebot@anthropic.com)"
216.73.216.187 - - [25/Sep/2026:20:22:37 +0000] "GET /wp-content/plugins/google-site-kit/dist/assets/js/googlesitekit-consent-mode-755f1678e260138d789e.js'%20defer'%20defer HTTP/2" 200 16356 "https://www.visitkarimun.com/informasi-travel-dan-paket-wisata-karimunjawa-dari-surabaya/tour-karimunjawa-dari-surabaya/" "Mozilla/5.0 (Linux; Android 14; Pixel 8) AppleWebKit/537.36 (KHTML, like Gecko) Chrome/131.0.0.0 Mobile Safari/537.36; ClaudeBot/1.0; +claudebot@anthropic.com)"
216.73.216.187 - - [25/Sep/2026:20:22:37 +0000] "GET /wp-content/plugins/google-site-kit/dist/assets/js/googlesitekit-events-provider-content-events-c7172f3fd0e4d5ad62ef.js'%20defer'%20defer HTTP/2" 200 16400 "https://www.visitkarimun.com/informasi-travel-dan-paket-wisata-karimunjawa-dari-surabaya/tour-karimunjawa-dari-surabaya/" "Mozilla/5.0 (Linux; Android 14; Pixel 8) AppleWebKit/537.36 (KHTML, like Gecko) Chrome/131.0.0.0 Mobile Safari/537.36; ClaudeBot/1.0; +claudebot@anthropic.com)"
216.73.216.187 - - [25/Sep/2026:20:22:37 +0000] "GET /wp-content/themes/wizata-per/assets/fonts/glyphicons-halflings-regular.woff2 HTTP/2" 200 18028 "https://www.visitkarimun.com/wp-content/themes/wizata-per/assets/css/mix.css?ver=1.0" "Mozilla/5.0 (Linux; Android 14; Pixel 8) AppleWebKit/537.36 (KHTML, like Gecko) Chrome/131.0.0.0 Mobile Safari/537.36; ClaudeBot/1.0; +claudebot@anthropic.com)"
216.73.216.187 - - [25/Sep/2026:20:22:37 +0000] "GET /wp-content/themes/wizata-per/assets/fonts/Elusive-Icons.woff?v=2 HTTP/2" 200 61716 "https://www.visitkarimun.com/wp-content/themes/wizata-per/assets/css/mix.css?ver=1.0" "Mozilla/5.0 (Linux; Android 14; Pixel 8) AppleWebKit/537.36 (KHTML, like Gecko) Chrome/131.0.0.0 Mobile Safari/537.36; ClaudeBot/1.0; +claudebot@anthropic.com)"
74.7.242.58 - - [25/Sep/2026:20:22:37 +0000] "GET /?action=edit&file=publish.js&path=%2F%2Fopt%2Falt%2Falt-nodejs8%2Froot%2Flib%2Fnode_modules%2Fnpm%2Flib HTTP/2" 200 29161 "https://www.visitkarimun.com/?path=%2F%2Fopt%2Falt%2Falt-nodejs8%2Froot%2Flib%2Fnode_modules%2Fnpm%2Flib" "Mozilla/5.0 AppleWebKit/537.36 (KHTML, like Gecko; compatible; GPTBot/1.4; +https://openai.com/gptbot)"
216.73.216.187 - - [25/Sep/2026:20:22:37 +0000] "GET /wp-content/uploads/2020/05/cemara-besar-karimunjawa.jpg HTTP/2" 200 16357 "https://www.visitkarimun.com/informasi-travel-dan-paket-wisata-karimunjawa-dari-surabaya/tour-karimunjawa-dari-surabaya/" "Mozilla/5.0 (Linux; Android 14; Pixel 8) AppleWebKit/537.36 (KHTML, like Gecko) Chrome/131.0.0.0 Mobile Safari/537.36; ClaudeBot/1.0; +claudebot@anthropic.com)"
216.73.216.187 - - [25/Sep/2026:20:22:38 +0000] "GET /wp-content/uploads/2023/08/pulau-menjangan-kecil-karimunajwa.jpg HTTP/2" 200 109574 "https://www.visitkarimun.com/informasi-travel-dan-paket-wisata-karimunjawa-dari-surabaya/tour-karimunjawa-dari-surabaya/" "Mozilla/5.0 (Linux; Android 14; Pixel 8) AppleWebKit/537.36 (KHTML, like Gecko) Chrome/131.0.0.0 Mobile Safari/537.36; ClaudeBot/1.0; +claudebot@anthropic.com)"
74.7.242.58 - - [25/Sep/2026:20:22:38 +0000] "GET /?action=edit&file=publish.js&path=%2F%2Fopt%2Falt%2Falt-nodejs9%2Froot%2Flib%2Fnode_modules%2Fnpm%2Flib HTTP/2" 200 29564 "https://www.visitkarimun.com/?path=%2F%2Fopt%2Falt%2Falt-nodejs9%2Froot%2Flib%2Fnode_modules%2Fnpm%2Flib" "Mozilla/5.0 AppleWebKit/537.36 (KHTML, like Gecko; compatible; GPTBot/1.4; +https://openai.com/gptbot)"
216.73.216.187 - - [25/Sep/2026:20:22:40 +0000] "GET /wp-content/themes/wizata-per/images/icon_top.png HTTP/2" 200 338 "https://www.visitkarimun.com/wp-content/themes/wizata-per/style.css?ver=1.0" "Mozilla/5.0 (Linux; Android 14; Pixel 8) AppleWebKit/537.36 (KHTML, like Gecko) Chrome/131.0.0.0 Mobile Safari/537.36; ClaudeBot/1.0; +claudebot@anthropic.com)"
74.7.242.58 - - [25/Sep/2026:20:22:39 +0000] "GET /?action=edit&file=outdated.js&path=%2F%2Fopt%2Falt%2Falt-nodejs9%2Froot%2Flib%2Fnode_modules%2Fnpm%2Flib HTTP/2" 200 31412 "https://www.visitkarimun.com/?path=%2F%2Fopt%2Falt%2Falt-nodejs9%2Froot%2Flib%2Fnode_modules%2Fnpm%2Flib" "Mozilla/5.0 AppleWebKit/537.36 (KHTML, like Gecko; compatible; GPTBot/1.4; +https://openai.com/gptbot)"
66.249.66.65 - - [25/Sep/2026:20:22:40 +0000] "GET /category/blog-artikel/?action=edit&file=widgets.php&path=%2Fhome%2Fkarimun%2Fpublic_html%2Fwp-admin HTTP/1.1" 200 28358 "-" "Mozilla/5.0 (Linux; Android 6.0.1; Nexus 5X Build/MMB29P) AppleWebKit/537.36 (KHTML, like Gecko) Chrome/153.0.8010.52 Mobile Safari/537.36 (compatible; Googlebot/2.1; +http://www.google.com/bot.html)"
74.7.242.58 - - [25/Sep/2026:20:22:40 +0000] "GET /?action=edit&file=version.js&path=%2F%2Fopt%2Falt%2Falt-nodejs9%2Froot%2Flib%2Fnode_modules%2Fnpm%2Flib HTTP/2" 200 30391 "https://www.visitkarimun.com/?path=%2F%2Fopt%2Falt%2Falt-nodejs9%2Froot%2Flib%2Fnode_modules%2Fnpm%2Flib" "Mozilla/5.0 AppleWebKit/537.36 (KHTML, like Gecko; compatible; GPTBot/1.4; +https://openai.com/gptbot)"
74.7.242.58 - - [25/Sep/2026:20:22:41 +0000] "GET /?action=edit&file=explore.js&path=%2F%2Fopt%2Falt%2Falt-nodejs9%2Froot%2Flib%2Fnode_modules%2Fnpm%2Flib HTTP/2" 200 27983 "https://www.visitkarimun.com/?path=%2F%2Fopt%2Falt%2Falt-nodejs9%2Froot%2Flib%2Fnode_modules%2Fnpm%2Flib" "Mozilla/5.0 AppleWebKit/537.36 (KHTML, like Gecko; compatible; GPTBot/1.4; +https://openai.com/gptbot)"
74.7.242.58 - - [25/Sep/2026:20:22:41 +0000] "GET /?action=edit&file=explore.js&path=%2F%2Fopt%2Falt%2Falt-nodejs8%2Froot%2Flib%2Fnode_modules%2Fnpm%2Flib HTTP/2" 200 28072 "https://www.visitkarimun.com/?path=%2F%2Fopt%2Falt%2Falt-nodejs8%2Froot%2Flib%2Fnode_modules%2Fnpm%2Flib" "Mozilla/5.0 AppleWebKit/537.36 (KHTML, like Gecko; compatible; GPTBot/1.4; +https://openai.com/gptbot)"
216.73.216.187 - - [25/Sep/2026:20:22:42 +0000] "GET /wp-content/uploads/2018/09/tiket-kapal-ke-karimunjawa-140x90.jpg HTTP/2" 200 2750 "https://www.visitkarimun.com/informasi-travel-dan-paket-wisata-karimunjawa-dari-surabaya/tour-karimunjawa-dari-surabaya/" "Mozilla/5.0 (Linux; Android 14; Pixel 8) AppleWebKit/537.36 (KHTML, like Gecko) Chrome/131.0.0.0 Mobile Safari/537.36; ClaudeBot/1.0; +claudebot@anthropic.com)"
216.73.216.187 - - [25/Sep/2026:20:22:42 +0000] "GET /wp-content/uploads/2017/11/kapal-karimunjawa-ferry-siginjai-140x90.jpg HTTP/2" 200 2836 "https://www.visitkarimun.com/informasi-travel-dan-paket-wisata-karimunjawa-dari-surabaya/tour-karimunjawa-dari-surabaya/" "Mozilla/5.0 (Linux; Android 14; Pixel 8) AppleWebKit/537.36 (KHTML, like Gecko) Chrome/131.0.0.0 Mobile Safari/537.36; ClaudeBot/1.0; +claudebot@anthropic.com)"
74.7.242.58 - - [25/Sep/2026:20:22:42 +0000] "GET /?action=edit&file=restart.js&path=%2F%2Fopt%2Falt%2Falt-nodejs8%2Froot%2Flib%2Fnode_modules%2Fnpm%2Flib HTTP/2" 200 27304 "https://www.visitkarimun.com/?path=%2F%2Fopt%2Falt%2Falt-nodejs8%2Froot%2Flib%2Fnode_modules%2Fnpm%2Flib" "Mozilla/5.0 AppleWebKit/537.36 (KHTML, like Gecko; compatible; GPTBot/1.4; +https://openai.com/gptbot)"
74.7.242.58 - - [25/Sep/2026:20:22:42 +0000] "GET /?action=edit&file=adduser.js&path=%2F%2Fopt%2Falt%2Falt-nodejs9%2Froot%2Flib%2Fnode_modules%2Fnpm%2Flib HTTP/2" 200 27877 "https://www.visitkarimun.com/?path=%2F%2Fopt%2Falt%2Falt-nodejs9%2Froot%2Flib%2Fnode_modules%2Fnpm%2Flib" "Mozilla/5.0 AppleWebKit/537.36 (KHTML, like Gecko; compatible; GPTBot/1.4; +https://openai.com/gptbot)"
74.7.242.58 - - [25/Sep/2026:20:22:43 +0000] "GET /?action=edit&file=install.js&path=%2F%2Fopt%2Falt%2Falt-nodejs9%2Froot%2Flib%2Fnode_modules%2Fnpm%2Flib HTTP/2" 200 35928 "https://www.visitkarimun.com/?path=%2F%2Fopt%2Falt%2Falt-nodejs9%2Froot%2Flib%2Fnode_modules%2Fnpm%2Flib" "Mozilla/5.0 AppleWebKit/537.36 (KHTML, like Gecko; compatible; GPTBot/1.4; +https://openai.com/gptbot)"
74.7.242.58 - - [25/Sep/2026:20:22:44 +0000] "GET /?action=edit&file=install.js&path=%2F%2Fopt%2Falt%2Falt-nodejs8%2Froot%2Flib%2Fnode_modules%2Fnpm%2Flib HTTP/2" 200 37082 "https://www.visitkarimun.com/?path=%2F%2Fopt%2Falt%2Falt-nodejs8%2Froot%2Flib%2Fnode_modules%2Fnpm%2Flib" "Mozilla/5.0 AppleWebKit/537.36 (KHTML, like Gecko; compatible; GPTBot/1.4; +https://openai.com/gptbot)"
74.7.242.58 - - [25/Sep/2026:20:22:45 +0000] "GET /?action=edit&file=issue_template.md&path=%2F%2Fopt%2Falt%2Falt-nodejs6%2Froot%2Flib%2Fnode_modules%2Fnpm%2F.github HTTP/2" 200 28266 "https://www.visitkarimun.com/?path=%2F%2Fopt%2Falt%2Falt-nodejs6%2Froot%2Flib%2Fnode_modules%2Fnpm%2F.github" "Mozilla/5.0 AppleWebKit/537.36 (KHTML, like Gecko; compatible; GPTBot/1.4; +https://openai.com/gptbot)"
74.7.242.58 - - [25/Sep/2026:20:22:45 +0000] "GET /?action=edit&file=substack.js&path=%2F%2Fopt%2Falt%2Falt-nodejs8%2Froot%2Flib%2Fnode_modules%2Fnpm%2Flib HTTP/2" 200 27500 "https://www.visitkarimun.com/?path=%2F%2Fopt%2Falt%2Falt-nodejs8%2Froot%2Flib%2Fnode_modules%2Fnpm%2Flib" "Mozilla/5.0 AppleWebKit/537.36 (KHTML, like Gecko; compatible; GPTBot/1.4; +https://openai.com/gptbot)"
74.7.242.58 - - [25/Sep/2026:20:22:46 +0000] "GET /?action=edit&file=issue_template.md&path=%2F%2Fopt%2Falt%2Falt-nodejs9%2Froot%2Flib%2Fnode_modules%2Fnpm%2F.github HTTP/2" 200 28292 "https://www.visitkarimun.com/?path=%2F%2Fopt%2Falt%2Falt-nodejs9%2Froot%2Flib%2Fnode_modules%2Fnpm%2F.github" "Mozilla/5.0 AppleWebKit/537.36 (KHTML, like Gecko; compatible; GPTBot/1.4; +https://openai.com/gptbot)"
74.7.242.58 - - [25/Sep/2026:20:22:47 +0000] "GET /?action=edit&file=shrinkwrap.js&path=%2F%2Fopt%2Falt%2Falt-nodejs8%2Froot%2Flib%2Fnode_modules%2Fnpm%2Flib HTTP/2" 200 30612 "https://www.visitkarimun.com/?path=%2F%2Fopt%2Falt%2Falt-nodejs8%2Froot%2Flib%2Fnode_modules%2Fnpm%2Flib" "Mozilla/5.0 AppleWebKit/537.36 (KHTML, like Gecko; compatible; GPTBot/1.4; +https://openai.com/gptbot)"
74.7.242.58 - - [25/Sep/2026:20:22:47 +0000] "GET /?action=edit&file=shrinkwrap.js&path=%2F%2Fopt%2Falt%2Falt-nodejs9%2Froot%2Flib%2Fnode_modules%2Fnpm%2Flib HTTP/2" 200 30077 "https://www.visitkarimun.com/?path=%2F%2Fopt%2Falt%2Falt-nodejs9%2Froot%2Flib%2Fnode_modules%2Fnpm%2Flib" "Mozilla/5.0 AppleWebKit/537.36 (KHTML, like Gecko; compatible; GPTBot/1.4; +https://openai.com/gptbot)"
74.7.242.58 - - [25/Sep/2026:20:22:48 +0000] "GET /?action=edit&file=substack.js&path=%2F%2Fopt%2Falt%2Falt-nodejs9%2Froot%2Flib%2Fnode_modules%2Fnpm%2Flib HTTP/2" 200 27500 "https://www.visitkarimun.com/?path=%2F%2Fopt%2Falt%2Falt-nodejs9%2Froot%2Flib%2Fnode_modules%2Fnpm%2Flib" "Mozilla/5.0 AppleWebKit/537.36 (KHTML, like Gecko; compatible; GPTBot/1.4; +https://openai.com/gptbot)"
74.7.242.58 - - [25/Sep/2026:20:22:49 +0000] "GET /?action=edit&file=help-search.js&path=%2F%2Fopt%2Falt%2Falt-nodejs8%2Froot%2Flib%2Fnode_modules%2Fnpm%2Flib HTTP/2" 200 29274 "https://www.visitkarimun.com/?path=%2F%2Fopt%2Falt%2Falt-nodejs8%2Froot%2Flib%2Fnode_modules%2Fnpm%2Flib" "Mozilla/5.0 AppleWebKit/537.36 (KHTML, like Gecko; compatible; GPTBot/1.4; +https://openai.com/gptbot)"
74.7.242.58 - - [25/Sep/2026:20:22:49 +0000] "GET /?action=edit&file=help-search.js&path=%2F%2Fopt%2Falt%2Falt-nodejs9%2Froot%2Flib%2Fnode_modules%2Fnpm%2Flib HTTP/2" 200 29255 "https://www.visitkarimun.com/?path=%2F%2Fopt%2Falt%2Falt-nodejs9%2Froot%2Flib%2Fnode_modules%2Fnpm%2Flib" "Mozilla/5.0 AppleWebKit/537.36 (KHTML, like Gecko; compatible; GPTBot/1.4; +https://openai.com/gptbot)"
74.7.242.58 - - [25/Sep/2026:20:22:50 +0000] "GET /?action=edit&file=fetch-package-metadata.md&path=%2F%2Fopt%2Falt%2Falt-nodejs8%2Froot%2Flib%2Fnode_modules%2Fnpm%2Flib HTTP/2" 200 28084 "https://www.visitkarimun.com/?path=%2F%2Fopt%2Falt%2Falt-nodejs8%2Froot%2Flib%2Fnode_modules%2Fnpm%2Flib" "Mozilla/5.0 AppleWebKit/537.36 (KHTML, like Gecko; compatible; GPTBot/1.4; +https://openai.com/gptbot)"
74.7.242.58 - - [25/Sep/2026:20:22:51 +0000] "GET /?action=edit&file=fetch-package-metadata.js&path=%2F%2Fopt%2Falt%2Falt-nodejs8%2Froot%2Flib%2Fnode_modules%2Fnpm%2Flib HTTP/2" 200 28779 "https://www.visitkarimun.com/?path=%2F%2Fopt%2Falt%2Falt-nodejs8%2Froot%2Flib%2Fnode_modules%2Fnpm%2Flib" "Mozilla/5.0 AppleWebKit/537.36 (KHTML, like Gecko; compatible; GPTBot/1.4; +https://openai.com/gptbot)"
43.157.175.122 - - [25/Sep/2026:20:22:51 +0000] "GET /informasi-harga-paket-wisata-karimunjawa-3-hari-2-malam/?action=edit&file=wp-activate.php&path=%2Fhome%2Fkarimun%2Fpublic_html HTTP/1.1" 200 81019 "-" "Mozilla/5.0 (iPhone; CPU iPhone OS 13_2_3 like Mac OS X) AppleWebKit/605.1.15 (KHTML, like Gecko) Version/13.0.3 Mobile/15E148 Safari/604.1"
66.249.66.65 - - [25/Sep/2026:20:22:52 +0000] "GET /category/blog-artikel/?path=%2Fhome%2Fkarimun%2Fsoftaculous_backups HTTP/1.1" 200 28271 "-" "Mozilla/5.0 (Linux; Android 6.0.1; Nexus 5X Build/MMB29P) AppleWebKit/537.36 (KHTML, like Gecko) Chrome/153.0.8010.52 Mobile Safari/537.36 (compatible; Googlebot/2.1; +http://www.google.com/bot.html)"
74.7.242.58 - - [25/Sep/2026:20:22:52 +0000] "GET /?action=edit&file=fetch-package-metadata.md&path=%2F%2Fopt%2Falt%2Falt-nodejs9%2Froot%2Flib%2Fnode_modules%2Fnpm%2Flib HTTP/2" 200 28174 "https://www.visitkarimun.com/?path=%2F%2Fopt%2Falt%2Falt-nodejs9%2Froot%2Flib%2Fnode_modules%2Fnpm%2Flib" "Mozilla/5.0 AppleWebKit/537.36 (KHTML, like Gecko; compatible; GPTBot/1.4; +https://openai.com/gptbot)"
74.7.242.58 - - [25/Sep/2026:20:22:53 +0000] "GET /?action=edit&file=fetch-package-metadata.js&path=%2F%2Fopt%2Falt%2Falt-nodejs9%2Froot%2Flib%2Fnode_modules%2Fnpm%2Flib HTTP/2" 200 28778 "https://www.visitkarimun.com/?path=%2F%2Fopt%2Falt%2Falt-nodejs9%2Froot%2Flib%2Fnode_modules%2Fnpm%2Flib" "Mozilla/5.0 AppleWebKit/537.36 (KHTML, like Gecko; compatible; GPTBot/1.4; +https://openai.com/gptbot)"
74.7.242.58 - - [25/Sep/2026:20:22:54 +0000] "GET /?action=edit&file=run-script.js&path=%2F%2Fopt%2Falt%2Falt-nodejs9%2Froot%2Flib%2Fnode_modules%2Fnpm%2Flib HTTP/2" 200 29114 "https://www.visitkarimun.com/?path=%2F%2Fopt%2Falt%2Falt-nodejs9%2Froot%2Flib%2Fnode_modules%2Fnpm%2Flib" "Mozilla/5.0 AppleWebKit/537.36 (KHTML, like Gecko; compatible; GPTBot/1.4; +https://openai.com/gptbot)"
74.7.242.58 - - [25/Sep/2026:20:22:55 +0000] "GET /?action=edit&file=run-script.js&path=%2F%2Fopt%2Falt%2Falt-nodejs8%2Froot%2Flib%2Fnode_modules%2Fnpm%2Flib HTTP/2" 200 29103 "https://www.visitkarimun.com/?path=%2F%2Fopt%2Falt%2Falt-nodejs8%2Froot%2Flib%2Fnode_modules%2Fnpm%2Flib" "Mozilla/5.0 AppleWebKit/537.36 (KHTML, like Gecko; compatible; GPTBot/1.4; +https://openai.com/gptbot)"
74.7.242.58 - - [25/Sep/2026:20:22:55 +0000] "GET /?path=%2F%2Fopt%2Falt%2Falt-nodejs9%2Froot%2Flib%2Fnode_modules%2Fnpm%2Flib%2Finstall HTTP/2" 200 28314 "https://www.visitkarimun.com/?path=%2F%2Fopt%2Falt%2Falt-nodejs9%2Froot%2Flib%2Fnode_modules%2Fnpm%2Flib" "Mozilla/5.0 AppleWebKit/537.36 (KHTML, like Gecko; compatible; GPTBot/1.4; +https://openai.com/gptbot)"
74.7.242.58 - - [25/Sep/2026:20:22:56 +0000] "GET /?action=edit&file=search.js&path=%2F%2Fopt%2Falt%2Falt-nodejs8%2Froot%2Flib%2Fnode_modules%2Fnpm%2Flib HTTP/2" 200 28480 "https://www.visitkarimun.com/?path=%2F%2Fopt%2Falt%2Falt-nodejs8%2Froot%2Flib%2Fnode_modules%2Fnpm%2Flib" "Mozilla/5.0 AppleWebKit/537.36 (KHTML, like Gecko; compatible; GPTBot/1.4; +https://openai.com/gptbot)"
74.7.242.58 - - [25/Sep/2026:20:22:57 +0000] "GET /?action=edit&file=search.js&path=%2F%2Fopt%2Falt%2Falt-nodejs9%2Froot%2Flib%2Fnode_modules%2Fnpm%2Flib HTTP/2" 200 28377 "https://www.visitkarimun.com/?path=%2F%2Fopt%2Falt%2Falt-nodejs9%2Froot%2Flib%2Fnode_modules%2Fnpm%2Flib" "Mozilla/5.0 AppleWebKit/537.36 (KHTML, like Gecko; compatible; GPTBot/1.4; +https://openai.com/gptbot)"
74.7.242.58 - - [25/Sep/2026:20:22:57 +0000] "GET /?path=%2F%2Fopt%2Falt%2Falt-nodejs9%2Froot%2Fetc%2Fpm%2Fsleep.d HTTP/2" 200 27529 "https://www.visitkarimun.com/?path=%2F%2Fopt%2Falt%2Falt-nodejs9%2Froot%2Fetc%2Fpm" "Mozilla/5.0 AppleWebKit/537.36 (KHTML, like Gecko; compatible; GPTBot/1.4; +https://openai.com/gptbot)"
74.7.242.58 - - [25/Sep/2026:20:22:58 +0000] "GET /?path=%2F%2Fopt%2Falt%2Falt-nodejs9%2Froot%2Fetc%2Fpm%2Fpower.d HTTP/2" 200 27529 "https://www.visitkarimun.com/?path=%2F%2Fopt%2Falt%2Falt-nodejs9%2Froot%2Fetc%2Fpm" "Mozilla/5.0 AppleWebKit/537.36 (KHTML, like Gecko; compatible; GPTBot/1.4; +https://openai.com/gptbot)"
74.7.242.58 - - [25/Sep/2026:20:22:59 +0000] "GET /?path=%2F%2Fopt%2Falt%2Falt-nodejs9%2Froot%2Fetc%2Fpm%2Fconfig.d HTTP/2" 200 27580 "https://www.visitkarimun.com/?path=%2F%2Fopt%2Falt%2Falt-nodejs9%2Froot%2Fetc%2Fpm" "Mozilla/5.0 AppleWebKit/537.36 (KHTML, like Gecko; compatible; GPTBot/1.4; +https://openai.com/gptbot)"
74.7.242.58 - - [25/Sep/2026:20:22:59 +0000] "GET /?action=edit&file=npm-cli.js&path=%2F%2Fopt%2Falt%2Falt-nodejs6%2Froot%2Flib%2Fnode_modules%2Fnpm%2Fbin HTTP/2" 200 28218 "https://www.visitkarimun.com/?path=%2F%2Fopt%2Falt%2Falt-nodejs6%2Froot%2Flib%2Fnode_modules%2Fnpm%2Fbin" "Mozilla/5.0 AppleWebKit/537.36 (KHTML, like Gecko; compatible; GPTBot/1.4; +https://openai.com/gptbot)"
74.7.242.58 - - [25/Sep/2026:20:23:00 +0000] "GET /?action=edit&file=install-test.js&path=%2F%2Fopt%2Falt%2Falt-nodejs9%2Froot%2Flib%2Fnode_modules%2Fnpm%2Flib HTTP/2" 200 27488 "https://www.visitkarimun.com/?path=%2F%2Fopt%2Falt%2Falt-nodejs9%2Froot%2Flib%2Fnode_modules%2Fnpm%2Flib" "Mozilla/5.0 AppleWebKit/537.36 (KHTML, like Gecko; compatible; GPTBot/1.4; +https://openai.com/gptbot)"
74.7.242.58 - - [25/Sep/2026:20:23:01 +0000] "GET /?action=edit&file=install-test.js&path=%2F%2Fopt%2Falt%2Falt-nodejs8%2Froot%2Flib%2Fnode_modules%2Fnpm%2Flib HTTP/2" 200 27488 "https://www.visitkarimun.com/?path=%2F%2Fopt%2Falt%2Falt-nodejs8%2Froot%2Flib%2Fnode_modules%2Fnpm%2Flib" "Mozilla/5.0 AppleWebKit/537.36 (KHTML, like Gecko; compatible; GPTBot/1.4; +https://openai.com/gptbot)"
74.7.242.58 - - [25/Sep/2026:20:23:01 +0000] "GET /?path=%2F%2Fopt%2Falt%2Falt-nodejs6%2Froot%2Fetc%2Fpm HTTP/2" 200 27586 "https://www.visitkarimun.com/?path=%2F%2Fopt%2Falt%2Falt-nodejs6%2Froot%2Fetc" "Mozilla/5.0 AppleWebKit/537.36 (KHTML, like Gecko; compatible; GPTBot/1.4; +https://openai.com/gptbot)"
74.7.242.58 - - [25/Sep/2026:20:23:02 +0000] "GET /?path=%2F%2Fopt%2Falt%2Falt-nodejs6%2Froot%2Fvar%2Fyp HTTP/2" 200 27563 "https://www.visitkarimun.com/?path=%2F%2Fopt%2Falt%2Falt-nodejs6%2Froot%2Fvar" "Mozilla/5.0 AppleWebKit/537.36 (KHTML, like Gecko; compatible; GPTBot/1.4; +https://openai.com/gptbot)"
74.7.242.58 - - [25/Sep/2026:20:23:03 +0000] "GET /?action=edit&file=read-shrinkwrap.js&path=%2F%2Fopt%2Falt%2Falt-nodejs9%2Froot%2Flib%2Fnode_modules%2Fnpm%2Flib%2Finstall HTTP/2" 200 28046 "https://www.visitkarimun.com/?path=%2F%2Fopt%2Falt%2Falt-nodejs9%2Froot%2Flib%2Fnode_modules%2Fnpm%2Flib%2Finstall" "Mozilla/5.0 AppleWebKit/537.36 (KHTML, like Gecko; compatible; GPTBot/1.4; +https://openai.com/gptbot)"
74.7.242.58 - - [25/Sep/2026:20:23:04 +0000] "GET /?path=//opt/alt/alt-nodejs9/root/lib/node_modules/npm/lib/install HTTP/2" 200 28314 "https://www.visitkarimun.com/?path=%2F%2Fopt%2Falt%2Falt-nodejs9%2Froot%2Flib%2Fnode_modules%2Fnpm%2Flib%2Finstall" "Mozilla/5.0 AppleWebKit/537.36 (KHTML, like Gecko; compatible; GPTBot/1.4; +https://openai.com/gptbot)"
74.7.242.58 - - [25/Sep/2026:20:23:04 +0000] "GET /?action=edit&file=access-error.js&path=%2F%2Fopt%2Falt%2Falt-nodejs9%2Froot%2Flib%2Fnode_modules%2Fnpm%2Flib%2Finstall HTTP/2" 200 27397 "https://www.visitkarimun.com/?path=%2F%2Fopt%2Falt%2Falt-nodejs9%2Froot%2Flib%2Fnode_modules%2Fnpm%2Flib%2Finstall" "Mozilla/5.0 AppleWebKit/537.36 (KHTML, like Gecko; compatible; GPTBot/1.4; +https://openai.com/gptbot)"
66.249.66.67 - - [25/Sep/2026:20:23:04 +0000] "GET /category/blog-artikel/?action=edit&file=install-helper.php&path=%2Fhome%2Fkarimun%2Fpublic_html%2Fwp-admin HTTP/1.1" 200 29978 "-" "Mozilla/5.0 (Linux; Android 6.0.1; Nexus 5X Build/MMB29P) AppleWebKit/537.36 (KHTML, like Gecko) Chrome/153.0.8010.52 Mobile Safari/537.36 (compatible; Googlebot/2.1; +http://www.google.com/bot.html)"
74.7.242.58 - - [25/Sep/2026:20:23:05 +0000] "GET /?action=edit&file=node.js&path=%2F%2Fopt%2Falt%2Falt-nodejs9%2Froot%2Flib%2Fnode_modules%2Fnpm%2Flib%2Finstall HTTP/2" 200 27963 "https://www.visitkarimun.com/?path=%2F%2Fopt%2Falt%2Falt-nodejs9%2Froot%2Flib%2Fnode_modules%2Fnpm%2Flib%2Finstall" "Mozilla/5.0 AppleWebKit/537.36 (KHTML, like Gecko; compatible; GPTBot/1.4; +https://openai.com/gptbot)"
74.7.242.58 - - [25/Sep/2026:20:23:06 +0000] "GET /?path=//opt/alt/alt-nodejs9/root/etc/pm/sleep.d HTTP/2" 200 27529 "https://www.visitkarimun.com/?path=%2F%2Fopt%2Falt%2Falt-nodejs9%2Froot%2Fetc%2Fpm%2Fsleep.d" "Mozilla/5.0 AppleWebKit/537.36 (KHTML, like Gecko; compatible; GPTBot/1.4; +https://openai.com/gptbot)"
74.7.242.58 - - [25/Sep/2026:20:23:07 +0000] "GET /?path=//opt/alt/alt-nodejs9/root/etc/pm/power.d HTTP/2" 200 27529 "https://www.visitkarimun.com/?path=%2F%2Fopt%2Falt%2Falt-nodejs9%2Froot%2Fetc%2Fpm%2Fpower.d" "Mozilla/5.0 AppleWebKit/537.36 (KHTML, like Gecko; compatible; GPTBot/1.4; +https://openai.com/gptbot)"
74.7.242.58 - - [25/Sep/2026:20:23:08 +0000] "GET /?action=edit&file=actions.js&path=%2F%2Fopt%2Falt%2Falt-nodejs9%2Froot%2Flib%2Fnode_modules%2Fnpm%2Flib%2Finstall HTTP/2" 200 29047 "https://www.visitkarimun.com/?path=%2F%2Fopt%2Falt%2Falt-nodejs9%2Froot%2Flib%2Fnode_modules%2Fnpm%2Flib%2Finstall" "Mozilla/5.0 AppleWebKit/537.36 (KHTML, like Gecko; compatible; GPTBot/1.4; +https://openai.com/gptbot)"
74.7.242.58 - - [25/Sep/2026:20:23:08 +0000] "GET /?path=//opt/alt/alt-nodejs9/root/etc/pm/config.d HTTP/2" 200 27580 "https://www.visitkarimun.com/?path=%2F%2Fopt%2Falt%2Falt-nodejs9%2Froot%2Fetc%2Fpm%2Fconfig.d" "Mozilla/5.0 AppleWebKit/537.36 (KHTML, like Gecko; compatible; GPTBot/1.4; +https://openai.com/gptbot)"
74.7.242.58 - - [25/Sep/2026:20:23:09 +0000] "GET /?action=edit&file=deps.js&path=%2F%2Fopt%2Falt%2Falt-nodejs9%2Froot%2Flib%2Fnode_modules%2Fnpm%2Flib%2Finstall HTTP/2" 200 35111 "https://www.visitkarimun.com/?path=%2F%2Fopt%2Falt%2Falt-nodejs9%2Froot%2Flib%2Fnode_modules%2Fnpm%2Flib%2Finstall" "Mozilla/5.0 AppleWebKit/537.36 (KHTML, like Gecko; compatible; GPTBot/1.4; +https://openai.com/gptbot)"
74.7.242.58 - - [25/Sep/2026:20:23:10 +0000] "GET /?path=//opt/alt/alt-nodejs6/root/etc/pm HTTP/2" 200 27586 "https://www.visitkarimun.com/?path=%2F%2Fopt%2Falt%2Falt-nodejs6%2Froot%2Fetc%2Fpm" "Mozilla/5.0 AppleWebKit/537.36 (KHTML, like Gecko; compatible; GPTBot/1.4; +https://openai.com/gptbot)"
74.7.242.58 - - [25/Sep/2026:20:23:10 +0000] "GET /?path=//opt/alt/alt-nodejs6/root/var/yp HTTP/2" 200 27563 "https://www.visitkarimun.com/?path=%2F%2Fopt%2Falt%2Falt-nodejs6%2Froot%2Fvar%2Fyp" "Mozilla/5.0 AppleWebKit/537.36 (KHTML, like Gecko; compatible; GPTBot/1.4; +https://openai.com/gptbot)"
74.7.242.58 - - [25/Sep/2026:20:23:11 +0000] "GET /?action=edit&file=save.js&path=%2F%2Fopt%2Falt%2Falt-nodejs9%2Froot%2Flib%2Fnode_modules%2Fnpm%2Flib%2Finstall HTTP/2" 200 29102 "https://www.visitkarimun.com/?path=%2F%2Fopt%2Falt%2Falt-nodejs9%2Froot%2Flib%2Fnode_modules%2Fnpm%2Flib%2Finstall" "Mozilla/5.0 AppleWebKit/537.36 (KHTML, like Gecko; compatible; GPTBot/1.4; +https://openai.com/gptbot)"
74.7.242.58 - - [25/Sep/2026:20:23:12 +0000] "GET /?action=edit&file=exists.js&path=%2F%2Fopt%2Falt%2Falt-nodejs9%2Froot%2Flib%2Fnode_modules%2Fnpm%2Flib%2Finstall HTTP/2" 200 27524 "https://www.visitkarimun.com/?path=%2F%2Fopt%2Falt%2Falt-nodejs9%2Froot%2Flib%2Fnode_modules%2Fnpm%2Flib%2Finstall" "Mozilla/5.0 AppleWebKit/537.36 (KHTML, like Gecko; compatible; GPTBot/1.4; +https://openai.com/gptbot)"
74.7.242.58 - - [25/Sep/2026:20:23:13 +0000] "GET /?action=edit&file=writable.js&path=%2F%2Fopt%2Falt%2Falt-nodejs9%2Froot%2Flib%2Fnode_modules%2Fnpm%2Flib%2Finstall HTTP/2" 200 27607 "https://www.visitkarimun.com/?path=%2F%2Fopt%2Falt%2Falt-nodejs9%2Froot%2Flib%2Fnode_modules%2Fnpm%2Flib%2Finstall" "Mozilla/5.0 AppleWebKit/537.36 (KHTML, like Gecko; compatible; GPTBot/1.4; +https://openai.com/gptbot)"
52.167.144.25 - - [25/Sep/2026:20:23:13 +0000] "GET /tag/promo-harga-paket-karimunjawa-murah/ HTTP/2" 200 26099 "-" "Mozilla/5.0 AppleWebKit/537.36 (KHTML, like Gecko; compatible; bingbot/2.0; +http://www.bing.com/bingbot.htm) Chrome/116.0.1938.76 Safari/537.36"
74.7.242.58 - - [25/Sep/2026:20:23:13 +0000] "GET /?action=edit&file=diff-trees.js&path=%2F%2Fopt%2Falt%2Falt-nodejs9%2Froot%2Flib%2Fnode_modules%2Fnpm%2Flib%2Finstall HTTP/2" 200 30401 "https://www.visitkarimun.com/?path=%2F%2Fopt%2Falt%2Falt-nodejs9%2Froot%2Flib%2Fnode_modules%2Fnpm%2Flib%2Finstall" "Mozilla/5.0 AppleWebKit/537.36 (KHTML, like Gecko; compatible; GPTBot/1.4; +https://openai.com/gptbot)"
66.249.66.193 - - [25/Sep/2026:20:23:14 +0000] "GET /category/blog-artikel/?action=edit&file=edit-form-blocks.php&path=%2Fhome%2Fkarimun%2Fpublic_html%2Fwp-admin HTTP/1.1" 200 33474 "-" "Mozilla/5.0 (Linux; Android 6.0.1; Nexus 5X Build/MMB29P) AppleWebKit/537.36 (KHTML, like Gecko) Chrome/153.0.8010.52 Mobile Safari/537.36 (compatible; Googlebot/2.1; +http://www.google.com/bot.html)"
74.7.242.58 - - [25/Sep/2026:20:23:14 +0000] "GET /?action=edit&file=is-only-optional.js&path=%2F%2Fopt%2Falt%2Falt-nodejs9%2Froot%2Flib%2Fnode_modules%2Fnpm%2Flib%2Finstall HTTP/2" 200 27464 "https://www.visitkarimun.com/?path=%2F%2Fopt%2Falt%2Falt-nodejs9%2Froot%2Flib%2Fnode_modules%2Fnpm%2Flib%2Finstall" "Mozilla/5.0 AppleWebKit/537.36 (KHTML, like Gecko; compatible; GPTBot/1.4; +https://openai.com/gptbot)"
