36.37.169.99 - ekarimun [25/Sep/2026:17:15:19 +0000] "GET /wp-json/wp/v2/users/me HTTP/2" 401 105 "-" "Mozilla/5.0"
36.37.169.99 - - [25/Sep/2026:17:15:20 +0000] "POST /wp-login.php HTTP/2" 302 0 "https://www.visitkarimun.com/wp-login.php" "Mozilla/5.0 (Windows NT 6.1; WOW64; Trident/7.0; rv:11.0) like Gecko"
36.37.169.99 - - [25/Sep/2026:17:15:21 +0000] "GET /wp-login.php?redirect_to=https%3A%2F%2Fwww.visitkarimun.com%2Fwp-admin%2F&action=confirm_admin_email&wp_lang=en_US HTTP/2" 200 2245 "https://www.visitkarimun.com/wp-login.php" "Mozilla/5.0 (Windows NT 6.1; WOW64; Trident/7.0; rv:11.0) like Gecko"
192.250.235.217 - - [25/Sep/2026:17:15:23 +0000] "HEAD /wp-login.php HTTP/1.1" 200 0 "-" "WordPress/7.1.2; https://www.visitkarimun.com"
192.250.235.217 - - [25/Sep/2026:17:15:24 +0000] "GET / HTTP/1.1" 200 56804 "-" "WordPress/7.1.2; https://www.visitkarimun.com"
36.37.169.99 - - [25/Sep/2026:17:15:21 +0000] "GET /wp-admin/ HTTP/2" 200 142430 "-" "Mozilla/5.0 (Windows NT 6.1; WOW64; Trident/7.0; rv:11.0) like Gecko"
36.37.169.99 - - [25/Sep/2026:17:15:25 +0000] "GET /wp-json/wc-analytics/reports/orders/stats?status_is=any,pending,processing,on-hold,completed,cancelled,refunded,failed,trash,checkout-draft,cancel-request&after=2026-08-01T00:00:00&before=2026-08-31T23:59:59 HTTP/2" 404 119 "-" "Mozilla/5.0 (Windows NT 6.1; WOW64; Trident/7.0; rv:11.0) like Gecko"
36.37.169.99 - - [25/Sep/2026:17:15:25 +0000] "GET /wp-json/wc/v3/orders?per_page=1&status=any HTTP/2" 404 119 "-" "Mozilla/5.0 (Windows NT 6.1; WOW64; Trident/7.0; rv:11.0) like Gecko"
36.37.169.99 - - [25/Sep/2026:17:15:25 +0000] "GET /wp-json/wc-analytics/reports/orders/stats?status_is=any,pending,processing,on-hold,completed,cancelled,refunded,failed,trash,checkout-draft,cancel-request&after=2026-09-01T00:00:00&before=2026-09-26T23:59:59 HTTP/2" 404 119 "-" "Mozilla/5.0 (Windows NT 6.1; WOW64; Trident/7.0; rv:11.0) like Gecko"
36.37.169.99 - - [25/Sep/2026:17:15:25 +0000] "GET /wp-json/wp/v2/users/me?context=edit HTTP/2" 200 1642 "-" "Mozilla/5.0 (Windows NT 6.1; WOW64; Trident/7.0; rv:11.0) like Gecko"
36.37.169.99 - - [25/Sep/2026:17:15:26 +0000] "GET /wp-json/wc/v3/orders?per_page=1&status=any&after=2026-08-01T00:00:00&before=2026-08-31T23:59:59 HTTP/2" 404 119 "-" "Mozilla/5.0 (Windows NT 6.1; WOW64; Trident/7.0; rv:11.0) like Gecko"
36.37.169.99 - - [25/Sep/2026:17:15:26 +0000] "GET /wp-json/wc/v3/orders?per_page=1&status=any&after=2026-09-01T00:00:00&before=2026-09-26T23:59:59 HTTP/2" 404 119 "-" "Mozilla/5.0 (Windows NT 6.1; WOW64; Trident/7.0; rv:11.0) like Gecko"
36.37.169.99 - - [25/Sep/2026:17:15:27 +0000] "GET /wp-json/wc-analytics/reports/orders/stats?status_is=any,pending,processing,on-hold,completed,cancelled,refunded,failed,trash,checkout-draft,cancel-request&after=2000-01-01T00:00:00&before=2099-12-31T23:59:59 HTTP/2" 404 119 "-" "Mozilla/5.0 (Windows NT 6.1; WOW64; Trident/7.0; rv:11.0) like Gecko"
36.37.169.99 - - [25/Sep/2026:17:15:27 +0000] "GET /wp-json/wc/v3/orders?per_page=1&status=any HTTP/2" 404 119 "-" "Mozilla/5.0 (Windows NT 6.1; WOW64; Trident/7.0; rv:11.0) like Gecko"
36.37.169.99 - - [25/Sep/2026:17:15:28 +0000] "GET /wp-admin/plugin-install.php HTTP/2" 200 33102 "-" "Mozilla/5.0 (Windows NT 6.1; WOW64; Trident/7.0; rv:11.0) like Gecko"
87.116.176.55 - - [25/Sep/2026:17:15:34 +0000] "POST /xmlrpc.php HTTP/2" 403 1242 "-" "Go-http-client/2.0"
87.116.176.55 - ekarimun [25/Sep/2026:17:15:34 +0000] "GET /wp-json/wp/v2/users/me HTTP/2" 401 105 "-" "Mozilla/5.0"
87.116.176.55 - - [25/Sep/2026:17:15:34 +0000] "GET /wp-login.php HTTP/2" 200 4573 "-" "Mozilla/5.0 (Windows NT 6.1; WOW64; Trident/7.0; rv:11.0) like Gecko"
87.116.176.55 - - [25/Sep/2026:17:15:34 +0000] "POST /wp-login.php HTTP/2" 200 4712 "https://www.visitkarimun.com/wp-login.php" "Mozilla/5.0 (Windows NT 6.1; WOW64; Trident/7.0; rv:11.0) like Gecko"
193.22.147.244 - - [25/Sep/2026:17:16:15 +0000] "GET /wp-content/uploads/2021/04/karimunjawa-dari-surabaya-350x220.jpg HTTP/2" 200 16876 "-" "Mozilla/5.0 (Macintosh; Intel Mac OS X 10_15_7) AppleWebKit/537.36 (KHTML, like Gecko) Chrome/131.0.0.0 Safari/537.36"
66.249.66.36 - - [25/Sep/2026:17:17:39 +0000] "GET /wp-content/uploads/2017/11/bandung-ke-karimunjawa.jpg HTTP/1.1" 200 114901 "-" "Googlebot-Image/1.0"
192.250.235.217 - - [25/Sep/2026:17:21:07 +0000] "POST /wp-cron.php?doing_wp_cron=1790356866.8508799076080322265625 HTTP/1.1" 200 0 "-" "WordPress/7.1.2; https://www.visitkarimun.com"
66.249.66.194 - - [25/Sep/2026:17:21:04 +0000] "GET /sitemap/ HTTP/1.1" 200 61573 "-" "Mozilla/5.0 (compatible; Googlebot/2.1; +http://www.google.com/bot.html)"
66.249.66.36 - - [25/Sep/2026:17:21:09 +0000] "GET /wp-content/plugins/google-site-kit/dist/assets/js/sign-in-with-google-5a9e012872c712a23a12.js'%20defer HTTP/1.1" 404 44987 "https://www.visitkarimun.com/sitemap/" "Mozilla/5.0 AppleWebKit/537.36 (KHTML, like Gecko; compatible; Googlebot/2.1; +http://www.google.com/bot.html) Chrome/153.0.8010.36 Safari/537.36"
66.249.66.35 - - [25/Sep/2026:17:21:10 +0000] "GET /wp-content/plugins/google-site-kit/dist/assets/js/googlesitekit-consent-mode-755f1678e260138d789e.js'%20defer'%20defer HTTP/1.1" 404 44933 "https://www.visitkarimun.com/sitemap/" "Mozilla/5.0 AppleWebKit/537.36 (KHTML, like Gecko; compatible; Googlebot/2.1; +http://www.google.com/bot.html) Chrome/153.0.8010.36 Safari/537.36"
66.249.66.35 - - [25/Sep/2026:17:21:11 +0000] "GET /wp-content/plugins/google-site-kit/dist/assets/js/googlesitekit-events-provider-content-events-c7172f3fd0e4d5ad62ef.js'%20defer'%20defer HTTP/1.1" 404 44926 "https://www.visitkarimun.com/sitemap/" "Mozilla/5.0 AppleWebKit/537.36 (KHTML, like Gecko; compatible; Googlebot/2.1; +http://www.google.com/bot.html) Chrome/153.0.8010.36 Safari/537.36"
66.249.66.193 - - [25/Sep/2026:17:21:13 +0000] "GET /wp-content/themes/wizata-per/assets/js/mix.js?ver=1.0%27%20defer%27%20defer HTTP/1.1" 200 111566 "https://www.visitkarimun.com/sitemap/" "Mozilla/5.0 AppleWebKit/537.36 (KHTML, like Gecko; compatible; Googlebot/2.1; +http://www.google.com/bot.html) Chrome/153.0.8010.36 Safari/537.36"
192.250.235.217 - - [25/Sep/2026:17:22:14 +0000] "POST /wp-cron.php?doing_wp_cron=1790356934.4323709011077880859375 HTTP/1.1" 200 0 "-" "WordPress/7.1.2; https://www.visitkarimun.com"
43.157.148.38 - - [25/Sep/2026:17:22:14 +0000] "GET /wp-json/oembed/1.0/embed?url=https%3A%2F%2Fwww.visitkarimun.com%2Finformasi-harga-paket-wisata-karimunjawa-3-hari-2-malam%2F&format=xml HTTP/1.1" 200 1275 "-" "Mozilla/5.0 (iPhone; CPU iPhone OS 13_2_3 like Mac OS X) AppleWebKit/605.1.15 (KHTML, like Gecko) Version/13.0.3 Mobile/15E148 Safari/604.1"
192.250.235.217 - - [25/Sep/2026:17:24:40 +0000] "POST /wp-cron.php?doing_wp_cron=1790357079.9137630462646484375000 HTTP/1.1" 200 0 "-" "WordPress/7.1.2; https://www.visitkarimun.com"
74.7.228.251 - - [25/Sep/2026:17:24:38 +0000] "GET /wp-json/wp/v2/posts/2783 HTTP/2" 200 11381 "https://www.visitkarimun.com/pantai-bobby-karimunjawa/" "Mozilla/5.0 (Macintosh; Intel Mac OS X 10_15_7) AppleWebKit/537.36 (KHTML, like Gecko) Chrome/131.0.0.0 Safari/537.36; compatible; OAI-SearchBot/1.4; +https://openai.com/searchbot"
74.7.229.110 - - [25/Sep/2026:17:24:40 +0000] "GET /pantai-bobby-karimunjawa/feed/ HTTP/2" 200 398 "https://www.visitkarimun.com/pantai-bobby-karimunjawa/" "Mozilla/5.0 (Macintosh; Intel Mac OS X 10_15_7) AppleWebKit/537.36 (KHTML, like Gecko) Chrome/131.0.0.0 Safari/537.36; compatible; OAI-SearchBot/1.4; +https://openai.com/searchbot"
74.7.229.195 - - [25/Sep/2026:17:24:41 +0000] "GET /wp-content/uploads/2022/02/open-trip-karimunjawa.jpg HTTP/2" 200 82327 "https://www.visitkarimun.com/pantai-bobby-karimunjawa/" "Mozilla/5.0 (Macintosh; Intel Mac OS X 10_15_7) AppleWebKit/537.36 (KHTML, like Gecko) Chrome/131.0.0.0 Safari/537.36; compatible; OAI-SearchBot/1.4; +https://openai.com/searchbot"
74.7.229.143 - - [25/Sep/2026:17:24:43 +0000] "GET /wp-json/oembed/1.0/embed?format=xml&url=https%3A%2F%2Fwww.visitkarimun.com%2Fpantai-bobby-karimunjawa%2F HTTP/2" 200 1166 "https://www.visitkarimun.com/pantai-bobby-karimunjawa/" "Mozilla/5.0 (Macintosh; Intel Mac OS X 10_15_7) AppleWebKit/537.36 (KHTML, like Gecko) Chrome/131.0.0.0 Safari/537.36; compatible; OAI-SearchBot/1.4; +https://openai.com/searchbot"
74.7.229.195 - - [25/Sep/2026:17:24:44 +0000] "GET /?p=2783 HTTP/2" 301 0 "https://www.visitkarimun.com/pantai-bobby-karimunjawa/" "Mozilla/5.0 (Macintosh; Intel Mac OS X 10_15_7) AppleWebKit/537.36 (KHTML, like Gecko) Chrome/131.0.0.0 Safari/537.36; compatible; OAI-SearchBot/1.4; +https://openai.com/searchbot"
74.7.229.195 - - [25/Sep/2026:17:24:44 +0000] "GET /wp-json/oembed/1.0/embed?url=https%3A%2F%2Fwww.visitkarimun.com%2Fpantai-bobby-karimunjawa%2F HTTP/2" 200 1126 "https://www.visitkarimun.com/pantai-bobby-karimunjawa/" "Mozilla/5.0 (Macintosh; Intel Mac OS X 10_15_7) AppleWebKit/537.36 (KHTML, like Gecko) Chrome/131.0.0.0 Safari/537.36; compatible; OAI-SearchBot/1.4; +https://openai.com/searchbot"
74.7.229.208 - - [25/Sep/2026:17:24:45 +0000] "GET /wp-content/uploads/2022/12/pantai-bobby-karimunjawa.jpg HTTP/2" 200 179417 "https://www.visitkarimun.com/pantai-bobby-karimunjawa/" "Mozilla/5.0 (Macintosh; Intel Mac OS X 10_15_7) AppleWebKit/537.36 (KHTML, like Gecko) Chrome/131.0.0.0 Safari/537.36; compatible; OAI-SearchBot/1.4; +https://openai.com/searchbot"
74.7.228.193 - - [25/Sep/2026:17:24:47 +0000] "GET /wp-content/uploads/2023/06/pantai-karimun-jawa-350x220.jpg HTTP/2" 200 59564 "https://www.visitkarimun.com/pantai-bobby-karimunjawa/" "Mozilla/5.0 (Macintosh; Intel Mac OS X 10_15_7) AppleWebKit/537.36 (KHTML, like Gecko) Chrome/131.0.0.0 Safari/537.36; compatible; OAI-SearchBot/1.4; +https://openai.com/searchbot"
20.113.225.116 - - [25/Sep/2026:17:24:50 +0000] "GET / HTTP/2" 301 0 "-" "Mozilla/5.0 AppleWebKit/537.36 (KHTML, like Gecko); compatible; ChatGPT-User/1.0; +https://openai.com/bot"
160.191.180.135 - - [25/Sep/2026:17:24:49 +0000] "GET /informasi-jadwal-kapal-pelni-semarang-ke-karimunjawa/ HTTP/2" 200 90530 "https://www.google.com/" "Mozilla/5.0 (Linux; Android 10; K) AppleWebKit/537.36 (KHTML, like Gecko) Chrome/153.0.0.0 Mobile Safari/537.36"
160.191.180.135 - - [25/Sep/2026:17:24:50 +0000] "GET /wp-content/plugins/easy-table-of-contents/assets/css/screen.min.css?ver=2.0.88 HTTP/2" 200 1915 "https://www.visitkarimun.com/informasi-jadwal-kapal-pelni-semarang-ke-karimunjawa/" "Mozilla/5.0 (Linux; Android 10; K) AppleWebKit/537.36 (KHTML, like Gecko) Chrome/153.0.0.0 Mobile Safari/537.36"
160.191.180.135 - - [25/Sep/2026:17:24:50 +0000] "GET /wp-content/tablepress-combined.min.css?ver=49 HTTP/2" 200 1665 "https://www.visitkarimun.com/informasi-jadwal-kapal-pelni-semarang-ke-karimunjawa/" "Mozilla/5.0 (Linux; Android 10; K) AppleWebKit/537.36 (KHTML, like Gecko) Chrome/153.0.0.0 Mobile Safari/537.36"
160.191.180.135 - - [25/Sep/2026:17:24:50 +0000] "GET /wp-content/themes/wizata-per/responsive.css HTTP/2" 200 1113 "https://www.visitkarimun.com/informasi-jadwal-kapal-pelni-semarang-ke-karimunjawa/" "Mozilla/5.0 (Linux; Android 10; K) AppleWebKit/537.36 (KHTML, like Gecko) Chrome/153.0.0.0 Mobile Safari/537.36"
160.191.180.135 - - [25/Sep/2026:17:24:50 +0000] "GET /wp-content/themes/wizata-per/assets/css/mix.css?ver=1.0 HTTP/2" 200 21291 "https://www.visitkarimun.com/informasi-jadwal-kapal-pelni-semarang-ke-karimunjawa/" "Mozilla/5.0 (Linux; Android 10; K) AppleWebKit/537.36 (KHTML, like Gecko) Chrome/153.0.0.0 Mobile Safari/537.36"
160.191.180.135 - - [25/Sep/2026:17:24:50 +0000] "GET /wp-content/themes/wizata-per/style.css?ver=1.0 HTTP/2" 200 7010 "https://www.visitkarimun.com/informasi-jadwal-kapal-pelni-semarang-ke-karimunjawa/" "Mozilla/5.0 (Linux; Android 10; K) AppleWebKit/537.36 (KHTML, like Gecko) Chrome/153.0.0.0 Mobile Safari/537.36"
160.191.180.135 - - [25/Sep/2026:17:24:50 +0000] "GET /wp-content/themes/wizata-per/assets/js/jquery.min.js?ver=2.2.4 HTTP/2" 200 29166 "https://www.visitkarimun.com/informasi-jadwal-kapal-pelni-semarang-ke-karimunjawa/" "Mozilla/5.0 (Linux; Android 10; K) AppleWebKit/537.36 (KHTML, like Gecko) Chrome/153.0.0.0 Mobile Safari/537.36"
160.191.180.135 - - [25/Sep/2026:17:24:50 +0000] "GET /wp-content/uploads/2022/12/header.jpg HTTP/2" 200 5720 "https://www.visitkarimun.com/informasi-jadwal-kapal-pelni-semarang-ke-karimunjawa/" "Mozilla/5.0 (Linux; Android 10; K) AppleWebKit/537.36 (KHTML, like Gecko) Chrome/153.0.0.0 Mobile Safari/537.36"
160.191.180.135 - - [25/Sep/2026:17:24:50 +0000] "GET /wp-content/uploads/2019/09/kapal-pelni-karimunjawa.jpg HTTP/2" 200 19575 "https://www.visitkarimun.com/informasi-jadwal-kapal-pelni-semarang-ke-karimunjawa/" "Mozilla/5.0 (Linux; Android 10; K) AppleWebKit/537.36 (KHTML, like Gecko) Chrome/153.0.0.0 Mobile Safari/537.36"
160.191.180.135 - - [25/Sep/2026:17:24:50 +0000] "GET /wp-content/uploads/2021/01/promo-paket-wisata-karimunjawa.jpg HTTP/2" 200 66404 "https://www.visitkarimun.com/informasi-jadwal-kapal-pelni-semarang-ke-karimunjawa/" "Mozilla/5.0 (Linux; Android 10; K) AppleWebKit/537.36 (KHTML, like Gecko) Chrome/153.0.0.0 Mobile Safari/537.36"
160.191.180.135 - - [25/Sep/2026:17:24:50 +0000] "GET /wp-content/themes/wizata-per/images/wa-icon-fill-green.svg HTTP/3" 200 898 "https://www.visitkarimun.com/informasi-jadwal-kapal-pelni-semarang-ke-karimunjawa/" "Mozilla/5.0 (Linux; Android 10; K) AppleWebKit/537.36 (KHTML, like Gecko) Chrome/153.0.0.0 Mobile Safari/537.36"
160.191.180.135 - - [25/Sep/2026:17:24:50 +0000] "GET /wp-content/uploads/2023/05/liburan-ke-karimunjawa.jpg HTTP/3" 200 73014 "https://www.visitkarimun.com/informasi-jadwal-kapal-pelni-semarang-ke-karimunjawa/" "Mozilla/5.0 (Linux; Android 10; K) AppleWebKit/537.36 (KHTML, like Gecko) Chrome/153.0.0.0 Mobile Safari/537.36"
160.191.180.135 - - [25/Sep/2026:17:24:50 +0000] "GET /wp-content/plugins/section-collection/build/advanced.js?ver=2.0.7%27%20defer%27%20defer HTTP/3" 200 5110 "https://www.visitkarimun.com/informasi-jadwal-kapal-pelni-semarang-ke-karimunjawa/" "Mozilla/5.0 (Linux; Android 10; K) AppleWebKit/537.36 (KHTML, like Gecko) Chrome/153.0.0.0 Mobile Safari/537.36"
160.191.180.135 - - [25/Sep/2026:17:24:50 +0000] "GET /wp-content/plugins/easy-table-of-contents/assets/js/smooth_scroll.min.js?ver=2.0.88%27%20defer%27%20defer HTTP/3" 200 478 "https://www.visitkarimun.com/informasi-jadwal-kapal-pelni-semarang-ke-karimunjawa/" "Mozilla/5.0 (Linux; Android 10; K) AppleWebKit/537.36 (KHTML, like Gecko) Chrome/153.0.0.0 Mobile Safari/537.36"
160.191.180.135 - - [25/Sep/2026:17:24:50 +0000] "GET /wp-content/plugins/easy-table-of-contents/vendor/js-cookie/js.cookie.min.js?ver=2.2.1%27%20defer%27%20defer HTTP/3" 200 995 "https://www.visitkarimun.com/informasi-jadwal-kapal-pelni-semarang-ke-karimunjawa/" "Mozilla/5.0 (Linux; Android 10; K) AppleWebKit/537.36 (KHTML, like Gecko) Chrome/153.0.0.0 Mobile Safari/537.36"
160.191.180.135 - - [25/Sep/2026:17:24:50 +0000] "GET /wp-content/plugins/easy-table-of-contents/vendor/sticky-kit/jquery.sticky-kit.min.js?ver=1.9.2%27%20defer%27%20defer HTTP/3" 200 1180 "https://www.visitkarimun.com/informasi-jadwal-kapal-pelni-semarang-ke-karimunjawa/" "Mozilla/5.0 (Linux; Android 10; K) AppleWebKit/537.36 (KHTML, like Gecko) Chrome/153.0.0.0 Mobile Safari/537.36"
160.191.180.135 - - [25/Sep/2026:17:24:50 +0000] "GET /wp-content/plugins/easy-table-of-contents/assets/js/front.min.js?ver=2.0.88-1789581705%27%20defer%27%20defer HTTP/3" 200 1531 "https://www.visitkarimun.com/informasi-jadwal-kapal-pelni-semarang-ke-karimunjawa/" "Mozilla/5.0 (Linux; Android 10; K) AppleWebKit/537.36 (KHTML, like Gecko) Chrome/153.0.0.0 Mobile Safari/537.36"
160.191.180.135 - - [25/Sep/2026:17:24:50 +0000] "GET /wp-includes/js/dist/vendor/react-jsx-runtime.min.js?ver=18.3.1%27%20defer%27%20defer HTTP/3" 200 613 "https://www.visitkarimun.com/informasi-jadwal-kapal-pelni-semarang-ke-karimunjawa/" "Mozilla/5.0 (Linux; Android 10; K) AppleWebKit/537.36 (KHTML, like Gecko) Chrome/153.0.0.0 Mobile Safari/537.36"
160.191.180.135 - - [25/Sep/2026:17:24:50 +0000] "GET /wp-includes/js/dist/dom-ready.min.js?ver=3fe927cab37bf38d6a23%27%20defer%27%20defer HTTP/3" 200 438 "https://www.visitkarimun.com/informasi-jadwal-kapal-pelni-semarang-ke-karimunjawa/" "Mozilla/5.0 (Linux; Android 10; K) AppleWebKit/537.36 (KHTML, like Gecko) Chrome/153.0.0.0 Mobile Safari/537.36"
160.191.180.135 - - [25/Sep/2026:17:24:50 +0000] "GET /wp-includes/js/dist/hooks.min.js?ver=f0f188028580e8dc1255%27%20defer%27%20defer HTTP/3" 200 1759 "https://www.visitkarimun.com/informasi-jadwal-kapal-pelni-semarang-ke-karimunjawa/" "Mozilla/5.0 (Linux; Android 10; K) AppleWebKit/537.36 (KHTML, like Gecko) Chrome/153.0.0.0 Mobile Safari/537.36"
160.191.180.135 - - [25/Sep/2026:17:24:50 +0000] "GET /wp-includes/js/dist/i18n.min.js?ver=1dfe7db3940c23ea9216%27%20defer%27%20defer HTTP/3" 200 2379 "https://www.visitkarimun.com/informasi-jadwal-kapal-pelni-semarang-ke-karimunjawa/" "Mozilla/5.0 (Linux; Android 10; K) AppleWebKit/537.36 (KHTML, like Gecko) Chrome/153.0.0.0 Mobile Safari/537.36"
160.191.180.135 - - [25/Sep/2026:17:24:50 +0000] "GET /wp-includes/js/dist/a11y.min.js?ver=31c6cec5a4ff7aff483d%27%20defer%27%20defer HTTP/3" 200 961 "https://www.visitkarimun.com/informasi-jadwal-kapal-pelni-semarang-ke-karimunjawa/" "Mozilla/5.0 (Linux; Android 10; K) AppleWebKit/537.36 (KHTML, like Gecko) Chrome/153.0.0.0 Mobile Safari/537.36"
160.191.180.135 - - [25/Sep/2026:17:24:50 +0000] "GET /wp-includes/js/dist/blob.min.js?ver=c7582a735ddd2edc9731%27%20defer%27%20defer HTTP/3" 200 586 "https://www.visitkarimun.com/informasi-jadwal-kapal-pelni-semarang-ke-karimunjawa/" "Mozilla/5.0 (Linux; Android 10; K) AppleWebKit/537.36 (KHTML, like Gecko) Chrome/153.0.0.0 Mobile Safari/537.36"
160.191.180.135 - - [25/Sep/2026:17:24:50 +0000] "GET /wp-includes/js/dist/block-serialization-default-parser.min.js?ver=4c6f3dd40077f7c17604%27%20defer%27%20defer HTTP/3" 200 1115 "https://www.visitkarimun.com/informasi-jadwal-kapal-pelni-semarang-ke-karimunjawa/" "Mozilla/5.0 (Linux; Android 10; K) AppleWebKit/537.36 (KHTML, like Gecko) Chrome/153.0.0.0 Mobile Safari/537.36"
160.191.180.135 - - [25/Sep/2026:17:24:50 +0000] "GET /wp-includes/js/dist/autop.min.js?ver=4e10a18cb6f21a043fc0%27%20defer%27%20defer HTTP/3" 200 2092 "https://www.visitkarimun.com/informasi-jadwal-kapal-pelni-semarang-ke-karimunjawa/" "Mozilla/5.0 (Linux; Android 10; K) AppleWebKit/537.36 (KHTML, like Gecko) Chrome/153.0.0.0 Mobile Safari/537.36"
160.191.180.135 - - [25/Sep/2026:17:24:50 +0000] "GET /wp-includes/js/dist/deprecated.min.js?ver=fe587bac92b7d0ef760e%27%20defer%27%20defer HTTP/3" 200 712 "https://www.visitkarimun.com/informasi-jadwal-kapal-pelni-semarang-ke-karimunjawa/" "Mozilla/5.0 (Linux; Android 10; K) AppleWebKit/537.36 (KHTML, like Gecko) Chrome/153.0.0.0 Mobile Safari/537.36"
160.191.180.135 - - [25/Sep/2026:17:24:50 +0000] "GET /wp-includes/js/dist/escape-html.min.js?ver=87ebe53e97bba59805a5%27%20defer%27%20defer HTTP/3" 200 561 "https://www.visitkarimun.com/informasi-jadwal-kapal-pelni-semarang-ke-karimunjawa/" "Mozilla/5.0 (Linux; Android 10; K) AppleWebKit/537.36 (KHTML, like Gecko) Chrome/153.0.0.0 Mobile Safari/537.36"
160.191.180.135 - - [25/Sep/2026:17:24:50 +0000] "GET /wp-includes/js/dist/is-shallow-equal.min.js?ver=7ad271045c1fe60f5496%27%20defer%27%20defer HTTP/3" 200 549 "https://www.visitkarimun.com/informasi-jadwal-kapal-pelni-semarang-ke-karimunjawa/" "Mozilla/5.0 (Linux; Android 10; K) AppleWebKit/537.36 (KHTML, like Gecko) Chrome/153.0.0.0 Mobile Safari/537.36"
160.191.180.135 - - [25/Sep/2026:17:24:50 +0000] "GET /wp-includes/js/dist/keycodes.min.js?ver=d0b4204e4bbeb412df6e%27%20defer%27%20defer HTTP/3" 200 1516 "https://www.visitkarimun.com/informasi-jadwal-kapal-pelni-semarang-ke-karimunjawa/" "Mozilla/5.0 (Linux; Android 10; K) AppleWebKit/537.36 (KHTML, like Gecko) Chrome/153.0.0.0 Mobile Safari/537.36"
160.191.180.135 - - [25/Sep/2026:17:24:50 +0000] "GET /wp-includes/js/dist/priority-queue.min.js?ver=6c0aa59b65d55dfd509b%27%20defer%27%20defer HTTP/3" 200 1536 "https://www.visitkarimun.com/informasi-jadwal-kapal-pelni-semarang-ke-karimunjawa/" "Mozilla/5.0 (Linux; Android 10; K) AppleWebKit/537.36 (KHTML, like Gecko) Chrome/153.0.0.0 Mobile Safari/537.36"
160.191.180.135 - - [25/Sep/2026:17:24:50 +0000] "GET /wp-includes/js/dist/private-apis.min.js?ver=eb85f28c4c729bb4f002%27%20defer%27%20defer HTTP/3" 200 1068 "https://www.visitkarimun.com/informasi-jadwal-kapal-pelni-semarang-ke-karimunjawa/" "Mozilla/5.0 (Linux; Android 10; K) AppleWebKit/537.36 (KHTML, like Gecko) Chrome/153.0.0.0 Mobile Safari/537.36"
160.191.180.135 - - [25/Sep/2026:17:24:50 +0000] "GET /wp-includes/js/dist/undo-manager.min.js?ver=4554fce6276d8910a4ae%27%20defer%27%20defer HTTP/3" 200 894 "https://www.visitkarimun.com/informasi-jadwal-kapal-pelni-semarang-ke-karimunjawa/" "Mozilla/5.0 (Linux; Android 10; K) AppleWebKit/537.36 (KHTML, like Gecko) Chrome/153.0.0.0 Mobile Safari/537.36"
160.191.180.135 - - [25/Sep/2026:17:24:50 +0000] "GET /wp-includes/js/dist/html-entities.min.js?ver=a976ff3a0f00bc2999a3%27%20defer%27%20defer HTTP/3" 200 464 "https://www.visitkarimun.com/informasi-jadwal-kapal-pelni-semarang-ke-karimunjawa/" "Mozilla/5.0 (Linux; Android 10; K) AppleWebKit/537.36 (KHTML, like Gecko) Chrome/153.0.0.0 Mobile Safari/537.36"
160.191.180.135 - - [25/Sep/2026:17:24:50 +0000] "GET /wp-includes/js/dist/warning.min.js?ver=a0978839debc564a6608%27%20defer%27%20defer HTTP/3" 200 427 "https://www.visitkarimun.com/informasi-jadwal-kapal-pelni-semarang-ke-karimunjawa/" "Mozilla/5.0 (Linux; Android 10; K) AppleWebKit/537.36 (KHTML, like Gecko) Chrome/153.0.0.0 Mobile Safari/537.36"
160.191.180.135 - - [25/Sep/2026:17:24:50 +0000] "GET /wp-includes/js/dist/primitives.min.js?ver=44cc5a35c7b9fe07a838%27%20defer%27%20defer HTTP/3" 200 974 "https://www.visitkarimun.com/informasi-jadwal-kapal-pelni-semarang-ke-karimunjawa/" "Mozilla/5.0 (Linux; Android 10; K) AppleWebKit/537.36 (KHTML, like Gecko) Chrome/153.0.0.0 Mobile Safari/537.36"
160.191.180.135 - - [25/Sep/2026:17:24:50 +0000] "GET /wp-includes/js/dist/token-list.min.js?ver=e86ab419d8302d57822c%27%20defer%27%20defer HTTP/3" 200 698 "https://www.visitkarimun.com/informasi-jadwal-kapal-pelni-semarang-ke-karimunjawa/" "Mozilla/5.0 (Linux; Android 10; K) AppleWebKit/537.36 (KHTML, like Gecko) Chrome/153.0.0.0 Mobile Safari/537.36"
160.191.180.135 - - [25/Sep/2026:17:24:50 +0000] "GET /wp-includes/js/comment-reply.min.js?ver=7.1.2%27%20defer%27%20defer HTTP/3" 200 1224 "https://www.visitkarimun.com/informasi-jadwal-kapal-pelni-semarang-ke-karimunjawa/" "Mozilla/5.0 (Linux; Android 10; K) AppleWebKit/537.36 (KHTML, like Gecko) Chrome/153.0.0.0 Mobile Safari/537.36"
160.191.180.135 - - [25/Sep/2026:17:24:50 +0000] "GET /wp-content/themes/wizata-per/images/wa.png HTTP/3" 200 710 "https://www.visitkarimun.com/informasi-jadwal-kapal-pelni-semarang-ke-karimunjawa/" "Mozilla/5.0 (Linux; Android 10; K) AppleWebKit/537.36 (KHTML, like Gecko) Chrome/153.0.0.0 Mobile Safari/537.36"
160.191.180.135 - - [25/Sep/2026:17:24:50 +0000] "GET /wp-content/themes/wizata-per/images/telp.png HTTP/3" 200 624 "https://www.visitkarimun.com/informasi-jadwal-kapal-pelni-semarang-ke-karimunjawa/" "Mozilla/5.0 (Linux; Android 10; K) AppleWebKit/537.36 (KHTML, like Gecko) Chrome/153.0.0.0 Mobile Safari/537.36"
160.191.180.135 - - [25/Sep/2026:17:24:50 +0000] "GET /wp-content/themes/wizata-per/assets/fonts/glyphicons-halflings-regular.woff2 HTTP/3" 200 18028 "https://www.visitkarimun.com/wp-content/themes/wizata-per/assets/css/mix.css?ver=1.0" "Mozilla/5.0 (Linux; Android 10; K) AppleWebKit/537.36 (KHTML, like Gecko) Chrome/153.0.0.0 Mobile Safari/537.36"
160.191.180.135 - - [25/Sep/2026:17:24:50 +0000] "GET /wp-content/themes/wizata-per/assets/fonts/Elusive-Icons.woff?v=2 HTTP/3" 200 61716 "https://www.visitkarimun.com/wp-content/themes/wizata-per/assets/css/mix.css?ver=1.0" "Mozilla/5.0 (Linux; Android 10; K) AppleWebKit/537.36 (KHTML, like Gecko) Chrome/153.0.0.0 Mobile Safari/537.36"
160.191.180.135 - - [25/Sep/2026:17:24:50 +0000] "GET /wp-content/themes/wizata-per/assets/js/mix.js?ver=1.0%27%20defer%27%20defer HTTP/3" 200 111566 "https://www.visitkarimun.com/informasi-jadwal-kapal-pelni-semarang-ke-karimunjawa/" "Mozilla/5.0 (Linux; Android 10; K) AppleWebKit/537.36 (KHTML, like Gecko) Chrome/153.0.0.0 Mobile Safari/537.36"
160.191.180.135 - - [25/Sep/2026:17:24:50 +0000] "GET /wp-includes/js/dist/vendor/react.min.js?ver=18.3.1.1%27%20defer%27%20defer HTTP/3" 200 4117 "https://www.visitkarimun.com/informasi-jadwal-kapal-pelni-semarang-ke-karimunjawa/" "Mozilla/5.0 (Linux; Android 10; K) AppleWebKit/537.36 (KHTML, like Gecko) Chrome/153.0.0.0 Mobile Safari/537.36"
160.191.180.135 - - [25/Sep/2026:17:24:50 +0000] "GET /wp-includes/js/dist/vendor/react-dom.min.js?ver=18.3.1.1%27%20defer%27%20defer HTTP/3" 200 41410 "https://www.visitkarimun.com/informasi-jadwal-kapal-pelni-semarang-ke-karimunjawa/" "Mozilla/5.0 (Linux; Android 10; K) AppleWebKit/537.36 (KHTML, like Gecko) Chrome/153.0.0.0 Mobile Safari/537.36"
160.191.180.135 - - [25/Sep/2026:17:24:50 +0000] "GET /wp-includes/js/dist/dom.min.js?ver=c95f94cbbc1ac3fde84f%27%20defer%27%20defer HTTP/3" 200 4926 "https://www.visitkarimun.com/informasi-jadwal-kapal-pelni-semarang-ke-karimunjawa/" "Mozilla/5.0 (Linux; Android 10; K) AppleWebKit/537.36 (KHTML, like Gecko) Chrome/153.0.0.0 Mobile Safari/537.36"
160.191.180.135 - - [25/Sep/2026:17:24:50 +0000] "GET /wp-includes/js/dist/element.min.js?ver=4a4370b2b349066fd440%27%20defer%27%20defer HTTP/3" 200 5010 "https://www.visitkarimun.com/informasi-jadwal-kapal-pelni-semarang-ke-karimunjawa/" "Mozilla/5.0 (Linux; Android 10; K) AppleWebKit/537.36 (KHTML, like Gecko) Chrome/153.0.0.0 Mobile Safari/537.36"
160.191.180.135 - - [25/Sep/2026:17:24:50 +0000] "GET /wp-includes/js/dist/redux-routine.min.js?ver=acca2b4857d83ad1790e%27%20defer%27%20defer HTTP/3" 200 3242 "https://www.visitkarimun.com/informasi-jadwal-kapal-pelni-semarang-ke-karimunjawa/" "Mozilla/5.0 (Linux; Android 10; K) AppleWebKit/537.36 (KHTML, like Gecko) Chrome/153.0.0.0 Mobile Safari/537.36"
160.191.180.135 - - [25/Sep/2026:17:24:50 +0000] "GET /wp-includes/js/dist/compose.min.js?ver=0e8bde2a499ea6073b42%27%20defer%27%20defer HTTP/3" 200 11268 "https://www.visitkarimun.com/informasi-jadwal-kapal-pelni-semarang-ke-karimunjawa/" "Mozilla/5.0 (Linux; Android 10; K) AppleWebKit/537.36 (KHTML, like Gecko) Chrome/153.0.0.0 Mobile Safari/537.36"
160.191.180.135 - - [25/Sep/2026:17:24:50 +0000] "GET /wp-includes/js/dist/data.min.js?ver=14a216e0932d72c22976%27%20defer%27%20defer HTTP/3" 200 9491 "https://www.visitkarimun.com/informasi-jadwal-kapal-pelni-semarang-ke-karimunjawa/" "Mozilla/5.0 (Linux; Android 10; K) AppleWebKit/537.36 (KHTML, like Gecko) Chrome/153.0.0.0 Mobile Safari/537.36"
160.191.180.135 - - [25/Sep/2026:17:24:50 +0000] "GET /wp-includes/js/dist/shortcode.min.js?ver=f6273476300cc5fad4cd%27%20defer%27%20defer HTTP/3" 200 1521 "https://www.visitkarimun.com/informasi-jadwal-kapal-pelni-semarang-ke-karimunjawa/" "Mozilla/5.0 (Linux; Android 10; K) AppleWebKit/537.36 (KHTML, like Gecko) Chrome/153.0.0.0 Mobile Safari/537.36"
160.191.180.135 - - [25/Sep/2026:17:24:50 +0000] "GET /wp-includes/js/dist/rich-text.min.js?ver=3e5852e42cee1c239bae%27%20defer%27%20defer HTTP/3" 200 14352 "https://www.visitkarimun.com/informasi-jadwal-kapal-pelni-semarang-ke-karimunjawa/" "Mozilla/5.0 (Linux; Android 10; K) AppleWebKit/537.36 (KHTML, like Gecko) Chrome/153.0.0.0 Mobile Safari/537.36"
160.191.180.135 - - [25/Sep/2026:17:24:50 +0000] "GET /wp-includes/js/dist/blocks.min.js?ver=c0e57a630a0b6f6c3bb5%27%20defer%27%20defer HTTP/3" 200 43487 "https://www.visitkarimun.com/informasi-jadwal-kapal-pelni-semarang-ke-karimunjawa/" "Mozilla/5.0 (Linux; Android 10; K) AppleWebKit/537.36 (KHTML, like Gecko) Chrome/153.0.0.0 Mobile Safari/537.36"
160.191.180.135 - - [25/Sep/2026:17:24:50 +0000] "GET /wp-includes/js/dist/vendor/moment.min.js?ver=2.30.1%27%20defer%27%20defer HTTP/3" 200 18383 "https://www.visitkarimun.com/informasi-jadwal-kapal-pelni-semarang-ke-karimunjawa/" "Mozilla/5.0 (Linux; Android 10; K) AppleWebKit/537.36 (KHTML, like Gecko) Chrome/153.0.0.0 Mobile Safari/537.36"
160.191.180.135 - - [25/Sep/2026:17:24:50 +0000] "GET /wp-includes/js/dist/date.min.js?ver=8173fc0fc12b7bb7eaf0%27%20defer%27%20defer HTTP/3" 200 23044 "https://www.visitkarimun.com/informasi-jadwal-kapal-pelni-semarang-ke-karimunjawa/" "Mozilla/5.0 (Linux; Android 10; K) AppleWebKit/537.36 (KHTML, like Gecko) Chrome/153.0.0.0 Mobile Safari/537.36"
160.191.180.135 - - [25/Sep/2026:17:24:50 +0000] "GET /wp-includes/js/dist/theme.min.js?ver=56a75cc08ae66c1fcb7a%27%20defer%27%20defer HTTP/3" 200 21910 "https://www.visitkarimun.com/informasi-jadwal-kapal-pelni-semarang-ke-karimunjawa/" "Mozilla/5.0 (Linux; Android 10; K) AppleWebKit/537.36 (KHTML, like Gecko) Chrome/153.0.0.0 Mobile Safari/537.36"
160.191.180.135 - - [25/Sep/2026:17:24:50 +0000] "GET /wp-includes/js/dist/keyboard-shortcuts.min.js?ver=37da95806f2339bc80d0%27%20defer%27%20defer HTTP/3" 200 1549 "https://www.visitkarimun.com/informasi-jadwal-kapal-pelni-semarang-ke-karimunjawa/" "Mozilla/5.0 (Linux; Android 10; K) AppleWebKit/537.36 (KHTML, like Gecko) Chrome/153.0.0.0 Mobile Safari/537.36"
160.191.180.135 - - [25/Sep/2026:17:24:50 +0000] "GET /wp-includes/js/dist/url.min.js?ver=7b0de086d4ae11d55704%27%20defer%27%20defer HTTP/3" 200 3654 "https://www.visitkarimun.com/informasi-jadwal-kapal-pelni-semarang-ke-karimunjawa/" "Mozilla/5.0 (Linux; Android 10; K) AppleWebKit/537.36 (KHTML, like Gecko) Chrome/153.0.0.0 Mobile Safari/537.36"
160.191.180.135 - - [25/Sep/2026:17:24:50 +0000] "GET /wp-content/plugins/google-site-kit/dist/assets/js/sign-in-with-google-5a9e012872c712a23a12.js'%20defer HTTP/3" 404 44991 "https://www.visitkarimun.com/informasi-jadwal-kapal-pelni-semarang-ke-karimunjawa/" "Mozilla/5.0 (Linux; Android 10; K) AppleWebKit/537.36 (KHTML, like Gecko) Chrome/153.0.0.0 Mobile Safari/537.36"
160.191.180.135 - - [25/Sep/2026:17:24:50 +0000] "GET /wp-content/plugins/google-site-kit/dist/assets/js/googlesitekit-consent-mode-755f1678e260138d789e.js'%20defer'%20defer HTTP/3" 404 44951 "https://www.visitkarimun.com/informasi-jadwal-kapal-pelni-semarang-ke-karimunjawa/" "Mozilla/5.0 (Linux; Android 10; K) AppleWebKit/537.36 (KHTML, like Gecko) Chrome/153.0.0.0 Mobile Safari/537.36"
160.191.180.135 - - [25/Sep/2026:17:24:50 +0000] "GET /wp-includes/js/dist/api-fetch.min.js?ver=6f2a4faeee3c722b1e57%27%20defer%27%20defer HTTP/3" 200 3151 "https://www.visitkarimun.com/informasi-jadwal-kapal-pelni-semarang-ke-karimunjawa/" "Mozilla/5.0 (Linux; Android 10; K) AppleWebKit/537.36 (KHTML, like Gecko) Chrome/153.0.0.0 Mobile Safari/537.36"
160.191.180.135 - - [25/Sep/2026:17:24:50 +0000] "GET /wp-includes/js/dist/components.min.js?ver=9b751f17060211272a5c%27%20defer%27%20defer HTTP/3" 200 258712 "https://www.visitkarimun.com/informasi-jadwal-kapal-pelni-semarang-ke-karimunjawa/" "Mozilla/5.0 (Linux; Android 10; K) AppleWebKit/537.36 (KHTML, like Gecko) Chrome/153.0.0.0 Mobile Safari/537.36"
160.191.180.135 - - [25/Sep/2026:17:24:50 +0000] "GET /wp-includes/js/dist/preferences-persistence.min.js?ver=a34abbdacd8f50f9acb1%27%20defer%27%20defer HTTP/3" 200 2077 "https://www.visitkarimun.com/informasi-jadwal-kapal-pelni-semarang-ke-karimunjawa/" "Mozilla/5.0 (Linux; Android 10; K) AppleWebKit/537.36 (KHTML, like Gecko) Chrome/153.0.0.0 Mobile Safari/537.36"
160.191.180.135 - - [25/Sep/2026:17:24:50 +0000] "GET /wp-includes/js/dist/preferences.min.js?ver=5a169e3fc0e657f74172%27%20defer%27%20defer HTTP/3" 200 3145 "https://www.visitkarimun.com/informasi-jadwal-kapal-pelni-semarang-ke-karimunjawa/" "Mozilla/5.0 (Linux; Android 10; K) AppleWebKit/537.36 (KHTML, like Gecko) Chrome/153.0.0.0 Mobile Safari/537.36"
160.191.180.135 - - [25/Sep/2026:17:24:50 +0000] "GET /wp-includes/js/dist/notices.min.js?ver=c09a068fdab0eb465e14%27%20defer%27%20defer HTTP/3" 200 1608 "https://www.visitkarimun.com/informasi-jadwal-kapal-pelni-semarang-ke-karimunjawa/" "Mozilla/5.0 (Linux; Android 10; K) AppleWebKit/537.36 (KHTML, like Gecko) Chrome/153.0.0.0 Mobile Safari/537.36"
160.191.180.135 - - [25/Sep/2026:17:24:50 +0000] "GET /wp-includes/js/dist/style-engine.min.js?ver=914befb08774033e6265%27%20defer%27%20defer HTTP/3" 200 2360 "https://www.visitkarimun.com/informasi-jadwal-kapal-pelni-semarang-ke-karimunjawa/" "Mozilla/5.0 (Linux; Android 10; K) AppleWebKit/537.36 (KHTML, like Gecko) Chrome/153.0.0.0 Mobile Safari/537.36"
160.191.180.135 - - [25/Sep/2026:17:24:50 +0000] "GET /wp-includes/js/dist/commands.min.js?ver=1a4910212c7ed2355300%27%20defer%27%20defer HTTP/3" 200 19231 "https://www.visitkarimun.com/informasi-jadwal-kapal-pelni-semarang-ke-karimunjawa/" "Mozilla/5.0 (Linux; Android 10; K) AppleWebKit/537.36 (KHTML, like Gecko) Chrome/153.0.0.0 Mobile Safari/537.36"
160.191.180.135 - - [25/Sep/2026:17:24:50 +0000] "GET /wp-includes/js/dist/upload-media.min.js?ver=a2c026d433c295fd5145%27%20defer%27%20defer HTTP/3" 200 15643 "https://www.visitkarimun.com/informasi-jadwal-kapal-pelni-semarang-ke-karimunjawa/" "Mozilla/5.0 (Linux; Android 10; K) AppleWebKit/537.36 (KHTML, like Gecko) Chrome/153.0.0.0 Mobile Safari/537.36"
160.191.180.135 - - [25/Sep/2026:17:24:50 +0000] "GET /wp-content/plugins/google-site-kit/dist/assets/js/googlesitekit-events-provider-content-events-c7172f3fd0e4d5ad62ef.js'%20defer'%20defer HTTP/3" 404 44906 "https://www.visitkarimun.com/informasi-jadwal-kapal-pelni-semarang-ke-karimunjawa/" "Mozilla/5.0 (Linux; Android 10; K) AppleWebKit/537.36 (KHTML, like Gecko) Chrome/153.0.0.0 Mobile Safari/537.36"
160.191.180.135 - - [25/Sep/2026:17:24:50 +0000] "GET /wp-content/plugins/section-collection/build/call-to-actions/view.js?ver=9ce62d411e5f3d3b7585%27%20defer%27%20defer HTTP/3" 200 11370 "https://www.visitkarimun.com/informasi-jadwal-kapal-pelni-semarang-ke-karimunjawa/" "Mozilla/5.0 (Linux; Android 10; K) AppleWebKit/537.36 (KHTML, like Gecko) Chrome/153.0.0.0 Mobile Safari/537.36"
160.191.180.135 - - [25/Sep/2026:17:24:50 +0000] "GET /wp-content/plugins/akismet/_inc/akismet-frontend.js?ver=1785922394%27%20defer%27%20defer HTTP/3" 200 3327 "https://www.visitkarimun.com/informasi-jadwal-kapal-pelni-semarang-ke-karimunjawa/" "Mozilla/5.0 (Linux; Android 10; K) AppleWebKit/537.36 (KHTML, like Gecko) Chrome/153.0.0.0 Mobile Safari/537.36"
160.191.180.135 - - [25/Sep/2026:17:24:50 +0000] "GET /wp-content/themes/wizata-per/images/badge2.png HTTP/3" 200 2704 "https://www.visitkarimun.com/informasi-jadwal-kapal-pelni-semarang-ke-karimunjawa/" "Mozilla/5.0 (Linux; Android 10; K) AppleWebKit/537.36 (KHTML, like Gecko) Chrome/153.0.0.0 Mobile Safari/537.36"
160.191.180.135 - - [25/Sep/2026:17:24:50 +0000] "GET /wp-includes/js/dist/block-editor.min.js?ver=37e58da384b2558bd479%27%20defer%27%20defer HTTP/3" 200 407357 "https://www.visitkarimun.com/informasi-jadwal-kapal-pelni-semarang-ke-karimunjawa/" "Mozilla/5.0 (Linux; Android 10; K) AppleWebKit/537.36 (KHTML, like Gecko) Chrome/153.0.0.0 Mobile Safari/537.36"
160.191.180.135 - - [25/Sep/2026:17:24:50 +0000] "GET /wp-content/themes/wizata-per/images/badge1.png HTTP/3" 200 3434 "https://www.visitkarimun.com/informasi-jadwal-kapal-pelni-semarang-ke-karimunjawa/" "Mozilla/5.0 (Linux; Android 10; K) AppleWebKit/537.36 (KHTML, like Gecko) Chrome/153.0.0.0 Mobile Safari/537.36"
160.191.180.135 - - [25/Sep/2026:17:24:50 +0000] "GET /wp-content/uploads/2020/05/cemara-besar-karimunjawa.jpg HTTP/3" 404 44904 "https://www.visitkarimun.com/informasi-jadwal-kapal-pelni-semarang-ke-karimunjawa/" "Mozilla/5.0 (Linux; Android 10; K) AppleWebKit/537.36 (KHTML, like Gecko) Chrome/153.0.0.0 Mobile Safari/537.36"
160.191.180.135 - - [25/Sep/2026:17:24:50 +0000] "GET /wp-content/uploads/2023/08/pulau-menjangan-kecil-karimunajwa.jpg HTTP/3" 200 109574 "https://www.visitkarimun.com/informasi-jadwal-kapal-pelni-semarang-ke-karimunjawa/" "Mozilla/5.0 (Linux; Android 10; K) AppleWebKit/537.36 (KHTML, like Gecko) Chrome/153.0.0.0 Mobile Safari/537.36"
20.113.225.120 - - [25/Sep/2026:17:24:51 +0000] "GET / HTTP/2" 200 56804 "-" "Mozilla/5.0 AppleWebKit/537.36 (KHTML, like Gecko); compatible; ChatGPT-User/1.0; +https://openai.com/bot"
160.191.180.135 - - [25/Sep/2026:17:24:51 +0000] "GET /wp-json/wp/v2/users/me?context=edit&_locale=user HTTP/3" 401 83 "https://www.visitkarimun.com/informasi-jadwal-kapal-pelni-semarang-ke-karimunjawa/" "Mozilla/5.0 (Linux; Android 10; K) AppleWebKit/537.36 (KHTML, like Gecko) Chrome/153.0.0.0 Mobile Safari/537.36"
160.191.180.135 - - [25/Sep/2026:17:24:52 +0000] "GET /wp-content/themes/wizata-per/images/downArrow.png HTTP/3" 200 94 "https://www.visitkarimun.com/wp-content/themes/wizata-per/style.css?ver=1.0" "Mozilla/5.0 (Linux; Android 10; K) AppleWebKit/537.36 (KHTML, like Gecko) Chrome/153.0.0.0 Mobile Safari/537.36"
160.191.180.135 - - [25/Sep/2026:17:24:52 +0000] "GET /wp-content/themes/wizata-per/images/icon_top.png HTTP/3" 200 338 "https://www.visitkarimun.com/wp-content/themes/wizata-per/style.css?ver=1.0" "Mozilla/5.0 (Linux; Android 10; K) AppleWebKit/537.36 (KHTML, like Gecko) Chrome/153.0.0.0 Mobile Safari/537.36"
160.191.180.135 - - [25/Sep/2026:17:24:52 +0000] "GET /wp-content/themes/wizata-per/img/downArrow.png HTTP/3" 404 44909 "https://www.visitkarimun.com/wp-content/themes/wizata-per/responsive.css" "Mozilla/5.0 (Linux; Android 10; K) AppleWebKit/537.36 (KHTML, like Gecko) Chrome/153.0.0.0 Mobile Safari/537.36"
160.191.180.135 - - [25/Sep/2026:17:24:55 +0000] "GET /wp-content/uploads/2020/12/karimun-1.png HTTP/3" 200 970 "https://www.visitkarimun.com/informasi-jadwal-kapal-pelni-semarang-ke-karimunjawa/" "Mozilla/5.0 (Linux; Android 10; K) AppleWebKit/537.36 (KHTML, like Gecko) Chrome/153.0.0.0 Mobile Safari/537.36"
66.249.66.66 - - [25/Sep/2026:17:25:23 +0000] "GET /paket-wisata-karimunjawa-rombongan/ HTTP/1.1" 200 91648 "-" "Mozilla/5.0 (Linux; Android 6.0.1; Nexus 5X Build/MMB29P) AppleWebKit/537.36 (KHTML, like Gecko) Chrome/153.0.8010.52 Mobile Safari/537.36 (compatible; Googlebot/2.1; +http://www.google.com/bot.html)"
66.249.66.35 - - [25/Sep/2026:17:25:28 +0000] "GET /wp-content/plugins/google-site-kit/dist/assets/js/sign-in-with-google-5a9e012872c712a23a12.js'%20defer HTTP/1.1" 404 44974 "https://www.visitkarimun.com/paket-wisata-karimunjawa-rombongan/" "Mozilla/5.0 (Linux; Android 6.0.1; Nexus 5X Build/MMB29P) AppleWebKit/537.36 (KHTML, like Gecko) Chrome/153.0.8010.52 Mobile Safari/537.36 (compatible; Googlebot/2.1; +http://www.google.com/bot.html)"
66.249.66.35 - - [25/Sep/2026:17:25:29 +0000] "GET /wp-includes/js/dist/priority-queue.min.js?ver=6c0aa59b65d55dfd509b%27%20defer%27%20defer HTTP/1.1" 200 1536 "https://www.visitkarimun.com/paket-wisata-karimunjawa-rombongan/" "Mozilla/5.0 (Linux; Android 6.0.1; Nexus 5X Build/MMB29P) AppleWebKit/537.36 (KHTML, like Gecko) Chrome/153.0.8010.52 Mobile Safari/537.36 (compatible; Googlebot/2.1; +http://www.google.com/bot.html)"
66.249.66.36 - - [25/Sep/2026:17:25:29 +0000] "GET /wp-content/plugins/google-site-kit/dist/assets/js/googlesitekit-events-provider-content-events-c7172f3fd0e4d5ad62ef.js'%20defer'%20defer HTTP/1.1" 404 44974 "https://www.visitkarimun.com/paket-wisata-karimunjawa-rombongan/" "Mozilla/5.0 (Linux; Android 6.0.1; Nexus 5X Build/MMB29P) AppleWebKit/537.36 (KHTML, like Gecko) Chrome/153.0.8010.52 Mobile Safari/537.36 (compatible; Googlebot/2.1; +http://www.google.com/bot.html)"
192.250.235.217 - - [25/Sep/2026:17:26:59 +0000] "POST /wp-cron.php?doing_wp_cron=1790357219.0287539958953857421875 HTTP/1.1" 200 0 "-" "WordPress/7.1.2; https://www.visitkarimun.com"
66.249.66.193 - - [25/Sep/2026:17:26:57 +0000] "GET /destinasi-pulau-cemara-besar-karimunjawa/ HTTP/1.1" 200 89702 "-" "Mozilla/5.0 (Linux; Android 6.0.1; Nexus 5X Build/MMB29P) AppleWebKit/537.36 (KHTML, like Gecko) Chrome/153.0.8010.52 Mobile Safari/537.36 (compatible; Googlebot/2.1; +http://www.google.com/bot.html)"
66.249.66.67 - - [25/Sep/2026:17:27:12 +0000] "GET /wp-includes/js/dist/element.min.js?ver=4a4370b2b349066fd440%27%20defer%27%20defer HTTP/1.1" 200 5010 "https://www.visitkarimun.com/destinasi-pulau-cemara-besar-karimunjawa/" "Mozilla/5.0 (Linux; Android 6.0.1; Nexus 5X Build/MMB29P) AppleWebKit/537.36 (KHTML, like Gecko) Chrome/153.0.8010.52 Mobile Safari/537.36 (compatible; Googlebot/2.1; +http://www.google.com/bot.html)"
66.249.66.37 - - [25/Sep/2026:17:27:13 +0000] "GET /wp-includes/js/dist/data.min.js?ver=14a216e0932d72c22976%27%20defer%27%20defer HTTP/1.1" 200 9491 "https://www.visitkarimun.com/destinasi-pulau-cemara-besar-karimunjawa/" "Mozilla/5.0 (Linux; Android 6.0.1; Nexus 5X Build/MMB29P) AppleWebKit/537.36 (KHTML, like Gecko) Chrome/153.0.8010.52 Mobile Safari/537.36 (compatible; Googlebot/2.1; +http://www.google.com/bot.html)"
66.249.66.194 - - [25/Sep/2026:17:27:13 +0000] "GET /wp-includes/js/dist/redux-routine.min.js?ver=acca2b4857d83ad1790e%27%20defer%27%20defer HTTP/1.1" 200 3242 "https://www.visitkarimun.com/destinasi-pulau-cemara-besar-karimunjawa/" "Mozilla/5.0 (Linux; Android 6.0.1; Nexus 5X Build/MMB29P) AppleWebKit/537.36 (KHTML, like Gecko) Chrome/153.0.8010.52 Mobile Safari/537.36 (compatible; Googlebot/2.1; +http://www.google.com/bot.html)"
66.249.66.35 - - [25/Sep/2026:17:27:14 +0000] "GET /wp-content/plugins/section-collection/build/pricing-table-section/view.js?ver=76694e56e7aea56a5d1a%27%20defer%27%20defer HTTP/1.1" 200 9325 "https://www.visitkarimun.com/destinasi-pulau-cemara-besar-karimunjawa/" "Mozilla/5.0 (Linux; Android 6.0.1; Nexus 5X Build/MMB29P) AppleWebKit/537.36 (KHTML, like Gecko) Chrome/153.0.8010.52 Mobile Safari/537.36 (compatible; Googlebot/2.1; +http://www.google.com/bot.html)"
57.141.2.19 - - [25/Sep/2026:17:27:26 +0000] "GET /lishafah-homestay-karimunjawa/ HTTP/2" 200 74818 "-" "Mozilla/5.0 (Windows NT 10.0; Win64; x64) AppleWebKit/537.36 (KHTML, like Gecko) Chrome/145.0.0.0 Safari/537.36 (compatible; meta-webindexer/1.1 (+https://developers.facebook.com/docs/sharing/webmasters/crawler))"
57.141.2.2 - - [25/Sep/2026:17:27:29 +0000] "GET /paket-honeymoon-karimunjawa-3-hari-2-malam/ HTTP/2" 200 77999 "-" "Mozilla/5.0 (X11; Linux x86_64) AppleWebKit/537.36 (KHTML, like Gecko) Chrome/145.0.0.0 Safari/537.36 (compatible; meta-webindexer/1.1 (+https://developers.facebook.com/docs/sharing/webmasters/crawler))"
192.250.235.217 - - [25/Sep/2026:17:28:46 +0000] "POST /wp-cron.php?doing_wp_cron=1790357326.0277190208435058593750 HTTP/1.1" 200 0 "-" "WordPress/7.1.2; https://www.visitkarimun.com"
52.167.144.204 - - [25/Sep/2026:17:28:44 +0000] "GET /tour/paket-regular-karimunjawa-3-hari-2-malam/ HTTP/2" 200 58777 "-" "Mozilla/5.0 AppleWebKit/537.36 (KHTML, like Gecko; compatible; bingbot/2.0; +http://www.bing.com/bingbot.htm) Chrome/116.0.1938.76 Safari/537.36"
145.223.151.142 - - [25/Sep/2026:17:31:23 +0000] "GET /wp-content/uploads/2019/08/paket-wisata-karimunjawa-300x225.jpg HTTP/2" 200 9142 "-" "Mozilla/5.0 (Macintosh; Intel Mac OS X 10_15_7) AppleWebKit/537.36 (KHTML, like Gecko) Chrome/110.0.0.0 Safari/537.36"
192.250.235.217 - - [25/Sep/2026:17:32:10 +0000] "POST /wp-cron.php?doing_wp_cron=1790357530.6158869266510009765625 HTTP/1.1" 200 0 "-" "WordPress/7.1.2; https://www.visitkarimun.com"
52.167.144.222 - - [25/Sep/2026:17:32:09 +0000] "GET /en/paket-wisata-karimunjawa-family-private-2-hari-1-malam/ HTTP/2" 404 43921 "-" "Mozilla/5.0 AppleWebKit/537.36 (KHTML, like Gecko; compatible; bingbot/2.0; +http://www.bing.com/bingbot.htm) Chrome/116.0.1938.76 Safari/537.36"
192.250.235.217 - - [25/Sep/2026:17:33:26 +0000] "POST /wp-cron.php?doing_wp_cron=1790357606.4602689743041992187500 HTTP/1.1" 200 0 "-" "WordPress/7.1.2; https://www.visitkarimun.com"
40.77.167.203 - - [25/Sep/2026:17:33:25 +0000] "GET /robots.txt HTTP/2" 200 125 "-" "Mozilla/5.0 AppleWebKit/537.36 (KHTML, like Gecko; compatible; bingbot/2.0; +http://www.bing.com/bingbot.htm) Chrome/116.0.1938.76 Safari/537.36"
52.167.144.222 - - [25/Sep/2026:17:33:25 +0000] "GET /tag/sunset-beach-karimunjawa/ HTTP/2" 200 55301 "-" "Mozilla/5.0 AppleWebKit/537.36 (KHTML, like Gecko; compatible; bingbot/2.0; +http://www.bing.com/bingbot.htm) Chrome/116.0.1938.76 Safari/537.36"
70.153.189.200 - - [25/Sep/2026:17:33:36 +0000] "GET /informasi-jadwal-kapal-karimunjawa-ferry-siginjai/ HTTP/2" 200 90058 "-" "Mozilla/5.0 AppleWebKit/537.36 (KHTML, like Gecko); compatible; ChatGPT-User/1.0; +https://openai.com/bot"
70.153.189.203 - - [25/Sep/2026:17:33:36 +0000] "GET /rincian-biaya-wisata-karimunjawa/ HTTP/2" 200 92024 "-" "Mozilla/5.0 AppleWebKit/537.36 (KHTML, like Gecko); compatible; ChatGPT-User/1.0; +https://openai.com/bot"
192.250.235.217 - - [25/Sep/2026:17:33:37 +0000] "POST /wp-cron.php?doing_wp_cron=1790357617.0113289356231689453125 HTTP/1.1" 200 0 "-" "WordPress/7.1.2; https://www.visitkarimun.com"
70.153.189.192 - - [25/Sep/2026:17:33:36 +0000] "GET /tiket-kapal-karimunjawa/ HTTP/2" 200 92358 "-" "Mozilla/5.0 AppleWebKit/537.36 (KHTML, like Gecko); compatible; ChatGPT-User/1.0; +https://openai.com/bot"
70.153.189.196 - - [25/Sep/2026:17:33:36 +0000] "GET /informasi-biaya-liburan-ke-karimunjawa/ HTTP/2" 200 93427 "-" "Mozilla/5.0 AppleWebKit/537.36 (KHTML, like Gecko); compatible; ChatGPT-User/1.0; +https://openai.com/bot"
57.141.2.31 - - [25/Sep/2026:17:34:12 +0000] "GET /wp-content/themes/wizata-per/images/downArrow.png HTTP/2" 200 188 "-" "Mozilla/5.0 (Windows NT 10.0; Win64; x64) AppleWebKit/537.36 (KHTML, like Gecko) Chrome/145.0.0.0 Safari/537.36 (compatible; meta-externalagent/1.1 (+https://developers.facebook.com/docs/sharing/webmasters/crawler))"
192.250.235.217 - - [25/Sep/2026:17:34:47 +0000] "POST /wp-cron.php?doing_wp_cron=1790357687.5091168880462646484375 HTTP/1.1" 200 0 "-" "WordPress/7.1.2; https://www.visitkarimun.com"
216.73.216.147 - - [25/Sep/2026:17:34:47 +0000] "GET /sitemap.rss HTTP/2" 200 2404 "-" "Mozilla/5.0 AppleWebKit/537.36 (KHTML, like Gecko; compatible; ClaudeBot/1.0; +claudebot@anthropic.com)"
192.250.235.217 - - [25/Sep/2026:17:35:42 +0000] "POST /wp-cron.php?doing_wp_cron=1790357742.6443879604339599609375 HTTP/1.1" 200 0 "-" "WordPress/7.1.2; https://www.visitkarimun.com"
193.186.4.176 - - [25/Sep/2026:17:35:42 +0000] "GET /tiket-kapal-karimunjawa/ HTTP/2" 200 92477 "https://www.google.com/" "Mozilla/5.0 (Linux; Android 10; K) AppleWebKit/537.36 (KHTML, like Gecko) Chrome/153.0.0.0 Mobile Safari/537.36"
192.250.235.217 - - [25/Sep/2026:17:36:53 +0000] "POST /wp-cron.php?doing_wp_cron=1790357813.1913290023803710937500 HTTP/1.1" 200 0 "-" "WordPress/7.1.2; https://www.visitkarimun.com"
74.7.229.208 - - [25/Sep/2026:17:36:52 +0000] "GET /pantai-batu-topeng-karimunjawa/ HTTP/2" 200 63962 "-" "Mozilla/5.0 (Macintosh; Intel Mac OS X 10_15_7) AppleWebKit/537.36 (KHTML, like Gecko) Chrome/131.0.0.0 Safari/537.36; compatible; OAI-SearchBot/1.4; +https://openai.com/searchbot"
216.73.216.147 - - [25/Sep/2026:17:36:54 +0000] "GET /robots.txt HTTP/2" 429 0 "-" "Mozilla/5.0 AppleWebKit/537.36 (KHTML, like Gecko; compatible; ClaudeBot/1.0; +claudebot@anthropic.com)"
216.73.216.147 - - [25/Sep/2026:17:37:07 +0000] "GET /robots.txt HTTP/2" 429 0 "-" "Mozilla/5.0 AppleWebKit/537.36 (KHTML, like Gecko; compatible; ClaudeBot/1.0; +claudebot@anthropic.com)"
103.84.6.75 - - [25/Sep/2026:17:37:42 +0000] "GET /wp-content/uploads/2021/04/pantai-bobi-karimunjawa.jpg HTTP/2" 200 289185 "https://www.google.com/" "Mozilla/5.0 (Linux; Android 10; K) AppleWebKit/537.36 (KHTML, like Gecko) Chrome/153.0.0.0 Mobile Safari/537.36"
103.84.6.75 - - [25/Sep/2026:17:37:47 +0000] "GET /wp-content/uploads/2021/05/paket-wisata-karimunjawa-jepara.jpg HTTP/2" 200 199680 "https://www.google.com/" "Mozilla/5.0 (Linux; Android 10; K) AppleWebKit/537.36 (KHTML, like Gecko) Chrome/153.0.0.0 Mobile Safari/537.36"
192.250.235.217 - - [25/Sep/2026:17:37:48 +0000] "POST /wp-cron.php?doing_wp_cron=1790357867.8678719997406005859375 HTTP/1.1" 200 0 "-" "WordPress/7.1.2; https://www.visitkarimun.com"
216.73.216.147 - - [25/Sep/2026:17:37:47 +0000] "GET /sitemap.xml HTTP/2" 200 419 "-" "Mozilla/5.0 AppleWebKit/537.36 (KHTML, like Gecko; compatible; ClaudeBot/1.0; +claudebot@anthropic.com)"
40.77.167.16 - - [25/Sep/2026:17:38:26 +0000] "GET /informasi-jadwal-kapal-express-karimunjawa/ HTTP/2" 200 73009 "-" "Mozilla/5.0 AppleWebKit/537.36 (KHTML, like Gecko; compatible; bingbot/2.0; +http://www.bing.com/bingbot.htm) Chrome/116.0.1938.76 Safari/537.36"
40.77.167.16 - - [25/Sep/2026:17:38:27 +0000] "GET /paket-lumbung-hotel-karimunjawa/ HTTP/2" 200 65111 "-" "Mozilla/5.0 AppleWebKit/537.36 (KHTML, like Gecko; compatible; bingbot/2.0; +http://www.bing.com/bingbot.htm) Chrome/116.0.1938.76 Safari/537.36"
192.250.235.217 - - [25/Sep/2026:17:40:19 +0000] "POST /wp-cron.php?doing_wp_cron=1790358019.6501550674438476562500 HTTP/1.1" 200 0 "-" "WordPress/7.1.2; https://www.visitkarimun.com"
45.159.221.193 - - [25/Sep/2026:17:40:18 +0000] "GET /wp-content/themes/wizata1dot1p/images/4star.gif HTTP/2" 404 44878 "-" "Mozilla/5.0 (Macintosh; Intel Mac OS X 10_15_7) AppleWebKit/537.36 (KHTML, like Gecko) Chrome/136.0.0.0 Safari/537.36"
192.250.235.217 - - [25/Sep/2026:17:40:38 +0000] "POST /wp-cron.php?doing_wp_cron=1790358038.1509180068969726562500 HTTP/1.1" 200 0 "-" "WordPress/7.1.2; https://www.visitkarimun.com"
95.108.213.152 - - [25/Sep/2026:17:40:37 +0000] "GET /robots.txt HTTP/1.1" 200 241 "-" "Mozilla/5.0 (compatible; YandexBot/3.0; +http://yandex.com/bots)"
213.180.203.120 - - [25/Sep/2026:17:40:39 +0000] "GET /wp-content/uploads/2017/11/kapal-karimunjawa-ferry-siginjai-140x90.jpg HTTP/2" 304 0 "-" "Mozilla/5.0 (compatible; YandexImages/3.0; +http://yandex.com/bots)"
192.250.235.217 - - [25/Sep/2026:17:42:40 +0000] "POST /wp-cron.php?doing_wp_cron=1790358160.3776528835296630859375 HTTP/1.1" 200 0 "-" "WordPress/7.1.2; https://www.visitkarimun.com"
