66.249.66.193 - - [25/Sep/2026:19:40:49 +0000] "GET /wp-includes/js/dist/url.min.js?ver=7b0de086d4ae11d55704%27%20defer%27%20defer HTTP/1.1" 200 3654 "https://www.visitkarimun.com/rincian-biaya-wisata-karimunjawa/?action=edit&file=wp-mail.php&path=%2Fhome%2Fkarimun%2Fpublic_html" "Mozilla/5.0 (Linux; Android 6.0.1; Nexus 5X Build/MMB29P) AppleWebKit/537.36 (KHTML, like Gecko) Chrome/153.0.8010.52 Mobile Safari/537.36 (compatible; Googlebot/2.1; +http://www.google.com/bot.html)"
66.249.66.35 - - [25/Sep/2026:19:41:00 +0000] "GET /category/blog-artikel/page/9/?action=edit&file=wp-links-opml.php&path=%2Fhome%2Fkarimun%2Fpublic_html HTTP/1.1" 200 27889 "-" "Mozilla/5.0 (Linux; Android 6.0.1; Nexus 5X Build/MMB29P) AppleWebKit/537.36 (KHTML, like Gecko) Chrome/153.0.8010.52 Mobile Safari/537.36 (compatible; GoogleOther)"
66.249.66.193 - - [25/Sep/2026:19:41:09 +0000] "GET /rincian-biaya-wisata-karimunjawa/?action=edit&file=wp-login.php&path=%2Fhome%2Fkarimun%2Fpublic_html HTTP/1.1" 200 75624 "-" "Mozilla/5.0 (Linux; Android 6.0.1; Nexus 5X Build/MMB29P) AppleWebKit/537.36 (KHTML, like Gecko) Chrome/153.0.8010.52 Mobile Safari/537.36 (compatible; Googlebot/2.1; +http://www.google.com/bot.html)"
66.249.66.35 - - [25/Sep/2026:19:41:35 +0000] "GET /rincian-biaya-wisata-karimunjawa/?path=%2Fhome%2Fkarimun%2Fpublic_html%2Fcgi-bin HTTP/1.1" 200 61833 "-" "Mozilla/5.0 (Linux; Android 6.0.1; Nexus 5X Build/MMB29P) AppleWebKit/537.36 (KHTML, like Gecko) Chrome/153.0.8010.52 Mobile Safari/537.36 (compatible; Googlebot/2.1; +http://www.google.com/bot.html)"
192.250.235.217 - - [25/Sep/2026:19:41:42 +0000] "POST /wp-cron.php?doing_wp_cron=1790365302.6411271095275878906250 HTTP/1.1" 200 0 "-" "WordPress/7.1.2; https://www.visitkarimun.com"
66.249.66.35 - - [25/Sep/2026:19:41:42 +0000] "GET /rincian-biaya-wisata-karimunjawa/?path=/ HTTP/1.1" 200 61901 "-" "Mozilla/5.0 (Linux; Android 6.0.1; Nexus 5X Build/MMB29P) AppleWebKit/537.36 (KHTML, like Gecko) Chrome/153.0.8010.52 Mobile Safari/537.36 (compatible; Googlebot/2.1; +http://www.google.com/bot.html)"
40.77.167.48 - - [25/Sep/2026:19:41:47 +0000] "GET /informasi-perjalanan-paket-travel-wisata-karimunjawa/?action=edit&file=index.html&path=%2Fhome%2Fkarimun%2Fpublic_html HTTP/2" 200 62286 "-" "Mozilla/5.0 AppleWebKit/537.36 (KHTML, like Gecko; compatible; bingbot/2.0; +http://www.bing.com/bingbot.htm) Chrome/116.0.1938.76 Safari/537.36"
66.249.66.193 - - [25/Sep/2026:19:41:48 +0000] "GET /wp-includes/js/dist/api-fetch.min.js?ver=6f2a4faeee3c722b1e57%27%20defer%27%20defer HTTP/1.1" 200 3151 "https://www.visitkarimun.com/rincian-biaya-wisata-karimunjawa/?path=/" "Mozilla/5.0 (Linux; Android 6.0.1; Nexus 5X Build/MMB29P) AppleWebKit/537.36 (KHTML, like Gecko) Chrome/153.0.8010.52 Mobile Safari/537.36 (compatible; Googlebot/2.1; +http://www.google.com/bot.html)"
66.249.66.193 - - [25/Sep/2026:19:41:48 +0000] "GET /wp-includes/js/dist/element.min.js?ver=4a4370b2b349066fd440%27%20defer%27%20defer HTTP/1.1" 200 5010 "https://www.visitkarimun.com/rincian-biaya-wisata-karimunjawa/?path=/" "Mozilla/5.0 (Linux; Android 6.0.1; Nexus 5X Build/MMB29P) AppleWebKit/537.36 (KHTML, like Gecko) Chrome/153.0.8010.52 Mobile Safari/537.36 (compatible; Googlebot/2.1; +http://www.google.com/bot.html)"
40.77.167.48 - - [25/Sep/2026:19:41:48 +0000] "GET /informasi-perjalanan-paket-travel-wisata-karimunjawa/?action=edit&file=error_log&path=%2Fhome%2Fkarimun%2Fpublic_html HTTP/2" 200 86004 "-" "Mozilla/5.0 AppleWebKit/537.36 (KHTML, like Gecko; compatible; bingbot/2.0; +http://www.bing.com/bingbot.htm) Chrome/116.0.1938.76 Safari/537.36"
40.77.167.28 - - [25/Sep/2026:19:41:54 +0000] "GET /informasi-perjalanan-paket-travel-wisata-karimunjawa/?action=edit&file=index.php&path=%2Fhome%2Fkarimun%2Fpublic_html HTTP/2" 200 60736 "-" "Mozilla/5.0 AppleWebKit/537.36 (KHTML, like Gecko; compatible; bingbot/2.0; +http://www.bing.com/bingbot.htm) Chrome/116.0.1938.76 Safari/537.36"
40.77.167.28 - - [25/Sep/2026:19:41:55 +0000] "GET /informasi-perjalanan-paket-travel-wisata-karimunjawa/?path=%2Fhome%2Fkarimun%2Fpublic_html%2Fcgi-bin HTTP/2" 200 60745 "-" "Mozilla/5.0 AppleWebKit/537.36 (KHTML, like Gecko; compatible; bingbot/2.0; +http://www.bing.com/bingbot.htm) Chrome/116.0.1938.76 Safari/537.36"
40.77.167.28 - - [25/Sep/2026:19:41:56 +0000] "GET /informasi-perjalanan-paket-travel-wisata-karimunjawa/?path=/home/karimun/public_html HTTP/2" 200 61260 "-" "Mozilla/5.0 AppleWebKit/537.36 (KHTML, like Gecko; compatible; bingbot/2.0; +http://www.bing.com/bingbot.htm) Chrome/116.0.1938.76 Safari/537.36"
40.77.167.28 - - [25/Sep/2026:19:41:57 +0000] "GET /informasi-perjalanan-paket-travel-wisata-karimunjawa/?path=/ HTTP/2" 200 60965 "-" "Mozilla/5.0 AppleWebKit/537.36 (KHTML, like Gecko; compatible; bingbot/2.0; +http://www.bing.com/bingbot.htm) Chrome/116.0.1938.76 Safari/537.36"
52.167.144.173 - - [25/Sep/2026:19:41:58 +0000] "GET /informasi-perjalanan-paket-travel-wisata-karimunjawa/?path=%2Fhome%2Fkarimun%2Fpublic_html%2F.well-known HTTP/2" 200 60725 "-" "Mozilla/5.0 AppleWebKit/537.36 (KHTML, like Gecko; compatible; bingbot/2.0; +http://www.bing.com/bingbot.htm) Chrome/116.0.1938.76 Safari/537.36"
52.167.144.173 - - [25/Sep/2026:19:41:59 +0000] "GET /informasi-perjalanan-paket-travel-wisata-karimunjawa/?path=/home HTTP/2" 200 60715 "-" "Mozilla/5.0 AppleWebKit/537.36 (KHTML, like Gecko; compatible; bingbot/2.0; +http://www.bing.com/bingbot.htm) Chrome/116.0.1938.76 Safari/537.36"
52.167.144.173 - - [25/Sep/2026:19:42:00 +0000] "GET /informasi-perjalanan-paket-travel-wisata-karimunjawa/?path=%2Fhome%2Fkarimun%2Fpublic_html%2Fwp-content HTTP/2" 200 61191 "-" "Mozilla/5.0 AppleWebKit/537.36 (KHTML, like Gecko; compatible; bingbot/2.0; +http://www.bing.com/bingbot.htm) Chrome/116.0.1938.76 Safari/537.36"
52.167.144.173 - - [25/Sep/2026:19:42:02 +0000] "GET /informasi-perjalanan-paket-travel-wisata-karimunjawa/?path=%2Fhome%2Fkarimun%2Fpublic_html%2Fwp-admin HTTP/2" 200 62207 "-" "Mozilla/5.0 AppleWebKit/537.36 (KHTML, like Gecko; compatible; bingbot/2.0; +http://www.bing.com/bingbot.htm) Chrome/116.0.1938.76 Safari/537.36"
52.167.144.173 - - [25/Sep/2026:19:42:03 +0000] "GET /informasi-perjalanan-paket-travel-wisata-karimunjawa/?path=%2Fhome%2Fkarimun%2Fpublic_html%2F.tmb HTTP/2" 200 60781 "-" "Mozilla/5.0 AppleWebKit/537.36 (KHTML, like Gecko; compatible; bingbot/2.0; +http://www.bing.com/bingbot.htm) Chrome/116.0.1938.76 Safari/537.36"
40.77.167.28 - - [25/Sep/2026:19:42:04 +0000] "GET /informasi-perjalanan-paket-travel-wisata-karimunjawa/?action=edit&file=llms.txt&path=%2Fhome%2Fkarimun%2Fpublic_html HTTP/2" 200 75361 "-" "Mozilla/5.0 AppleWebKit/537.36 (KHTML, like Gecko; compatible; bingbot/2.0; +http://www.bing.com/bingbot.htm) Chrome/116.0.1938.76 Safari/537.36"
66.249.66.35 - - [25/Sep/2026:19:42:06 +0000] "GET /wp-includes/js/dist/blob.min.js?ver=c7582a735ddd2edc9731%27%20defer%27%20defer HTTP/1.1" 200 586 "https://www.visitkarimun.com/karimunjawa-dimana/?action=edit&file=ads.txt&path=%2Fhome%2Fkarimun%2Fpublic_html" "Mozilla/5.0 (Linux; Android 6.0.1; Nexus 5X Build/MMB29P) AppleWebKit/537.36 (KHTML, like Gecko) Chrome/153.0.8010.52 Mobile Safari/537.36 (compatible; Googlebot/2.1; +http://www.google.com/bot.html)"
66.249.66.67 - - [25/Sep/2026:19:42:07 +0000] "GET /rincian-biaya-wisata-karimunjawa/?path=/home/karimun HTTP/1.1" 200 62889 "-" "Mozilla/5.0 (Linux; Android 6.0.1; Nexus 5X Build/MMB29P) AppleWebKit/537.36 (KHTML, like Gecko) Chrome/153.0.8010.52 Mobile Safari/537.36 (compatible; Googlebot/2.1; +http://www.google.com/bot.html)"
40.77.167.48 - - [25/Sep/2026:19:42:09 +0000] "GET /informasi-perjalanan-paket-travel-wisata-karimunjawa/?path=/home/karimun HTTP/2" 200 61482 "-" "Mozilla/5.0 AppleWebKit/537.36 (KHTML, like Gecko; compatible; bingbot/2.0; +http://www.bing.com/bingbot.htm) Chrome/116.0.1938.76 Safari/537.36"
95.108.213.163 - - [25/Sep/2026:19:42:15 +0000] "GET / HTTP/1.1" 200 31315 "-" "Mozilla/5.0 (compatible; YandexBot/3.0; +http://yandex.com/bots) AppleWebKit/537.36 (KHTML, like Gecko) Chrome/108.0.0.0"
95.108.213.123 - - [25/Sep/2026:19:42:17 +0000] "GET /favicon.ico HTTP/1.1" 404 1251 "https://www.visitkarimun.com/" "Mozilla/5.0 (compatible; YandexRenderResourcesBot/1.0; +http://yandex.com/bots) AppleWebKit/537.36 (KHTML, like Gecko) Chrome/108.0.0.0"
45.138.0.34 - - [25/Sep/2026:19:42:19 +0000] "GET / HTTP/2" 200 31315 "-" "Mozilla/5.0 (compatible; YandexBot/3.0; +http://yandex.com/bots)"
45.148.65.29 - - [25/Sep/2026:19:42:21 +0000] "GET / HTTP/2" 200 31315 "-" "Mozilla/5.0 (compatible; YandexBot/3.0; +http://yandex.com/bots)"
40.77.167.28 - - [25/Sep/2026:19:42:25 +0000] "GET /informasi-perjalanan-paket-travel-wisata-karimunjawa/?path=%2Fhome%2Fkarimun%2Flscache HTTP/2" 200 60717 "-" "Mozilla/5.0 AppleWebKit/537.36 (KHTML, like Gecko; compatible; bingbot/2.0; +http://www.bing.com/bingbot.htm) Chrome/116.0.1938.76 Safari/537.36"
66.249.66.65 - - [25/Sep/2026:19:42:26 +0000] "GET /rincian-biaya-wisata-karimunjawa/?path=%2Fhome%2Fkarimun%2Fpublic_html%2Fwp-admin HTTP/1.1" 200 63917 "-" "Mozilla/5.0 (Linux; Android 6.0.1; Nexus 5X Build/MMB29P) AppleWebKit/537.36 (KHTML, like Gecko) Chrome/153.0.8010.52 Mobile Safari/537.36 (compatible; Googlebot/2.1; +http://www.google.com/bot.html)"
40.77.167.28 - - [25/Sep/2026:19:42:26 +0000] "GET /informasi-perjalanan-paket-travel-wisata-karimunjawa/?path=%2Fhome%2Fkarimun%2FlscmData HTTP/2" 200 60774 "-" "Mozilla/5.0 AppleWebKit/537.36 (KHTML, like Gecko; compatible; bingbot/2.0; +http://www.bing.com/bingbot.htm) Chrome/116.0.1938.76 Safari/537.36"
66.249.66.35 - - [25/Sep/2026:19:42:43 +0000] "GET /wp-includes/js/dist/theme.min.js?ver=56a75cc08ae66c1fcb7a%27%20defer%27%20defer HTTP/1.1" 200 21910 "https://www.visitkarimun.com/rincian-biaya-wisata-karimunjawa/?action=edit&file=wp-login.php&path=%2Fhome%2Fkarimun%2Fpublic_html" "Mozilla/5.0 (Linux; Android 6.0.1; Nexus 5X Build/MMB29P) AppleWebKit/537.36 (KHTML, like Gecko) Chrome/153.0.8010.52 Mobile Safari/537.36 (compatible; Googlebot/2.1; +http://www.google.com/bot.html)"
66.249.66.35 - - [25/Sep/2026:19:42:43 +0000] "GET /wp-includes/js/dist/block-serialization-default-parser.min.js?ver=4c6f3dd40077f7c17604%27%20defer%27%20defer HTTP/1.1" 200 1115 "https://www.visitkarimun.com/rincian-biaya-wisata-karimunjawa/?action=edit&file=wp-login.php&path=%2Fhome%2Fkarimun%2Fpublic_html" "Mozilla/5.0 (Linux; Android 6.0.1; Nexus 5X Build/MMB29P) AppleWebKit/537.36 (KHTML, like Gecko) Chrome/153.0.8010.52 Mobile Safari/537.36 (compatible; Googlebot/2.1; +http://www.google.com/bot.html)"
192.250.235.217 - - [25/Sep/2026:19:42:46 +0000] "POST /wp-cron.php?doing_wp_cron=1790365366.6330130100250244140625 HTTP/1.1" 200 0 "-" "WordPress/7.1.2; https://www.visitkarimun.com"
66.249.66.193 - - [25/Sep/2026:19:42:46 +0000] "GET /wp-content/plugins/google-site-kit/dist/assets/js/sign-in-with-google-5a9e012872c712a23a12.js'%20defer HTTP/1.1" 200 16391 "https://www.visitkarimun.com/rincian-biaya-wisata-karimunjawa/?action=edit&file=wp-login.php&path=%2Fhome%2Fkarimun%2Fpublic_html" "Mozilla/5.0 (Linux; Android 6.0.1; Nexus 5X Build/MMB29P) AppleWebKit/537.36 (KHTML, like Gecko) Chrome/153.0.8010.52 Mobile Safari/537.36 (compatible; Googlebot/2.1; +http://www.google.com/bot.html)"
66.249.66.193 - - [25/Sep/2026:19:42:48 +0000] "GET /rincian-biaya-wisata-karimunjawa/?action=edit&file=.litespeed_flag&path=%2Fhome%2Fkarimun%2Fpublic_html HTTP/1.1" 200 62352 "-" "Mozilla/5.0 (Linux; Android 6.0.1; Nexus 5X Build/MMB29P) AppleWebKit/537.36 (KHTML, like Gecko) Chrome/153.0.8010.52 Mobile Safari/537.36 (compatible; Googlebot/2.1; +http://www.google.com/bot.html)"
66.249.66.66 - - [25/Sep/2026:19:43:03 +0000] "GET /wp-content/plugins/google-site-kit/dist/assets/js/googlesitekit-consent-mode-755f1678e260138d789e.js'%20defer'%20defer HTTP/1.1" 200 16396 "https://www.visitkarimun.com/rincian-biaya-wisata-karimunjawa/?action=edit&file=.litespeed_flag&path=%2Fhome%2Fkarimun%2Fpublic_html" "Mozilla/5.0 (Linux; Android 6.0.1; Nexus 5X Build/MMB29P) AppleWebKit/537.36 (KHTML, like Gecko) Chrome/153.0.8010.52 Mobile Safari/537.36 (compatible; Googlebot/2.1; +http://www.google.com/bot.html)"
66.249.66.65 - - [25/Sep/2026:19:43:04 +0000] "GET /wp-includes/js/dist/block-serialization-default-parser.min.js?ver=4c6f3dd40077f7c17604%27%20defer%27%20defer HTTP/1.1" 200 1115 "https://www.visitkarimun.com/rincian-biaya-wisata-karimunjawa/?path=%2Fhome%2Fkarimun%2Fpublic_html%2Fwp-admin" "Mozilla/5.0 (Linux; Android 6.0.1; Nexus 5X Build/MMB29P) AppleWebKit/537.36 (KHTML, like Gecko) Chrome/153.0.8010.52 Mobile Safari/537.36 (compatible; Googlebot/2.1; +http://www.google.com/bot.html)"
66.249.66.66 - - [25/Sep/2026:19:43:04 +0000] "GET /wp-includes/js/dist/notices.min.js?ver=c09a068fdab0eb465e14%27%20defer%27%20defer HTTP/1.1" 200 1608 "https://www.visitkarimun.com/rincian-biaya-wisata-karimunjawa/?path=%2Fhome%2Fkarimun%2Fpublic_html%2Fwp-admin" "Mozilla/5.0 (Linux; Android 6.0.1; Nexus 5X Build/MMB29P) AppleWebKit/537.36 (KHTML, like Gecko) Chrome/153.0.8010.52 Mobile Safari/537.36 (compatible; Googlebot/2.1; +http://www.google.com/bot.html)"
66.249.66.36 - - [25/Sep/2026:19:43:04 +0000] "GET /wp-content/plugins/google-site-kit/dist/assets/js/googlesitekit-events-provider-content-events-c7172f3fd0e4d5ad62ef.js'%20defer'%20defer HTTP/1.1" 200 16410 "https://www.visitkarimun.com/rincian-biaya-wisata-karimunjawa/?action=edit&file=.litespeed_flag&path=%2Fhome%2Fkarimun%2Fpublic_html" "Mozilla/5.0 (Linux; Android 6.0.1; Nexus 5X Build/MMB29P) AppleWebKit/537.36 (KHTML, like Gecko) Chrome/153.0.8010.52 Mobile Safari/537.36 (compatible; Googlebot/2.1; +http://www.google.com/bot.html)"
66.249.66.193 - - [25/Sep/2026:19:43:11 +0000] "GET /rincian-biaya-wisata-karimunjawa/?action=edit&file=.monarx-user&path=%2Fhome%2Fkarimun%2Fpublic_html HTTP/1.1" 200 61943 "-" "Mozilla/5.0 (Linux; Android 6.0.1; Nexus 5X Build/MMB29P) AppleWebKit/537.36 (KHTML, like Gecko) Chrome/153.0.8010.52 Mobile Safari/537.36 (compatible; Googlebot/2.1; +http://www.google.com/bot.html)"
66.249.66.35 - - [25/Sep/2026:19:43:32 +0000] "GET /category/blog-artikel/page/9/?action=edit&file=wp-mail.php&path=%2Fhome%2Fkarimun%2Fpublic_html HTTP/1.1" 200 29952 "-" "Mozilla/5.0 (Linux; Android 6.0.1; Nexus 5X Build/MMB29P) AppleWebKit/537.36 (KHTML, like Gecko) Chrome/153.0.8010.52 Mobile Safari/537.36 (compatible; GoogleOther)"
66.249.66.35 - - [25/Sep/2026:19:43:36 +0000] "GET /rincian-biaya-wisata-karimunjawa/?action=edit&file=wp-cron.php&path=%2Fhome%2Fkarimun%2Fpublic_html HTTP/1.1" 200 63958 "-" "Mozilla/5.0 (Linux; Android 6.0.1; Nexus 5X Build/MMB29P) AppleWebKit/537.36 (KHTML, like Gecko) Chrome/153.0.8010.52 Mobile Safari/537.36 (compatible; Googlebot/2.1; +http://www.google.com/bot.html)"
66.249.66.35 - - [25/Sep/2026:19:43:56 +0000] "GET /wp-includes/js/dist/data.min.js?ver=14a216e0932d72c22976%27%20defer%27%20defer HTTP/1.1" 200 9491 "https://www.visitkarimun.com/rincian-biaya-wisata-karimunjawa/?action=edit&file=wp-login.php&path=%2Fhome%2Fkarimun%2Fpublic_html" "Mozilla/5.0 (Linux; Android 6.0.1; Nexus 5X Build/MMB29P) AppleWebKit/537.36 (KHTML, like Gecko) Chrome/153.0.8010.52 Mobile Safari/537.36 (compatible; Googlebot/2.1; +http://www.google.com/bot.html)"
192.250.235.217 - - [25/Sep/2026:19:44:00 +0000] "POST /wp-cron.php?doing_wp_cron=1790365440.2071790695190429687500 HTTP/1.1" 200 0 "-" "WordPress/7.1.2; https://www.visitkarimun.com"
66.249.66.193 - - [25/Sep/2026:19:43:59 +0000] "GET /karimunjawa-dimana/?path=/ HTTP/1.1" 200 60821 "-" "Mozilla/5.0 (Linux; Android 6.0.1; Nexus 5X Build/MMB29P) AppleWebKit/537.36 (KHTML, like Gecko) Chrome/153.0.8010.52 Mobile Safari/537.36 (compatible; Googlebot/2.1; +http://www.google.com/bot.html)"
66.249.66.193 - - [25/Sep/2026:19:44:16 +0000] "GET /karimunjawa-dimana/?path=%2Fhome%2Fkarimun%2Fpublic_html%2F.well-known HTTP/1.1" 200 60816 "-" "Mozilla/5.0 (Linux; Android 6.0.1; Nexus 5X Build/MMB29P) AppleWebKit/537.36 (KHTML, like Gecko) Chrome/153.0.8010.52 Mobile Safari/537.36 (compatible; Googlebot/2.1; +http://www.google.com/bot.html)"
64.233.173.33 - - [25/Sep/2026:19:44:29 +0000] "GET /.well-known/traffic-advice HTTP/1.1" 200 17018 "-" "Chrome Privacy Preserving Prefetch Proxy"
72.14.201.176 - - [25/Sep/2026:19:44:29 +0000] "GET /tiket-kapal-karimunjawa/ HTTP/2" 200 62710 "https://www.google.com/" "Mozilla/5.0 (Linux; Android 10; K) AppleWebKit/537.36 (KHTML, like Gecko) Chrome/153.0.0.0 Mobile Safari/537.36"
192.250.235.217 - - [25/Sep/2026:19:44:42 +0000] "POST /wp-cron.php?doing_wp_cron=1790365482.6250059604644775390625 HTTP/1.1" 200 0 "-" "WordPress/7.1.2; https://www.visitkarimun.com"
85.208.96.209 - - [25/Sep/2026:19:44:42 +0000] "GET /robots.txt HTTP/1.1" 200 1550 "-" "Mozilla/5.0 (compatible; SemrushBot/7~bl; +http://www.semrush.com/bot.html)"
85.208.96.211 - - [25/Sep/2026:19:44:43 +0000] "GET /tag/open-trip-karimunjawa/ HTTP/1.1" 200 30450 "-" "Mozilla/5.0 (compatible; SemrushBot/7~bl; +http://www.semrush.com/bot.html)"
66.249.66.194 - - [25/Sep/2026:19:44:52 +0000] "GET /karimunjawa-dimana/?action=edit&file=wp-login.php&path=%2Fhome%2Fkarimun%2Fpublic_html HTTP/1.1" 200 74609 "-" "Mozilla/5.0 (Linux; Android 6.0.1; Nexus 5X Build/MMB29P) AppleWebKit/537.36 (KHTML, like Gecko) Chrome/153.0.8010.52 Mobile Safari/537.36 (compatible; Googlebot/2.1; +http://www.google.com/bot.html)"
66.249.66.66 - - [25/Sep/2026:19:45:10 +0000] "GET /karimunjawa-dimana/?action=edit&file=xmlrpc.php&path=%2Fhome%2Fkarimun%2Fpublic_html HTTP/1.1" 200 61925 "-" "Mozilla/5.0 (Linux; Android 6.0.1; Nexus 5X Build/MMB29P) AppleWebKit/537.36 (KHTML, like Gecko) Chrome/153.0.8010.52 Mobile Safari/537.36 (compatible; Googlebot/2.1; +http://www.google.com/bot.html)"
66.249.66.65 - - [25/Sep/2026:19:45:16 +0000] "GET /category/blog-artikel/?action=edit&file=class-wp-block-parser.php&path=%2Fhome%2Fkarimun%2Fpublic_html%2Fwp-includes HTTP/1.1" 200 31535 "-" "Mozilla/5.0 (Linux; Android 6.0.1; Nexus 5X Build/MMB29P) AppleWebKit/537.36 (KHTML, like Gecko) Chrome/153.0.8010.52 Mobile Safari/537.36 (compatible; Googlebot/2.1; +http://www.google.com/bot.html)"
66.249.66.193 - - [25/Sep/2026:19:45:35 +0000] "GET /category/blog-artikel/?action=edit&file=link-manager.php&path=%2Fhome%2Fkarimun%2Fpublic_html%2Fwp-admin HTTP/1.1" 200 29753 "-" "Mozilla/5.0 (Linux; Android 6.0.1; Nexus 5X Build/MMB29P) AppleWebKit/537.36 (KHTML, like Gecko) Chrome/153.0.8010.52 Mobile Safari/537.36 (compatible; Googlebot/2.1; +http://www.google.com/bot.html)"
192.250.235.217 - - [25/Sep/2026:19:45:55 +0000] "POST /wp-cron.php?doing_wp_cron=1790365555.0677831172943115234375 HTTP/1.1" 200 0 "-" "WordPress/7.1.2; https://www.visitkarimun.com"
66.249.66.193 - - [25/Sep/2026:19:45:54 +0000] "GET /category/blog-artikel/?action=edit&file=moderation.php&path=%2Fhome%2Fkarimun%2Fpublic_html%2Fwp-admin HTTP/1.1" 200 28023 "-" "Mozilla/5.0 (Linux; Android 6.0.1; Nexus 5X Build/MMB29P) AppleWebKit/537.36 (KHTML, like Gecko) Chrome/153.0.8010.52 Mobile Safari/537.36 (compatible; Googlebot/2.1; +http://www.google.com/bot.html)"
43.157.46.118 - - [25/Sep/2026:19:46:05 +0000] "GET /wp-json/oembed/1.0/embed?url=https%3A%2F%2Fwww.visitkarimun.com%2Finformasi-paket-wisata-karimunjawa-dari-yogyakarta%2F HTTP/1.1" 200 2668 "-" "Mozilla/5.0 (iPhone; CPU iPhone OS 13_2_3 like Mac OS X) AppleWebKit/605.1.15 (KHTML, like Gecko) Version/13.0.3 Mobile/15E148 Safari/604.1"
66.249.66.195 - - [25/Sep/2026:19:46:16 +0000] "GET /category/blog-artikel/?path=%2Fhome%2Fkarimun%2Fpublic_html%2Fwp-admin%2Fnetwork HTTP/1.1" 200 28650 "-" "Mozilla/5.0 (Linux; Android 6.0.1; Nexus 5X Build/MMB29P) AppleWebKit/537.36 (KHTML, like Gecko) Chrome/153.0.8010.52 Mobile Safari/537.36 (compatible; Googlebot/2.1; +http://www.google.com/bot.html)"
40.77.167.28 - - [25/Sep/2026:19:46:18 +0000] "GET /sama-sama-homestay-karimunjawa/ HTTP/2" 200 61830 "-" "Mozilla/5.0 AppleWebKit/537.36 (KHTML, like Gecko; compatible; bingbot/2.0; +http://www.bing.com/bingbot.htm) Chrome/116.0.1938.76 Safari/537.36"
52.167.144.169 - - [25/Sep/2026:19:46:23 +0000] "GET /tag/lokasi-bukit-love-karimunjawa/ HTTP/2" 200 25994 "-" "Mozilla/5.0 AppleWebKit/537.36 (KHTML, like Gecko; compatible; bingbot/2.0; +http://www.bing.com/bingbot.htm) Chrome/116.0.1938.76 Safari/537.36"
66.249.66.193 - - [25/Sep/2026:19:46:28 +0000] "GET /wp-includes/js/dist/a11y.min.js?ver=31c6cec5a4ff7aff483d%27%20defer%27%20defer HTTP/1.1" 200 961 "https://www.visitkarimun.com/karimunjawa-dimana/?action=edit&file=wp-login.php&path=%2Fhome%2Fkarimun%2Fpublic_html" "Mozilla/5.0 (Linux; Android 6.0.1; Nexus 5X Build/MMB29P) AppleWebKit/537.36 (KHTML, like Gecko) Chrome/153.0.8010.52 Mobile Safari/537.36 (compatible; Googlebot/2.1; +http://www.google.com/bot.html)"
66.249.66.65 - - [25/Sep/2026:19:46:28 +0000] "GET /category/blog-artikel/?action=edit&file=network.php&path=%2Fhome%2Fkarimun%2Fpublic_html%2Fwp-admin HTTP/1.1" 200 30060 "-" "Mozilla/5.0 (Linux; Android 6.0.1; Nexus 5X Build/MMB29P) AppleWebKit/537.36 (KHTML, like Gecko) Chrome/153.0.8010.52 Mobile Safari/537.36 (compatible; Googlebot/2.1; +http://www.google.com/bot.html)"
66.249.66.193 - - [25/Sep/2026:19:46:42 +0000] "GET /wp-includes/js/dist/keyboard-shortcuts.min.js?ver=37da95806f2339bc80d0%27%20defer%27%20defer HTTP/1.1" 200 1549 "https://www.visitkarimun.com/karimunjawa-dimana/?path=%2Fhome%2Fkarimun%2Fpublic_html%2F.well-known" "Mozilla/5.0 (Linux; Android 6.0.1; Nexus 5X Build/MMB29P) AppleWebKit/537.36 (KHTML, like Gecko) Chrome/153.0.8010.52 Mobile Safari/537.36 (compatible; Googlebot/2.1; +http://www.google.com/bot.html)"
66.249.66.65 - - [25/Sep/2026:19:46:42 +0000] "GET /wp-includes/js/dist/a11y.min.js?ver=31c6cec5a4ff7aff483d%27%20defer%27%20defer HTTP/1.1" 200 961 "https://www.visitkarimun.com/karimunjawa-dimana/?action=edit&file=xmlrpc.php&path=%2Fhome%2Fkarimun%2Fpublic_html" "Mozilla/5.0 (Linux; Android 6.0.1; Nexus 5X Build/MMB29P) AppleWebKit/537.36 (KHTML, like Gecko) Chrome/153.0.8010.52 Mobile Safari/537.36 (compatible; Googlebot/2.1; +http://www.google.com/bot.html)"
66.249.66.193 - - [25/Sep/2026:19:46:42 +0000] "GET /wp-includes/js/dist/style-engine.min.js?ver=914befb08774033e6265%27%20defer%27%20defer HTTP/1.1" 200 2360 "https://www.visitkarimun.com/karimunjawa-dimana/?path=%2Fhome%2Fkarimun%2Fpublic_html%2F.well-known" "Mozilla/5.0 (Linux; Android 6.0.1; Nexus 5X Build/MMB29P) AppleWebKit/537.36 (KHTML, like Gecko) Chrome/153.0.8010.52 Mobile Safari/537.36 (compatible; Googlebot/2.1; +http://www.google.com/bot.html)"
192.250.235.217 - - [25/Sep/2026:19:46:42 +0000] "POST /wp-cron.php?doing_wp_cron=1790365602.8816690444946289062500 HTTP/1.1" 200 0 "-" "WordPress/7.1.2; https://www.visitkarimun.com"
66.249.66.65 - - [25/Sep/2026:19:46:42 +0000] "GET /category/blog-artikel/?action=edit&file=ms-sites.php&path=%2Fhome%2Fkarimun%2Fpublic_html%2Fwp-admin HTTP/1.1" 200 28050 "-" "Mozilla/5.0 (Linux; Android 6.0.1; Nexus 5X Build/MMB29P) AppleWebKit/537.36 (KHTML, like Gecko) Chrome/153.0.8010.52 Mobile Safari/537.36 (compatible; Googlebot/2.1; +http://www.google.com/bot.html)"
66.249.66.35 - - [25/Sep/2026:19:46:54 +0000] "GET /category/blog-artikel/?action=edit&file=site-health.php&path=%2Fhome%2Fkarimun%2Fpublic_html%2Fwp-admin HTTP/1.1" 200 31694 "-" "Mozilla/5.0 (Linux; Android 6.0.1; Nexus 5X Build/MMB29P) AppleWebKit/537.36 (KHTML, like Gecko) Chrome/153.0.8010.52 Mobile Safari/537.36 (compatible; Googlebot/2.1; +http://www.google.com/bot.html)"
66.249.66.193 - - [25/Sep/2026:19:47:10 +0000] "GET /wp-includes/js/dist/compose.min.js?ver=0e8bde2a499ea6073b42%27%20defer%27%20defer HTTP/1.1" 200 11268 "https://www.visitkarimun.com/karimunjawa-dimana/?path=%2Fhome%2Fkarimun%2Fpublic_html%2F.well-known" "Mozilla/5.0 (Linux; Android 6.0.1; Nexus 5X Build/MMB29P) AppleWebKit/537.36 (KHTML, like Gecko) Chrome/153.0.8010.52 Mobile Safari/537.36 (compatible; Googlebot/2.1; +http://www.google.com/bot.html)"
66.249.66.65 - - [25/Sep/2026:19:47:17 +0000] "GET /category/blog-artikel/?action=edit&file=revision.php&path=%2Fhome%2Fkarimun%2Fpublic_html%2Fwp-admin HTTP/1.1" 200 29988 "-" "Mozilla/5.0 (Linux; Android 6.0.1; Nexus 5X Build/MMB29P) AppleWebKit/537.36 (KHTML, like Gecko) Chrome/153.0.8010.52 Mobile Safari/537.36 (compatible; Googlebot/2.1; +http://www.google.com/bot.html)"
66.249.66.35 - - [25/Sep/2026:19:47:25 +0000] "GET /wp-content/plugins/easy-table-of-contents/vendor/sticky-kit/jquery.sticky-kit.min.js?ver=1.9.2%27%20defer%27%20defer HTTP/1.1" 200 1180 "https://www.visitkarimun.com/category/blog-artikel/?action=edit&file=ms-sites.php&path=%2Fhome%2Fkarimun%2Fpublic_html%2Fwp-admin" "Mozilla/5.0 (Linux; Android 6.0.1; Nexus 5X Build/MMB29P) AppleWebKit/537.36 (KHTML, like Gecko) Chrome/153.0.8010.52 Mobile Safari/537.36 (compatible; Googlebot/2.1; +http://www.google.com/bot.html)"
66.249.66.35 - - [25/Sep/2026:19:47:29 +0000] "GET /category/blog-artikel/?action=edit&file=nav-menus.php&path=%2Fhome%2Fkarimun%2Fpublic_html%2Fwp-admin HTTP/1.1" 200 39895 "-" "Mozilla/5.0 (Linux; Android 6.0.1; Nexus 5X Build/MMB29P) AppleWebKit/537.36 (KHTML, like Gecko) Chrome/153.0.8010.52 Mobile Safari/537.36 (compatible; Googlebot/2.1; +http://www.google.com/bot.html)"
192.250.235.217 - - [25/Sep/2026:19:47:39 +0000] "POST /wp-cron.php?doing_wp_cron=1790365659.4784109592437744140625 HTTP/1.1" 200 0 "-" "WordPress/7.1.2; https://www.visitkarimun.com"
216.73.216.147 - - [25/Sep/2026:19:47:39 +0000] "GET /sitemap.xml HTTP/2" 200 1420 "-" "Mozilla/5.0 AppleWebKit/537.36 (KHTML, like Gecko; compatible; ClaudeBot/1.0; +claudebot@anthropic.com)"
66.249.66.193 - - [25/Sep/2026:19:47:40 +0000] "GET /category/blog-artikel/?action=edit&file=media-upload.php&path=%2Fhome%2Fkarimun%2Fpublic_html%2Fwp-admin HTTP/1.1" 200 29334 "-" "Mozilla/5.0 (Linux; Android 6.0.1; Nexus 5X Build/MMB29P) AppleWebKit/537.36 (KHTML, like Gecko) Chrome/153.0.8010.52 Mobile Safari/537.36 (compatible; Googlebot/2.1; +http://www.google.com/bot.html)"
66.249.66.35 - - [25/Sep/2026:19:47:54 +0000] "GET /category/blog-artikel/?path=%2F%2Fetc HTTP/1.1" 200 29199 "-" "Mozilla/5.0 (Linux; Android 6.0.1; Nexus 5X Build/MMB29P) AppleWebKit/537.36 (KHTML, like Gecko) Chrome/153.0.8010.52 Mobile Safari/537.36 (compatible; Googlebot/2.1; +http://www.google.com/bot.html)"
66.249.66.65 - - [25/Sep/2026:19:48:05 +0000] "GET /category/blog-artikel/?action=edit&file=options-connectors.php&path=%2Fhome%2Fkarimun%2Fpublic_html%2Fwp-admin HTTP/1.1" 200 28492 "-" "Mozilla/5.0 (Linux; Android 6.0.1; Nexus 5X Build/MMB29P) AppleWebKit/537.36 (KHTML, like Gecko) Chrome/153.0.8010.52 Mobile Safari/537.36 (compatible; Googlebot/2.1; +http://www.google.com/bot.html)"
34.34.225.20 - - [25/Sep/2026:19:48:10 +0000] "GET /ads.txt HTTP/1.1" 200 58 "-" "bidswitchbot/1.0"
66.249.66.66 - - [25/Sep/2026:19:48:17 +0000] "GET /category/blog-artikel/?action=edit&file=htaccess.backup&path=%2Fhome%2Fkarimun%2Fpublic_html%2Fwp-content HTTP/1.1" 200 28559 "-" "Mozilla/5.0 (Linux; Android 6.0.1; Nexus 5X Build/MMB29P) AppleWebKit/537.36 (KHTML, like Gecko) Chrome/153.0.8010.52 Mobile Safari/537.36 (compatible; Googlebot/2.1; +http://www.google.com/bot.html)"
66.249.66.35 - - [25/Sep/2026:19:48:28 +0000] "GET /category/blog-artikel/?action=edit&file=pluggable.php&path=%2Fhome%2Fkarimun%2Fpublic_html%2Fwp-includes HTTP/1.1" 200 58083 "-" "Mozilla/5.0 (Linux; Android 6.0.1; Nexus 5X Build/MMB29P) AppleWebKit/537.36 (KHTML, like Gecko) Chrome/153.0.8010.52 Mobile Safari/537.36 (compatible; Googlebot/2.1; +http://www.google.com/bot.html)"
66.249.66.35 - - [25/Sep/2026:19:48:29 +0000] "GET /wp-content/plugins/easy-table-of-contents/vendor/js-cookie/js.cookie.min.js?ver=2.2.1%27%20defer%27%20defer HTTP/1.1" 200 995 "https://www.visitkarimun.com/category/blog-artikel/?action=edit&file=htaccess.backup&path=%2Fhome%2Fkarimun%2Fpublic_html%2Fwp-content" "Mozilla/5.0 (Linux; Android 6.0.1; Nexus 5X Build/MMB29P) AppleWebKit/537.36 (KHTML, like Gecko) Chrome/153.0.8010.52 Mobile Safari/537.36 (compatible; Googlebot/2.1; +http://www.google.com/bot.html)"
40.77.167.28 - - [25/Sep/2026:19:48:36 +0000] "GET /informasi-perjalanan-paket-travel-wisata-karimunjawa/?path=%2Fhome%2Fkarimun%2Fpublic_html%2Fwp-includes HTTP/2" 200 65470 "-" "Mozilla/5.0 AppleWebKit/537.36 (KHTML, like Gecko; compatible; bingbot/2.0; +http://www.bing.com/bingbot.htm) Chrome/116.0.1938.76 Safari/537.36"
192.250.235.217 - - [25/Sep/2026:19:48:41 +0000] "POST /wp-cron.php?doing_wp_cron=1790365721.2729680538177490234375 HTTP/1.1" 200 0 "-" "WordPress/7.1.2; https://www.visitkarimun.com"
85.208.96.202 - - [25/Sep/2026:19:48:40 +0000] "GET /tag/hotel-java-paradise-karimunjawa/ HTTP/1.1" 200 29003 "-" "Mozilla/5.0 (compatible; SemrushBot/7~bl; +http://www.semrush.com/bot.html)"
66.249.66.193 - - [25/Sep/2026:19:48:41 +0000] "GET /category/blog-artikel/?action=edit&file=class-wp-script-modules.php&path=%2Fhome%2Fkarimun%2Fpublic_html%2Fwp-includes HTTP/1.1" 200 37930 "-" "Mozilla/5.0 (Linux; Android 6.0.1; Nexus 5X Build/MMB29P) AppleWebKit/537.36 (KHTML, like Gecko) Chrome/153.0.8010.52 Mobile Safari/537.36 (compatible; Googlebot/2.1; +http://www.google.com/bot.html)"
66.249.66.193 - - [25/Sep/2026:19:48:55 +0000] "GET /category/blog-artikel/?action=edit&file=class-wp-feed-cache.php&path=%2Fhome%2Fkarimun%2Fpublic_html%2Fwp-includes HTTP/1.1" 200 28369 "-" "Mozilla/5.0 (Linux; Android 6.0.1; Nexus 5X Build/MMB29P) AppleWebKit/537.36 (KHTML, like Gecko) Chrome/153.0.8010.52 Mobile Safari/537.36 (compatible; GoogleOther)"
66.249.66.35 - - [25/Sep/2026:19:48:55 +0000] "GET /category/blog-artikel/?action=edit&file=class-phpmailer.php&path=%2Fhome%2Fkarimun%2Fpublic_html%2Fwp-includes HTTP/1.1" 200 28184 "-" "Mozilla/5.0 (Linux; Android 6.0.1; Nexus 5X Build/MMB29P) AppleWebKit/537.36 (KHTML, like Gecko) Chrome/153.0.8010.52 Mobile Safari/537.36 (compatible; Googlebot/2.1; +http://www.google.com/bot.html)"
192.250.235.217 - - [25/Sep/2026:19:48:59 +0000] "POST /wp-cron.php?doing_wp_cron=1790365739.1320140361785888671875 HTTP/1.1" 200 0 "-" "WordPress/7.1.2; https://www.visitkarimun.com"
216.73.216.147 - - [25/Sep/2026:19:48:58 +0000] "GET /robots.txt HTTP/2" 200 1357 "-" "Mozilla/5.0 AppleWebKit/537.36 (KHTML, like Gecko; compatible; ClaudeBot/1.0; +claudebot@anthropic.com)"
216.73.216.147 - - [25/Sep/2026:19:48:59 +0000] "GET /sitemap.rss?path=%2F HTTP/2" 200 2404 "-" "Mozilla/5.0 AppleWebKit/537.36 (KHTML, like Gecko; compatible; ClaudeBot/1.0; +claudebot@anthropic.com)"
216.73.216.147 - - [25/Sep/2026:19:48:59 +0000] "GET /sitemap.rss?path=%2Fhome HTTP/2" 200 2358 "-" "Mozilla/5.0 AppleWebKit/537.36 (KHTML, like Gecko; compatible; ClaudeBot/1.0; +claudebot@anthropic.com)"
216.73.216.147 - - [25/Sep/2026:19:49:00 +0000] "GET /sitemap.rss?path=%2Fhome%2Fkarimun%2Fpublic_html%2Fcgi-bin HTTP/2" 200 2358 "-" "Mozilla/5.0 AppleWebKit/537.36 (KHTML, like Gecko; compatible; ClaudeBot/1.0; +claudebot@anthropic.com)"
66.249.66.195 - - [25/Sep/2026:19:49:05 +0000] "GET /category/blog-artikel/?action=edit&file=term.php&path=%2Fhome%2Fkarimun%2Fpublic_html%2Fwp-admin HTTP/1.1" 200 28896 "-" "Mozilla/5.0 (Linux; Android 6.0.1; Nexus 5X Build/MMB29P) AppleWebKit/537.36 (KHTML, like Gecko) Chrome/153.0.8010.52 Mobile Safari/537.36 (compatible; Googlebot/2.1; +http://www.google.com/bot.html)"
66.249.66.35 - - [25/Sep/2026:19:49:06 +0000] "GET /category/blog-artikel/?path=%2F%2Frun HTTP/1.1" 200 28342 "-" "Mozilla/5.0 (Linux; Android 6.0.1; Nexus 5X Build/MMB29P) AppleWebKit/537.36 (KHTML, like Gecko) Chrome/153.0.8010.52 Mobile Safari/537.36 (compatible; Googlebot/2.1; +http://www.google.com/bot.html)"
216.73.216.147 - - [25/Sep/2026:19:49:10 +0000] "GET /sitemap.rss?path=%2Fhome%2Fkarimun HTTP/2" 200 3193 "-" "Mozilla/5.0 AppleWebKit/537.36 (KHTML, like Gecko; compatible; ClaudeBot/1.0; +claudebot@anthropic.com)"
216.73.216.147 - - [25/Sep/2026:19:49:10 +0000] "GET /sitemap.rss?path=%2Fhome%2Fkarimun%2Fpublic_html%2Fwp-admin HTTP/2" 200 4387 "-" "Mozilla/5.0 AppleWebKit/537.36 (KHTML, like Gecko; compatible; ClaudeBot/1.0; +claudebot@anthropic.com)"
216.73.216.147 - - [25/Sep/2026:19:49:11 +0000] "GET /sitemap.rss?path=%2Fhome%2Fkarimun%2Fpublic_html%2Fwp-includes HTTP/2" 200 7070 "-" "Mozilla/5.0 AppleWebKit/537.36 (KHTML, like Gecko; compatible; ClaudeBot/1.0; +claudebot@anthropic.com)"
66.249.66.193 - - [25/Sep/2026:19:49:17 +0000] "GET /category/blog-artikel/?action=edit&file=class-simplepie.php&path=%2Fhome%2Fkarimun%2Fpublic_html%2Fwp-includes HTTP/1.1" 200 28173 "-" "Mozilla/5.0 (Linux; Android 6.0.1; Nexus 5X Build/MMB29P) AppleWebKit/537.36 (KHTML, like Gecko) Chrome/153.0.8010.52 Mobile Safari/537.36 (compatible; Googlebot/2.1; +http://www.google.com/bot.html)"
66.249.66.65 - - [25/Sep/2026:19:49:25 +0000] "GET /wp-content/themes/wizata-per/responsive.css HTTP/1.1" 200 1113 "https://www.visitkarimun.com/category/blog-artikel/?action=edit&file=class-wp-script-modules.php&path=%2Fhome%2Fkarimun%2Fpublic_html%2Fwp-includes" "Mozilla/5.0 (Linux; Android 6.0.1; Nexus 5X Build/MMB29P) AppleWebKit/537.36 (KHTML, like Gecko) Chrome/153.0.8010.52 Mobile Safari/537.36 (compatible; Googlebot/2.1; +http://www.google.com/bot.html)"
66.249.66.193 - - [25/Sep/2026:19:49:29 +0000] "GET /category/blog-artikel/?action=edit&file=class-wp-theme-json.php&path=%2Fhome%2Fkarimun%2Fpublic_html%2Fwp-includes HTTP/1.1" 200 79007 "-" "Mozilla/5.0 (Linux; Android 6.0.1; Nexus 5X Build/MMB29P) AppleWebKit/537.36 (KHTML, like Gecko) Chrome/153.0.8010.52 Mobile Safari/537.36 (compatible; Googlebot/2.1; +http://www.google.com/bot.html)"
216.73.216.147 - - [25/Sep/2026:19:49:31 +0000] "GET /sitemap.rss?action=edit&file=wp-comments-post.php&path=%2Fhome%2Fkarimun%2Fpublic_html HTTP/2" 200 2404 "-" "Mozilla/5.0 AppleWebKit/537.36 (KHTML, like Gecko; compatible; ClaudeBot/1.0; +claudebot@anthropic.com)"
216.73.216.147 - - [25/Sep/2026:19:49:31 +0000] "GET /sitemap.rss?path=%2Fhome%2Fkarimun%2Fpublic_html HTTP/2" 200 3403 "-" "Mozilla/5.0 AppleWebKit/537.36 (KHTML, like Gecko; compatible; ClaudeBot/1.0; +claudebot@anthropic.com)"
192.250.235.217 - - [25/Sep/2026:19:49:35 +0000] "POST /wp-cron.php?doing_wp_cron=1790365775.2695899009704589843750 HTTP/1.1" 200 0 "-" "WordPress/7.1.2; https://www.visitkarimun.com"
216.73.216.147 - - [25/Sep/2026:19:49:35 +0000] "GET /sitemap.rss?action=edit&file=xmlrpc.php&path=%2Fhome%2Fkarimun%2Fpublic_html HTTP/2" 200 4308 "-" "Mozilla/5.0 AppleWebKit/537.36 (KHTML, like Gecko; compatible; ClaudeBot/1.0; +claudebot@anthropic.com)"
192.250.235.217 - - [25/Sep/2026:19:49:39 +0000] "POST /wp-cron.php?doing_wp_cron=1790365779.0591950416564941406250 HTTP/1.1" 200 0 "-" "WordPress/7.1.2; https://www.visitkarimun.com"
40.77.167.51 - - [25/Sep/2026:19:49:38 +0000] "GET /informasi-jadwal-kapal-pelni-semarang-ke-karimunjawa/ HTTP/2" 200 61546 "-" "Mozilla/5.0 AppleWebKit/537.36 (KHTML, like Gecko; compatible; bingbot/2.0; +http://www.bing.com/bingbot.htm) Chrome/116.0.1938.76 Safari/537.36"
216.73.216.147 - - [25/Sep/2026:19:49:39 +0000] "GET /sitemap.rss?action=edit&file=wp-config-sample.php&path=%2Fhome%2Fkarimun%2Fpublic_html HTTP/2" 200 4141 "-" "Mozilla/5.0 AppleWebKit/537.36 (KHTML, like Gecko; compatible; ClaudeBot/1.0; +claudebot@anthropic.com)"
216.73.216.147 - - [25/Sep/2026:19:49:39 +0000] "GET /sitemap.rss?path=%2Fhome%2Fkarimun%2Fpublic_html%2Fwp-content HTTP/2" 200 3350 "-" "Mozilla/5.0 AppleWebKit/537.36 (KHTML, like Gecko; compatible; ClaudeBot/1.0; +claudebot@anthropic.com)"
216.73.216.147 - - [25/Sep/2026:19:49:39 +0000] "GET /sitemap.rss?action=edit&file=wp-load.php&path=%2Fhome%2Fkarimun%2Fpublic_html HTTP/2" 200 4474 "-" "Mozilla/5.0 AppleWebKit/537.36 (KHTML, like Gecko; compatible; ClaudeBot/1.0; +claudebot@anthropic.com)"
66.249.66.35 - - [25/Sep/2026:19:49:42 +0000] "GET /category/blog-artikel/?action=edit&file=ms-functions.php&path=%2Fhome%2Fkarimun%2Fpublic_html%2Fwp-includes HTTP/1.1" 200 49072 "-" "Mozilla/5.0 (Linux; Android 6.0.1; Nexus 5X Build/MMB29P) AppleWebKit/537.36 (KHTML, like Gecko) Chrome/153.0.8010.52 Mobile Safari/537.36 (compatible; Googlebot/2.1; +http://www.google.com/bot.html)"
57.141.2.5 - - [25/Sep/2026:19:49:50 +0000] "GET /step-2/ HTTP/2" 200 26893 "-" "Mozilla/5.0 (Windows NT 10.0; Win64; x64) AppleWebKit/537.36 (KHTML, like Gecko) Chrome/145.0.0.0 Safari/537.36 (compatible; meta-externalagent/1.1 (+https://developers.facebook.com/docs/sharing/webmasters/crawler))"
66.249.66.65 - - [25/Sep/2026:19:49:51 +0000] "GET /wp-content/themes/wizata-per/responsive.css HTTP/1.1" 200 1113 "https://www.visitkarimun.com/category/blog-artikel/?action=edit&file=revision.php&path=%2Fhome%2Fkarimun%2Fpublic_html%2Fwp-admin" "Mozilla/5.0 (Linux; Android 6.0.1; Nexus 5X Build/MMB29P) AppleWebKit/537.36 (KHTML, like Gecko) Chrome/153.0.8010.52 Mobile Safari/537.36 (compatible; Googlebot/2.1; +http://www.google.com/bot.html)"
66.249.66.35 - - [25/Sep/2026:19:49:51 +0000] "GET /category/blog-artikel/?action=edit&file=block-bindings.php&path=%2Fhome%2Fkarimun%2Fpublic_html%2Fwp-includes HTTP/1.1" 200 30136 "-" "Mozilla/5.0 (Linux; Android 6.0.1; Nexus 5X Build/MMB29P) AppleWebKit/537.36 (KHTML, like Gecko) Chrome/153.0.8010.52 Mobile Safari/537.36 (compatible; Googlebot/2.1; +http://www.google.com/bot.html)"
66.249.66.193 - - [25/Sep/2026:19:49:54 +0000] "GET /wp-content/themes/wizata-per/responsive.css HTTP/1.1" 200 1113 "https://www.visitkarimun.com/category/blog-artikel/?action=edit&file=ms-functions.php&path=%2Fhome%2Fkarimun%2Fpublic_html%2Fwp-includes" "Mozilla/5.0 (Linux; Android 6.0.1; Nexus 5X Build/MMB29P) AppleWebKit/537.36 (KHTML, like Gecko) Chrome/153.0.8010.52 Mobile Safari/537.36 (compatible; Googlebot/2.1; +http://www.google.com/bot.html)"
216.73.216.147 - - [25/Sep/2026:19:49:59 +0000] "GET /sitemap.rss?action=edit&file=wp-activate.php&path=%2Fhome%2Fkarimun%2Fpublic_html HTTP/2" 200 5570 "-" "Mozilla/5.0 AppleWebKit/537.36 (KHTML, like Gecko; compatible; ClaudeBot/1.0; +claudebot@anthropic.com)"
216.73.216.147 - - [25/Sep/2026:19:49:59 +0000] "GET /sitemap.rss?action=edit&file=wp-trackback.php&path=%2Fhome%2Fkarimun%2Fpublic_html HTTP/2" 200 4829 "-" "Mozilla/5.0 AppleWebKit/537.36 (KHTML, like Gecko; compatible; ClaudeBot/1.0; +claudebot@anthropic.com)"
216.73.216.147 - - [25/Sep/2026:19:50:07 +0000] "GET /sitemap.rss?action=edit&file=wp-settings.php&path=%2Fhome%2Fkarimun%2Fpublic_html HTTP/2" 200 9418 "-" "Mozilla/5.0 AppleWebKit/537.36 (KHTML, like Gecko; compatible; ClaudeBot/1.0; +claudebot@anthropic.com)"
216.73.216.147 - - [25/Sep/2026:19:50:07 +0000] "GET /sitemap.rss?path=%2Fhome%2Fkarimun%2Fpublic_html%2F.tmb HTTP/2" 200 2404 "-" "Mozilla/5.0 AppleWebKit/537.36 (KHTML, like Gecko; compatible; ClaudeBot/1.0; +claudebot@anthropic.com)"
66.249.66.65 - - [25/Sep/2026:19:50:16 +0000] "GET /category/blog-artikel/?action=edit&file=class-wp-theme-json-data.php&path=%2Fhome%2Fkarimun%2Fpublic_html%2Fwp-includes HTTP/1.1" 200 28521 "-" "Mozilla/5.0 (Linux; Android 6.0.1; Nexus 5X Build/MMB29P) AppleWebKit/537.36 (KHTML, like Gecko) Chrome/153.0.8010.52 Mobile Safari/537.36 (compatible; Googlebot/2.1; +http://www.google.com/bot.html)"
40.77.167.51 - - [25/Sep/2026:19:50:17 +0000] "GET /informasi-jadwal-kapal-pelni-semarang-ke-karimunjawa/?path=/home HTTP/2" 200 61101 "-" "Mozilla/5.0 AppleWebKit/537.36 (KHTML, like Gecko; compatible; bingbot/2.0; +http://www.bing.com/bingbot.htm) Chrome/116.0.1938.76 Safari/537.36"
66.249.66.193 - - [25/Sep/2026:19:50:18 +0000] "GET /wp-content/uploads/2020/12/pelabuhan-jepara-350x220.jpg HTTP/1.1" 304 0 "-" "Googlebot-Image/1.0"
52.167.144.169 - - [25/Sep/2026:19:50:21 +0000] "GET /informasi-jadwal-kapal-pelni-semarang-ke-karimunjawa/?path=/ HTTP/2" 200 60657 "-" "Mozilla/5.0 AppleWebKit/537.36 (KHTML, like Gecko; compatible; bingbot/2.0; +http://www.bing.com/bingbot.htm) Chrome/116.0.1938.76 Safari/537.36"
66.249.66.65 - - [25/Sep/2026:19:50:24 +0000] "GET /wp-content/plugins/google-site-kit/dist/assets/js/sign-in-with-google-5a9e012872c712a23a12.js'%20defer HTTP/1.1" 200 16383 "https://www.visitkarimun.com/category/blog-artikel/?action=edit&file=class-simplepie.php&path=%2Fhome%2Fkarimun%2Fpublic_html%2Fwp-includes" "Mozilla/5.0 (Linux; Android 6.0.1; Nexus 5X Build/MMB29P) AppleWebKit/537.36 (KHTML, like Gecko) Chrome/153.0.8010.52 Mobile Safari/537.36 (compatible; Googlebot/2.1; +http://www.google.com/bot.html)"
54.236.1.242 - - [25/Sep/2026:19:50:26 +0000] "GET /rekomendasi-travel-agent-karimunjawa/ HTTP/1.1" 200 41084 "-" "Mozilla/5.0 (compatible; Pinterestbot/1.0; +http://www.pinterest.com/bot.html)"
66.249.66.35 - - [25/Sep/2026:19:50:27 +0000] "GET /category/blog-artikel/?action=edit&file=tablepress-custom.css&path=%2Fhome%2Fkarimun%2Fpublic_html%2Fwp-content HTTP/1.1" 200 28021 "-" "Mozilla/5.0 (Linux; Android 6.0.1; Nexus 5X Build/MMB29P) AppleWebKit/537.36 (KHTML, like Gecko) Chrome/153.0.8010.52 Mobile Safari/537.36 (compatible; Googlebot/2.1; +http://www.google.com/bot.html)"
216.73.216.147 - - [25/Sep/2026:19:50:32 +0000] "GET /sitemap.rss?action=edit&file=wp-cron.php&path=%2Fhome%2Fkarimun%2Fpublic_html HTTP/2" 200 4922 "-" "Mozilla/5.0 AppleWebKit/537.36 (KHTML, like Gecko; compatible; ClaudeBot/1.0; +claudebot@anthropic.com)"
216.73.216.147 - - [25/Sep/2026:19:50:32 +0000] "GET /sitemap.rss?action=edit&file=wp-mail.php&path=%2Fhome%2Fkarimun%2Fpublic_html HTTP/2" 200 6017 "-" "Mozilla/5.0 AppleWebKit/537.36 (KHTML, like Gecko; compatible; ClaudeBot/1.0; +claudebot@anthropic.com)"
192.250.235.217 - - [25/Sep/2026:19:50:39 +0000] "POST /wp-cron.php?doing_wp_cron=1790365839.8225169181823730468750 HTTP/1.1" 200 0 "-" "WordPress/7.1.2; https://www.visitkarimun.com"
66.249.66.35 - - [25/Sep/2026:19:50:39 +0000] "GET /category/blog-artikel/?path=%2Fhome%2Fkarimun%2Fpublic_html%2Fwp-includes%2Fsodium_compat HTTP/1.1" 200 28260 "-" "Mozilla/5.0 (Linux; Android 6.0.1; Nexus 5X Build/MMB29P) AppleWebKit/537.36 (KHTML, like Gecko) Chrome/153.0.8010.52 Mobile Safari/537.36 (compatible; Googlebot/2.1; +http://www.google.com/bot.html)"
216.73.216.147 - - [25/Sep/2026:19:50:40 +0000] "GET /sitemap.rss?action=edit&file=wp-config.php&path=%2Fhome%2Fkarimun%2Fpublic_html HTTP/2" 200 4560 "-" "Mozilla/5.0 AppleWebKit/537.36 (KHTML, like Gecko; compatible; ClaudeBot/1.0; +claudebot@anthropic.com)"
216.73.216.147 - - [25/Sep/2026:19:50:40 +0000] "GET /sitemap.rss?action=edit&file=error_log&path=%2Fhome%2Fkarimun%2Fpublic_html HTTP/2" 200 27805 "-" "Mozilla/5.0 AppleWebKit/537.36 (KHTML, like Gecko; compatible; ClaudeBot/1.0; +claudebot@anthropic.com)"
66.249.67.33 - - [25/Sep/2026:19:50:59 +0000] "GET /category/blog-artikel/?action=edit&file=class.wp-styles.php&path=%2Fhome%2Fkarimun%2Fpublic_html%2Fwp-includes HTTP/1.1" 200 28064 "-" "Mozilla/5.0 (Linux; Android 6.0.1; Nexus 5X Build/MMB29P) AppleWebKit/537.36 (KHTML, like Gecko) Chrome/153.0.8010.52 Mobile Safari/537.36 (compatible; Googlebot/2.1; +http://www.google.com/bot.html)"
216.73.216.147 - - [25/Sep/2026:19:51:00 +0000] "GET /sitemap.rss?action=edit&file=wp-login.php&path=%2Fhome%2Fkarimun%2Fpublic_html HTTP/2" 200 16801 "-" "Mozilla/5.0 AppleWebKit/537.36 (KHTML, like Gecko; compatible; ClaudeBot/1.0; +claudebot@anthropic.com)"
216.73.216.147 - - [25/Sep/2026:19:51:00 +0000] "GET /sitemap.rss?action=edit&file=index.php&path=%2Fhome%2Fkarimun%2Fpublic_html HTTP/2" 200 2404 "-" "Mozilla/5.0 AppleWebKit/537.36 (KHTML, like Gecko; compatible; ClaudeBot/1.0; +claudebot@anthropic.com)"
66.249.66.97 - - [25/Sep/2026:19:51:20 +0000] "GET /category/blog-artikel/?action=edit&file=atomlib.php&path=%2Fhome%2Fkarimun%2Fpublic_html%2Fwp-includes HTTP/1.1" 200 31476 "-" "Mozilla/5.0 (Linux; Android 6.0.1; Nexus 5X Build/MMB29P) AppleWebKit/537.36 (KHTML, like Gecko) Chrome/153.0.8010.52 Mobile Safari/537.36 (compatible; Googlebot/2.1; +http://www.google.com/bot.html)"
216.73.216.147 - - [25/Sep/2026:19:51:25 +0000] "GET /sitemap.rss?action=edit&file=wp-blog-header.php&path=%2Fhome%2Fkarimun%2Fpublic_html HTTP/2" 200 2404 "-" "Mozilla/5.0 AppleWebKit/537.36 (KHTML, like Gecko; compatible; ClaudeBot/1.0; +claudebot@anthropic.com)"
216.73.216.147 - - [25/Sep/2026:19:51:25 +0000] "GET /sitemap.rss?action=edit&file=wp-links-opml.php&path=%2Fhome%2Fkarimun%2Fpublic_html HTTP/2" 200 4033 "-" "Mozilla/5.0 AppleWebKit/537.36 (KHTML, like Gecko; compatible; ClaudeBot/1.0; +claudebot@anthropic.com)"
66.249.66.65 - - [25/Sep/2026:19:51:31 +0000] "GET /category/blog-artikel/?action=edit&file=feed-rss.php&path=%2Fhome%2Fkarimun%2Fpublic_html%2Fwp-includes HTTP/1.1" 200 28472 "-" "Mozilla/5.0 (Linux; Android 6.0.1; Nexus 5X Build/MMB29P) AppleWebKit/537.36 (KHTML, like Gecko) Chrome/153.0.8010.52 Mobile Safari/537.36 (compatible; Googlebot/2.1; +http://www.google.com/bot.html)"
216.73.216.147 - - [25/Sep/2026:19:51:32 +0000] "GET /sitemap.rss?path=%2Fhome%2Fkarimun%2Fpublic_html%2F.well-known HTTP/2" 200 2404 "-" "Mozilla/5.0 AppleWebKit/537.36 (KHTML, like Gecko; compatible; ClaudeBot/1.0; +claudebot@anthropic.com)"
216.73.216.147 - - [25/Sep/2026:19:51:32 +0000] "GET /sitemap.rss?action=edit&file=readme.html&path=%2Fhome%2Fkarimun%2Fpublic_html HTTP/2" 200 5884 "-" "Mozilla/5.0 AppleWebKit/537.36 (KHTML, like Gecko; compatible; ClaudeBot/1.0; +claudebot@anthropic.com)"
216.73.216.147 - - [25/Sep/2026:19:51:36 +0000] "GET /sitemap.rss?action=edit&file=.litespeed_err_flag&path=%2Fhome%2Fkarimun%2Fpublic_html HTTP/2" 200 2404 "-" "Mozilla/5.0 AppleWebKit/537.36 (KHTML, like Gecko; compatible; ClaudeBot/1.0; +claudebot@anthropic.com)"
216.73.216.147 - - [25/Sep/2026:19:51:36 +0000] "GET /sitemap.rss?action=edit&file=wp-signup.php&path=%2Fhome%2Fkarimun%2Fpublic_html HTTP/2" 200 11485 "-" "Mozilla/5.0 AppleWebKit/537.36 (KHTML, like Gecko; compatible; ClaudeBot/1.0; +claudebot@anthropic.com)"
192.250.235.217 - - [25/Sep/2026:19:51:42 +0000] "POST /wp-cron.php?doing_wp_cron=1790365902.7413239479064941406250 HTTP/1.1" 200 0 "-" "WordPress/7.1.2; https://www.visitkarimun.com"
66.249.66.65 - - [25/Sep/2026:19:51:42 +0000] "GET /category/blog-artikel/?action=edit&file=class-walker-comment.php&path=%2Fhome%2Fkarimun%2Fpublic_html%2Fwp-includes HTTP/1.1" 200 31424 "-" "Mozilla/5.0 (Linux; Android 6.0.1; Nexus 5X Build/MMB29P) AppleWebKit/537.36 (KHTML, like Gecko) Chrome/153.0.8010.52 Mobile Safari/537.36 (compatible; Googlebot/2.1; +http://www.google.com/bot.html)"
66.249.66.65 - - [25/Sep/2026:19:51:48 +0000] "GET /wp-content/themes/wizata-per/responsive.css HTTP/1.1" 200 1113 "https://www.visitkarimun.com/category/blog-artikel/?action=edit&file=feed-rss.php&path=%2Fhome%2Fkarimun%2Fpublic_html%2Fwp-includes" "Mozilla/5.0 (Linux; Android 6.0.1; Nexus 5X Build/MMB29P) AppleWebKit/537.36 (KHTML, like Gecko) Chrome/153.0.8010.52 Mobile Safari/537.36 (compatible; Googlebot/2.1; +http://www.google.com/bot.html)"
66.249.66.35 - - [25/Sep/2026:19:51:53 +0000] "GET /category/blog-artikel/?action=edit&file=functions.php&path=%2Fhome%2Fkarimun%2Fpublic_html%2Fwp-includes HTTP/1.1" 200 106051 "-" "Mozilla/5.0 (Linux; Android 6.0.1; Nexus 5X Build/MMB29P) AppleWebKit/537.36 (KHTML, like Gecko) Chrome/153.0.8010.52 Mobile Safari/537.36 (compatible; Googlebot/2.1; +http://www.google.com/bot.html)"
66.249.66.194 - - [25/Sep/2026:19:52:06 +0000] "GET /category/blog-artikel/?action=edit&file=theme-previews.php&path=%2Fhome%2Fkarimun%2Fpublic_html%2Fwp-includes HTTP/1.1" 200 29044 "-" "Mozilla/5.0 (Linux; Android 6.0.1; Nexus 5X Build/MMB29P) AppleWebKit/537.36 (KHTML, like Gecko) Chrome/153.0.8010.52 Mobile Safari/537.36 (compatible; Googlebot/2.1; +http://www.google.com/bot.html)"
66.249.66.35 - - [25/Sep/2026:19:52:07 +0000] "GET /wp-content/themes/wizata-per/responsive.css HTTP/1.1" 200 1113 "https://www.visitkarimun.com/category/blog-artikel/?action=edit&file=class-walker-comment.php&path=%2Fhome%2Fkarimun%2Fpublic_html%2Fwp-includes" "Mozilla/5.0 (Linux; Android 6.0.1; Nexus 5X Build/MMB29P) AppleWebKit/537.36 (KHTML, like Gecko) Chrome/153.0.8010.52 Mobile Safari/537.36 (compatible; Googlebot/2.1; +http://www.google.com/bot.html)"
66.249.66.65 - - [25/Sep/2026:19:52:17 +0000] "GET /category/blog-artikel/?action=edit&file=.lsphp_restart.txt&path=%2Fhome%2Fkarimun HTTP/1.1" 200 27904 "-" "Mozilla/5.0 (Linux; Android 6.0.1; Nexus 5X Build/MMB29P) AppleWebKit/537.36 (KHTML, like Gecko) Chrome/153.0.8010.52 Mobile Safari/537.36 (compatible; Googlebot/2.1; +http://www.google.com/bot.html)"
216.73.216.147 - - [25/Sep/2026:19:52:19 +0000] "GET /sitemap.rss?action=edit&file=index.html&path=%2Fhome%2Fkarimun%2Fpublic_html HTTP/2" 200 4471 "-" "Mozilla/5.0 AppleWebKit/537.36 (KHTML, like Gecko; compatible; ClaudeBot/1.0; +claudebot@anthropic.com)"
216.73.216.147 - - [25/Sep/2026:19:52:19 +0000] "GET /sitemap.rss?action=edit&file=.litespeed_flag&path=%2Fhome%2Fkarimun%2Fpublic_html HTTP/2" 200 2404 "-" "Mozilla/5.0 AppleWebKit/537.36 (KHTML, like Gecko; compatible; ClaudeBot/1.0; +claudebot@anthropic.com)"
66.249.67.34 - - [25/Sep/2026:19:52:21 +0000] "GET /category/blog-artikel/?path=%2Fhome%2Fkarimun%2Fpublic_html%2Fwp-includes HTTP/1.1" 200 32410 "-" "Mozilla/5.0 (Linux; Android 6.0.1; Nexus 5X Build/MMB29P) AppleWebKit/537.36 (KHTML, like Gecko) Chrome/153.0.8010.52 Mobile Safari/537.36 (compatible; GoogleOther)"
66.249.66.65 - - [25/Sep/2026:19:52:23 +0000] "GET /wp-content/themes/wizata-per/responsive.css HTTP/1.1" 200 1113 "https://www.visitkarimun.com/category/blog-artikel/?action=edit&file=.lsphp_restart.txt&path=%2Fhome%2Fkarimun" "Mozilla/5.0 (Linux; Android 6.0.1; Nexus 5X Build/MMB29P) AppleWebKit/537.36 (KHTML, like Gecko) Chrome/153.0.8010.52 Mobile Safari/537.36 (compatible; Googlebot/2.1; +http://www.google.com/bot.html)"
