74.7.242.58 - - [25/Sep/2026:20:19:24 +0000] "GET /?path=%2F%2Fopt%2Falt%2Falt-nodejs8%2Froot%2Flib%2Fnode_modules%2Fnpm%2Fman%2Fman3p HTTP/2" 200 27569 "https://www.visitkarimun.com/?path=%2F%2Fopt%2Falt%2Falt-nodejs8%2Froot%2Flib%2Fnode_modules%2Fnpm%2Fman" "Mozilla/5.0 AppleWebKit/537.36 (KHTML, like Gecko; compatible; GPTBot/1.4; +https://openai.com/gptbot)"
74.7.242.58 - - [25/Sep/2026:20:19:25 +0000] "GET /?path=%2F%2Fopt%2Falt%2Falt-nodejs6%2Froot%2Flib%2Fnode_modules%2Fnpm%2Fman%2Fman9 HTTP/2" 200 27599 "https://www.visitkarimun.com/?path=%2F%2Fopt%2Falt%2Falt-nodejs6%2Froot%2Flib%2Fnode_modules%2Fnpm%2Fman" "Mozilla/5.0 AppleWebKit/537.36 (KHTML, like Gecko; compatible; GPTBot/1.4; +https://openai.com/gptbot)"
74.7.242.58 - - [25/Sep/2026:20:19:25 +0000] "GET /?path=%2F%2Fopt%2Falt%2Falt-nodejs8%2Froot%2Flib%2Fnode_modules%2Fnpm%2Fman%2Fman3x HTTP/2" 200 27571 "https://www.visitkarimun.com/?path=%2F%2Fopt%2Falt%2Falt-nodejs8%2Froot%2Flib%2Fnode_modules%2Fnpm%2Fman" "Mozilla/5.0 AppleWebKit/537.36 (KHTML, like Gecko; compatible; GPTBot/1.4; +https://openai.com/gptbot)"
74.7.242.58 - - [25/Sep/2026:20:19:26 +0000] "GET /?path=%2F%2Fopt%2Falt%2Falt-nodejs9%2Froot%2Flib%2Fnode_modules%2Fnpm%2Fman%2Fman6x HTTP/2" 200 27571 "https://www.visitkarimun.com/?path=%2F%2Fopt%2Falt%2Falt-nodejs9%2Froot%2Flib%2Fnode_modules%2Fnpm%2Fman" "Mozilla/5.0 AppleWebKit/537.36 (KHTML, like Gecko; compatible; GPTBot/1.4; +https://openai.com/gptbot)"
74.7.242.58 - - [25/Sep/2026:20:19:27 +0000] "GET /?path=//opt/alt/alt-nodejs8/root/lib/node_modules/npm/man/man8 HTTP/2" 200 27598 "https://www.visitkarimun.com/?path=%2F%2Fopt%2Falt%2Falt-nodejs8%2Froot%2Flib%2Fnode_modules%2Fnpm%2Fman%2Fman8" "Mozilla/5.0 AppleWebKit/537.36 (KHTML, like Gecko; compatible; GPTBot/1.4; +https://openai.com/gptbot)"
74.7.242.58 - - [25/Sep/2026:20:19:27 +0000] "GET /?path=//opt/alt/alt-nodejs8/root/lib/node_modules/npm/man/man1x HTTP/2" 200 27571 "https://www.visitkarimun.com/?path=%2F%2Fopt%2Falt%2Falt-nodejs8%2Froot%2Flib%2Fnode_modules%2Fnpm%2Fman%2Fman1x" "Mozilla/5.0 AppleWebKit/537.36 (KHTML, like Gecko; compatible; GPTBot/1.4; +https://openai.com/gptbot)"
74.7.242.58 - - [25/Sep/2026:20:19:28 +0000] "GET /?path=//opt/alt/alt-nodejs8/root/lib/node_modules/npm/man/man1 HTTP/2" 200 28565 "https://www.visitkarimun.com/?path=%2F%2Fopt%2Falt%2Falt-nodejs8%2Froot%2Flib%2Fnode_modules%2Fnpm%2Fman%2Fman1" "Mozilla/5.0 AppleWebKit/537.36 (KHTML, like Gecko; compatible; GPTBot/1.4; +https://openai.com/gptbot)"
74.7.242.58 - - [25/Sep/2026:20:19:29 +0000] "GET /?path=//opt/alt/alt-nodejs8/root/lib/node_modules/npm/man/man3 HTTP/2" 200 27598 "https://www.visitkarimun.com/?path=%2F%2Fopt%2Falt%2Falt-nodejs8%2Froot%2Flib%2Fnode_modules%2Fnpm%2Fman%2Fman3" "Mozilla/5.0 AppleWebKit/537.36 (KHTML, like Gecko; compatible; GPTBot/1.4; +https://openai.com/gptbot)"
74.7.242.58 - - [25/Sep/2026:20:19:29 +0000] "GET /?path=//opt/alt/alt-nodejs9/root/lib/node_modules/npm/man/man3 HTTP/2" 200 27598 "https://www.visitkarimun.com/?path=%2F%2Fopt%2Falt%2Falt-nodejs9%2Froot%2Flib%2Fnode_modules%2Fnpm%2Fman%2Fman3" "Mozilla/5.0 AppleWebKit/537.36 (KHTML, like Gecko; compatible; GPTBot/1.4; +https://openai.com/gptbot)"
66.249.66.65 - - [25/Sep/2026:20:19:30 +0000] "GET /category/blog-artikel/?action=edit&file=erase-personal-data.php&path=%2Fhome%2Fkarimun%2Fpublic_html%2Fwp-admin HTTP/1.1" 200 30728 "-" "Mozilla/5.0 (Linux; Android 6.0.1; Nexus 5X Build/MMB29P) AppleWebKit/537.36 (KHTML, like Gecko) Chrome/153.0.8010.52 Mobile Safari/537.36 (compatible; Googlebot/2.1; +http://www.google.com/bot.html)"
74.7.242.58 - - [25/Sep/2026:20:19:30 +0000] "GET /?path=//opt/alt/alt-nodejs8/root/lib/node_modules/npm/man/man9x HTTP/2" 200 27571 "https://www.visitkarimun.com/?path=%2F%2Fopt%2Falt%2Falt-nodejs8%2Froot%2Flib%2Fnode_modules%2Fnpm%2Fman%2Fman9x" "Mozilla/5.0 AppleWebKit/537.36 (KHTML, like Gecko; compatible; GPTBot/1.4; +https://openai.com/gptbot)"
74.7.242.58 - - [25/Sep/2026:20:19:31 +0000] "GET /?path=//opt/alt/alt-nodejs8/root/lib/node_modules/npm/man/man1p HTTP/2" 200 27569 "https://www.visitkarimun.com/?path=%2F%2Fopt%2Falt%2Falt-nodejs8%2Froot%2Flib%2Fnode_modules%2Fnpm%2Fman%2Fman1p" "Mozilla/5.0 AppleWebKit/537.36 (KHTML, like Gecko; compatible; GPTBot/1.4; +https://openai.com/gptbot)"
192.250.235.217 - - [25/Sep/2026:20:19:32 +0000] "POST /wp-cron.php?doing_wp_cron=1790367572.8044610023498535156250 HTTP/1.1" 200 0 "-" "WordPress/7.1.2; https://www.visitkarimun.com"
74.7.242.58 - - [25/Sep/2026:20:19:32 +0000] "GET /?path=//opt/alt/alt-nodejs8/root/lib/node_modules/npm/man/man3p HTTP/2" 200 27569 "https://www.visitkarimun.com/?path=%2F%2Fopt%2Falt%2Falt-nodejs8%2Froot%2Flib%2Fnode_modules%2Fnpm%2Fman%2Fman3p" "Mozilla/5.0 AppleWebKit/537.36 (KHTML, like Gecko; compatible; GPTBot/1.4; +https://openai.com/gptbot)"
74.7.242.58 - - [25/Sep/2026:20:19:33 +0000] "GET /?path=//opt/alt/alt-nodejs6/root/lib/node_modules/npm/man/man9 HTTP/2" 200 27599 "https://www.visitkarimun.com/?path=%2F%2Fopt%2Falt%2Falt-nodejs6%2Froot%2Flib%2Fnode_modules%2Fnpm%2Fman%2Fman9" "Mozilla/5.0 AppleWebKit/537.36 (KHTML, like Gecko; compatible; GPTBot/1.4; +https://openai.com/gptbot)"
74.7.242.58 - - [25/Sep/2026:20:19:34 +0000] "GET /?path=//opt/alt/alt-nodejs8/root/lib/node_modules/npm/man/man3x HTTP/2" 200 27571 "https://www.visitkarimun.com/?path=%2F%2Fopt%2Falt%2Falt-nodejs8%2Froot%2Flib%2Fnode_modules%2Fnpm%2Fman%2Fman3x" "Mozilla/5.0 AppleWebKit/537.36 (KHTML, like Gecko; compatible; GPTBot/1.4; +https://openai.com/gptbot)"
74.7.242.58 - - [25/Sep/2026:20:19:35 +0000] "GET /?path=//opt/alt/alt-nodejs9/root/lib/node_modules/npm/man/man6x HTTP/2" 200 27571 "https://www.visitkarimun.com/?path=%2F%2Fopt%2Falt%2Falt-nodejs9%2Froot%2Flib%2Fnode_modules%2Fnpm%2Fman%2Fman6x" "Mozilla/5.0 AppleWebKit/537.36 (KHTML, like Gecko; compatible; GPTBot/1.4; +https://openai.com/gptbot)"
74.7.242.58 - - [25/Sep/2026:20:19:35 +0000] "GET /?action=edit&file=npm-audit.1.gz&path=%2F%2Fopt%2Falt%2Falt-nodejs8%2Froot%2Flib%2Fnode_modules%2Fnpm%2Fman%2Fman1 HTTP/2" 200 27258 "https://www.visitkarimun.com/?path=%2F%2Fopt%2Falt%2Falt-nodejs8%2Froot%2Flib%2Fnode_modules%2Fnpm%2Fman%2Fman1" "Mozilla/5.0 AppleWebKit/537.36 (KHTML, like Gecko; compatible; GPTBot/1.4; +https://openai.com/gptbot)"
74.7.242.58 - - [25/Sep/2026:20:19:36 +0000] "GET /?action=edit&file=npm-token.1.gz&path=%2F%2Fopt%2Falt%2Falt-nodejs8%2Froot%2Flib%2Fnode_modules%2Fnpm%2Fman%2Fman1 HTTP/2" 200 27258 "https://www.visitkarimun.com/?path=%2F%2Fopt%2Falt%2Falt-nodejs8%2Froot%2Flib%2Fnode_modules%2Fnpm%2Fman%2Fman1" "Mozilla/5.0 AppleWebKit/537.36 (KHTML, like Gecko; compatible; GPTBot/1.4; +https://openai.com/gptbot)"
192.250.235.217 - - [25/Sep/2026:20:19:37 +0000] "POST /wp-cron.php?doing_wp_cron=1790367577.2662119865417480468750 HTTP/1.1" 200 0 "-" "WordPress/7.1.2; https://www.visitkarimun.com"
74.7.242.58 - - [25/Sep/2026:20:19:36 +0000] "GET /?action=edit&file=npm-stars.1.gz&path=%2F%2Fopt%2Falt%2Falt-nodejs8%2Froot%2Flib%2Fnode_modules%2Fnpm%2Fman%2Fman1 HTTP/2" 200 27257 "https://www.visitkarimun.com/?path=%2F%2Fopt%2Falt%2Falt-nodejs8%2Froot%2Flib%2Fnode_modules%2Fnpm%2Fman%2Fman1" "Mozilla/5.0 AppleWebKit/537.36 (KHTML, like Gecko; compatible; GPTBot/1.4; +https://openai.com/gptbot)"
74.7.242.58 - - [25/Sep/2026:20:19:37 +0000] "GET /?action=edit&file=npm-prune.1.gz&path=%2F%2Fopt%2Falt%2Falt-nodejs8%2Froot%2Flib%2Fnode_modules%2Fnpm%2Fman%2Fman1 HTTP/2" 200 27258 "https://www.visitkarimun.com/?path=%2F%2Fopt%2Falt%2Falt-nodejs8%2Froot%2Flib%2Fnode_modules%2Fnpm%2Fman%2Fman1" "Mozilla/5.0 AppleWebKit/537.36 (KHTML, like Gecko; compatible; GPTBot/1.4; +https://openai.com/gptbot)"
74.7.242.58 - - [25/Sep/2026:20:19:38 +0000] "GET /?action=edit&file=npm-cache.1.gz&path=%2F%2Fopt%2Falt%2Falt-nodejs8%2Froot%2Flib%2Fnode_modules%2Fnpm%2Fman%2Fman1 HTTP/2" 200 27258 "https://www.visitkarimun.com/?path=%2F%2Fopt%2Falt%2Falt-nodejs8%2Froot%2Flib%2Fnode_modules%2Fnpm%2Fman%2Fman1" "Mozilla/5.0 AppleWebKit/537.36 (KHTML, like Gecko; compatible; GPTBot/1.4; +https://openai.com/gptbot)"
74.7.242.58 - - [25/Sep/2026:20:19:39 +0000] "GET /?action=edit&file=npm-build.1.gz&path=%2F%2Fopt%2Falt%2Falt-nodejs8%2Froot%2Flib%2Fnode_modules%2Fnpm%2Fman%2Fman1 HTTP/2" 200 27255 "https://www.visitkarimun.com/?path=%2F%2Fopt%2Falt%2Falt-nodejs8%2Froot%2Flib%2Fnode_modules%2Fnpm%2Fman%2Fman1" "Mozilla/5.0 AppleWebKit/537.36 (KHTML, like Gecko; compatible; GPTBot/1.4; +https://openai.com/gptbot)"
66.249.66.193 - - [25/Sep/2026:20:19:39 +0000] "GET /category/blog-artikel/?action=edit&file=.bashrc&path=%2Fhome%2Fkarimun HTTP/1.1" 200 27928 "-" "Mozilla/5.0 (Linux; Android 6.0.1; Nexus 5X Build/MMB29P) AppleWebKit/537.36 (KHTML, like Gecko) Chrome/153.0.8010.52 Mobile Safari/537.36 (compatible; Googlebot/2.1; +http://www.google.com/bot.html)"
74.7.242.58 - - [25/Sep/2026:20:19:39 +0000] "GET /?action=edit&file=npm-owner.1.gz&path=%2F%2Fopt%2Falt%2Falt-nodejs8%2Froot%2Flib%2Fnode_modules%2Fnpm%2Fman%2Fman1 HTTP/2" 200 27255 "https://www.visitkarimun.com/?path=%2F%2Fopt%2Falt%2Falt-nodejs8%2Froot%2Flib%2Fnode_modules%2Fnpm%2Fman%2Fman1" "Mozilla/5.0 AppleWebKit/537.36 (KHTML, like Gecko; compatible; GPTBot/1.4; +https://openai.com/gptbot)"
74.7.242.58 - - [25/Sep/2026:20:19:40 +0000] "GET /?action=edit&file=npm-help.1.gz&path=%2F%2Fopt%2Falt%2Falt-nodejs8%2Froot%2Flib%2Fnode_modules%2Fnpm%2Fman%2Fman1 HTTP/2" 200 27278 "https://www.visitkarimun.com/?path=%2F%2Fopt%2Falt%2Falt-nodejs8%2Froot%2Flib%2Fnode_modules%2Fnpm%2Fman%2Fman1" "Mozilla/5.0 AppleWebKit/537.36 (KHTML, like Gecko; compatible; GPTBot/1.4; +https://openai.com/gptbot)"
74.7.242.58 - - [25/Sep/2026:20:19:41 +0000] "GET /?action=edit&file=npm-uninstall.1.gz&path=%2F%2Fopt%2Falt%2Falt-nodejs8%2Froot%2Flib%2Fnode_modules%2Fnpm%2Fman%2Fman1 HTTP/2" 200 27297 "https://www.visitkarimun.com/?path=%2F%2Fopt%2Falt%2Falt-nodejs8%2Froot%2Flib%2Fnode_modules%2Fnpm%2Fman%2Fman1" "Mozilla/5.0 AppleWebKit/537.36 (KHTML, like Gecko; compatible; GPTBot/1.4; +https://openai.com/gptbot)"
74.7.242.58 - - [25/Sep/2026:20:19:42 +0000] "GET /?action=edit&file=npm-completion.1.gz&path=%2F%2Fopt%2Falt%2Falt-nodejs8%2Froot%2Flib%2Fnode_modules%2Fnpm%2Fman%2Fman1 HTTP/2" 200 27341 "https://www.visitkarimun.com/?path=%2F%2Fopt%2Falt%2Falt-nodejs8%2Froot%2Flib%2Fnode_modules%2Fnpm%2Fman%2Fman1" "Mozilla/5.0 AppleWebKit/537.36 (KHTML, like Gecko; compatible; GPTBot/1.4; +https://openai.com/gptbot)"
74.7.242.58 - - [25/Sep/2026:20:19:43 +0000] "GET /?action=edit&file=npm-deprecate.1.gz&path=%2F%2Fopt%2Falt%2Falt-nodejs8%2Froot%2Flib%2Fnode_modules%2Fnpm%2Fman%2Fman1 HTTP/2" 200 27298 "https://www.visitkarimun.com/?path=%2F%2Fopt%2Falt%2Falt-nodejs8%2Froot%2Flib%2Fnode_modules%2Fnpm%2Fman%2Fman1" "Mozilla/5.0 AppleWebKit/537.36 (KHTML, like Gecko; compatible; GPTBot/1.4; +https://openai.com/gptbot)"
74.7.242.58 - - [25/Sep/2026:20:19:44 +0000] "GET /?action=edit&file=node.1.gz&path=%2F%2Fopt%2Falt%2Falt-nodejs8%2Froot%2Flib%2Fnode_modules%2Fnpm%2Fman%2Fman1 HTTP/2" 200 27219 "https://www.visitkarimun.com/?path=%2F%2Fopt%2Falt%2Falt-nodejs8%2Froot%2Flib%2Fnode_modules%2Fnpm%2Fman%2Fman1" "Mozilla/5.0 AppleWebKit/537.36 (KHTML, like Gecko; compatible; GPTBot/1.4; +https://openai.com/gptbot)"
74.7.242.58 - - [25/Sep/2026:20:19:45 +0000] "GET /?action=edit&file=npm-bundle.1.gz&path=%2F%2Fopt%2Falt%2Falt-nodejs8%2Froot%2Flib%2Fnode_modules%2Fnpm%2Fman%2Fman1 HTTP/2" 200 27291 "https://www.visitkarimun.com/?path=%2F%2Fopt%2Falt%2Falt-nodejs8%2Froot%2Flib%2Fnode_modules%2Fnpm%2Fman%2Fman1" "Mozilla/5.0 AppleWebKit/537.36 (KHTML, like Gecko; compatible; GPTBot/1.4; +https://openai.com/gptbot)"
66.249.66.65 - - [25/Sep/2026:20:19:45 +0000] "GET /category/blog-artikel/?action=edit&file=freedoms.php&path=%2Fhome%2Fkarimun%2Fpublic_html%2Fwp-admin HTTP/1.1" 200 29422 "-" "Mozilla/5.0 (Linux; Android 6.0.1; Nexus 5X Build/MMB29P) AppleWebKit/537.36 (KHTML, like Gecko) Chrome/153.0.8010.52 Mobile Safari/537.36 (compatible; Googlebot/2.1; +http://www.google.com/bot.html)"
74.7.242.58 - - [25/Sep/2026:20:19:46 +0000] "GET /?action=edit&file=npm-doctor.1.gz&path=%2F%2Fopt%2Falt%2Falt-nodejs8%2Froot%2Flib%2Fnode_modules%2Fnpm%2Fman%2Fman1 HTTP/2" 200 27291 "https://www.visitkarimun.com/?path=%2F%2Fopt%2Falt%2Falt-nodejs8%2Froot%2Flib%2Fnode_modules%2Fnpm%2Fman%2Fman1" "Mozilla/5.0 AppleWebKit/537.36 (KHTML, like Gecko; compatible; GPTBot/1.4; +https://openai.com/gptbot)"
74.7.242.58 - - [25/Sep/2026:20:19:47 +0000] "GET /?action=edit&file=npm-logout.1.gz&path=%2F%2Fopt%2Falt%2Falt-nodejs8%2Froot%2Flib%2Fnode_modules%2Fnpm%2Fman%2Fman1 HTTP/2" 200 27291 "https://www.visitkarimun.com/?path=%2F%2Fopt%2Falt%2Falt-nodejs8%2Froot%2Flib%2Fnode_modules%2Fnpm%2Fman%2Fman1" "Mozilla/5.0 AppleWebKit/537.36 (KHTML, like Gecko; compatible; GPTBot/1.4; +https://openai.com/gptbot)"
74.7.242.58 - - [25/Sep/2026:20:19:48 +0000] "GET /?action=edit&file=npm-outdated.1.gz&path=%2F%2Fopt%2Falt%2Falt-nodejs8%2Froot%2Flib%2Fnode_modules%2Fnpm%2Fman%2Fman1 HTTP/2" 200 27258 "https://www.visitkarimun.com/?path=%2F%2Fopt%2Falt%2Falt-nodejs8%2Froot%2Flib%2Fnode_modules%2Fnpm%2Fman%2Fman1" "Mozilla/5.0 AppleWebKit/537.36 (KHTML, like Gecko; compatible; GPTBot/1.4; +https://openai.com/gptbot)"
74.7.242.58 - - [25/Sep/2026:20:19:49 +0000] "GET /?action=edit&file=npm-restart.1.gz&path=%2F%2Fopt%2Falt%2Falt-nodejs8%2Froot%2Flib%2Fnode_modules%2Fnpm%2Fman%2Fman1 HTTP/2" 200 27276 "https://www.visitkarimun.com/?path=%2F%2Fopt%2Falt%2Falt-nodejs8%2Froot%2Flib%2Fnode_modules%2Fnpm%2Fman%2Fman1" "Mozilla/5.0 AppleWebKit/537.36 (KHTML, like Gecko; compatible; GPTBot/1.4; +https://openai.com/gptbot)"
74.7.242.58 - - [25/Sep/2026:20:19:50 +0000] "GET /?action=edit&file=npm-dedupe.1.gz&path=%2F%2Fopt%2Falt%2Falt-nodejs8%2Froot%2Flib%2Fnode_modules%2Fnpm%2Fman%2Fman1 HTTP/2" 200 27290 "https://www.visitkarimun.com/?path=%2F%2Fopt%2Falt%2Falt-nodejs8%2Froot%2Flib%2Fnode_modules%2Fnpm%2Fman%2Fman1" "Mozilla/5.0 AppleWebKit/537.36 (KHTML, like Gecko; compatible; GPTBot/1.4; +https://openai.com/gptbot)"
74.7.242.58 - - [25/Sep/2026:20:19:51 +0000] "GET /?action=edit&file=npm-shrinkwrap.1.gz&path=%2F%2Fopt%2Falt%2Falt-nodejs8%2Froot%2Flib%2Fnode_modules%2Fnpm%2Fman%2Fman1 HTTP/2" 200 27330 "https://www.visitkarimun.com/?path=%2F%2Fopt%2Falt%2Falt-nodejs8%2Froot%2Flib%2Fnode_modules%2Fnpm%2Fman%2Fman1" "Mozilla/5.0 AppleWebKit/537.36 (KHTML, like Gecko; compatible; GPTBot/1.4; +https://openai.com/gptbot)"
74.7.242.58 - - [25/Sep/2026:20:19:52 +0000] "GET /?action=edit&file=npm-unpublish.1.gz&path=%2F%2Fopt%2Falt%2Falt-nodejs8%2Froot%2Flib%2Fnode_modules%2Fnpm%2Fman%2Fman1 HTTP/2" 200 27299 "https://www.visitkarimun.com/?path=%2F%2Fopt%2Falt%2Falt-nodejs8%2Froot%2Flib%2Fnode_modules%2Fnpm%2Fman%2Fman1" "Mozilla/5.0 AppleWebKit/537.36 (KHTML, like Gecko; compatible; GPTBot/1.4; +https://openai.com/gptbot)"
74.7.242.58 - - [25/Sep/2026:20:19:53 +0000] "GET /?action=edit&file=npm-explore.1.gz&path=%2F%2Fopt%2Falt%2Falt-nodejs8%2Froot%2Flib%2Fnode_modules%2Fnpm%2Fman%2Fman1 HTTP/2" 200 27263 "https://www.visitkarimun.com/?path=%2F%2Fopt%2Falt%2Falt-nodejs8%2Froot%2Flib%2Fnode_modules%2Fnpm%2Fman%2Fman1" "Mozilla/5.0 AppleWebKit/537.36 (KHTML, like Gecko; compatible; GPTBot/1.4; +https://openai.com/gptbot)"
74.7.242.58 - - [25/Sep/2026:20:19:53 +0000] "GET /?action=edit&file=npm-rebuild.1.gz&path=%2F%2Fopt%2Falt%2Falt-nodejs8%2Froot%2Flib%2Fnode_modules%2Fnpm%2Fman%2Fman1 HTTP/2" 200 27276 "https://www.visitkarimun.com/?path=%2F%2Fopt%2Falt%2Falt-nodejs8%2Froot%2Flib%2Fnode_modules%2Fnpm%2Fman%2Fman1" "Mozilla/5.0 AppleWebKit/537.36 (KHTML, like Gecko; compatible; GPTBot/1.4; +https://openai.com/gptbot)"
74.7.242.58 - - [25/Sep/2026:20:19:54 +0000] "GET /?action=edit&file=npm-access.1.gz&path=%2F%2Fopt%2Falt%2Falt-nodejs8%2Froot%2Flib%2Fnode_modules%2Fnpm%2Fman%2Fman1 HTTP/2" 200 27290 "https://www.visitkarimun.com/?path=%2F%2Fopt%2Falt%2Falt-nodejs8%2Froot%2Flib%2Fnode_modules%2Fnpm%2Fman%2Fman1" "Mozilla/5.0 AppleWebKit/537.36 (KHTML, like Gecko; compatible; GPTBot/1.4; +https://openai.com/gptbot)"
74.7.242.58 - - [25/Sep/2026:20:19:55 +0000] "GET /?action=edit&file=npm-adduser.1.gz&path=%2F%2Fopt%2Falt%2Falt-nodejs8%2Froot%2Flib%2Fnode_modules%2Fnpm%2Fman%2Fman1 HTTP/2" 200 27276 "https://www.visitkarimun.com/?path=%2F%2Fopt%2Falt%2Falt-nodejs8%2Froot%2Flib%2Fnode_modules%2Fnpm%2Fman%2Fman1" "Mozilla/5.0 AppleWebKit/537.36 (KHTML, like Gecko; compatible; GPTBot/1.4; +https://openai.com/gptbot)"
74.7.242.58 - - [25/Sep/2026:20:19:55 +0000] "GET /?action=edit&file=npm-prefix.1.gz&path=%2F%2Fopt%2Falt%2Falt-nodejs8%2Froot%2Flib%2Fnode_modules%2Fnpm%2Fman%2Fman1 HTTP/2" 200 27286 "https://www.visitkarimun.com/?path=%2F%2Fopt%2Falt%2Falt-nodejs8%2Froot%2Flib%2Fnode_modules%2Fnpm%2Fman%2Fman1" "Mozilla/5.0 AppleWebKit/537.36 (KHTML, like Gecko; compatible; GPTBot/1.4; +https://openai.com/gptbot)"
74.7.242.58 - - [25/Sep/2026:20:19:56 +0000] "GET /?action=edit&file=npm-README.1.gz&path=%2F%2Fopt%2Falt%2Falt-nodejs8%2Froot%2Flib%2Fnode_modules%2Fnpm%2Fman%2Fman1 HTTP/2" 200 27292 "https://www.visitkarimun.com/?path=%2F%2Fopt%2Falt%2Falt-nodejs8%2Froot%2Flib%2Fnode_modules%2Fnpm%2Fman%2Fman1" "Mozilla/5.0 AppleWebKit/537.36 (KHTML, like Gecko; compatible; GPTBot/1.4; +https://openai.com/gptbot)"
74.7.242.58 - - [25/Sep/2026:20:19:57 +0000] "GET /?action=edit&file=npm-run-script.1.gz&path=%2F%2Fopt%2Falt%2Falt-nodejs8%2Froot%2Flib%2Fnode_modules%2Fnpm%2Fman%2Fman1 HTTP/2" 200 27341 "https://www.visitkarimun.com/?path=%2F%2Fopt%2Falt%2Falt-nodejs8%2Froot%2Flib%2Fnode_modules%2Fnpm%2Fman%2Fman1" "Mozilla/5.0 AppleWebKit/537.36 (KHTML, like Gecko; compatible; GPTBot/1.4; +https://openai.com/gptbot)"
66.249.66.65 - - [25/Sep/2026:20:19:57 +0000] "GET /category/blog-artikel/?path=%2Fhome%2Fkarimun%2F.subaccounts HTTP/1.1" 200 28043 "-" "Mozilla/5.0 (Linux; Android 6.0.1; Nexus 5X Build/MMB29P) AppleWebKit/537.36 (KHTML, like Gecko) Chrome/153.0.8010.52 Mobile Safari/537.36 (compatible; Googlebot/2.1; +http://www.google.com/bot.html)"
74.7.242.58 - - [25/Sep/2026:20:19:58 +0000] "GET /?action=edit&file=npm-version.1.gz&path=%2F%2Fopt%2Falt%2Falt-nodejs8%2Froot%2Flib%2Fnode_modules%2Fnpm%2Fman%2Fman1 HTTP/2" 200 27264 "https://www.visitkarimun.com/?path=%2F%2Fopt%2Falt%2Falt-nodejs8%2Froot%2Flib%2Fnode_modules%2Fnpm%2Fman%2Fman1" "Mozilla/5.0 AppleWebKit/537.36 (KHTML, like Gecko; compatible; GPTBot/1.4; +https://openai.com/gptbot)"
74.7.242.58 - - [25/Sep/2026:20:19:58 +0000] "GET /?action=edit&file=npm-whoami.1.gz&path=%2F%2Fopt%2Falt%2Falt-nodejs8%2Froot%2Flib%2Fnode_modules%2Fnpm%2Fman%2Fman1 HTTP/2" 200 27291 "https://www.visitkarimun.com/?path=%2F%2Fopt%2Falt%2Falt-nodejs8%2Froot%2Flib%2Fnode_modules%2Fnpm%2Fman%2Fman1" "Mozilla/5.0 AppleWebKit/537.36 (KHTML, like Gecko; compatible; GPTBot/1.4; +https://openai.com/gptbot)"
74.7.242.58 - - [25/Sep/2026:20:19:59 +0000] "GET /?action=edit&file=npm-config.1.gz&path=%2F%2Fopt%2Falt%2Falt-nodejs8%2Froot%2Flib%2Fnode_modules%2Fnpm%2Fman%2Fman1 HTTP/2" 200 27290 "https://www.visitkarimun.com/?path=%2F%2Fopt%2Falt%2Falt-nodejs8%2Froot%2Flib%2Fnode_modules%2Fnpm%2Fman%2Fman1" "Mozilla/5.0 AppleWebKit/537.36 (KHTML, like Gecko; compatible; GPTBot/1.4; +https://openai.com/gptbot)"
74.7.242.58 - - [25/Sep/2026:20:20:00 +0000] "GET /?action=edit&file=npm-publish.1.gz&path=%2F%2Fopt%2Falt%2Falt-nodejs8%2Froot%2Flib%2Fnode_modules%2Fnpm%2Fman%2Fman1 HTTP/2" 200 27277 "https://www.visitkarimun.com/?path=%2F%2Fopt%2Falt%2Falt-nodejs8%2Froot%2Flib%2Fnode_modules%2Fnpm%2Fman%2Fman1" "Mozilla/5.0 AppleWebKit/537.36 (KHTML, like Gecko; compatible; GPTBot/1.4; +https://openai.com/gptbot)"
74.7.242.58 - - [25/Sep/2026:20:20:00 +0000] "GET /?action=edit&file=npm-help-search.1.gz&path=%2F%2Fopt%2Falt%2Falt-nodejs8%2Froot%2Flib%2Fnode_modules%2Fnpm%2Fman%2Fman1 HTTP/2" 200 27343 "https://www.visitkarimun.com/?path=%2F%2Fopt%2Falt%2Falt-nodejs8%2Froot%2Flib%2Fnode_modules%2Fnpm%2Fman%2Fman1" "Mozilla/5.0 AppleWebKit/537.36 (KHTML, like Gecko; compatible; GPTBot/1.4; +https://openai.com/gptbot)"
74.7.242.58 - - [25/Sep/2026:20:20:01 +0000] "GET /?action=edit&file=npm-org.1.gz&path=%2F%2Fopt%2Falt%2Falt-nodejs8%2Froot%2Flib%2Fnode_modules%2Fnpm%2Fman%2Fman1 HTTP/2" 200 27299 "https://www.visitkarimun.com/?path=%2F%2Fopt%2Falt%2Falt-nodejs8%2Froot%2Flib%2Fnode_modules%2Fnpm%2Fman%2Fman1" "Mozilla/5.0 AppleWebKit/537.36 (KHTML, like Gecko; compatible; GPTBot/1.4; +https://openai.com/gptbot)"
66.249.66.194 - - [25/Sep/2026:20:20:02 +0000] "GET /wp-content/plugins/easy-table-of-contents/vendor/js-cookie/js.cookie.min.js?ver=2.2.1%27%20defer%27%20defer HTTP/1.1" 200 995 "https://www.visitkarimun.com/category/blog-artikel/?path=%2Fhome%2Fkarimun%2F.subaccounts" "Mozilla/5.0 (Linux; Android 6.0.1; Nexus 5X Build/MMB29P) AppleWebKit/537.36 (KHTML, like Gecko) Chrome/153.0.8010.52 Mobile Safari/537.36 (compatible; Googlebot/2.1; +http://www.google.com/bot.html)"
66.249.66.35 - - [25/Sep/2026:20:20:03 +0000] "GET /wp-content/plugins/easy-table-of-contents/vendor/js-cookie/js.cookie.min.js?ver=2.2.1%27%20defer%27%20defer HTTP/1.1" 200 995 "https://www.visitkarimun.com/category/blog-artikel/?action=edit&file=site-editor.php&path=%2Fhome%2Fkarimun%2Fpublic_html%2Fwp-admin" "Mozilla/5.0 (Linux; Android 6.0.1; Nexus 5X Build/MMB29P) AppleWebKit/537.36 (KHTML, like Gecko) Chrome/153.0.8010.52 Mobile Safari/537.36 (compatible; Googlebot/2.1; +http://www.google.com/bot.html)"
74.7.242.58 - - [25/Sep/2026:20:20:03 +0000] "GET /?path=%2F%2Fopt%2Falt%2Falt-nodejs9%2Froot%2Flib%2Fnode_modules%2Fnpm%2Fman%2Fman6 HTTP/2" 200 27599 "https://www.visitkarimun.com/?path=%2F%2Fopt%2Falt%2Falt-nodejs9%2Froot%2Flib%2Fnode_modules%2Fnpm%2Fman" "Mozilla/5.0 AppleWebKit/537.36 (KHTML, like Gecko; compatible; GPTBot/1.4; +https://openai.com/gptbot)"
66.249.66.194 - - [25/Sep/2026:20:20:03 +0000] "GET /category/blog-artikel/?action=edit&file=themes.php&path=%2Fhome%2Fkarimun%2Fpublic_html%2Fwp-admin HTTP/1.1" 200 37478 "-" "Mozilla/5.0 (Linux; Android 6.0.1; Nexus 5X Build/MMB29P) AppleWebKit/537.36 (KHTML, like Gecko) Chrome/153.0.8010.52 Mobile Safari/537.36 (compatible; Googlebot/2.1; +http://www.google.com/bot.html)"
74.7.242.58 - - [25/Sep/2026:20:20:03 +0000] "GET /?path=%2F%2Fopt%2Falt%2Falt-nodejs6%2Froot%2Flib%2Fnode_modules%2Fnpm%2Fman%2Fman3x HTTP/2" 200 27571 "https://www.visitkarimun.com/?path=%2F%2Fopt%2Falt%2Falt-nodejs6%2Froot%2Flib%2Fnode_modules%2Fnpm%2Fman" "Mozilla/5.0 AppleWebKit/537.36 (KHTML, like Gecko; compatible; GPTBot/1.4; +https://openai.com/gptbot)"
74.7.242.58 - - [25/Sep/2026:20:20:04 +0000] "GET /?path=%2F%2Fopt%2Falt%2Falt-nodejs8%2Froot%2Flib%2Fnode_modules%2Fnpm%2Fman%2Fman5x HTTP/2" 200 27571 "https://www.visitkarimun.com/?path=%2F%2Fopt%2Falt%2Falt-nodejs8%2Froot%2Flib%2Fnode_modules%2Fnpm%2Fman" "Mozilla/5.0 AppleWebKit/537.36 (KHTML, like Gecko; compatible; GPTBot/1.4; +https://openai.com/gptbot)"
74.7.242.58 - - [25/Sep/2026:20:20:05 +0000] "GET /?path=%2F%2Fopt%2Falt%2Falt-nodejs9%2Froot%2Flib%2Fnode_modules%2Fnpm%2Fman%2Fman0p HTTP/2" 200 27569 "https://www.visitkarimun.com/?path=%2F%2Fopt%2Falt%2Falt-nodejs9%2Froot%2Flib%2Fnode_modules%2Fnpm%2Fman" "Mozilla/5.0 AppleWebKit/537.36 (KHTML, like Gecko; compatible; GPTBot/1.4; +https://openai.com/gptbot)"
74.7.242.58 - - [25/Sep/2026:20:20:06 +0000] "GET /?path=%2F%2Fopt%2Falt%2Falt-nodejs6%2Froot%2Flib%2Fnode_modules%2Fnpm%2Fman%2Fman7x HTTP/2" 200 27571 "https://www.visitkarimun.com/?path=%2F%2Fopt%2Falt%2Falt-nodejs6%2Froot%2Flib%2Fnode_modules%2Fnpm%2Fman" "Mozilla/5.0 AppleWebKit/537.36 (KHTML, like Gecko; compatible; GPTBot/1.4; +https://openai.com/gptbot)"
74.7.242.58 - - [25/Sep/2026:20:20:07 +0000] "GET /?path=%2F%2Fopt%2Falt%2Falt-nodejs9%2Froot%2Flib%2Fnode_modules%2Fnpm%2Fman%2Fman9 HTTP/2" 200 27598 "https://www.visitkarimun.com/?path=%2F%2Fopt%2Falt%2Falt-nodejs9%2Froot%2Flib%2Fnode_modules%2Fnpm%2Fman" "Mozilla/5.0 AppleWebKit/537.36 (KHTML, like Gecko; compatible; GPTBot/1.4; +https://openai.com/gptbot)"
74.7.242.58 - - [25/Sep/2026:20:20:08 +0000] "GET /?path=%2F%2Fopt%2Falt%2Falt-nodejs6%2Froot%2Flib%2Fnode_modules%2Fnpm%2Fman%2Fman4x HTTP/2" 200 27571 "https://www.visitkarimun.com/?path=%2F%2Fopt%2Falt%2Falt-nodejs6%2Froot%2Flib%2Fnode_modules%2Fnpm%2Fman" "Mozilla/5.0 AppleWebKit/537.36 (KHTML, like Gecko; compatible; GPTBot/1.4; +https://openai.com/gptbot)"
74.7.242.58 - - [25/Sep/2026:20:20:09 +0000] "GET /?path=%2F%2Fopt%2Falt%2Falt-nodejs9%2Froot%2Flib%2Fnode_modules%2Fnpm%2Fman%2Fman1x HTTP/2" 200 27571 "https://www.visitkarimun.com/?path=%2F%2Fopt%2Falt%2Falt-nodejs9%2Froot%2Flib%2Fnode_modules%2Fnpm%2Fman" "Mozilla/5.0 AppleWebKit/537.36 (KHTML, like Gecko; compatible; GPTBot/1.4; +https://openai.com/gptbot)"
74.7.242.58 - - [25/Sep/2026:20:20:10 +0000] "GET /?path=%2F%2Fopt%2Falt%2Falt-nodejs6%2Froot%2Flib%2Fnode_modules%2Fnpm%2Fman%2Fman1 HTTP/2" 200 28467 "https://www.visitkarimun.com/?path=%2F%2Fopt%2Falt%2Falt-nodejs6%2Froot%2Flib%2Fnode_modules%2Fnpm%2Fman" "Mozilla/5.0 AppleWebKit/537.36 (KHTML, like Gecko; compatible; GPTBot/1.4; +https://openai.com/gptbot)"
74.7.242.58 - - [25/Sep/2026:20:20:11 +0000] "GET /?path=%2F%2Fopt%2Falt%2Falt-nodejs8%2Froot%2Flib%2Fnode_modules%2Fnpm%2Fman%2Fman6x HTTP/2" 200 27571 "https://www.visitkarimun.com/?path=%2F%2Fopt%2Falt%2Falt-nodejs8%2Froot%2Flib%2Fnode_modules%2Fnpm%2Fman" "Mozilla/5.0 AppleWebKit/537.36 (KHTML, like Gecko; compatible; GPTBot/1.4; +https://openai.com/gptbot)"
66.249.66.193 - - [25/Sep/2026:20:20:11 +0000] "GET /category/blog-artikel/?path=%2F%2Flib64 HTTP/1.1" 200 50210 "-" "Mozilla/5.0 (Linux; Android 6.0.1; Nexus 5X Build/MMB29P) AppleWebKit/537.36 (KHTML, like Gecko) Chrome/153.0.8010.52 Mobile Safari/537.36 (compatible; Googlebot/2.1; +http://www.google.com/bot.html)"
74.7.242.58 - - [25/Sep/2026:20:20:12 +0000] "GET /?path=%2F%2Fopt%2Falt%2Falt-nodejs6%2Froot%2Flib%2Fnode_modules%2Fnpm%2Fman%2Fman4 HTTP/2" 200 27599 "https://www.visitkarimun.com/?path=%2F%2Fopt%2Falt%2Falt-nodejs6%2Froot%2Flib%2Fnode_modules%2Fnpm%2Fman" "Mozilla/5.0 AppleWebKit/537.36 (KHTML, like Gecko; compatible; GPTBot/1.4; +https://openai.com/gptbot)"
74.7.242.58 - - [25/Sep/2026:20:20:12 +0000] "GET /?path=//opt/alt/alt-nodejs9/root/lib/node_modules/npm/man/man6 HTTP/2" 200 27599 "https://www.visitkarimun.com/?path=%2F%2Fopt%2Falt%2Falt-nodejs9%2Froot%2Flib%2Fnode_modules%2Fnpm%2Fman%2Fman6" "Mozilla/5.0 AppleWebKit/537.36 (KHTML, like Gecko; compatible; GPTBot/1.4; +https://openai.com/gptbot)"
74.7.242.58 - - [25/Sep/2026:20:20:13 +0000] "GET /?path=//opt/alt/alt-nodejs6/root/lib/node_modules/npm/man/man3x HTTP/2" 200 27571 "https://www.visitkarimun.com/?path=%2F%2Fopt%2Falt%2Falt-nodejs6%2Froot%2Flib%2Fnode_modules%2Fnpm%2Fman%2Fman3x" "Mozilla/5.0 AppleWebKit/537.36 (KHTML, like Gecko; compatible; GPTBot/1.4; +https://openai.com/gptbot)"
74.7.242.58 - - [25/Sep/2026:20:20:14 +0000] "GET /?path=//opt/alt/alt-nodejs8/root/lib/node_modules/npm/man/man5x HTTP/2" 200 27571 "https://www.visitkarimun.com/?path=%2F%2Fopt%2Falt%2Falt-nodejs8%2Froot%2Flib%2Fnode_modules%2Fnpm%2Fman%2Fman5x" "Mozilla/5.0 AppleWebKit/537.36 (KHTML, like Gecko; compatible; GPTBot/1.4; +https://openai.com/gptbot)"
74.7.242.58 - - [25/Sep/2026:20:20:14 +0000] "GET /?path=//opt/alt/alt-nodejs9/root/lib/node_modules/npm/man/man0p HTTP/2" 200 27569 "https://www.visitkarimun.com/?path=%2F%2Fopt%2Falt%2Falt-nodejs9%2Froot%2Flib%2Fnode_modules%2Fnpm%2Fman%2Fman0p" "Mozilla/5.0 AppleWebKit/537.36 (KHTML, like Gecko; compatible; GPTBot/1.4; +https://openai.com/gptbot)"
74.7.242.58 - - [25/Sep/2026:20:20:15 +0000] "GET /?path=//opt/alt/alt-nodejs6/root/lib/node_modules/npm/man/man7x HTTP/2" 200 27571 "https://www.visitkarimun.com/?path=%2F%2Fopt%2Falt%2Falt-nodejs6%2Froot%2Flib%2Fnode_modules%2Fnpm%2Fman%2Fman7x" "Mozilla/5.0 AppleWebKit/537.36 (KHTML, like Gecko; compatible; GPTBot/1.4; +https://openai.com/gptbot)"
74.7.242.58 - - [25/Sep/2026:20:20:16 +0000] "GET /?path=//opt/alt/alt-nodejs9/root/lib/node_modules/npm/man/man9 HTTP/2" 200 27598 "https://www.visitkarimun.com/?path=%2F%2Fopt%2Falt%2Falt-nodejs9%2Froot%2Flib%2Fnode_modules%2Fnpm%2Fman%2Fman9" "Mozilla/5.0 AppleWebKit/537.36 (KHTML, like Gecko; compatible; GPTBot/1.4; +https://openai.com/gptbot)"
74.7.242.58 - - [25/Sep/2026:20:20:17 +0000] "GET /?path=//opt/alt/alt-nodejs6/root/lib/node_modules/npm/man/man4x HTTP/2" 200 27571 "https://www.visitkarimun.com/?path=%2F%2Fopt%2Falt%2Falt-nodejs6%2Froot%2Flib%2Fnode_modules%2Fnpm%2Fman%2Fman4x" "Mozilla/5.0 AppleWebKit/537.36 (KHTML, like Gecko; compatible; GPTBot/1.4; +https://openai.com/gptbot)"
74.7.242.58 - - [25/Sep/2026:20:20:17 +0000] "GET /?path=//opt/alt/alt-nodejs9/root/lib/node_modules/npm/man/man1x HTTP/2" 200 27571 "https://www.visitkarimun.com/?path=%2F%2Fopt%2Falt%2Falt-nodejs9%2Froot%2Flib%2Fnode_modules%2Fnpm%2Fman%2Fman1x" "Mozilla/5.0 AppleWebKit/537.36 (KHTML, like Gecko; compatible; GPTBot/1.4; +https://openai.com/gptbot)"
74.7.242.58 - - [25/Sep/2026:20:20:18 +0000] "GET /?path=//opt/alt/alt-nodejs6/root/lib/node_modules/npm/man/man1 HTTP/2" 200 28469 "https://www.visitkarimun.com/?path=%2F%2Fopt%2Falt%2Falt-nodejs6%2Froot%2Flib%2Fnode_modules%2Fnpm%2Fman%2Fman1" "Mozilla/5.0 AppleWebKit/537.36 (KHTML, like Gecko; compatible; GPTBot/1.4; +https://openai.com/gptbot)"
74.7.242.58 - - [25/Sep/2026:20:20:19 +0000] "GET /?path=//opt/alt/alt-nodejs8/root/lib/node_modules/npm/man/man6x HTTP/2" 200 27571 "https://www.visitkarimun.com/?path=%2F%2Fopt%2Falt%2Falt-nodejs8%2Froot%2Flib%2Fnode_modules%2Fnpm%2Fman%2Fman6x" "Mozilla/5.0 AppleWebKit/537.36 (KHTML, like Gecko; compatible; GPTBot/1.4; +https://openai.com/gptbot)"
74.7.242.58 - - [25/Sep/2026:20:20:19 +0000] "GET /?path=//opt/alt/alt-nodejs6/root/lib/node_modules/npm/man/man4 HTTP/2" 200 27599 "https://www.visitkarimun.com/?path=%2F%2Fopt%2Falt%2Falt-nodejs6%2Froot%2Flib%2Fnode_modules%2Fnpm%2Fman%2Fman4" "Mozilla/5.0 AppleWebKit/537.36 (KHTML, like Gecko; compatible; GPTBot/1.4; +https://openai.com/gptbot)"
74.7.242.58 - - [25/Sep/2026:20:20:20 +0000] "GET /?action=edit&file=npm-prune.1.gz&path=%2F%2Fopt%2Falt%2Falt-nodejs6%2Froot%2Flib%2Fnode_modules%2Fnpm%2Fman%2Fman1 HTTP/2" 200 27258 "https://www.visitkarimun.com/?path=%2F%2Fopt%2Falt%2Falt-nodejs6%2Froot%2Flib%2Fnode_modules%2Fnpm%2Fman%2Fman1" "Mozilla/5.0 AppleWebKit/537.36 (KHTML, like Gecko; compatible; GPTBot/1.4; +https://openai.com/gptbot)"
74.7.242.58 - - [25/Sep/2026:20:20:21 +0000] "GET /?action=edit&file=npm-stars.1.gz&path=%2F%2Fopt%2Falt%2Falt-nodejs6%2Froot%2Flib%2Fnode_modules%2Fnpm%2Fman%2Fman1 HTTP/2" 200 27257 "https://www.visitkarimun.com/?path=%2F%2Fopt%2Falt%2Falt-nodejs6%2Froot%2Flib%2Fnode_modules%2Fnpm%2Fman%2Fman1" "Mozilla/5.0 AppleWebKit/537.36 (KHTML, like Gecko; compatible; GPTBot/1.4; +https://openai.com/gptbot)"
74.7.242.58 - - [25/Sep/2026:20:20:21 +0000] "GET /?action=edit&file=npm-owner.1.gz&path=%2F%2Fopt%2Falt%2Falt-nodejs6%2Froot%2Flib%2Fnode_modules%2Fnpm%2Fman%2Fman1 HTTP/2" 200 27255 "https://www.visitkarimun.com/?path=%2F%2Fopt%2Falt%2Falt-nodejs6%2Froot%2Flib%2Fnode_modules%2Fnpm%2Fman%2Fman1" "Mozilla/5.0 AppleWebKit/537.36 (KHTML, like Gecko; compatible; GPTBot/1.4; +https://openai.com/gptbot)"
66.249.66.65 - - [25/Sep/2026:20:20:22 +0000] "GET /wp-content/plugins/easy-table-of-contents/vendor/js-cookie/js.cookie.min.js?ver=2.2.1%27%20defer%27%20defer HTTP/1.1" 200 995 "https://www.visitkarimun.com/category/blog-artikel/?action=edit&file=freedoms.php&path=%2Fhome%2Fkarimun%2Fpublic_html%2Fwp-admin" "Mozilla/5.0 (Linux; Android 6.0.1; Nexus 5X Build/MMB29P) AppleWebKit/537.36 (KHTML, like Gecko) Chrome/153.0.8010.52 Mobile Safari/537.36 (compatible; Googlebot/2.1; +http://www.google.com/bot.html)"
74.7.242.58 - - [25/Sep/2026:20:20:22 +0000] "GET /?action=edit&file=npm-build.1.gz&path=%2F%2Fopt%2Falt%2Falt-nodejs6%2Froot%2Flib%2Fnode_modules%2Fnpm%2Fman%2Fman1 HTTP/2" 200 27255 "https://www.visitkarimun.com/?path=%2F%2Fopt%2Falt%2Falt-nodejs6%2Froot%2Flib%2Fnode_modules%2Fnpm%2Fman%2Fman1" "Mozilla/5.0 AppleWebKit/537.36 (KHTML, like Gecko; compatible; GPTBot/1.4; +https://openai.com/gptbot)"
74.7.242.58 - - [25/Sep/2026:20:20:22 +0000] "GET /?action=edit&file=npm-cache.1.gz&path=%2F%2Fopt%2Falt%2Falt-nodejs6%2Froot%2Flib%2Fnode_modules%2Fnpm%2Fman%2Fman1 HTTP/2" 200 27258 "https://www.visitkarimun.com/?path=%2F%2Fopt%2Falt%2Falt-nodejs6%2Froot%2Flib%2Fnode_modules%2Fnpm%2Fman%2Fman1" "Mozilla/5.0 AppleWebKit/537.36 (KHTML, like Gecko; compatible; GPTBot/1.4; +https://openai.com/gptbot)"
74.7.242.58 - - [25/Sep/2026:20:20:23 +0000] "GET /?action=edit&file=npm-help.1.gz&path=%2F%2Fopt%2Falt%2Falt-nodejs6%2Froot%2Flib%2Fnode_modules%2Fnpm%2Fman%2Fman1 HTTP/2" 200 27278 "https://www.visitkarimun.com/?path=%2F%2Fopt%2Falt%2Falt-nodejs6%2Froot%2Flib%2Fnode_modules%2Fnpm%2Fman%2Fman1" "Mozilla/5.0 AppleWebKit/537.36 (KHTML, like Gecko; compatible; GPTBot/1.4; +https://openai.com/gptbot)"
74.7.242.58 - - [25/Sep/2026:20:20:24 +0000] "GET /?action=edit&file=npm-uninstall.1.gz&path=%2F%2Fopt%2Falt%2Falt-nodejs6%2Froot%2Flib%2Fnode_modules%2Fnpm%2Fman%2Fman1 HTTP/2" 200 27297 "https://www.visitkarimun.com/?path=%2F%2Fopt%2Falt%2Falt-nodejs6%2Froot%2Flib%2Fnode_modules%2Fnpm%2Fman%2Fman1" "Mozilla/5.0 AppleWebKit/537.36 (KHTML, like Gecko; compatible; GPTBot/1.4; +https://openai.com/gptbot)"
74.7.242.58 - - [25/Sep/2026:20:20:25 +0000] "GET /?action=edit&file=npm-completion.1.gz&path=%2F%2Fopt%2Falt%2Falt-nodejs6%2Froot%2Flib%2Fnode_modules%2Fnpm%2Fman%2Fman1 HTTP/2" 200 27341 "https://www.visitkarimun.com/?path=%2F%2Fopt%2Falt%2Falt-nodejs6%2Froot%2Flib%2Fnode_modules%2Fnpm%2Fman%2Fman1" "Mozilla/5.0 AppleWebKit/537.36 (KHTML, like Gecko; compatible; GPTBot/1.4; +https://openai.com/gptbot)"
74.7.242.58 - - [25/Sep/2026:20:20:26 +0000] "GET /?action=edit&file=npm-deprecate.1.gz&path=%2F%2Fopt%2Falt%2Falt-nodejs6%2Froot%2Flib%2Fnode_modules%2Fnpm%2Fman%2Fman1 HTTP/2" 200 27298 "https://www.visitkarimun.com/?path=%2F%2Fopt%2Falt%2Falt-nodejs6%2Froot%2Flib%2Fnode_modules%2Fnpm%2Fman%2Fman1" "Mozilla/5.0 AppleWebKit/537.36 (KHTML, like Gecko; compatible; GPTBot/1.4; +https://openai.com/gptbot)"
66.249.66.193 - - [25/Sep/2026:20:20:26 +0000] "GET /category/blog-artikel/?path=%2Fhome%2Fkarimun%2F.caldav HTTP/1.1" 200 28165 "-" "Mozilla/5.0 (Linux; Android 6.0.1; Nexus 5X Build/MMB29P) AppleWebKit/537.36 (KHTML, like Gecko) Chrome/153.0.8010.52 Mobile Safari/537.36 (compatible; Googlebot/2.1; +http://www.google.com/bot.html)"
74.7.242.58 - - [25/Sep/2026:20:20:27 +0000] "GET /?action=edit&file=node.1.gz&path=%2F%2Fopt%2Falt%2Falt-nodejs6%2Froot%2Flib%2Fnode_modules%2Fnpm%2Fman%2Fman1 HTTP/2" 200 27219 "https://www.visitkarimun.com/?path=%2F%2Fopt%2Falt%2Falt-nodejs6%2Froot%2Flib%2Fnode_modules%2Fnpm%2Fman%2Fman1" "Mozilla/5.0 AppleWebKit/537.36 (KHTML, like Gecko; compatible; GPTBot/1.4; +https://openai.com/gptbot)"
74.7.242.58 - - [25/Sep/2026:20:20:27 +0000] "GET /?action=edit&file=npm-logout.1.gz&path=%2F%2Fopt%2Falt%2Falt-nodejs6%2Froot%2Flib%2Fnode_modules%2Fnpm%2Fman%2Fman1 HTTP/2" 200 27291 "https://www.visitkarimun.com/?path=%2F%2Fopt%2Falt%2Falt-nodejs6%2Froot%2Flib%2Fnode_modules%2Fnpm%2Fman%2Fman1" "Mozilla/5.0 AppleWebKit/537.36 (KHTML, like Gecko; compatible; GPTBot/1.4; +https://openai.com/gptbot)"
74.7.242.58 - - [25/Sep/2026:20:20:28 +0000] "GET /?action=edit&file=npm-bundle.1.gz&path=%2F%2Fopt%2Falt%2Falt-nodejs6%2Froot%2Flib%2Fnode_modules%2Fnpm%2Fman%2Fman1 HTTP/2" 200 27291 "https://www.visitkarimun.com/?path=%2F%2Fopt%2Falt%2Falt-nodejs6%2Froot%2Flib%2Fnode_modules%2Fnpm%2Fman%2Fman1" "Mozilla/5.0 AppleWebKit/537.36 (KHTML, like Gecko; compatible; GPTBot/1.4; +https://openai.com/gptbot)"
66.249.66.193 - - [25/Sep/2026:20:20:29 +0000] "GET /paket-wisata-karimunjawa-dari-magelang/ HTTP/1.1" 200 37724 "-" "Mozilla/5.0 (Linux; Android 6.0.1; Nexus 5X Build/MMB29P) AppleWebKit/537.36 (KHTML, like Gecko) Chrome/153.0.8010.52 Mobile Safari/537.36 (compatible; Googlebot/2.1; +http://www.google.com/bot.html)"
74.7.242.58 - - [25/Sep/2026:20:20:29 +0000] "GET /?action=edit&file=npm-dedupe.1.gz&path=%2F%2Fopt%2Falt%2Falt-nodejs6%2Froot%2Flib%2Fnode_modules%2Fnpm%2Fman%2Fman1 HTTP/2" 200 27290 "https://www.visitkarimun.com/?path=%2F%2Fopt%2Falt%2Falt-nodejs6%2Froot%2Flib%2Fnode_modules%2Fnpm%2Fman%2Fman1" "Mozilla/5.0 AppleWebKit/537.36 (KHTML, like Gecko; compatible; GPTBot/1.4; +https://openai.com/gptbot)"
66.249.66.65 - - [25/Sep/2026:20:20:30 +0000] "GET /wp-content/themes/wizata-per/responsive.css HTTP/1.1" 200 1113 "https://www.visitkarimun.com/category/blog-artikel/?action=edit&file=edit-tag-form.php&path=%2Fhome%2Fkarimun%2Fpublic_html%2Fwp-admin" "Mozilla/5.0 (Linux; Android 6.0.1; Nexus 5X Build/MMB29P) AppleWebKit/537.36 (KHTML, like Gecko) Chrome/153.0.8010.52 Mobile Safari/537.36 (compatible; Googlebot/2.1; +http://www.google.com/bot.html)"
74.7.242.58 - - [25/Sep/2026:20:20:30 +0000] "GET /?action=edit&file=npm-restart.1.gz&path=%2F%2Fopt%2Falt%2Falt-nodejs6%2Froot%2Flib%2Fnode_modules%2Fnpm%2Fman%2Fman1 HTTP/2" 200 27276 "https://www.visitkarimun.com/?path=%2F%2Fopt%2Falt%2Falt-nodejs6%2Froot%2Flib%2Fnode_modules%2Fnpm%2Fman%2Fman1" "Mozilla/5.0 AppleWebKit/537.36 (KHTML, like Gecko; compatible; GPTBot/1.4; +https://openai.com/gptbot)"
66.249.66.65 - - [25/Sep/2026:20:20:30 +0000] "GET /category/blog-artikel/?action=edit&file=options-permalink.php&path=%2Fhome%2Fkarimun%2Fpublic_html%2Fwp-admin HTTP/1.1" 200 34088 "-" "Mozilla/5.0 (Linux; Android 6.0.1; Nexus 5X Build/MMB29P) AppleWebKit/537.36 (KHTML, like Gecko) Chrome/153.0.8010.52 Mobile Safari/537.36 (compatible; Googlebot/2.1; +http://www.google.com/bot.html)"
74.7.242.58 - - [25/Sep/2026:20:20:31 +0000] "GET /?action=edit&file=npm-outdated.1.gz&path=%2F%2Fopt%2Falt%2Falt-nodejs6%2Froot%2Flib%2Fnode_modules%2Fnpm%2Fman%2Fman1 HTTP/2" 200 27258 "https://www.visitkarimun.com/?path=%2F%2Fopt%2Falt%2Falt-nodejs6%2Froot%2Flib%2Fnode_modules%2Fnpm%2Fman%2Fman1" "Mozilla/5.0 AppleWebKit/537.36 (KHTML, like Gecko; compatible; GPTBot/1.4; +https://openai.com/gptbot)"
74.7.242.58 - - [25/Sep/2026:20:20:32 +0000] "GET /?action=edit&file=npm-unpublish.1.gz&path=%2F%2Fopt%2Falt%2Falt-nodejs6%2Froot%2Flib%2Fnode_modules%2Fnpm%2Fman%2Fman1 HTTP/2" 200 27299 "https://www.visitkarimun.com/?path=%2F%2Fopt%2Falt%2Falt-nodejs6%2Froot%2Flib%2Fnode_modules%2Fnpm%2Fman%2Fman1" "Mozilla/5.0 AppleWebKit/537.36 (KHTML, like Gecko; compatible; GPTBot/1.4; +https://openai.com/gptbot)"
74.7.242.58 - - [25/Sep/2026:20:20:33 +0000] "GET /?action=edit&file=npm-shrinkwrap.1.gz&path=%2F%2Fopt%2Falt%2Falt-nodejs6%2Froot%2Flib%2Fnode_modules%2Fnpm%2Fman%2Fman1 HTTP/2" 200 27330 "https://www.visitkarimun.com/?path=%2F%2Fopt%2Falt%2Falt-nodejs6%2Froot%2Flib%2Fnode_modules%2Fnpm%2Fman%2Fman1" "Mozilla/5.0 AppleWebKit/537.36 (KHTML, like Gecko; compatible; GPTBot/1.4; +https://openai.com/gptbot)"
74.7.242.58 - - [25/Sep/2026:20:20:34 +0000] "GET /?action=edit&file=npm-whoami.1.gz&path=%2F%2Fopt%2Falt%2Falt-nodejs6%2Froot%2Flib%2Fnode_modules%2Fnpm%2Fman%2Fman1 HTTP/2" 200 27291 "https://www.visitkarimun.com/?path=%2F%2Fopt%2Falt%2Falt-nodejs6%2Froot%2Flib%2Fnode_modules%2Fnpm%2Fman%2Fman1" "Mozilla/5.0 AppleWebKit/537.36 (KHTML, like Gecko; compatible; GPTBot/1.4; +https://openai.com/gptbot)"
74.7.242.58 - - [25/Sep/2026:20:20:35 +0000] "GET /?action=edit&file=npm-run-script.1.gz&path=%2F%2Fopt%2Falt%2Falt-nodejs6%2Froot%2Flib%2Fnode_modules%2Fnpm%2Fman%2Fman1 HTTP/2" 200 27341 "https://www.visitkarimun.com/?path=%2F%2Fopt%2Falt%2Falt-nodejs6%2Froot%2Flib%2Fnode_modules%2Fnpm%2Fman%2Fman1" "Mozilla/5.0 AppleWebKit/537.36 (KHTML, like Gecko; compatible; GPTBot/1.4; +https://openai.com/gptbot)"
34.141.248.194 - - [25/Sep/2026:20:20:35 +0000] "GET / HTTP/1.1" 200 31306 "-" "Mozilla/5.0 (Macintosh; Intel Mac OS X 10_15_7) AppleWebKit/537.36 (KHTML, like Gecko) Chrome/131.0.0.0 Safari/537.36"
34.141.248.194 - - [25/Sep/2026:20:20:35 +0000] "POST / HTTP/1.1" 403 10745 "-" "Mozilla/5.0 (Macintosh; Intel Mac OS X 10_15_7) AppleWebKit/537.36 (KHTML, like Gecko) Chrome/131.0.0.0 Safari/537.36"
34.141.248.194 - - [25/Sep/2026:20:20:35 +0000] "POST / HTTP/1.1" 403 10745 "-" "Mozilla/5.0 (Macintosh; Intel Mac OS X 10_15_7) AppleWebKit/537.36 (KHTML, like Gecko) Chrome/131.0.0.0 Safari/537.36"
34.141.248.194 - - [25/Sep/2026:20:20:36 +0000] "POST / HTTP/1.1" 403 10745 "-" "Mozilla/5.0 (Macintosh; Intel Mac OS X 10_15_7) AppleWebKit/537.36 (KHTML, like Gecko) Chrome/131.0.0.0 Safari/537.36"
34.141.248.194 - - [25/Sep/2026:20:20:36 +0000] "GET /.git/config HTTP/1.1" 403 1242 "-" "Mozilla/5.0 (Macintosh; Intel Mac OS X 10_15_7) AppleWebKit/537.36 (KHTML, like Gecko) Chrome/131.0.0.0 Safari/537.36"
74.7.242.58 - - [25/Sep/2026:20:20:35 +0000] "GET /?action=edit&file=npm-rebuild.1.gz&path=%2F%2Fopt%2Falt%2Falt-nodejs6%2Froot%2Flib%2Fnode_modules%2Fnpm%2Fman%2Fman1 HTTP/2" 200 27276 "https://www.visitkarimun.com/?path=%2F%2Fopt%2Falt%2Falt-nodejs6%2Froot%2Flib%2Fnode_modules%2Fnpm%2Fman%2Fman1" "Mozilla/5.0 AppleWebKit/537.36 (KHTML, like Gecko; compatible; GPTBot/1.4; +https://openai.com/gptbot)"
66.249.66.35 - - [25/Sep/2026:20:20:36 +0000] "GET /category/blog-artikel/?path=%2F%2Fhome4 HTTP/1.1" 200 28007 "-" "Mozilla/5.0 (Linux; Android 6.0.1; Nexus 5X Build/MMB29P) AppleWebKit/537.36 (KHTML, like Gecko) Chrome/153.0.8010.52 Mobile Safari/537.36 (compatible; Googlebot/2.1; +http://www.google.com/bot.html)"
34.141.248.194 - - [25/Sep/2026:20:20:36 +0000] "POST / HTTP/1.1" 200 30886 "-" "Mozilla/5.0 (Macintosh; Intel Mac OS X 10_15_7) AppleWebKit/537.36 (KHTML, like Gecko) Chrome/131.0.0.0 Safari/537.36"
34.141.248.194 - - [25/Sep/2026:20:20:37 +0000] "GET /.env HTTP/1.1" 403 1242 "-" "Mozilla/5.0 (Macintosh; Intel Mac OS X 10_15_7) AppleWebKit/537.36 (KHTML, like Gecko) Chrome/131.0.0.0 Safari/537.36"
192.250.235.217 - - [25/Sep/2026:20:20:37 +0000] "POST /wp-cron.php?doing_wp_cron=1790367637.2636270523071289062500 HTTP/1.1" 200 0 "-" "WordPress/7.1.2; https://www.visitkarimun.com"
74.7.242.58 - - [25/Sep/2026:20:20:36 +0000] "GET /?action=edit&file=npm-access.1.gz&path=%2F%2Fopt%2Falt%2Falt-nodejs6%2Froot%2Flib%2Fnode_modules%2Fnpm%2Fman%2Fman1 HTTP/2" 200 27290 "https://www.visitkarimun.com/?path=%2F%2Fopt%2Falt%2Falt-nodejs6%2Froot%2Flib%2Fnode_modules%2Fnpm%2Fman%2Fman1" "Mozilla/5.0 AppleWebKit/537.36 (KHTML, like Gecko; compatible; GPTBot/1.4; +https://openai.com/gptbot)"
34.141.248.194 - - [25/Sep/2026:20:20:37 +0000] "GET /.env.local HTTP/1.1" 403 1242 "-" "Mozilla/5.0 (Macintosh; Intel Mac OS X 10_15_7) AppleWebKit/537.36 (KHTML, like Gecko) Chrome/131.0.0.0 Safari/537.36"
34.141.248.194 - - [25/Sep/2026:20:20:37 +0000] "GET /.env.production HTTP/1.1" 403 1242 "-" "Mozilla/5.0 (Macintosh; Intel Mac OS X 10_15_7) AppleWebKit/537.36 (KHTML, like Gecko) Chrome/131.0.0.0 Safari/537.36"
34.141.248.194 - - [25/Sep/2026:20:20:37 +0000] "GET /.env.staging HTTP/1.1" 403 1242 "-" "Mozilla/5.0 (Macintosh; Intel Mac OS X 10_15_7) AppleWebKit/537.36 (KHTML, like Gecko) Chrome/131.0.0.0 Safari/537.36"
34.141.248.194 - - [25/Sep/2026:20:20:37 +0000] "GET /.env.development HTTP/1.1" 403 1242 "-" "Mozilla/5.0 (Macintosh; Intel Mac OS X 10_15_7) AppleWebKit/537.36 (KHTML, like Gecko) Chrome/131.0.0.0 Safari/537.36"
34.141.248.194 - - [25/Sep/2026:20:20:37 +0000] "GET /.env.test HTTP/1.1" 403 1242 "-" "Mozilla/5.0 (Macintosh; Intel Mac OS X 10_15_7) AppleWebKit/537.36 (KHTML, like Gecko) Chrome/131.0.0.0 Safari/537.36"
34.141.248.194 - - [25/Sep/2026:20:20:38 +0000] "GET /.env.remote HTTP/1.1" 403 1242 "-" "Mozilla/5.0 (Macintosh; Intel Mac OS X 10_15_7) AppleWebKit/537.36 (KHTML, like Gecko) Chrome/131.0.0.0 Safari/537.36"
74.7.242.58 - - [25/Sep/2026:20:20:37 +0000] "GET /?action=edit&file=npm-explore.1.gz&path=%2F%2Fopt%2Falt%2Falt-nodejs6%2Froot%2Flib%2Fnode_modules%2Fnpm%2Fman%2Fman1 HTTP/2" 200 27263 "https://www.visitkarimun.com/?path=%2F%2Fopt%2Falt%2Falt-nodejs6%2Froot%2Flib%2Fnode_modules%2Fnpm%2Fman%2Fman1" "Mozilla/5.0 AppleWebKit/537.36 (KHTML, like Gecko; compatible; GPTBot/1.4; +https://openai.com/gptbot)"
34.141.248.194 - - [25/Sep/2026:20:20:38 +0000] "GET /.env.bak HTTP/1.1" 403 1242 "-" "Mozilla/5.0 (Macintosh; Intel Mac OS X 10_15_7) AppleWebKit/537.36 (KHTML, like Gecko) Chrome/131.0.0.0 Safari/537.36"
34.141.248.194 - - [25/Sep/2026:20:20:38 +0000] "GET /.env.backup HTTP/1.1" 403 1242 "-" "Mozilla/5.0 (Macintosh; Intel Mac OS X 10_15_7) AppleWebKit/537.36 (KHTML, like Gecko) Chrome/131.0.0.0 Safari/537.36"
34.141.248.194 - - [25/Sep/2026:20:20:38 +0000] "GET /.env.save HTTP/1.1" 403 1242 "-" "Mozilla/5.0 (Macintosh; Intel Mac OS X 10_15_7) AppleWebKit/537.36 (KHTML, like Gecko) Chrome/131.0.0.0 Safari/537.36"
34.141.248.194 - - [25/Sep/2026:20:20:38 +0000] "GET /.env.old HTTP/1.1" 403 1242 "-" "Mozilla/5.0 (Macintosh; Intel Mac OS X 10_15_7) AppleWebKit/537.36 (KHTML, like Gecko) Chrome/131.0.0.0 Safari/537.36"
34.141.248.194 - - [25/Sep/2026:20:20:38 +0000] "GET /.env.sample HTTP/1.1" 403 1242 "-" "Mozilla/5.0 (Macintosh; Intel Mac OS X 10_15_7) AppleWebKit/537.36 (KHTML, like Gecko) Chrome/131.0.0.0 Safari/537.36"
74.7.242.58 - - [25/Sep/2026:20:20:38 +0000] "GET /?action=edit&file=npm-config.1.gz&path=%2F%2Fopt%2Falt%2Falt-nodejs6%2Froot%2Flib%2Fnode_modules%2Fnpm%2Fman%2Fman1 HTTP/2" 200 27290 "https://www.visitkarimun.com/?path=%2F%2Fopt%2Falt%2Falt-nodejs6%2Froot%2Flib%2Fnode_modules%2Fnpm%2Fman%2Fman1" "Mozilla/5.0 AppleWebKit/537.36 (KHTML, like Gecko; compatible; GPTBot/1.4; +https://openai.com/gptbot)"
34.141.248.194 - - [25/Sep/2026:20:20:39 +0000] "GET /.env.example HTTP/1.1" 403 1242 "-" "Mozilla/5.0 (Macintosh; Intel Mac OS X 10_15_7) AppleWebKit/537.36 (KHTML, like Gecko) Chrome/131.0.0.0 Safari/537.36"
34.141.248.194 - - [25/Sep/2026:20:20:39 +0000] "GET /.env.dev HTTP/1.1" 403 1242 "-" "Mozilla/5.0 (Macintosh; Intel Mac OS X 10_15_7) AppleWebKit/537.36 (KHTML, like Gecko) Chrome/131.0.0.0 Safari/537.36"
34.141.248.194 - - [25/Sep/2026:20:20:39 +0000] "GET /.env.prod HTTP/1.1" 403 1242 "-" "Mozilla/5.0 (Macintosh; Intel Mac OS X 10_15_7) AppleWebKit/537.36 (KHTML, like Gecko) Chrome/131.0.0.0 Safari/537.36"
34.141.248.194 - - [25/Sep/2026:20:20:39 +0000] "GET /.env.stage HTTP/1.1" 403 1242 "-" "Mozilla/5.0 (Macintosh; Intel Mac OS X 10_15_7) AppleWebKit/537.36 (KHTML, like Gecko) Chrome/131.0.0.0 Safari/537.36"
74.7.242.58 - - [25/Sep/2026:20:20:39 +0000] "GET /?action=edit&file=npm-adduser.1.gz&path=%2F%2Fopt%2Falt%2Falt-nodejs6%2Froot%2Flib%2Fnode_modules%2Fnpm%2Fman%2Fman1 HTTP/2" 200 27276 "https://www.visitkarimun.com/?path=%2F%2Fopt%2Falt%2Falt-nodejs6%2Froot%2Flib%2Fnode_modules%2Fnpm%2Fman%2Fman1" "Mozilla/5.0 AppleWebKit/537.36 (KHTML, like Gecko; compatible; GPTBot/1.4; +https://openai.com/gptbot)"
34.141.248.194 - - [25/Sep/2026:20:20:39 +0000] "GET /.env.ci HTTP/1.1" 403 1242 "-" "Mozilla/5.0 (Macintosh; Intel Mac OS X 10_15_7) AppleWebKit/537.36 (KHTML, like Gecko) Chrome/131.0.0.0 Safari/537.36"
34.141.248.194 - - [25/Sep/2026:20:20:39 +0000] "GET /.env.docker HTTP/1.1" 403 1242 "-" "Mozilla/5.0 (Macintosh; Intel Mac OS X 10_15_7) AppleWebKit/537.36 (KHTML, like Gecko) Chrome/131.0.0.0 Safari/537.36"
34.141.248.194 - - [25/Sep/2026:20:20:40 +0000] "GET /.env.live HTTP/1.1" 403 1242 "-" "Mozilla/5.0 (Macintosh; Intel Mac OS X 10_15_7) AppleWebKit/537.36 (KHTML, like Gecko) Chrome/131.0.0.0 Safari/537.36"
34.141.248.194 - - [25/Sep/2026:20:20:40 +0000] "GET /.env.preprod HTTP/1.1" 403 1242 "-" "Mozilla/5.0 (Macintosh; Intel Mac OS X 10_15_7) AppleWebKit/537.36 (KHTML, like Gecko) Chrome/131.0.0.0 Safari/537.36"
34.141.248.194 - - [25/Sep/2026:20:20:40 +0000] "GET /.env.uat HTTP/1.1" 403 1242 "-" "Mozilla/5.0 (Macintosh; Intel Mac OS X 10_15_7) AppleWebKit/537.36 (KHTML, like Gecko) Chrome/131.0.0.0 Safari/537.36"
74.7.242.58 - - [25/Sep/2026:20:20:40 +0000] "GET /?action=edit&file=npm-prefix.1.gz&path=%2F%2Fopt%2Falt%2Falt-nodejs6%2Froot%2Flib%2Fnode_modules%2Fnpm%2Fman%2Fman1 HTTP/2" 200 27286 "https://www.visitkarimun.com/?path=%2F%2Fopt%2Falt%2Falt-nodejs6%2Froot%2Flib%2Fnode_modules%2Fnpm%2Fman%2Fman1" "Mozilla/5.0 AppleWebKit/537.36 (KHTML, like Gecko; compatible; GPTBot/1.4; +https://openai.com/gptbot)"
34.141.248.194 - - [25/Sep/2026:20:20:40 +0000] "GET /.env.dist HTTP/1.1" 403 1242 "-" "Mozilla/5.0 (Macintosh; Intel Mac OS X 10_15_7) AppleWebKit/537.36 (KHTML, like Gecko) Chrome/131.0.0.0 Safari/537.36"
34.141.248.194 - - [25/Sep/2026:20:20:40 +0000] "GET /.env.swp HTTP/1.1" 403 1242 "-" "Mozilla/5.0 (Macintosh; Intel Mac OS X 10_15_7) AppleWebKit/537.36 (KHTML, like Gecko) Chrome/131.0.0.0 Safari/537.36"
34.141.248.194 - - [25/Sep/2026:20:20:40 +0000] "GET /.env~ HTTP/1.1" 403 1242 "-" "Mozilla/5.0 (Macintosh; Intel Mac OS X 10_15_7) AppleWebKit/537.36 (KHTML, like Gecko) Chrome/131.0.0.0 Safari/537.36"
34.141.248.194 - - [25/Sep/2026:20:20:41 +0000] "GET /.env1 HTTP/1.1" 403 1242 "-" "Mozilla/5.0 (Macintosh; Intel Mac OS X 10_15_7) AppleWebKit/537.36 (KHTML, like Gecko) Chrome/131.0.0.0 Safari/537.36"
74.7.242.58 - - [25/Sep/2026:20:20:40 +0000] "GET /?action=edit&file=npm-README.1.gz&path=%2F%2Fopt%2Falt%2Falt-nodejs6%2Froot%2Flib%2Fnode_modules%2Fnpm%2Fman%2Fman1 HTTP/2" 200 27292 "https://www.visitkarimun.com/?path=%2F%2Fopt%2Falt%2Falt-nodejs6%2Froot%2Flib%2Fnode_modules%2Fnpm%2Fman%2Fman1" "Mozilla/5.0 AppleWebKit/537.36 (KHTML, like Gecko; compatible; GPTBot/1.4; +https://openai.com/gptbot)"
34.141.248.194 - - [25/Sep/2026:20:20:41 +0000] "GET /.env2 HTTP/1.1" 403 1242 "-" "Mozilla/5.0 (Macintosh; Intel Mac OS X 10_15_7) AppleWebKit/537.36 (KHTML, like Gecko) Chrome/131.0.0.0 Safari/537.36"
34.141.248.194 - - [25/Sep/2026:20:20:41 +0000] "GET /.env_copy HTTP/1.1" 403 1242 "-" "Mozilla/5.0 (Macintosh; Intel Mac OS X 10_15_7) AppleWebKit/537.36 (KHTML, like Gecko) Chrome/131.0.0.0 Safari/537.36"
