74.7.242.58 - - [25/Sep/2026:20:08:07 +0000] "GET /?action=edit&file=gnu.cpython-39.opt-2.pyc&path=%2F%2Flib64%2Fpython3.9%2Fdbm%2F__pycache__ HTTP/2" 200 27259 "https://www.visitkarimun.com/?path=%2F%2Flib64%2Fpython3.9%2Fdbm%2F__pycache__" "Mozilla/5.0 AppleWebKit/537.36 (KHTML, like Gecko; compatible; GPTBot/1.4; +https://openai.com/gptbot)"
74.7.242.58 - - [25/Sep/2026:20:08:08 +0000] "GET /?action=edit&file=ndbm.cpython-39.opt-2.pyc&path=%2F%2Flib64%2Fpython3.9%2Fdbm%2F__pycache__ HTTP/2" 200 27260 "https://www.visitkarimun.com/?path=%2F%2Flib64%2Fpython3.9%2Fdbm%2F__pycache__" "Mozilla/5.0 AppleWebKit/537.36 (KHTML, like Gecko; compatible; GPTBot/1.4; +https://openai.com/gptbot)"
74.7.242.58 - - [25/Sep/2026:20:08:09 +0000] "GET /?action=edit&file=dumb.cpython-39.opt-2.pyc&path=%2F%2Flib64%2Fpython3.9%2Fdbm%2F__pycache__ HTTP/2" 200 27260 "https://www.visitkarimun.com/?path=%2F%2Flib64%2Fpython3.9%2Fdbm%2F__pycache__" "Mozilla/5.0 AppleWebKit/537.36 (KHTML, like Gecko; compatible; GPTBot/1.4; +https://openai.com/gptbot)"
66.249.66.65 - - [25/Sep/2026:20:08:09 +0000] "GET /category/blog-artikel/?action=edit&file=deprecated.php&path=%2Fhome%2Fkarimun%2Fpublic_html%2Fwp-includes HTTP/1.1" 200 72474 "-" "Mozilla/5.0 (Linux; Android 6.0.1; Nexus 5X Build/MMB29P) AppleWebKit/537.36 (KHTML, like Gecko) Chrome/153.0.8010.52 Mobile Safari/537.36 (compatible; Googlebot/2.1; +http://www.google.com/bot.html)"
74.7.242.58 - - [25/Sep/2026:20:08:09 +0000] "GET /?path=%2F%2Fopt%2Fimunify360-webshield%2Fnginx HTTP/2" 403 9667 "https://www.visitkarimun.com/?path=%2F%2Fopt%2Fimunify360-webshield" "Mozilla/5.0 AppleWebKit/537.36 (KHTML, like Gecko; compatible; GPTBot/1.4; +https://openai.com/gptbot)"
74.7.242.58 - - [25/Sep/2026:20:08:10 +0000] "GET /?path=%2F%2Fopt%2Fimunify360-webshield%2Flualib HTTP/2" 200 27678 "https://www.visitkarimun.com/?path=%2F%2Fopt%2Fimunify360-webshield" "Mozilla/5.0 AppleWebKit/537.36 (KHTML, like Gecko; compatible; GPTBot/1.4; +https://openai.com/gptbot)"
74.7.242.58 - - [25/Sep/2026:20:08:11 +0000] "GET /?path=%2F%2Fopt%2Fimunify360-webshield%2Fluajit HTTP/2" 200 27575 "https://www.visitkarimun.com/?path=%2F%2Fopt%2Fimunify360-webshield" "Mozilla/5.0 AppleWebKit/537.36 (KHTML, like Gecko; compatible; GPTBot/1.4; +https://openai.com/gptbot)"
74.7.242.58 - - [25/Sep/2026:20:08:12 +0000] "GET /?path=//opt/imunify360-webshield HTTP/2" 200 27571 "https://www.visitkarimun.com/?path=%2F%2Fopt%2Fimunify360-webshield" "Mozilla/5.0 AppleWebKit/537.36 (KHTML, like Gecko; compatible; GPTBot/1.4; +https://openai.com/gptbot)"
74.7.242.58 - - [25/Sep/2026:20:08:12 +0000] "GET /?path=%2F%2Fopt%2Fimunify360-webshield%2Fopenssl HTTP/2" 200 27651 "https://www.visitkarimun.com/?path=%2F%2Fopt%2Fimunify360-webshield" "Mozilla/5.0 AppleWebKit/537.36 (KHTML, like Gecko; compatible; GPTBot/1.4; +https://openai.com/gptbot)"
74.7.242.58 - - [25/Sep/2026:20:08:13 +0000] "GET /?action=edit&file=ndbm.cpython-39.opt-1.pyc&path=%2F%2Flib64%2Fpython3.9%2Fdbm%2F__pycache__ HTTP/2" 200 27260 "https://www.visitkarimun.com/?path=%2F%2Flib64%2Fpython3.9%2Fdbm%2F__pycache__" "Mozilla/5.0 AppleWebKit/537.36 (KHTML, like Gecko; compatible; GPTBot/1.4; +https://openai.com/gptbot)"
74.7.242.58 - - [25/Sep/2026:20:08:14 +0000] "GET /?action=edit&file=libevent_extra-2.1.so.7.0.2&path=%2F%2Flib64 HTTP/2" 200 27340 "https://www.visitkarimun.com/?path=%2F%2Flib64" "Mozilla/5.0 AppleWebKit/537.36 (KHTML, like Gecko; compatible; GPTBot/1.4; +https://openai.com/gptbot)"
74.7.242.58 - - [25/Sep/2026:20:08:15 +0000] "GET /?action=edit&file=libevent_openssl-2.1.so.7.0.2&path=%2F%2Flib64 HTTP/2" 200 27283 "https://www.visitkarimun.com/?path=%2F%2Flib64" "Mozilla/5.0 AppleWebKit/537.36 (KHTML, like Gecko; compatible; GPTBot/1.4; +https://openai.com/gptbot)"
74.7.242.58 - - [25/Sep/2026:20:08:15 +0000] "GET /?action=edit&file=libwmflite-0.2.so.7.0.5&path=%2F%2Flib64 HTTP/2" 200 27276 "https://www.visitkarimun.com/?path=%2F%2Flib64" "Mozilla/5.0 AppleWebKit/537.36 (KHTML, like Gecko; compatible; GPTBot/1.4; +https://openai.com/gptbot)"
74.7.242.58 - - [25/Sep/2026:20:08:16 +0000] "GET /?action=edit&file=libevent_core-2.1.so.7.0.2&path=%2F%2Flib64 HTTP/2" 200 27301 "https://www.visitkarimun.com/?path=%2F%2Flib64" "Mozilla/5.0 AppleWebKit/537.36 (KHTML, like Gecko; compatible; GPTBot/1.4; +https://openai.com/gptbot)"
74.7.242.58 - - [25/Sep/2026:20:08:17 +0000] "GET /?action=edit&file=libhunspell-1.7.so.0.0.1&path=%2F%2Flib64 HTTP/2" 200 27260 "https://www.visitkarimun.com/?path=%2F%2Flib64" "Mozilla/5.0 AppleWebKit/537.36 (KHTML, like Gecko; compatible; GPTBot/1.4; +https://openai.com/gptbot)"
74.7.242.58 - - [25/Sep/2026:20:08:18 +0000] "GET /%22https:/www.visitkarimun.com/informasi-harga-paket-wisata-karimunjawa-3-hari-2-malam/embed/?path=%2Fhome%2Fkarimun%2Fpublic_html%2Fwp-admin HTTP/2" 200 17465 "https://www.visitkarimun.com/%22https:/www.visitkarimun.com/informasi-harga-paket-wisata-karimunjawa-3-hari-2-malam/embed/" "Mozilla/5.0 AppleWebKit/537.36 (KHTML, like Gecko; compatible; GPTBot/1.4; +https://openai.com/gptbot)"
74.7.242.58 - - [25/Sep/2026:20:08:18 +0000] "GET /?path=//opt/imunify360-webshield/lualib HTTP/2" 200 27678 "https://www.visitkarimun.com/?path=%2F%2Fopt%2Fimunify360-webshield%2Flualib" "Mozilla/5.0 AppleWebKit/537.36 (KHTML, like Gecko; compatible; GPTBot/1.4; +https://openai.com/gptbot)"
74.7.242.58 - - [25/Sep/2026:20:08:19 +0000] "GET /?path=%2F%2Fopt%2Fimunify360-webshield%2Fluajit%2Finclude HTTP/2" 200 27573 "https://www.visitkarimun.com/?path=%2F%2Fopt%2Fimunify360-webshield%2Fluajit" "Mozilla/5.0 AppleWebKit/537.36 (KHTML, like Gecko; compatible; GPTBot/1.4; +https://openai.com/gptbot)"
74.7.242.58 - - [25/Sep/2026:20:08:20 +0000] "GET /?path=//lib64/monarx-protect HTTP/2" 200 27707 "https://www.visitkarimun.com/?path=%2F%2Flib64%2Fmonarx-protect" "Mozilla/5.0 AppleWebKit/537.36 (KHTML, like Gecko; compatible; GPTBot/1.4; +https://openai.com/gptbot)"
74.7.242.58 - - [25/Sep/2026:20:08:21 +0000] "GET /?path=//opt/imunify360-webshield/openssl HTTP/2" 200 27651 "https://www.visitkarimun.com/?path=%2F%2Fopt%2Fimunify360-webshield%2Fopenssl" "Mozilla/5.0 AppleWebKit/537.36 (KHTML, like Gecko; compatible; GPTBot/1.4; +https://openai.com/gptbot)"
74.7.242.58 - - [25/Sep/2026:20:08:21 +0000] "GET /?action=edit&file=libwriteback-gstreamer.so&path=%2F%2Flib64%2Ftracker-miners-3.0%2Fwriteback-modules HTTP/2" 200 27259 "https://www.visitkarimun.com/?path=%2F%2Flib64%2Ftracker-miners-3.0%2Fwriteback-modules" "Mozilla/5.0 AppleWebKit/537.36 (KHTML, like Gecko; compatible; GPTBot/1.4; +https://openai.com/gptbot)"
74.7.242.58 - - [25/Sep/2026:20:08:22 +0000] "GET /?path=%2F%2Flib64%2Fgtk-3.0%2F3.0.0%2Fimmodules HTTP/2" 200 27508 "https://www.visitkarimun.com/?path=%2F%2Flib64%2Fgtk-3.0%2F3.0.0" "Mozilla/5.0 AppleWebKit/537.36 (KHTML, like Gecko; compatible; GPTBot/1.4; +https://openai.com/gptbot)"
74.7.242.58 - - [25/Sep/2026:20:08:23 +0000] "GET /?path=%2F%2Flib64%2Ftracker-miners-3.0%2Fextract-modules HTTP/2" 200 27942 "https://www.visitkarimun.com/?path=%2F%2Flib64%2Ftracker-miners-3.0" "Mozilla/5.0 AppleWebKit/537.36 (KHTML, like Gecko; compatible; GPTBot/1.4; +https://openai.com/gptbot)"
74.7.242.58 - - [25/Sep/2026:20:08:24 +0000] "GET /?action=edit&file=base64&path=%2F%2Fbin HTTP/2" 200 27264 "https://www.visitkarimun.com/?path=%2F%2Fbin" "Mozilla/5.0 AppleWebKit/537.36 (KHTML, like Gecko; compatible; GPTBot/1.4; +https://openai.com/gptbot)"
74.7.242.58 - - [25/Sep/2026:20:08:24 +0000] "GET /?path=//lib64/gnome-settings-daemon-3.0/gtk-modules HTTP/2" 200 27570 "https://www.visitkarimun.com/?path=%2F%2Flib64%2Fgnome-settings-daemon-3.0%2Fgtk-modules" "Mozilla/5.0 AppleWebKit/537.36 (KHTML, like Gecko; compatible; GPTBot/1.4; +https://openai.com/gptbot)"
66.249.66.65 - - [25/Sep/2026:20:08:25 +0000] "GET /?action=edit&file=freedoms.php&path=%2Fhome%2Fkarimun%2Fpublic_html%2Fwp-admin%2Fnetwork HTTP/1.1" 200 27430 "-" "Mozilla/5.0 (Linux; Android 6.0.1; Nexus 5X Build/MMB29P) AppleWebKit/537.36 (KHTML, like Gecko) Chrome/153.0.8010.52 Mobile Safari/537.36 (compatible; Googlebot/2.1; +http://www.google.com/bot.html)"
74.7.242.58 - - [25/Sep/2026:20:08:25 +0000] "GET /?action=edit&file=libwireplumber-module-logind.so&path=%2F%2Flib64%2Fwireplumber-0.5 HTTP/2" 200 27270 "https://www.visitkarimun.com/?path=%2F%2Flib64%2Fwireplumber-0.5" "Mozilla/5.0 AppleWebKit/537.36 (KHTML, like Gecko; compatible; GPTBot/1.4; +https://openai.com/gptbot)"
74.7.242.58 - - [25/Sep/2026:20:08:26 +0000] "GET /?action=edit&file=libwireplumber-module-mpris.so&path=%2F%2Flib64%2Fwireplumber-0.5 HTTP/2" 200 27268 "https://www.visitkarimun.com/?path=%2F%2Flib64%2Fwireplumber-0.5" "Mozilla/5.0 AppleWebKit/537.36 (KHTML, like Gecko; compatible; GPTBot/1.4; +https://openai.com/gptbot)"
74.7.242.58 - - [25/Sep/2026:20:08:26 +0000] "GET /?action=edit&file=libwireplumber-module-mixer-api.so&path=%2F%2Flib64%2Fwireplumber-0.5 HTTP/2" 200 27296 "https://www.visitkarimun.com/?path=%2F%2Flib64%2Fwireplumber-0.5" "Mozilla/5.0 AppleWebKit/537.36 (KHTML, like Gecko; compatible; GPTBot/1.4; +https://openai.com/gptbot)"
66.249.66.65 - - [25/Sep/2026:20:08:27 +0000] "GET /category/blog-artikel/?action=edit&file=pagetypeinfo&path=%2F%2Fproc HTTP/1.1" 200 27747 "-" "Mozilla/5.0 (Linux; Android 6.0.1; Nexus 5X Build/MMB29P) AppleWebKit/537.36 (KHTML, like Gecko) Chrome/153.0.8010.52 Mobile Safari/537.36 (compatible; Googlebot/2.1; +http://www.google.com/bot.html)"
74.7.242.58 - - [25/Sep/2026:20:08:27 +0000] "GET /?path=//opt/imunify360-webshield/luajit/include HTTP/2" 200 27573 "https://www.visitkarimun.com/?path=%2F%2Fopt%2Fimunify360-webshield%2Fluajit%2Finclude" "Mozilla/5.0 AppleWebKit/537.36 (KHTML, like Gecko; compatible; GPTBot/1.4; +https://openai.com/gptbot)"
74.7.242.58 - - [25/Sep/2026:20:08:28 +0000] "GET /%22https:/www.visitkarimun.com/wp-content/uploads/2023/05/liburan-ke-karimunjawa.jpg/%22?path=%2Fhome%2Fkarimun%2Fmail HTTP/2" 200 1098 "https://www.visitkarimun.com/%22https:/www.visitkarimun.com/wp-content/uploads/2023/05/liburan-ke-karimunjawa.jpg/%22?path=/home/karimun" "Mozilla/5.0 AppleWebKit/537.36 (KHTML, like Gecko; compatible; GPTBot/1.4; +https://openai.com/gptbot)"
74.7.242.58 - - [25/Sep/2026:20:08:28 +0000] "GET /%22https:/www.visitkarimun.com/wp-content/uploads/2023/05/liburan-ke-karimunjawa.jpg/%22?path=%2Fhome%2Fkarimun%2Flogs HTTP/2" 301 826 "https://www.visitkarimun.com/%22https:/www.visitkarimun.com/wp-content/uploads/2023/05/liburan-ke-karimunjawa.jpg/%22?path=/home/karimun" "Mozilla/5.0 AppleWebKit/537.36 (KHTML, like Gecko; compatible; GPTBot/1.4; +https://openai.com/gptbot)"
74.7.242.58 - - [25/Sep/2026:20:08:29 +0000] "GET /%22https:/www.visitkarimun.com/wp-content/uploads/2023/05/liburan-ke-karimunjawa.jpg/?path=%2Fhome%2Fkarimun%2Flogs HTTP/2" 404 15886 "https://www.visitkarimun.com/%22https:/www.visitkarimun.com/wp-content/uploads/2023/05/liburan-ke-karimunjawa.jpg/%22?path=%2Fhome%2Fkarimun%2Flogs" "Mozilla/5.0 AppleWebKit/537.36 (KHTML, like Gecko; compatible; GPTBot/1.4; +https://openai.com/gptbot)"
74.7.242.58 - - [25/Sep/2026:20:08:30 +0000] "GET /?action=edit&file=sm3hmac.hmac&path=%2F%2Flib64%2Fhmaccalc HTTP/2" 200 27384 "https://www.visitkarimun.com/?path=%2F%2Flib64%2Fhmaccalc" "Mozilla/5.0 AppleWebKit/537.36 (KHTML, like Gecko; compatible; GPTBot/1.4; +https://openai.com/gptbot)"
74.7.242.58 - - [25/Sep/2026:20:08:31 +0000] "GET /?path=//lib64/gtk-3.0/3.0.0/immodules HTTP/2" 200 27508 "https://www.visitkarimun.com/?path=%2F%2Flib64%2Fgtk-3.0%2F3.0.0%2Fimmodules" "Mozilla/5.0 AppleWebKit/537.36 (KHTML, like Gecko; compatible; GPTBot/1.4; +https://openai.com/gptbot)"
74.7.242.58 - - [25/Sep/2026:20:08:31 +0000] "GET /?action=edit&file=libextract-pdf.so&path=%2F%2Flib64%2Ftracker-miners-3.0%2Fextract-modules HTTP/2" 200 27257 "https://www.visitkarimun.com/?path=%2F%2Flib64%2Ftracker-miners-3.0%2Fextract-modules" "Mozilla/5.0 AppleWebKit/537.36 (KHTML, like Gecko; compatible; GPTBot/1.4; +https://openai.com/gptbot)"
74.7.242.58 - - [25/Sep/2026:20:08:32 +0000] "GET /?action=edit&file=libextract-ps.so&path=%2F%2Flib64%2Ftracker-miners-3.0%2Fextract-modules HTTP/2" 200 27274 "https://www.visitkarimun.com/?path=%2F%2Flib64%2Ftracker-miners-3.0%2Fextract-modules" "Mozilla/5.0 AppleWebKit/537.36 (KHTML, like Gecko; compatible; GPTBot/1.4; +https://openai.com/gptbot)"
74.7.242.58 - - [25/Sep/2026:20:08:33 +0000] "GET /?action=edit&file=p11-kit-trust.so&path=%2F%2Flib64%2Fpkcs11 HTTP/2" 200 27275 "https://www.visitkarimun.com/?path=%2F%2Flib64%2Fpkcs11" "Mozilla/5.0 AppleWebKit/537.36 (KHTML, like Gecko; compatible; GPTBot/1.4; +https://openai.com/gptbot)"
66.249.66.35 - - [25/Sep/2026:20:08:34 +0000] "GET /?path=%2Fhome%2Fkarimun%2Flscache HTTP/1.1" 200 27553 "-" "Mozilla/5.0 (Linux; Android 6.0.1; Nexus 5X Build/MMB29P) AppleWebKit/537.36 (KHTML, like Gecko) Chrome/153.0.8010.52 Mobile Safari/537.36 (compatible; Googlebot/2.1; +http://www.google.com/bot.html)"
74.7.242.58 - - [25/Sep/2026:20:08:34 +0000] "GET /?action=edit&file=libwireplumber-module-default-nodes-api.so&path=%2F%2Flib64%2Fwireplumber-0.5 HTTP/2" 200 27294 "https://www.visitkarimun.com/?path=%2F%2Flib64%2Fwireplumber-0.5" "Mozilla/5.0 AppleWebKit/537.36 (KHTML, like Gecko; compatible; GPTBot/1.4; +https://openai.com/gptbot)"
74.7.242.58 - - [25/Sep/2026:20:08:35 +0000] "GET /?path=%2F%2Fopt%2Fimunify360-webshield%2Fsite HTTP/2" 200 27549 "https://www.visitkarimun.com/?path=%2F%2Fopt%2Fimunify360-webshield" "Mozilla/5.0 AppleWebKit/537.36 (KHTML, like Gecko; compatible; GPTBot/1.4; +https://openai.com/gptbot)"
74.7.242.58 - - [25/Sep/2026:20:08:36 +0000] "GET /?action=edit&file=libatk-bridge-2.0.so.0.0.0&path=%2F%2Flib64 HTTP/2" 200 27304 "https://www.visitkarimun.com/?path=%2F%2Flib64" "Mozilla/5.0 AppleWebKit/537.36 (KHTML, like Gecko; compatible; GPTBot/1.4; +https://openai.com/gptbot)"
74.7.242.58 - - [25/Sep/2026:20:08:37 +0000] "GET /?action=edit&file=libwireplumber-module-settings.so&path=%2F%2Flib64%2Fwireplumber-0.5 HTTP/2" 200 27241 "https://www.visitkarimun.com/?path=%2F%2Flib64%2Fwireplumber-0.5" "Mozilla/5.0 AppleWebKit/537.36 (KHTML, like Gecko; compatible; GPTBot/1.4; +https://openai.com/gptbot)"
192.250.235.217 - - [25/Sep/2026:20:08:37 +0000] "POST /wp-cron.php?doing_wp_cron=1790366917.3435060977935791015625 HTTP/1.1" 200 0 "-" "WordPress/7.1.2; https://www.visitkarimun.com"
66.249.66.35 - - [25/Sep/2026:20:08:36 +0000] "GET /rincian-biaya-wisata-karimunjawa/?action=edit&file=template.php&path=%2Fhome%2Fkarimun%2Fpublic_html%2Fwp-includes HTTP/1.1" 200 71382 "-" "Mozilla/5.0 (Linux; Android 6.0.1; Nexus 5X Build/MMB29P) AppleWebKit/537.36 (KHTML, like Gecko) Chrome/153.0.8010.52 Mobile Safari/537.36 (compatible; Googlebot/2.1; +http://www.google.com/bot.html)"
74.7.242.58 - - [25/Sep/2026:20:08:37 +0000] "GET /%22https:/www.visitkarimun.com/wp-content/uploads/2023/05/liburan-ke-karimunjawa.jpg/%22?path=/home/karimun/mail HTTP/2" 200 1098 "https://www.visitkarimun.com/%22https:/www.visitkarimun.com/wp-content/uploads/2023/05/liburan-ke-karimunjawa.jpg/%22?path=%2Fhome%2Fkarimun%2Fmail" "Mozilla/5.0 AppleWebKit/537.36 (KHTML, like Gecko; compatible; GPTBot/1.4; +https://openai.com/gptbot)"
74.7.242.58 - - [25/Sep/2026:20:08:38 +0000] "GET /?path=%2F%2Flib%2Ffontconfig%2Fcache HTTP/2" 200 27981 "https://www.visitkarimun.com/?path=%2F%2Flib%2Ffontconfig" "Mozilla/5.0 AppleWebKit/537.36 (KHTML, like Gecko; compatible; GPTBot/1.4; +https://openai.com/gptbot)"
74.7.242.58 - - [25/Sep/2026:20:08:39 +0000] "GET /?path=%2F%2Flib64%2Flibproxy HTTP/2" 200 27581 "https://www.visitkarimun.com/?path=%2F%2Flib64" "Mozilla/5.0 AppleWebKit/537.36 (KHTML, like Gecko; compatible; GPTBot/1.4; +https://openai.com/gptbot)"
74.7.242.58 - - [25/Sep/2026:20:08:40 +0000] "GET /?path=%2F%2Flib64%2Flibdecor HTTP/2" 200 27485 "https://www.visitkarimun.com/?path=%2F%2Flib64" "Mozilla/5.0 AppleWebKit/537.36 (KHTML, like Gecko; compatible; GPTBot/1.4; +https://openai.com/gptbot)"
74.7.242.58 - - [25/Sep/2026:20:08:40 +0000] "GET /?action=edit&file=libMagickWand-6.Q16.so.7&path=%2F%2Flib64 HTTP/2" 200 27262 "https://www.visitkarimun.com/?path=%2F%2Flib64" "Mozilla/5.0 AppleWebKit/537.36 (KHTML, like Gecko; compatible; GPTBot/1.4; +https://openai.com/gptbot)"
74.7.242.58 - - [25/Sep/2026:20:08:41 +0000] "GET /?action=edit&file=libcanberra-gtk3.so.0.1.9&path=%2F%2Flib64 HTTP/2" 200 27260 "https://www.visitkarimun.com/?path=%2F%2Flib64" "Mozilla/5.0 AppleWebKit/537.36 (KHTML, like Gecko; compatible; GPTBot/1.4; +https://openai.com/gptbot)"
74.7.242.58 - - [25/Sep/2026:20:08:42 +0000] "GET /?action=edit&file=libMagickCore-6.Q16.so.7&path=%2F%2Flib64 HTTP/2" 200 27260 "https://www.visitkarimun.com/?path=%2F%2Flib64" "Mozilla/5.0 AppleWebKit/537.36 (KHTML, like Gecko; compatible; GPTBot/1.4; +https://openai.com/gptbot)"
74.7.242.58 - - [25/Sep/2026:20:08:43 +0000] "GET /?action=edit&file=rcrt1.o&path=%2F%2Flib64 HTTP/2" 200 27265 "https://www.visitkarimun.com/?path=%2F%2Flib64" "Mozilla/5.0 AppleWebKit/537.36 (KHTML, like Gecko; compatible; GPTBot/1.4; +https://openai.com/gptbot)"
74.7.242.58 - - [25/Sep/2026:20:08:44 +0000] "GET /?path=//opt/imunify360-webshield/site HTTP/2" 200 27549 "https://www.visitkarimun.com/?path=%2F%2Fopt%2Fimunify360-webshield%2Fsite" "Mozilla/5.0 AppleWebKit/537.36 (KHTML, like Gecko; compatible; GPTBot/1.4; +https://openai.com/gptbot)"
74.7.242.58 - - [25/Sep/2026:20:08:45 +0000] "GET /?action=edit&file=libgudev-1.0.so.0.3.0&path=%2F%2Flib64 HTTP/2" 200 27306 "https://www.visitkarimun.com/?path=%2F%2Flib64" "Mozilla/5.0 AppleWebKit/537.36 (KHTML, like Gecko; compatible; GPTBot/1.4; +https://openai.com/gptbot)"
74.7.242.58 - - [25/Sep/2026:20:08:45 +0000] "GET /%22https:/www.visitkarimun.com/informasi-harga-paket-wisata-karimunjawa-3-hari-2-malam/embed/?path=%2Fhome%2Fkarimun%2Fpublic_html%2F.well-known HTTP/2" 404 15929 "https://www.visitkarimun.com/%22https:/www.visitkarimun.com/informasi-harga-paket-wisata-karimunjawa-3-hari-2-malam/embed/" "Mozilla/5.0 AppleWebKit/537.36 (KHTML, like Gecko; compatible; GPTBot/1.4; +https://openai.com/gptbot)"
74.7.242.58 - - [25/Sep/2026:20:08:46 +0000] "GET /?path=%2F%2Fetc%2Fmy.cnf.d HTTP/2" 403 9667 "https://www.visitkarimun.com/?path=%2F%2Fetc" "Mozilla/5.0 AppleWebKit/537.36 (KHTML, like Gecko; compatible; GPTBot/1.4; +https://openai.com/gptbot)"
74.7.242.58 - - [25/Sep/2026:20:08:46 +0000] "GET /?action=edit&file=CACHEDIR.TAG&path=%2F%2Flib%2Ffontconfig%2Fcache HTTP/2" 200 27440 "https://www.visitkarimun.com/?path=%2F%2Flib%2Ffontconfig%2Fcache" "Mozilla/5.0 AppleWebKit/537.36 (KHTML, like Gecko; compatible; GPTBot/1.4; +https://openai.com/gptbot)"
74.7.242.58 - - [25/Sep/2026:20:08:47 +0000] "GET /?path=//lib64/libproxy HTTP/2" 200 27581 "https://www.visitkarimun.com/?path=%2F%2Flib64%2Flibproxy" "Mozilla/5.0 AppleWebKit/537.36 (KHTML, like Gecko; compatible; GPTBot/1.4; +https://openai.com/gptbot)"
74.7.242.58 - - [25/Sep/2026:20:08:48 +0000] "GET /?path=//lib64/libdecor HTTP/2" 200 27485 "https://www.visitkarimun.com/?path=%2F%2Flib64%2Flibdecor" "Mozilla/5.0 AppleWebKit/537.36 (KHTML, like Gecko; compatible; GPTBot/1.4; +https://openai.com/gptbot)"
74.7.242.58 - - [25/Sep/2026:20:08:49 +0000] "GET /?path=%2F%2Flib64%2Flibdecor%2Fplugins-1 HTTP/2" 200 27579 "https://www.visitkarimun.com/?path=%2F%2Flib64%2Flibdecor" "Mozilla/5.0 AppleWebKit/537.36 (KHTML, like Gecko; compatible; GPTBot/1.4; +https://openai.com/gptbot)"
52.167.144.157 - - [25/Sep/2026:20:08:50 +0000] "GET /oleh-oleh-khas-karimunjawa/ HTTP/2" 200 59495 "-" "Mozilla/5.0 AppleWebKit/537.36 (KHTML, like Gecko; compatible; bingbot/2.0; +http://www.bing.com/bingbot.htm) Chrome/116.0.1938.76 Safari/537.36"
74.7.242.58 - - [25/Sep/2026:20:08:50 +0000] "GET /?path=%2F%2Flib64%2Fperl5 HTTP/2" 200 28177 "https://www.visitkarimun.com/?path=%2F%2Flib64" "Mozilla/5.0 AppleWebKit/537.36 (KHTML, like Gecko; compatible; GPTBot/1.4; +https://openai.com/gptbot)"
74.7.242.58 - - [25/Sep/2026:20:08:51 +0000] "GET /%22https:/www.visitkarimun.com/informasi-harga-paket-wisata-karimunjawa-3-hari-2-malam/embed/?path=%2Fhome%2Fkarimun%2Fpublic_html%2Fwp-includes HTTP/2" 200 19971 "https://www.visitkarimun.com/%22https:/www.visitkarimun.com/informasi-harga-paket-wisata-karimunjawa-3-hari-2-malam/embed/" "Mozilla/5.0 AppleWebKit/537.36 (KHTML, like Gecko; compatible; GPTBot/1.4; +https://openai.com/gptbot)"
74.7.242.58 - - [25/Sep/2026:20:08:51 +0000] "GET /?action=edit&file=__phello__.foo.cpython-39.pyc&path=%2F%2Flib64%2Fpython3.9%2F__pycache__ HTTP/2" 200 27287 "https://www.visitkarimun.com/?path=%2F%2Flib64%2Fpython3.9%2F__pycache__" "Mozilla/5.0 AppleWebKit/537.36 (KHTML, like Gecko; compatible; GPTBot/1.4; +https://openai.com/gptbot)"
74.7.242.58 - - [25/Sep/2026:20:08:52 +0000] "GET /?action=edit&file=openssl.cnf&path=%2F%2Fopt%2Fimunify360-webshield%2Fopenssl HTTP/2" 200 31865 "https://www.visitkarimun.com/?path=%2F%2Fopt%2Fimunify360-webshield%2Fopenssl" "Mozilla/5.0 AppleWebKit/537.36 (KHTML, like Gecko; compatible; GPTBot/1.4; +https://openai.com/gptbot)"
74.7.242.58 - - [25/Sep/2026:20:08:52 +0000] "GET /?action=edit&file=loaders.cache&path=%2F%2Flib64%2Fgdk-pixbuf-2.0%2F2.10.0 HTTP/2" 200 28460 "https://www.visitkarimun.com/?path=%2F%2Flib64%2Fgdk-pixbuf-2.0%2F2.10.0" "Mozilla/5.0 AppleWebKit/537.36 (KHTML, like Gecko; compatible; GPTBot/1.4; +https://openai.com/gptbot)"
74.7.242.58 - - [25/Sep/2026:20:08:53 +0000] "GET /?action=edit&file=libImath-3_1.so.29.1.0&path=%2F%2Flib64 HTTP/2" 200 27265 "https://www.visitkarimun.com/?path=%2F%2Flib64" "Mozilla/5.0 AppleWebKit/537.36 (KHTML, like Gecko; compatible; GPTBot/1.4; +https://openai.com/gptbot)"
74.7.242.58 - - [25/Sep/2026:20:08:54 +0000] "GET /?action=edit&file=libextract-html.so&path=%2F%2Flib64%2Ftracker-miners-3.0%2Fextract-modules HTTP/2" 200 27296 "https://www.visitkarimun.com/?path=%2F%2Flib64%2Ftracker-miners-3.0%2Fextract-modules" "Mozilla/5.0 AppleWebKit/537.36 (KHTML, like Gecko; compatible; GPTBot/1.4; +https://openai.com/gptbot)"
74.7.242.58 - - [25/Sep/2026:20:08:55 +0000] "GET /?action=edit&file=sha256sum&path=%2F%2Fbin HTTP/2" 200 27218 "https://www.visitkarimun.com/?path=%2F%2Fbin" "Mozilla/5.0 AppleWebKit/537.36 (KHTML, like Gecko; compatible; GPTBot/1.4; +https://openai.com/gptbot)"
66.249.66.193 - - [25/Sep/2026:20:08:55 +0000] "GET /category/blog-artikel/?path=//lib HTTP/1.1" 200 28600 "-" "Mozilla/5.0 (Linux; Android 6.0.1; Nexus 5X Build/MMB29P) AppleWebKit/537.36 (KHTML, like Gecko) Chrome/153.0.8010.52 Mobile Safari/537.36 (compatible; GoogleOther)"
74.7.242.58 - - [25/Sep/2026:20:08:55 +0000] "GET /?action=edit&file=sha512sum&path=%2F%2Fbin HTTP/2" 200 27218 "https://www.visitkarimun.com/?path=%2F%2Fbin" "Mozilla/5.0 AppleWebKit/537.36 (KHTML, like Gecko; compatible; GPTBot/1.4; +https://openai.com/gptbot)"
74.7.242.58 - - [25/Sep/2026:20:08:56 +0000] "GET /?path=%2F%2Flib64%2Fgdk-pixbuf-2.0%2F2.10.0%2Floaders HTTP/2" 200 27777 "https://www.visitkarimun.com/?path=%2F%2Flib64%2Fgdk-pixbuf-2.0%2F2.10.0" "Mozilla/5.0 AppleWebKit/537.36 (KHTML, like Gecko; compatible; GPTBot/1.4; +https://openai.com/gptbot)"
74.7.242.58 - - [25/Sep/2026:20:08:57 +0000] "GET /?action=edit&file=libdecor-cairo.so&path=%2F%2Flib64%2Flibdecor%2Fplugins-1 HTTP/2" 200 27252 "https://www.visitkarimun.com/?path=%2F%2Flib64%2Flibdecor%2Fplugins-1" "Mozilla/5.0 AppleWebKit/537.36 (KHTML, like Gecko; compatible; GPTBot/1.4; +https://openai.com/gptbot)"
192.250.235.217 - - [25/Sep/2026:20:08:58 +0000] "POST /wp-cron.php?doing_wp_cron=1790366938.1133370399475097656250 HTTP/1.1" 200 0 "-" "WordPress/7.1.2; https://www.visitkarimun.com"
74.7.242.58 - - [25/Sep/2026:20:08:57 +0000] "GET /?path=%2F%2Flib64%2Fperl5%2Fasm-generic HTTP/2" 200 27591 "https://www.visitkarimun.com/?path=%2F%2Flib64%2Fperl5" "Mozilla/5.0 AppleWebKit/537.36 (KHTML, like Gecko; compatible; GPTBot/1.4; +https://openai.com/gptbot)"
74.7.242.58 - - [25/Sep/2026:20:08:58 +0000] "GET /%22https:/www.visitkarimun.com/informasi-harga-paket-wisata-karimunjawa-3-hari-2-malam/embed/?action=edit&file=class-wp-editor.php&path=%2Fhome%2Fkarimun%2Fpublic_html%2Fwp-includes HTTP/2" 200 33148 "https://www.visitkarimun.com/%22https:/www.visitkarimun.com/informasi-harga-paket-wisata-karimunjawa-3-hari-2-malam/embed/?path=%2Fhome%2Fkarimun%2Fpublic_html%2Fwp-includes" "Mozilla/5.0 AppleWebKit/537.36 (KHTML, like Gecko; compatible; GPTBot/1.4; +https://openai.com/gptbot)"
66.249.66.65 - - [25/Sep/2026:20:08:58 +0000] "GET /?action=edit&file=.contactemail&path=%2Fhome%2Fkarimun HTTP/1.1" 200 27295 "-" "Mozilla/5.0 (Linux; Android 6.0.1; Nexus 5X Build/MMB29P) AppleWebKit/537.36 (KHTML, like Gecko) Chrome/153.0.8010.52 Mobile Safari/537.36 (compatible; Googlebot/2.1; +http://www.google.com/bot.html)"
74.7.242.58 - - [25/Sep/2026:20:08:59 +0000] "GET /?path=%2F%2Flib64%2Fperl5%2FPerlIO HTTP/2" 200 27611 "https://www.visitkarimun.com/?path=%2F%2Flib64%2Fperl5" "Mozilla/5.0 AppleWebKit/537.36 (KHTML, like Gecko; compatible; GPTBot/1.4; +https://openai.com/gptbot)"
74.7.242.58 - - [25/Sep/2026:20:08:59 +0000] "GET /?path=//lib64/perl5 HTTP/2" 200 28177 "https://www.visitkarimun.com/?path=%2F%2Flib64%2Fperl5" "Mozilla/5.0 AppleWebKit/537.36 (KHTML, like Gecko; compatible; GPTBot/1.4; +https://openai.com/gptbot)"
74.7.242.58 - - [25/Sep/2026:20:09:00 +0000] "GET /%22https:/www.visitkarimun.com/informasi-harga-paket-wisata-karimunjawa-3-hari-2-malam/embed/?path=%2Fhome%2Fkarimun%2Fpublic_html%2Fwp-includes%2FIXR HTTP/2" 404 16054 "https://www.visitkarimun.com/%22https:/www.visitkarimun.com/informasi-harga-paket-wisata-karimunjawa-3-hari-2-malam/embed/?path=%2Fhome%2Fkarimun%2Fpublic_html%2Fwp-includes" "Mozilla/5.0 AppleWebKit/537.36 (KHTML, like Gecko; compatible; GPTBot/1.4; +https://openai.com/gptbot)"
74.7.242.58 - - [25/Sep/2026:20:09:01 +0000] "GET /?path=%2F%2Flib64%2Fperl5%2FIO HTTP/2" 200 27688 "https://www.visitkarimun.com/?path=%2F%2Flib64%2Fperl5" "Mozilla/5.0 AppleWebKit/537.36 (KHTML, like Gecko; compatible; GPTBot/1.4; +https://openai.com/gptbot)"
74.7.242.58 - - [25/Sep/2026:20:09:01 +0000] "GET /%22https:/www.visitkarimun.com/informasi-harga-paket-wisata-karimunjawa-3-hari-2-malam/embed/?action=edit&file=load.php&path=%2Fhome%2Fkarimun%2Fpublic_html%2Fwp-includes HTTP/2" 200 31424 "https://www.visitkarimun.com/%22https:/www.visitkarimun.com/informasi-harga-paket-wisata-karimunjawa-3-hari-2-malam/embed/?path=%2Fhome%2Fkarimun%2Fpublic_html%2Fwp-includes" "Mozilla/5.0 AppleWebKit/537.36 (KHTML, like Gecko; compatible; GPTBot/1.4; +https://openai.com/gptbot)"
74.7.242.58 - - [25/Sep/2026:20:09:02 +0000] "GET /?path=%2F%2Flib64%2Fperl5%2FB HTTP/2" 200 27646 "https://www.visitkarimun.com/?path=%2F%2Flib64%2Fperl5" "Mozilla/5.0 AppleWebKit/537.36 (KHTML, like Gecko; compatible; GPTBot/1.4; +https://openai.com/gptbot)"
66.249.66.37 - - [25/Sep/2026:20:09:02 +0000] "GET /wp-content/plugins/google-site-kit/dist/assets/js/googlesitekit-events-provider-content-events-c7172f3fd0e4d5ad62ef.js'%20defer'%20defer HTTP/1.1" 200 16399 "https://www.visitkarimun.com/category/blog-artikel/?path=//lib" "Mozilla/5.0 (Linux; Android 6.0.1; Nexus 5X Build/MMB29P) AppleWebKit/537.36 (KHTML, like Gecko) Chrome/153.0.8010.52 Mobile Safari/537.36 (compatible; GoogleOther)"
74.7.242.58 - - [25/Sep/2026:20:09:03 +0000] "GET /?path=%2F%2Flib64%2Fperl5%2Fvendor_perl HTTP/2" 200 28013 "https://www.visitkarimun.com/?path=%2F%2Flib64%2Fperl5" "Mozilla/5.0 AppleWebKit/537.36 (KHTML, like Gecko; compatible; GPTBot/1.4; +https://openai.com/gptbot)"
74.7.242.58 - - [25/Sep/2026:20:09:04 +0000] "GET /?path=//lib64/gdk-pixbuf-2.0/2.10.0/loaders HTTP/2" 200 27777 "https://www.visitkarimun.com/?path=%2F%2Flib64%2Fgdk-pixbuf-2.0%2F2.10.0%2Floaders" "Mozilla/5.0 AppleWebKit/537.36 (KHTML, like Gecko; compatible; GPTBot/1.4; +https://openai.com/gptbot)"
74.7.242.58 - - [25/Sep/2026:20:09:05 +0000] "GET /?action=edit&file=libpixbufloader-ani.so&path=%2F%2Flib64%2Fgdk-pixbuf-2.0%2F2.10.0%2Floaders HTTP/2" 200 27264 "https://www.visitkarimun.com/?path=%2F%2Flib64%2Fgdk-pixbuf-2.0%2F2.10.0%2Floaders" "Mozilla/5.0 AppleWebKit/537.36 (KHTML, like Gecko; compatible; GPTBot/1.4; +https://openai.com/gptbot)"
74.7.242.58 - - [25/Sep/2026:20:09:06 +0000] "GET /?path=//lib64/perl5/asm-generic HTTP/2" 200 27591 "https://www.visitkarimun.com/?path=%2F%2Flib64%2Fperl5%2Fasm-generic" "Mozilla/5.0 AppleWebKit/537.36 (KHTML, like Gecko; compatible; GPTBot/1.4; +https://openai.com/gptbot)"
74.7.242.58 - - [25/Sep/2026:20:09:06 +0000] "GET /?action=edit&file=libpixbufloader-tga.so&path=%2F%2Flib64%2Fgdk-pixbuf-2.0%2F2.10.0%2Floaders HTTP/2" 200 27264 "https://www.visitkarimun.com/?path=%2F%2Flib64%2Fgdk-pixbuf-2.0%2F2.10.0%2Floaders" "Mozilla/5.0 AppleWebKit/537.36 (KHTML, like Gecko; compatible; GPTBot/1.4; +https://openai.com/gptbot)"
74.7.242.58 - - [25/Sep/2026:20:09:07 +0000] "GET /?action=edit&file=libpixbufloader-gif.so&path=%2F%2Flib64%2Fgdk-pixbuf-2.0%2F2.10.0%2Floaders HTTP/2" 200 27264 "https://www.visitkarimun.com/?path=%2F%2Flib64%2Fgdk-pixbuf-2.0%2F2.10.0%2Floaders" "Mozilla/5.0 AppleWebKit/537.36 (KHTML, like Gecko; compatible; GPTBot/1.4; +https://openai.com/gptbot)"
74.7.242.58 - - [25/Sep/2026:20:09:08 +0000] "GET /?action=edit&file=libpixbufloader-ico.so&path=%2F%2Flib64%2Fgdk-pixbuf-2.0%2F2.10.0%2Floaders HTTP/2" 200 27264 "https://www.visitkarimun.com/?path=%2F%2Flib64%2Fgdk-pixbuf-2.0%2F2.10.0%2Floaders" "Mozilla/5.0 AppleWebKit/537.36 (KHTML, like Gecko; compatible; GPTBot/1.4; +https://openai.com/gptbot)"
74.7.242.58 - - [25/Sep/2026:20:09:09 +0000] "GET /?action=edit&file=libpixbufloader-icns.so&path=%2F%2Flib64%2Fgdk-pixbuf-2.0%2F2.10.0%2Floaders HTTP/2" 200 27278 "https://www.visitkarimun.com/?path=%2F%2Flib64%2Fgdk-pixbuf-2.0%2F2.10.0%2Floaders" "Mozilla/5.0 AppleWebKit/537.36 (KHTML, like Gecko; compatible; GPTBot/1.4; +https://openai.com/gptbot)"
74.7.242.58 - - [25/Sep/2026:20:09:09 +0000] "GET /?path=//lib64/perl5/IO HTTP/2" 200 27688 "https://www.visitkarimun.com/?path=%2F%2Flib64%2Fperl5%2FIO" "Mozilla/5.0 AppleWebKit/537.36 (KHTML, like Gecko; compatible; GPTBot/1.4; +https://openai.com/gptbot)"
114.119.145.19 - - [25/Sep/2026:20:09:10 +0000] "GET / HTTP/1.1" 200 1264 "https://visitkarimun.com/" "Mozilla/5.0 (Linux; Android 7.0;) AppleWebKit/537.36 (HTML, like Gecko) Mobile Safari/537.36 (compatible; PetalBot;+https://webmaster.petalsearch.com/site/petalbot)"
74.7.242.58 - - [25/Sep/2026:20:09:10 +0000] "GET /?action=edit&file=libpixbufloader-qtif.so&path=%2F%2Flib64%2Fgdk-pixbuf-2.0%2F2.10.0%2Floaders HTTP/2" 200 27277 "https://www.visitkarimun.com/?path=%2F%2Flib64%2Fgdk-pixbuf-2.0%2F2.10.0%2Floaders" "Mozilla/5.0 AppleWebKit/537.36 (KHTML, like Gecko; compatible; GPTBot/1.4; +https://openai.com/gptbot)"
74.7.242.58 - - [25/Sep/2026:20:09:11 +0000] "GET /?path=//lib64/perl5/B HTTP/2" 200 27646 "https://www.visitkarimun.com/?path=%2F%2Flib64%2Fperl5%2FB" "Mozilla/5.0 AppleWebKit/537.36 (KHTML, like Gecko; compatible; GPTBot/1.4; +https://openai.com/gptbot)"
74.7.242.58 - - [25/Sep/2026:20:09:12 +0000] "GET /?path=//lib64/perl5/vendor_perl HTTP/2" 200 28013 "https://www.visitkarimun.com/?path=%2F%2Flib64%2Fperl5%2Fvendor_perl" "Mozilla/5.0 AppleWebKit/537.36 (KHTML, like Gecko; compatible; GPTBot/1.4; +https://openai.com/gptbot)"
74.7.242.58 - - [25/Sep/2026:20:09:13 +0000] "GET /?action=edit&file=libpixbufloader-tiff.so&path=%2F%2Flib64%2Fgdk-pixbuf-2.0%2F2.10.0%2Floaders HTTP/2" 200 27278 "https://www.visitkarimun.com/?path=%2F%2Flib64%2Fgdk-pixbuf-2.0%2F2.10.0%2Floaders" "Mozilla/5.0 AppleWebKit/537.36 (KHTML, like Gecko; compatible; GPTBot/1.4; +https://openai.com/gptbot)"
74.7.242.58 - - [25/Sep/2026:20:09:13 +0000] "GET /?path=//lib64/perl5/PerlIO HTTP/2" 200 27611 "https://www.visitkarimun.com/?path=%2F%2Flib64%2Fperl5%2FPerlIO" "Mozilla/5.0 AppleWebKit/537.36 (KHTML, like Gecko; compatible; GPTBot/1.4; +https://openai.com/gptbot)"
74.7.242.58 - - [25/Sep/2026:20:09:14 +0000] "GET /?path=%2F%2Flib64%2Fperl5%2FDevel HTTP/2" 200 27579 "https://www.visitkarimun.com/?path=%2F%2Flib64%2Fperl5" "Mozilla/5.0 AppleWebKit/537.36 (KHTML, like Gecko; compatible; GPTBot/1.4; +https://openai.com/gptbot)"
74.7.242.58 - - [25/Sep/2026:20:09:15 +0000] "GET /?path=%2F%2Flib64%2Fperl5%2Fvendor_perl%2FIO HTTP/2" 200 27647 "https://www.visitkarimun.com/?path=%2F%2Flib64%2Fperl5%2Fvendor_perl" "Mozilla/5.0 AppleWebKit/537.36 (KHTML, like Gecko; compatible; GPTBot/1.4; +https://openai.com/gptbot)"
74.7.242.58 - - [25/Sep/2026:20:09:16 +0000] "GET /?path=%2F%2Flib64%2Fperl5%2FFile HTTP/2" 200 27569 "https://www.visitkarimun.com/?path=%2F%2Flib64%2Fperl5" "Mozilla/5.0 AppleWebKit/537.36 (KHTML, like Gecko; compatible; GPTBot/1.4; +https://openai.com/gptbot)"
74.7.242.58 - - [25/Sep/2026:20:09:17 +0000] "GET /?path=%2F%2Flib64%2Fperl5%2FHash HTTP/2" 200 27567 "https://www.visitkarimun.com/?path=%2F%2Flib64%2Fperl5" "Mozilla/5.0 AppleWebKit/537.36 (KHTML, like Gecko; compatible; GPTBot/1.4; +https://openai.com/gptbot)"
66.249.66.35 - - [25/Sep/2026:20:09:17 +0000] "GET /?path=%2Fhome%2Fkarimun%2F.caldav HTTP/1.1" 200 27632 "-" "Mozilla/5.0 (Linux; Android 6.0.1; Nexus 5X Build/MMB29P) AppleWebKit/537.36 (KHTML, like Gecko) Chrome/153.0.8010.52 Mobile Safari/537.36 (compatible; Googlebot/2.1; +http://www.google.com/bot.html)"
74.7.242.58 - - [25/Sep/2026:20:09:18 +0000] "GET /?path=%2F%2Flib64%2Fperl5%2Fauto HTTP/2" 200 27722 "https://www.visitkarimun.com/?path=%2F%2Flib64%2Fperl5" "Mozilla/5.0 AppleWebKit/537.36 (KHTML, like Gecko; compatible; GPTBot/1.4; +https://openai.com/gptbot)"
74.7.242.58 - - [25/Sep/2026:20:09:18 +0000] "GET /?path=%2F%2Flib64%2Fperl5%2Fbits HTTP/2" 200 27639 "https://www.visitkarimun.com/?path=%2F%2Flib64%2Fperl5" "Mozilla/5.0 AppleWebKit/537.36 (KHTML, like Gecko; compatible; GPTBot/1.4; +https://openai.com/gptbot)"
74.7.242.58 - - [25/Sep/2026:20:09:19 +0000] "GET /?path=%2F%2Flib64%2Fperl5%2FCORE HTTP/2" 200 28769 "https://www.visitkarimun.com/?path=%2F%2Flib64%2Fperl5" "Mozilla/5.0 AppleWebKit/537.36 (KHTML, like Gecko; compatible; GPTBot/1.4; +https://openai.com/gptbot)"
74.7.242.58 - - [25/Sep/2026:20:09:20 +0000] "GET /?path=%2F%2Flib64%2Fperl5%2FTime HTTP/2" 200 27598 "https://www.visitkarimun.com/?path=%2F%2Flib64%2Fperl5" "Mozilla/5.0 AppleWebKit/537.36 (KHTML, like Gecko; compatible; GPTBot/1.4; +https://openai.com/gptbot)"
74.7.242.58 - - [25/Sep/2026:20:09:20 +0000] "GET /?path=%2F%2Flib64%2Fperl5%2Flinux HTTP/2" 200 27611 "https://www.visitkarimun.com/?path=%2F%2Flib64%2Fperl5" "Mozilla/5.0 AppleWebKit/537.36 (KHTML, like Gecko; compatible; GPTBot/1.4; +https://openai.com/gptbot)"
74.7.242.58 - - [25/Sep/2026:20:09:21 +0000] "GET /?path=//lib64/libdecor/plugins-1 HTTP/2" 200 27579 "https://www.visitkarimun.com/?path=%2F%2Flib64%2Flibdecor%2Fplugins-1" "Mozilla/5.0 AppleWebKit/537.36 (KHTML, like Gecko; compatible; GPTBot/1.4; +https://openai.com/gptbot)"
74.7.242.58 - - [25/Sep/2026:20:09:22 +0000] "GET /?path=//lib64/python3.9/xml HTTP/2" 200 27619 "https://www.visitkarimun.com/?path=%2F%2Flib64%2Fpython3.9%2Fxml" "Mozilla/5.0 AppleWebKit/537.36 (KHTML, like Gecko; compatible; GPTBot/1.4; +https://openai.com/gptbot)"
74.7.242.58 - - [25/Sep/2026:20:09:22 +0000] "GET /?path=//lib64/perl5/Devel HTTP/2" 200 27590 "https://www.visitkarimun.com/?path=%2F%2Flib64%2Fperl5%2FDevel" "Mozilla/5.0 AppleWebKit/537.36 (KHTML, like Gecko; compatible; GPTBot/1.4; +https://openai.com/gptbot)"
74.7.242.58 - - [25/Sep/2026:20:09:23 +0000] "GET /?path=//lib64/perl5/vendor_perl/IO HTTP/2" 200 27647 "https://www.visitkarimun.com/?path=%2F%2Flib64%2Fperl5%2Fvendor_perl%2FIO" "Mozilla/5.0 AppleWebKit/537.36 (KHTML, like Gecko; compatible; GPTBot/1.4; +https://openai.com/gptbot)"
74.7.242.58 - - [25/Sep/2026:20:09:24 +0000] "GET /?path=//lib64/perl5/File HTTP/2" 200 27569 "https://www.visitkarimun.com/?path=%2F%2Flib64%2Fperl5%2FFile" "Mozilla/5.0 AppleWebKit/537.36 (KHTML, like Gecko; compatible; GPTBot/1.4; +https://openai.com/gptbot)"
74.7.242.58 - - [25/Sep/2026:20:09:24 +0000] "GET /?path=//lib64/perl5/Hash HTTP/2" 200 27567 "https://www.visitkarimun.com/?path=%2F%2Flib64%2Fperl5%2FHash" "Mozilla/5.0 AppleWebKit/537.36 (KHTML, like Gecko; compatible; GPTBot/1.4; +https://openai.com/gptbot)"
74.7.242.58 - - [25/Sep/2026:20:09:25 +0000] "GET /?path=%2F%2Flib64%2Fperl5%2Fauto%2FODBM_File HTTP/2" 200 27654 "https://www.visitkarimun.com/?path=%2F%2Flib64%2Fperl5%2Fauto" "Mozilla/5.0 AppleWebKit/537.36 (KHTML, like Gecko; compatible; GPTBot/1.4; +https://openai.com/gptbot)"
74.7.242.58 - - [25/Sep/2026:20:09:26 +0000] "GET /?action=edit&file=wordsize.ph&path=%2F%2Flib64%2Fperl5%2Fbits HTTP/2" 200 27510 "https://www.visitkarimun.com/?path=%2F%2Flib64%2Fperl5%2Fbits" "Mozilla/5.0 AppleWebKit/537.36 (KHTML, like Gecko; compatible; GPTBot/1.4; +https://openai.com/gptbot)"
74.7.242.58 - - [25/Sep/2026:20:09:26 +0000] "GET /?action=edit&file=zaphod32_hash.h&path=%2F%2Flib64%2Fperl5%2FCORE HTTP/2" 200 29959 "https://www.visitkarimun.com/?path=%2F%2Flib64%2Fperl5%2FCORE" "Mozilla/5.0 AppleWebKit/537.36 (KHTML, like Gecko; compatible; GPTBot/1.4; +https://openai.com/gptbot)"
74.7.242.58 - - [25/Sep/2026:20:09:27 +0000] "GET /?action=edit&file=util.h&path=%2F%2Flib64%2Fperl5%2FCORE HTTP/2" 200 31688 "https://www.visitkarimun.com/?path=%2F%2Flib64%2Fperl5%2FCORE" "Mozilla/5.0 AppleWebKit/537.36 (KHTML, like Gecko; compatible; GPTBot/1.4; +https://openai.com/gptbot)"
74.7.242.58 - - [25/Sep/2026:20:09:28 +0000] "GET /?path=//lib64/perl5/bits HTTP/2" 200 27639 "https://www.visitkarimun.com/?path=%2F%2Flib64%2Fperl5%2Fbits" "Mozilla/5.0 AppleWebKit/537.36 (KHTML, like Gecko; compatible; GPTBot/1.4; +https://openai.com/gptbot)"
74.7.242.58 - - [25/Sep/2026:20:09:28 +0000] "GET /?path=//lib64/perl5/auto HTTP/2" 200 27722 "https://www.visitkarimun.com/?path=%2F%2Flib64%2Fperl5%2Fauto" "Mozilla/5.0 AppleWebKit/537.36 (KHTML, like Gecko; compatible; GPTBot/1.4; +https://openai.com/gptbot)"
74.7.242.58 - - [25/Sep/2026:20:09:29 +0000] "GET /?action=edit&file=overload.h&path=%2F%2Flib64%2Fperl5%2FCORE HTTP/2" 200 28338 "https://www.visitkarimun.com/?path=%2F%2Flib64%2Fperl5%2FCORE" "Mozilla/5.0 AppleWebKit/537.36 (KHTML, like Gecko; compatible; GPTBot/1.4; +https://openai.com/gptbot)"
74.7.242.58 - - [25/Sep/2026:20:09:29 +0000] "GET /?action=edit&file=bitcount.h&path=%2F%2Flib64%2Fperl5%2FCORE HTTP/2" 200 27386 "https://www.visitkarimun.com/?path=%2F%2Flib64%2Fperl5%2FCORE" "Mozilla/5.0 AppleWebKit/537.36 (KHTML, like Gecko; compatible; GPTBot/1.4; +https://openai.com/gptbot)"
74.7.242.58 - - [25/Sep/2026:20:09:30 +0000] "GET /?path=//lib64/perl5/linux HTTP/2" 200 27611 "https://www.visitkarimun.com/?path=%2F%2Flib64%2Fperl5%2Flinux" "Mozilla/5.0 AppleWebKit/537.36 (KHTML, like Gecko; compatible; GPTBot/1.4; +https://openai.com/gptbot)"
74.7.242.58 - - [25/Sep/2026:20:09:31 +0000] "GET /?path=//lib64/perl5/Time HTTP/2" 200 27598 "https://www.visitkarimun.com/?path=%2F%2Flib64%2Fperl5%2FTime" "Mozilla/5.0 AppleWebKit/537.36 (KHTML, like Gecko; compatible; GPTBot/1.4; +https://openai.com/gptbot)"
192.250.235.217 - - [25/Sep/2026:20:09:32 +0000] "POST /wp-cron.php?doing_wp_cron=1790366972.3056159019470214843750 HTTP/1.1" 200 0 "-" "WordPress/7.1.2; https://www.visitkarimun.com"
74.7.242.58 - - [25/Sep/2026:20:09:31 +0000] "GET /?path=//lib64/perl5/CORE HTTP/2" 200 28769 "https://www.visitkarimun.com/?path=%2F%2Flib64%2Fperl5%2FCORE" "Mozilla/5.0 AppleWebKit/537.36 (KHTML, like Gecko; compatible; GPTBot/1.4; +https://openai.com/gptbot)"
74.7.242.58 - - [25/Sep/2026:20:09:32 +0000] "GET /?path=//lib64/perl5/auto/ODBM_File HTTP/2" 200 27654 "https://www.visitkarimun.com/?path=%2F%2Flib64%2Fperl5%2Fauto%2FODBM_File" "Mozilla/5.0 AppleWebKit/537.36 (KHTML, like Gecko; compatible; GPTBot/1.4; +https://openai.com/gptbot)"
74.7.242.58 - - [25/Sep/2026:20:09:33 +0000] "GET /?action=edit&file=scope.h&path=%2F%2Flib64%2Fperl5%2FCORE HTTP/2" 200 31406 "https://www.visitkarimun.com/?path=%2F%2Flib64%2Fperl5%2FCORE" "Mozilla/5.0 AppleWebKit/537.36 (KHTML, like Gecko; compatible; GPTBot/1.4; +https://openai.com/gptbot)"
74.7.242.58 - - [25/Sep/2026:20:09:33 +0000] "GET /?action=edit&file=sbox32_hash.h&path=%2F%2Flib64%2Fperl5%2FCORE HTTP/2" 200 31312 "https://www.visitkarimun.com/?path=%2F%2Flib64%2Fperl5%2FCORE" "Mozilla/5.0 AppleWebKit/537.36 (KHTML, like Gecko; compatible; GPTBot/1.4; +https://openai.com/gptbot)"
74.7.242.58 - - [25/Sep/2026:20:09:34 +0000] "GET /?action=edit&file=Mcrt1.o&path=%2F%2Flib64 HTTP/2" 200 27265 "https://www.visitkarimun.com/?path=%2F%2Flib64" "Mozilla/5.0 AppleWebKit/537.36 (KHTML, like Gecko; compatible; GPTBot/1.4; +https://openai.com/gptbot)"
74.7.242.58 - - [25/Sep/2026:20:09:35 +0000] "GET /?action=edit&file=Scrt1.o&path=%2F%2Flib64 HTTP/2" 200 27265 "https://www.visitkarimun.com/?path=%2F%2Flib64" "Mozilla/5.0 AppleWebKit/537.36 (KHTML, like Gecko; compatible; GPTBot/1.4; +https://openai.com/gptbot)"
74.7.242.58 - - [25/Sep/2026:20:09:35 +0000] "GET /?action=edit&file=gcrt1.o&path=%2F%2Flib64 HTTP/2" 200 27265 "https://www.visitkarimun.com/?path=%2F%2Flib64" "Mozilla/5.0 AppleWebKit/537.36 (KHTML, like Gecko; compatible; GPTBot/1.4; +https://openai.com/gptbot)"
74.7.242.58 - - [25/Sep/2026:20:09:36 +0000] "GET /?action=edit&file=libfwupdutil.so&path=%2F%2Flib64%2Ffwupd-2.0.19 HTTP/2" 200 27290 "https://www.visitkarimun.com/?path=%2F%2Flib64%2Ffwupd-2.0.19" "Mozilla/5.0 AppleWebKit/537.36 (KHTML, like Gecko; compatible; GPTBot/1.4; +https://openai.com/gptbot)"
192.250.235.217 - - [25/Sep/2026:20:09:37 +0000] "POST /wp-cron.php?doing_wp_cron=1790366977.3526051044464111328125 HTTP/1.1" 200 0 "-" "WordPress/7.1.2; https://www.visitkarimun.com"
74.7.242.58 - - [25/Sep/2026:20:09:37 +0000] "GET /?path=%2F%2Flib%2Fmotd.d HTTP/2" 200 27416 "https://www.visitkarimun.com/?path=%2F%2Flib" "Mozilla/5.0 AppleWebKit/537.36 (KHTML, like Gecko; compatible; GPTBot/1.4; +https://openai.com/gptbot)"
74.7.242.58 - - [25/Sep/2026:20:09:37 +0000] "GET /?path=%2F%2Frun%2Fmotd.d HTTP/2" 200 27414 "https://www.visitkarimun.com/?path=%2F%2Frun" "Mozilla/5.0 AppleWebKit/537.36 (KHTML, like Gecko; compatible; GPTBot/1.4; +https://openai.com/gptbot)"
74.7.242.58 - - [25/Sep/2026:20:09:38 +0000] "GET /?action=edit&file=base64.cpython-39.opt-1.pyc&path=%2F%2Flib64%2Fpython3.9%2F__pycache__ HTTP/2" 200 27340 "https://www.visitkarimun.com/?path=%2F%2Flib64%2Fpython3.9%2F__pycache__" "Mozilla/5.0 AppleWebKit/537.36 (KHTML, like Gecko; compatible; GPTBot/1.4; +https://openai.com/gptbot)"
74.7.242.58 - - [25/Sep/2026:20:09:39 +0000] "GET /?action=edit&file=libcollection.so.4&path=%2F%2Flib64 HTTP/2" 200 27297 "https://www.visitkarimun.com/?path=%2F%2Flib64" "Mozilla/5.0 AppleWebKit/537.36 (KHTML, like Gecko; compatible; GPTBot/1.4; +https://openai.com/gptbot)"
66.249.66.35 - - [25/Sep/2026:20:09:39 +0000] "GET /category/blog-artikel/?path=%2Fhome%2Fkarimun%2F.cagefs HTTP/1.1" 200 28137 "-" "Mozilla/5.0 (Linux; Android 6.0.1; Nexus 5X Build/MMB29P) AppleWebKit/537.36 (KHTML, like Gecko) Chrome/153.0.8010.52 Mobile Safari/537.36 (compatible; Googlebot/2.1; +http://www.google.com/bot.html)"
74.7.242.58 - - [25/Sep/2026:20:09:40 +0000] "GET /?action=edit&file=libcairo-script-interpreter.so.2.11704.0&path=%2F%2Flib64 HTTP/2" 200 27245 "https://www.visitkarimun.com/?path=%2F%2Flib64" "Mozilla/5.0 AppleWebKit/537.36 (KHTML, like Gecko; compatible; GPTBot/1.4; +https://openai.com/gptbot)"
74.7.242.58 - - [25/Sep/2026:20:09:40 +0000] "GET /?path=%2F%2Flib64%2Fsasl2 HTTP/2" 200 27625 "https://www.visitkarimun.com/?path=%2F%2Flib64" "Mozilla/5.0 AppleWebKit/537.36 (KHTML, like Gecko; compatible; GPTBot/1.4; +https://openai.com/gptbot)"
74.7.242.58 - - [25/Sep/2026:20:09:41 +0000] "GET /?path=%2F%2Fopt%2Fimunify360-webshield%2Fzlib HTTP/2" 200 27545 "https://www.visitkarimun.com/?path=%2F%2Fopt%2Fimunify360-webshield" "Mozilla/5.0 AppleWebKit/537.36 (KHTML, like Gecko; compatible; GPTBot/1.4; +https://openai.com/gptbot)"
74.7.242.58 - - [25/Sep/2026:20:09:42 +0000] "GET /?action=edit&file=_pyio.cpython-39.opt-2.pyc&path=%2F%2Flib64%2Fpython3.9%2F__pycache__ HTTP/2" 200 27306 "https://www.visitkarimun.com/?path=%2F%2Flib64%2Fpython3.9%2F__pycache__" "Mozilla/5.0 AppleWebKit/537.36 (KHTML, like Gecko; compatible; GPTBot/1.4; +https://openai.com/gptbot)"
74.7.242.58 - - [25/Sep/2026:20:09:43 +0000] "GET /?action=edit&file=_pyio.cpython-39.opt-1.pyc&path=%2F%2Flib64%2Fpython3.9%2F__pycache__ HTTP/2" 200 27306 "https://www.visitkarimun.com/?path=%2F%2Flib64%2Fpython3.9%2F__pycache__" "Mozilla/5.0 AppleWebKit/537.36 (KHTML, like Gecko; compatible; GPTBot/1.4; +https://openai.com/gptbot)"
74.7.242.58 - - [25/Sep/2026:20:09:43 +0000] "GET /?action=edit&file=libtracker-http-soup2.so&path=%2F%2Flib64%2Ftracker-3.0 HTTP/2" 200 27257 "https://www.visitkarimun.com/?path=%2F%2Flib64%2Ftracker-3.0" "Mozilla/5.0 AppleWebKit/537.36 (KHTML, like Gecko; compatible; GPTBot/1.4; +https://openai.com/gptbot)"
74.7.242.58 - - [25/Sep/2026:20:09:44 +0000] "GET /?action=edit&file=sha384sum&path=%2F%2Fbin HTTP/2" 200 27220 "https://www.visitkarimun.com/?path=%2F%2Fbin" "Mozilla/5.0 AppleWebKit/537.36 (KHTML, like Gecko; compatible; GPTBot/1.4; +https://openai.com/gptbot)"
74.7.242.58 - - [25/Sep/2026:20:09:45 +0000] "GET /?path=//lib/motd.d HTTP/2" 200 27416 "https://www.visitkarimun.com/?path=%2F%2Flib%2Fmotd.d" "Mozilla/5.0 AppleWebKit/537.36 (KHTML, like Gecko; compatible; GPTBot/1.4; +https://openai.com/gptbot)"
74.7.242.58 - - [25/Sep/2026:20:09:45 +0000] "GET /?path=//run/motd.d HTTP/2" 200 27414 "https://www.visitkarimun.com/?path=%2F%2Frun%2Fmotd.d" "Mozilla/5.0 AppleWebKit/537.36 (KHTML, like Gecko; compatible; GPTBot/1.4; +https://openai.com/gptbot)"
74.7.242.58 - - [25/Sep/2026:20:09:46 +0000] "GET /?path=%2F%2Fopt%2Fimunify360-webshield%2Fpcre HTTP/2" 200 27544 "https://www.visitkarimun.com/?path=%2F%2Fopt%2Fimunify360-webshield" "Mozilla/5.0 AppleWebKit/537.36 (KHTML, like Gecko; compatible; GPTBot/1.4; +https://openai.com/gptbot)"
74.7.242.58 - - [25/Sep/2026:20:09:47 +0000] "GET /?action=edit&file=p11-kit-client.so&path=%2F%2Flib64%2Fpkcs11 HTTP/2" 200 27242 "https://www.visitkarimun.com/?path=%2F%2Flib64%2Fpkcs11" "Mozilla/5.0 AppleWebKit/537.36 (KHTML, like Gecko; compatible; GPTBot/1.4; +https://openai.com/gptbot)"
74.7.242.58 - - [25/Sep/2026:20:09:48 +0000] "GET /%22https:/www.visitkarimun.com/informasi-harga-paket-wisata-karimunjawa-3-hari-2-malam/embed/?path=%2Fhome%2Fkarimun%2Fpublic_html%2Fwp-includes%2FID3 HTTP/2" 200 16231 "https://www.visitkarimun.com/%22https:/www.visitkarimun.com/informasi-harga-paket-wisata-karimunjawa-3-hari-2-malam/embed/?path=%2Fhome%2Fkarimun%2Fpublic_html%2Fwp-includes" "Mozilla/5.0 AppleWebKit/537.36 (KHTML, like Gecko; compatible; GPTBot/1.4; +https://openai.com/gptbot)"
74.7.242.58 - - [25/Sep/2026:20:09:48 +0000] "GET /?path=//lib64/sasl2 HTTP/2" 200 27625 "https://www.visitkarimun.com/?path=%2F%2Flib64%2Fsasl2" "Mozilla/5.0 AppleWebKit/537.36 (KHTML, like Gecko; compatible; GPTBot/1.4; +https://openai.com/gptbot)"
74.7.242.58 - - [25/Sep/2026:20:09:49 +0000] "GET /?action=edit&file=libsasldb.so.3.0.0&path=%2F%2Flib64%2Fsasl2 HTTP/2" 200 27297 "https://www.visitkarimun.com/?path=%2F%2Flib64%2Fsasl2" "Mozilla/5.0 AppleWebKit/537.36 (KHTML, like Gecko; compatible; GPTBot/1.4; +https://openai.com/gptbot)"
74.7.242.58 - - [25/Sep/2026:20:09:50 +0000] "GET /?action=edit&file=libanonymous.so.3.0.0&path=%2F%2Flib64%2Fsasl2 HTTP/2" 200 27298 "https://www.visitkarimun.com/?path=%2F%2Flib64%2Fsasl2" "Mozilla/5.0 AppleWebKit/537.36 (KHTML, like Gecko; compatible; GPTBot/1.4; +https://openai.com/gptbot)"
74.7.242.58 - - [25/Sep/2026:20:09:51 +0000] "GET /?action=edit&file=ODBM_File.so&path=%2F%2Flib64%2Fperl5%2Fauto%2FODBM_File HTTP/2" 200 27301 "https://www.visitkarimun.com/?path=%2F%2Flib64%2Fperl5%2Fauto%2FODBM_File" "Mozilla/5.0 AppleWebKit/537.36 (KHTML, like Gecko; compatible; GPTBot/1.4; +https://openai.com/gptbot)"
74.7.242.58 - - [25/Sep/2026:20:09:52 +0000] "GET /?path=%2F%2Fetc%2Fmotd.d HTTP/2" 403 9667 "https://www.visitkarimun.com/?path=%2F%2Fetc" "Mozilla/5.0 AppleWebKit/537.36 (KHTML, like Gecko; compatible; GPTBot/1.4; +https://openai.com/gptbot)"
74.7.242.58 - - [25/Sep/2026:20:09:52 +0000] "GET /?action=edit&file=ld-linux-x86-64.so.2&path=%2F%2Flib64 HTTP/2" 200 27347 "https://www.visitkarimun.com/?path=%2F%2Flib64" "Mozilla/5.0 AppleWebKit/537.36 (KHTML, like Gecko; compatible; GPTBot/1.4; +https://openai.com/gptbot)"
74.7.242.58 - - [25/Sep/2026:20:09:53 +0000] "GET /?path=//lib64/tracker-miners-3.0/writeback-modules HTTP/2" 200 27615 "https://www.visitkarimun.com/?path=%2F%2Flib64%2Ftracker-miners-3.0%2Fwriteback-modules" "Mozilla/5.0 AppleWebKit/537.36 (KHTML, like Gecko; compatible; GPTBot/1.4; +https://openai.com/gptbot)"
74.7.242.58 - - [25/Sep/2026:20:09:54 +0000] "GET /?path=%2F%2Flib64%2Flibdnf HTTP/2" 200 27530 "https://www.visitkarimun.com/?path=%2F%2Flib64" "Mozilla/5.0 AppleWebKit/537.36 (KHTML, like Gecko; compatible; GPTBot/1.4; +https://openai.com/gptbot)"
66.249.66.35 - - [25/Sep/2026:20:09:54 +0000] "GET /category/blog-artikel/?path=%2Fhome%2Fkarimun%2F.razor HTTP/1.1" 200 28231 "-" "Mozilla/5.0 (Linux; Android 6.0.1; Nexus 5X Build/MMB29P) AppleWebKit/537.36 (KHTML, like Gecko) Chrome/153.0.8010.52 Mobile Safari/537.36 (compatible; Googlebot/2.1; +http://www.google.com/bot.html)"
74.7.242.58 - - [25/Sep/2026:20:09:55 +0000] "GET /?action=edit&file=libnm-device-plugin-team.so&path=%2F%2Flib64%2FNetworkManager%2F1.54.3-5.el9_8 HTTP/2" 200 27333 "https://www.visitkarimun.com/?path=%2F%2Flib64%2FNetworkManager%2F1.54.3-5.el9_8" "Mozilla/5.0 AppleWebKit/537.36 (KHTML, like Gecko; compatible; GPTBot/1.4; +https://openai.com/gptbot)"
