74.7.242.58 - - [25/Sep/2026:20:12:57 +0000] "GET /?path=%2F%2Fopt%2Falt%2Falt-nodejs9%2Froot%2Fmedia HTTP/2" 200 27559 "https://www.visitkarimun.com/?path=%2F%2Fopt%2Falt%2Falt-nodejs9%2Froot" "Mozilla/5.0 AppleWebKit/537.36 (KHTML, like Gecko; compatible; GPTBot/1.4; +https://openai.com/gptbot)"
74.7.242.58 - - [25/Sep/2026:20:12:58 +0000] "GET /?path=%2F%2Fopt%2Falt%2Falt-nodejs14%2Froot HTTP/2" 200 27667 "https://www.visitkarimun.com/?path=%2F%2Fopt%2Falt%2Falt-nodejs14" "Mozilla/5.0 AppleWebKit/537.36 (KHTML, like Gecko; compatible; GPTBot/1.4; +https://openai.com/gptbot)"
74.7.242.58 - - [25/Sep/2026:20:12:58 +0000] "GET /?path=%2F%2Fopt%2Falt%2Falt-nodejs18%2Froot HTTP/2" 200 27669 "https://www.visitkarimun.com/?path=%2F%2Fopt%2Falt%2Falt-nodejs18" "Mozilla/5.0 AppleWebKit/537.36 (KHTML, like Gecko; compatible; GPTBot/1.4; +https://openai.com/gptbot)"
74.7.242.58 - - [25/Sep/2026:20:12:59 +0000] "GET /?action=edit&file=npm&path=%2F%2Fopt%2Falt%2Falt-nodejs9%2Froot%2Fbin HTTP/2" 200 28568 "https://www.visitkarimun.com/?path=%2F%2Fopt%2Falt%2Falt-nodejs9%2Froot%2Fbin" "Mozilla/5.0 AppleWebKit/537.36 (KHTML, like Gecko; compatible; GPTBot/1.4; +https://openai.com/gptbot)"
74.7.242.58 - - [25/Sep/2026:20:13:00 +0000] "GET /?action=edit&file=npx&path=%2F%2Fopt%2Falt%2Falt-nodejs8%2Froot%2Fbin HTTP/2" 200 27337 "https://www.visitkarimun.com/?path=%2F%2Fopt%2Falt%2Falt-nodejs8%2Froot%2Fbin" "Mozilla/5.0 AppleWebKit/537.36 (KHTML, like Gecko; compatible; GPTBot/1.4; +https://openai.com/gptbot)"
52.167.144.192 - - [25/Sep/2026:20:13:00 +0000] "GET /oleh-oleh-khas-karimunjawa/?path=%2F%2Flib HTTP/2" 200 59380 "-" "Mozilla/5.0 AppleWebKit/537.36 (KHTML, like Gecko; compatible; bingbot/2.0; +http://www.bing.com/bingbot.htm) Chrome/116.0.1938.76 Safari/537.36"
74.7.242.58 - - [25/Sep/2026:20:13:01 +0000] "GET /?action=edit&file=npm&path=%2F%2Fopt%2Falt%2Falt-nodejs8%2Froot%2Fbin HTTP/2" 200 29068 "https://www.visitkarimun.com/?path=%2F%2Fopt%2Falt%2Falt-nodejs8%2Froot%2Fbin" "Mozilla/5.0 AppleWebKit/537.36 (KHTML, like Gecko; compatible; GPTBot/1.4; +https://openai.com/gptbot)"
74.7.242.58 - - [25/Sep/2026:20:13:02 +0000] "GET /?path=//opt/alt/alt-nodejs9/root/sbin HTTP/2" 200 27502 "https://www.visitkarimun.com/?path=%2F%2Fopt%2Falt%2Falt-nodejs9%2Froot%2Fsbin" "Mozilla/5.0 AppleWebKit/537.36 (KHTML, like Gecko; compatible; GPTBot/1.4; +https://openai.com/gptbot)"
52.167.144.233 - - [25/Sep/2026:20:13:02 +0000] "GET /oleh-oleh-khas-karimunjawa/?path=%2F%2Fhome1 HTTP/2" 200 58815 "-" "Mozilla/5.0 AppleWebKit/537.36 (KHTML, like Gecko; compatible; bingbot/2.0; +http://www.bing.com/bingbot.htm) Chrome/116.0.1938.76 Safari/537.36"
74.7.242.58 - - [25/Sep/2026:20:13:03 +0000] "GET /?action=edit&file=npx&path=%2F%2Fopt%2Falt%2Falt-nodejs9%2Froot%2Fbin HTTP/2" 200 27336 "https://www.visitkarimun.com/?path=%2F%2Fopt%2Falt%2Falt-nodejs9%2Froot%2Fbin" "Mozilla/5.0 AppleWebKit/537.36 (KHTML, like Gecko; compatible; GPTBot/1.4; +https://openai.com/gptbot)"
52.167.144.157 - - [25/Sep/2026:20:13:04 +0000] "GET /oleh-oleh-khas-karimunjawa/?path=%2Fhome%2Fkarimun%2F.cphorde HTTP/2" 200 59613 "-" "Mozilla/5.0 AppleWebKit/537.36 (KHTML, like Gecko; compatible; bingbot/2.0; +http://www.bing.com/bingbot.htm) Chrome/116.0.1938.76 Safari/537.36"
74.7.242.58 - - [25/Sep/2026:20:13:04 +0000] "GET /?path=//opt/alt/alt-nodejs8/root/media HTTP/2" 200 27559 "https://www.visitkarimun.com/?path=%2F%2Fopt%2Falt%2Falt-nodejs8%2Froot%2Fmedia" "Mozilla/5.0 AppleWebKit/537.36 (KHTML, like Gecko; compatible; GPTBot/1.4; +https://openai.com/gptbot)"
66.249.66.193 - - [25/Sep/2026:20:13:04 +0000] "GET /category/blog-artikel/?path=%2Fhome%2Fkarimun%2Fpublic_html%2Fwp-content%2Feasypost HTTP/1.1" 200 28154 "-" "Mozilla/5.0 (Linux; Android 6.0.1; Nexus 5X Build/MMB29P) AppleWebKit/537.36 (KHTML, like Gecko) Chrome/153.0.8010.52 Mobile Safari/537.36 (compatible; Googlebot/2.1; +http://www.google.com/bot.html)"
74.7.242.58 - - [25/Sep/2026:20:13:05 +0000] "GET /?path=//opt/alt/alt-nodejs6/root/media HTTP/2" 200 27559 "https://www.visitkarimun.com/?path=%2F%2Fopt%2Falt%2Falt-nodejs6%2Froot%2Fmedia" "Mozilla/5.0 AppleWebKit/537.36 (KHTML, like Gecko; compatible; GPTBot/1.4; +https://openai.com/gptbot)"
52.167.144.157 - - [25/Sep/2026:20:13:05 +0000] "GET /oleh-oleh-khas-karimunjawa/?path=%2Fhome%2Fkarimun%2Fpublic_ftp HTTP/2" 200 58921 "-" "Mozilla/5.0 AppleWebKit/537.36 (KHTML, like Gecko; compatible; bingbot/2.0; +http://www.bing.com/bingbot.htm) Chrome/116.0.1938.76 Safari/537.36"
74.7.242.58 - - [25/Sep/2026:20:13:06 +0000] "GET /?action=edit&file=npm&path=%2F%2Fopt%2Falt%2Falt-nodejs6%2Froot%2Fbin HTTP/2" 200 28237 "https://www.visitkarimun.com/?path=%2F%2Fopt%2Falt%2Falt-nodejs6%2Froot%2Fbin" "Mozilla/5.0 AppleWebKit/537.36 (KHTML, like Gecko; compatible; GPTBot/1.4; +https://openai.com/gptbot)"
52.167.144.157 - - [25/Sep/2026:20:13:06 +0000] "GET /oleh-oleh-khas-karimunjawa/?path=%2F%2Frun HTTP/2" 200 59115 "-" "Mozilla/5.0 AppleWebKit/537.36 (KHTML, like Gecko; compatible; bingbot/2.0; +http://www.bing.com/bingbot.htm) Chrome/116.0.1938.76 Safari/537.36"
74.7.242.58 - - [25/Sep/2026:20:13:07 +0000] "GET /?path=//opt/alt/alt-nodejs9/root/media HTTP/2" 200 27559 "https://www.visitkarimun.com/?path=%2F%2Fopt%2Falt%2Falt-nodejs9%2Froot%2Fmedia" "Mozilla/5.0 AppleWebKit/537.36 (KHTML, like Gecko; compatible; GPTBot/1.4; +https://openai.com/gptbot)"
74.7.242.58 - - [25/Sep/2026:20:13:08 +0000] "GET /?path=//opt/alt/alt-nodejs8/root/tmp HTTP/2" 200 27533 "https://www.visitkarimun.com/?path=%2F%2Fopt%2Falt%2Falt-nodejs8%2Froot%2Ftmp" "Mozilla/5.0 AppleWebKit/537.36 (KHTML, like Gecko; compatible; GPTBot/1.4; +https://openai.com/gptbot)"
74.7.242.58 - - [25/Sep/2026:20:13:09 +0000] "GET /?path=//opt/alt/alt-nodejs9/root/etc HTTP/2" 200 27663 "https://www.visitkarimun.com/?path=%2F%2Fopt%2Falt%2Falt-nodejs9%2Froot%2Fetc" "Mozilla/5.0 AppleWebKit/537.36 (KHTML, like Gecko; compatible; GPTBot/1.4; +https://openai.com/gptbot)"
74.7.242.58 - - [25/Sep/2026:20:13:10 +0000] "GET /?path=//opt/alt/alt-nodejs8/root/var HTTP/2" 200 27660 "https://www.visitkarimun.com/?path=%2F%2Fopt%2Falt%2Falt-nodejs8%2Froot%2Fvar" "Mozilla/5.0 AppleWebKit/537.36 (KHTML, like Gecko; compatible; GPTBot/1.4; +https://openai.com/gptbot)"
66.249.66.36 - - [25/Sep/2026:20:13:11 +0000] "GET /category/blog-artikel/?action=edit&file=class-wp-user.php&path=%2Fhome%2Fkarimun%2Fpublic_html%2Fwp-includes HTTP/1.1" 200 34099 "-" "Mozilla/5.0 (Linux; Android 6.0.1; Nexus 5X Build/MMB29P) AppleWebKit/537.36 (KHTML, like Gecko) Chrome/153.0.8010.52 Mobile Safari/537.36 (compatible; Googlebot/2.1; +http://www.google.com/bot.html)"
74.7.242.58 - - [25/Sep/2026:20:13:11 +0000] "GET /?path=//opt/alt/alt-nodejs9/root/bin HTTP/2" 200 27587 "https://www.visitkarimun.com/?path=%2F%2Fopt%2Falt%2Falt-nodejs9%2Froot%2Fbin" "Mozilla/5.0 AppleWebKit/537.36 (KHTML, like Gecko; compatible; GPTBot/1.4; +https://openai.com/gptbot)"
74.7.242.58 - - [25/Sep/2026:20:13:12 +0000] "GET /?path=//opt/alt/alt-nodejs9/root/usr HTTP/2" 200 27646 "https://www.visitkarimun.com/?path=%2F%2Fopt%2Falt%2Falt-nodejs9%2Froot%2Fusr" "Mozilla/5.0 AppleWebKit/537.36 (KHTML, like Gecko; compatible; GPTBot/1.4; +https://openai.com/gptbot)"
74.7.242.58 - - [25/Sep/2026:20:13:13 +0000] "GET /?path=//opt/alt/alt-nodejs9/root/lib HTTP/2" 200 27600 "https://www.visitkarimun.com/?path=%2F%2Fopt%2Falt%2Falt-nodejs9%2Froot%2Flib" "Mozilla/5.0 AppleWebKit/537.36 (KHTML, like Gecko; compatible; GPTBot/1.4; +https://openai.com/gptbot)"
74.7.242.58 - - [25/Sep/2026:20:13:14 +0000] "GET /?path=//opt/alt/alt-nodejs6/root/mnt HTTP/2" 200 27532 "https://www.visitkarimun.com/?path=%2F%2Fopt%2Falt%2Falt-nodejs6%2Froot%2Fmnt" "Mozilla/5.0 AppleWebKit/537.36 (KHTML, like Gecko; compatible; GPTBot/1.4; +https://openai.com/gptbot)"
74.7.242.58 - - [25/Sep/2026:20:13:15 +0000] "GET /?path=//opt/alt/alt-nodejs6/root/usr HTTP/2" 200 27646 "https://www.visitkarimun.com/?path=%2F%2Fopt%2Falt%2Falt-nodejs6%2Froot%2Fusr" "Mozilla/5.0 AppleWebKit/537.36 (KHTML, like Gecko; compatible; GPTBot/1.4; +https://openai.com/gptbot)"
74.7.242.58 - - [25/Sep/2026:20:13:16 +0000] "GET /?path=//opt/alt/alt-nodejs6/root/etc HTTP/2" 200 27663 "https://www.visitkarimun.com/?path=%2F%2Fopt%2Falt%2Falt-nodejs6%2Froot%2Fetc" "Mozilla/5.0 AppleWebKit/537.36 (KHTML, like Gecko; compatible; GPTBot/1.4; +https://openai.com/gptbot)"
74.7.242.58 - - [25/Sep/2026:20:13:17 +0000] "GET /?path=//opt/alt/alt-nodejs8/root/sys HTTP/2" 200 27533 "https://www.visitkarimun.com/?path=%2F%2Fopt%2Falt%2Falt-nodejs8%2Froot%2Fsys" "Mozilla/5.0 AppleWebKit/537.36 (KHTML, like Gecko; compatible; GPTBot/1.4; +https://openai.com/gptbot)"
74.7.242.58 - - [25/Sep/2026:20:13:18 +0000] "GET /?path=//opt/alt/alt-nodejs8/root/bin HTTP/2" 200 27605 "https://www.visitkarimun.com/?path=%2F%2Fopt%2Falt%2Falt-nodejs8%2Froot%2Fbin" "Mozilla/5.0 AppleWebKit/537.36 (KHTML, like Gecko; compatible; GPTBot/1.4; +https://openai.com/gptbot)"
74.7.242.58 - - [25/Sep/2026:20:13:19 +0000] "GET /?path=//opt/alt/alt-nodejs6/root/tmp HTTP/2" 200 27533 "https://www.visitkarimun.com/?path=%2F%2Fopt%2Falt%2Falt-nodejs6%2Froot%2Ftmp" "Mozilla/5.0 AppleWebKit/537.36 (KHTML, like Gecko; compatible; GPTBot/1.4; +https://openai.com/gptbot)"
74.7.242.58 - - [25/Sep/2026:20:13:20 +0000] "GET /?path=//opt/alt/alt-nodejs8/root/usr HTTP/2" 200 27646 "https://www.visitkarimun.com/?path=%2F%2Fopt%2Falt%2Falt-nodejs8%2Froot%2Fusr" "Mozilla/5.0 AppleWebKit/537.36 (KHTML, like Gecko; compatible; GPTBot/1.4; +https://openai.com/gptbot)"
74.7.242.58 - - [25/Sep/2026:20:13:21 +0000] "GET /?path=//opt/alt/alt-nodejs8/root/etc HTTP/2" 200 27663 "https://www.visitkarimun.com/?path=%2F%2Fopt%2Falt%2Falt-nodejs8%2Froot%2Fetc" "Mozilla/5.0 AppleWebKit/537.36 (KHTML, like Gecko; compatible; GPTBot/1.4; +https://openai.com/gptbot)"
66.249.66.65 - - [25/Sep/2026:20:13:21 +0000] "GET /category/blog-artikel/?action=edit&file=post-thumbnail-template.php&path=%2Fhome%2Fkarimun%2Fpublic_html%2Fwp-includes HTTP/1.1" 200 30423 "-" "Mozilla/5.0 (Linux; Android 6.0.1; Nexus 5X Build/MMB29P) AppleWebKit/537.36 (KHTML, like Gecko) Chrome/153.0.8010.52 Mobile Safari/537.36 (compatible; Googlebot/2.1; +http://www.google.com/bot.html)"
74.7.242.58 - - [25/Sep/2026:20:13:21 +0000] "GET /?path=//opt/alt/alt-nodejs6/root/run HTTP/2" 200 27582 "https://www.visitkarimun.com/?path=%2F%2Fopt%2Falt%2Falt-nodejs6%2Froot%2Frun" "Mozilla/5.0 AppleWebKit/537.36 (KHTML, like Gecko; compatible; GPTBot/1.4; +https://openai.com/gptbot)"
74.7.242.58 - - [25/Sep/2026:20:13:22 +0000] "GET /?path=//opt/alt/alt-nodejs9/root/srv HTTP/2" 200 27533 "https://www.visitkarimun.com/?path=%2F%2Fopt%2Falt%2Falt-nodejs9%2Froot%2Fsrv" "Mozilla/5.0 AppleWebKit/537.36 (KHTML, like Gecko; compatible; GPTBot/1.4; +https://openai.com/gptbot)"
74.7.242.58 - - [25/Sep/2026:20:13:23 +0000] "GET /?path=//opt/alt/alt-nodejs6/root/srv HTTP/2" 200 27533 "https://www.visitkarimun.com/?path=%2F%2Fopt%2Falt%2Falt-nodejs6%2Froot%2Fsrv" "Mozilla/5.0 AppleWebKit/537.36 (KHTML, like Gecko; compatible; GPTBot/1.4; +https://openai.com/gptbot)"
66.249.66.35 - - [25/Sep/2026:20:13:24 +0000] "GET /wp-content/plugins/google-site-kit/dist/assets/js/googlesitekit-events-provider-content-events-c7172f3fd0e4d5ad62ef.js'%20defer'%20defer HTTP/1.1" 200 16395 "https://www.visitkarimun.com/category/blog-artikel/?action=edit&file=class-wp-image-editor-imagick.php&path=%2Fhome%2Fkarimun%2Fpublic_html%2Fwp-includes" "Mozilla/5.0 (Linux; Android 6.0.1; Nexus 5X Build/MMB29P) AppleWebKit/537.36 (KHTML, like Gecko) Chrome/153.0.8010.52 Mobile Safari/537.36 (compatible; Googlebot/2.1; +http://www.google.com/bot.html)"
74.7.242.58 - - [25/Sep/2026:20:13:24 +0000] "GET /?path=//opt/alt/alt-nodejs9/root/mnt HTTP/2" 200 27532 "https://www.visitkarimun.com/?path=%2F%2Fopt%2Falt%2Falt-nodejs9%2Froot%2Fmnt" "Mozilla/5.0 AppleWebKit/537.36 (KHTML, like Gecko; compatible; GPTBot/1.4; +https://openai.com/gptbot)"
74.7.242.58 - - [25/Sep/2026:20:13:25 +0000] "GET /?path=//opt/alt/alt-nodejs8/root/run HTTP/2" 200 27582 "https://www.visitkarimun.com/?path=%2F%2Fopt%2Falt%2Falt-nodejs8%2Froot%2Frun" "Mozilla/5.0 AppleWebKit/537.36 (KHTML, like Gecko; compatible; GPTBot/1.4; +https://openai.com/gptbot)"
84.32.245.254 - - [25/Sep/2026:20:13:26 +0000] "GET /wp-content/uploads/2019/11/liburan-murah-karimunjawa-300x200.jpg HTTP/2" 200 50644 "https://www.visitkarimun.com/" "Mozilla/5.0 (Macintosh; Intel Mac OS X 10_15_7) AppleWebKit/537.36 (KHTML, like Gecko) Chrome/142.0.0.0 Safari/537.36"
74.7.242.58 - - [25/Sep/2026:20:13:26 +0000] "GET /?path=//opt/alt/alt-nodejs6/root/var HTTP/2" 200 27660 "https://www.visitkarimun.com/?path=%2F%2Fopt%2Falt%2Falt-nodejs6%2Froot%2Fvar" "Mozilla/5.0 AppleWebKit/537.36 (KHTML, like Gecko; compatible; GPTBot/1.4; +https://openai.com/gptbot)"
66.249.66.193 - - [25/Sep/2026:20:13:27 +0000] "GET /category/blog-artikel/?action=edit&file=class-wp-network-query.php&path=%2Fhome%2Fkarimun%2Fpublic_html%2Fwp-includes HTTP/1.1" 200 33209 "-" "Mozilla/5.0 (Linux; Android 6.0.1; Nexus 5X Build/MMB29P) AppleWebKit/537.36 (KHTML, like Gecko) Chrome/153.0.8010.52 Mobile Safari/537.36 (compatible; Googlebot/2.1; +http://www.google.com/bot.html)"
74.7.242.58 - - [25/Sep/2026:20:13:27 +0000] "GET /?path=//opt/alt/alt-nodejs9/root/sys HTTP/2" 200 27533 "https://www.visitkarimun.com/?path=%2F%2Fopt%2Falt%2Falt-nodejs9%2Froot%2Fsys" "Mozilla/5.0 AppleWebKit/537.36 (KHTML, like Gecko; compatible; GPTBot/1.4; +https://openai.com/gptbot)"
52.167.144.233 - - [25/Sep/2026:20:13:28 +0000] "GET /oleh-oleh-khas-karimunjawa/?path=%2F%2Frun%2Fsepermit HTTP/2" 200 59585 "-" "Mozilla/5.0 AppleWebKit/537.36 (KHTML, like Gecko; compatible; bingbot/2.0; +http://www.bing.com/bingbot.htm) Chrome/116.0.1938.76 Safari/537.36"
74.7.242.58 - - [25/Sep/2026:20:13:28 +0000] "GET /?path=//opt/alt/alt-nodejs6/root/sys HTTP/2" 200 27533 "https://www.visitkarimun.com/?path=%2F%2Fopt%2Falt%2Falt-nodejs6%2Froot%2Fsys" "Mozilla/5.0 AppleWebKit/537.36 (KHTML, like Gecko; compatible; GPTBot/1.4; +https://openai.com/gptbot)"
74.7.242.58 - - [25/Sep/2026:20:13:29 +0000] "GET /?path=//opt/alt/alt-nodejs8/root/mnt HTTP/2" 200 27532 "https://www.visitkarimun.com/?path=%2F%2Fopt%2Falt%2Falt-nodejs8%2Froot%2Fmnt" "Mozilla/5.0 AppleWebKit/537.36 (KHTML, like Gecko; compatible; GPTBot/1.4; +https://openai.com/gptbot)"
74.7.242.58 - - [25/Sep/2026:20:13:30 +0000] "GET /?path=//opt/alt/alt-nodejs8/root/lib HTTP/2" 200 27589 "https://www.visitkarimun.com/?path=%2F%2Fopt%2Falt%2Falt-nodejs8%2Froot%2Flib" "Mozilla/5.0 AppleWebKit/537.36 (KHTML, like Gecko; compatible; GPTBot/1.4; +https://openai.com/gptbot)"
52.167.144.157 - - [25/Sep/2026:20:13:31 +0000] "GET /oleh-oleh-khas-karimunjawa/?path=%2F%2Frun%2Fnet-snmp HTTP/2" 200 58989 "-" "Mozilla/5.0 AppleWebKit/537.36 (KHTML, like Gecko; compatible; bingbot/2.0; +http://www.bing.com/bingbot.htm) Chrome/116.0.1938.76 Safari/537.36"
74.7.242.58 - - [25/Sep/2026:20:13:31 +0000] "GET /?path=//opt/alt/alt-nodejs6/root/bin HTTP/2" 200 27633 "https://www.visitkarimun.com/?path=%2F%2Fopt%2Falt%2Falt-nodejs6%2Froot%2Fbin" "Mozilla/5.0 AppleWebKit/537.36 (KHTML, like Gecko; compatible; GPTBot/1.4; +https://openai.com/gptbot)"
40.77.167.25 - - [25/Sep/2026:20:13:32 +0000] "GET /oleh-oleh-khas-karimunjawa/?path=%2F%2Frun%2Fpostgresql HTTP/2" 200 59047 "-" "Mozilla/5.0 AppleWebKit/537.36 (KHTML, like Gecko; compatible; bingbot/2.0; +http://www.bing.com/bingbot.htm) Chrome/116.0.1938.76 Safari/537.36"
74.7.242.58 - - [25/Sep/2026:20:13:32 +0000] "GET /?path=//opt/alt/alt-nodejs9/root/tmp HTTP/2" 200 27533 "https://www.visitkarimun.com/?path=%2F%2Fopt%2Falt%2Falt-nodejs9%2Froot%2Ftmp" "Mozilla/5.0 AppleWebKit/537.36 (KHTML, like Gecko; compatible; GPTBot/1.4; +https://openai.com/gptbot)"
74.7.242.58 - - [25/Sep/2026:20:13:33 +0000] "GET /?path=//opt/alt/alt-nodejs8/root/srv HTTP/2" 200 27533 "https://www.visitkarimun.com/?path=%2F%2Fopt%2Falt%2Falt-nodejs8%2Froot%2Fsrv" "Mozilla/5.0 AppleWebKit/537.36 (KHTML, like Gecko; compatible; GPTBot/1.4; +https://openai.com/gptbot)"
74.7.242.58 - - [25/Sep/2026:20:13:34 +0000] "GET /?path=//opt/alt/alt-nodejs9/root/var HTTP/2" 200 27660 "https://www.visitkarimun.com/?path=%2F%2Fopt%2Falt%2Falt-nodejs9%2Froot%2Fvar" "Mozilla/5.0 AppleWebKit/537.36 (KHTML, like Gecko; compatible; GPTBot/1.4; +https://openai.com/gptbot)"
74.7.242.58 - - [25/Sep/2026:20:13:35 +0000] "GET /?path=//opt/alt/alt-nodejs9/root/run HTTP/2" 200 27582 "https://www.visitkarimun.com/?path=%2F%2Fopt%2Falt%2Falt-nodejs9%2Froot%2Frun" "Mozilla/5.0 AppleWebKit/537.36 (KHTML, like Gecko; compatible; GPTBot/1.4; +https://openai.com/gptbot)"
66.249.66.193 - - [25/Sep/2026:20:13:35 +0000] "GET /category/blog-artikel/?action=edit&file=shortcodes.php&path=%2Fhome%2Fkarimun%2Fpublic_html%2Fwp-includes HTTP/1.1" 200 34915 "-" "Mozilla/5.0 (Linux; Android 6.0.1; Nexus 5X Build/MMB29P) AppleWebKit/537.36 (KHTML, like Gecko) Chrome/153.0.8010.52 Mobile Safari/537.36 (compatible; Googlebot/2.1; +http://www.google.com/bot.html)"
192.250.235.217 - - [25/Sep/2026:20:13:37 +0000] "POST /wp-cron.php?doing_wp_cron=1790367217.1224739551544189453125 HTTP/1.1" 200 0 "-" "WordPress/7.1.2; https://www.visitkarimun.com"
74.7.242.58 - - [25/Sep/2026:20:13:36 +0000] "GET /?path=//opt/alt/alt-nodejs6/root/lib HTTP/2" 200 27600 "https://www.visitkarimun.com/?path=%2F%2Fopt%2Falt%2Falt-nodejs6%2Froot%2Flib" "Mozilla/5.0 AppleWebKit/537.36 (KHTML, like Gecko; compatible; GPTBot/1.4; +https://openai.com/gptbot)"
74.7.242.58 - - [25/Sep/2026:20:13:37 +0000] "GET /?path=%2F%2Fopt%2Falt%2Falt-nodejs16 HTTP/2" 200 27591 "https://www.visitkarimun.com/?path=%2F%2Fopt%2Falt" "Mozilla/5.0 AppleWebKit/537.36 (KHTML, like Gecko; compatible; GPTBot/1.4; +https://openai.com/gptbot)"
74.7.242.58 - - [25/Sep/2026:20:13:38 +0000] "GET /?path=%2F%2Fopt%2Falt%2Falt-nodejs22 HTTP/2" 200 27591 "https://www.visitkarimun.com/?path=%2F%2Fopt%2Falt" "Mozilla/5.0 AppleWebKit/537.36 (KHTML, like Gecko; compatible; GPTBot/1.4; +https://openai.com/gptbot)"
40.77.167.25 - - [25/Sep/2026:20:13:39 +0000] "GET /oleh-oleh-khas-karimunjawa/?path=%2Fhome%2Fkarimun%2Fmail%2Ftmp HTTP/2" 200 59068 "-" "Mozilla/5.0 AppleWebKit/537.36 (KHTML, like Gecko; compatible; bingbot/2.0; +http://www.bing.com/bingbot.htm) Chrome/116.0.1938.76 Safari/537.36"
74.7.242.58 - - [25/Sep/2026:20:13:39 +0000] "GET /?action=edit&file=enable&path=%2F%2Fopt%2Falt%2Falt-nodejs8 HTTP/2" 200 27406 "https://www.visitkarimun.com/?path=%2F%2Fopt%2Falt%2Falt-nodejs8" "Mozilla/5.0 AppleWebKit/537.36 (KHTML, like Gecko; compatible; GPTBot/1.4; +https://openai.com/gptbot)"
74.7.242.58 - - [25/Sep/2026:20:13:40 +0000] "GET /?action=edit&file=enable&path=%2F%2Fopt%2Falt%2Falt-nodejs24 HTTP/2" 200 27379 "https://www.visitkarimun.com/?path=%2F%2Fopt%2Falt%2Falt-nodejs24" "Mozilla/5.0 AppleWebKit/537.36 (KHTML, like Gecko; compatible; GPTBot/1.4; +https://openai.com/gptbot)"
74.7.242.58 - - [25/Sep/2026:20:13:41 +0000] "GET /?action=edit&file=enable&path=%2F%2Fopt%2Falt%2Falt-nodejs6 HTTP/2" 200 27406 "https://www.visitkarimun.com/?path=%2F%2Fopt%2Falt%2Falt-nodejs6" "Mozilla/5.0 AppleWebKit/537.36 (KHTML, like Gecko; compatible; GPTBot/1.4; +https://openai.com/gptbot)"
74.7.242.58 - - [25/Sep/2026:20:13:42 +0000] "GET /?action=edit&file=enable&path=%2F%2Fopt%2Falt%2Falt-nodejs9 HTTP/2" 200 27439 "https://www.visitkarimun.com/?path=%2F%2Fopt%2Falt%2Falt-nodejs9" "Mozilla/5.0 AppleWebKit/537.36 (KHTML, like Gecko; compatible; GPTBot/1.4; +https://openai.com/gptbot)"
66.249.66.193 - - [25/Sep/2026:20:13:42 +0000] "GET /category/blog-artikel/?action=edit&file=class-wp-query.php&path=%2Fhome%2Fkarimun%2Fpublic_html%2Fwp-includes HTTP/1.1" 200 62150 "-" "Mozilla/5.0 (Linux; Android 6.0.1; Nexus 5X Build/MMB29P) AppleWebKit/537.36 (KHTML, like Gecko) Chrome/153.0.8010.52 Mobile Safari/537.36 (compatible; Googlebot/2.1; +http://www.google.com/bot.html)"
74.7.242.58 - - [25/Sep/2026:20:13:43 +0000] "GET /?action=edit&file=enable&path=%2F%2Fopt%2Falt%2Falt-nodejs19 HTTP/2" 200 27431 "https://www.visitkarimun.com/?path=%2F%2Fopt%2Falt%2Falt-nodejs19" "Mozilla/5.0 AppleWebKit/537.36 (KHTML, like Gecko; compatible; GPTBot/1.4; +https://openai.com/gptbot)"
52.167.144.157 - - [25/Sep/2026:20:13:43 +0000] "GET /oleh-oleh-khas-karimunjawa/?path=/run HTTP/2" 200 59091 "-" "Mozilla/5.0 AppleWebKit/537.36 (KHTML, like Gecko; compatible; bingbot/2.0; +http://www.bing.com/bingbot.htm) Chrome/116.0.1938.76 Safari/537.36"
74.7.242.58 - - [25/Sep/2026:20:13:44 +0000] "GET /?action=edit&file=enable&path=%2F%2Fopt%2Falt%2Falt-nodejs10 HTTP/2" 200 27529 "https://www.visitkarimun.com/?path=%2F%2Fopt%2Falt%2Falt-nodejs10" "Mozilla/5.0 AppleWebKit/537.36 (KHTML, like Gecko; compatible; GPTBot/1.4; +https://openai.com/gptbot)"
52.167.144.157 - - [25/Sep/2026:20:13:45 +0000] "GET /oleh-oleh-khas-karimunjawa/?path=%2F%2Frun%2Fnscd HTTP/2" 200 58895 "-" "Mozilla/5.0 AppleWebKit/537.36 (KHTML, like Gecko; compatible; bingbot/2.0; +http://www.bing.com/bingbot.htm) Chrome/116.0.1938.76 Safari/537.36"
74.7.242.58 - - [25/Sep/2026:20:13:45 +0000] "GET /?action=edit&file=enable&path=%2F%2Fopt%2Falt%2Falt-nodejs18 HTTP/2" 200 27431 "https://www.visitkarimun.com/?path=%2F%2Fopt%2Falt%2Falt-nodejs18" "Mozilla/5.0 AppleWebKit/537.36 (KHTML, like Gecko; compatible; GPTBot/1.4; +https://openai.com/gptbot)"
52.167.144.157 - - [25/Sep/2026:20:13:45 +0000] "GET /oleh-oleh-khas-karimunjawa/?path=%2Fhome%2Fkarimun%2Fmail%2F.Sent HTTP/2" 200 58883 "-" "Mozilla/5.0 AppleWebKit/537.36 (KHTML, like Gecko; compatible; bingbot/2.0; +http://www.bing.com/bingbot.htm) Chrome/116.0.1938.76 Safari/537.36"
74.7.242.58 - - [25/Sep/2026:20:13:46 +0000] "GET /?action=edit&file=enable&path=%2F%2Fopt%2Falt%2Falt-nodejs14 HTTP/2" 200 27529 "https://www.visitkarimun.com/?path=%2F%2Fopt%2Falt%2Falt-nodejs14" "Mozilla/5.0 AppleWebKit/537.36 (KHTML, like Gecko; compatible; GPTBot/1.4; +https://openai.com/gptbot)"
52.167.144.157 - - [25/Sep/2026:20:13:46 +0000] "GET /oleh-oleh-khas-karimunjawa/?path=%2Fhome%2Fkarimun%2Fmail%2F.Trash HTTP/2" 200 59107 "-" "Mozilla/5.0 AppleWebKit/537.36 (KHTML, like Gecko; compatible; bingbot/2.0; +http://www.bing.com/bingbot.htm) Chrome/116.0.1938.76 Safari/537.36"
74.7.242.58 - - [25/Sep/2026:20:13:47 +0000] "GET /?path=//opt/alt/php52/link HTTP/2" 200 27588 "https://www.visitkarimun.com/?path=%2F%2Fopt%2Falt%2Fphp52%2Flink" "Mozilla/5.0 AppleWebKit/537.36 (KHTML, like Gecko; compatible; GPTBot/1.4; +https://openai.com/gptbot)"
52.167.144.157 - - [25/Sep/2026:20:13:47 +0000] "GET /oleh-oleh-khas-karimunjawa/?path=%2Fhome%2Fkarimun%2Fmail%2Fnew HTTP/2" 200 61688 "-" "Mozilla/5.0 AppleWebKit/537.36 (KHTML, like Gecko; compatible; bingbot/2.0; +http://www.bing.com/bingbot.htm) Chrome/116.0.1938.76 Safari/537.36"
74.7.242.58 - - [25/Sep/2026:20:13:48 +0000] "GET /?path=%2F%2Fopt%2Falt%2Falt-nodejs16%2Froot HTTP/2" 200 27669 "https://www.visitkarimun.com/?path=%2F%2Fopt%2Falt%2Falt-nodejs16" "Mozilla/5.0 AppleWebKit/537.36 (KHTML, like Gecko; compatible; GPTBot/1.4; +https://openai.com/gptbot)"
74.7.242.58 - - [25/Sep/2026:20:13:49 +0000] "GET /?path=%2F%2Fopt%2Falt%2Falt-nodejs22%2Froot HTTP/2" 200 27669 "https://www.visitkarimun.com/?path=%2F%2Fopt%2Falt%2Falt-nodejs22" "Mozilla/5.0 AppleWebKit/537.36 (KHTML, like Gecko; compatible; GPTBot/1.4; +https://openai.com/gptbot)"
52.167.144.233 - - [25/Sep/2026:20:13:49 +0000] "GET /oleh-oleh-khas-karimunjawa/?path=%2Fhome%2Fkarimun%2Fmail%2Fcur HTTP/2" 200 60702 "-" "Mozilla/5.0 AppleWebKit/537.36 (KHTML, like Gecko; compatible; bingbot/2.0; +http://www.bing.com/bingbot.htm) Chrome/116.0.1938.76 Safari/537.36"
74.7.242.58 - - [25/Sep/2026:20:13:50 +0000] "GET /?action=edit&file=enable&path=%2F%2Fopt%2Falt%2Falt-nodejs22 HTTP/2" 200 27431 "https://www.visitkarimun.com/?path=%2F%2Fopt%2Falt%2Falt-nodejs22" "Mozilla/5.0 AppleWebKit/537.36 (KHTML, like Gecko; compatible; GPTBot/1.4; +https://openai.com/gptbot)"
52.167.144.233 - - [25/Sep/2026:20:13:50 +0000] "GET /oleh-oleh-khas-karimunjawa/?path=%2Fhome%2Fkarimun%2Fmail%2Fvisitkarimun.com HTTP/2" 200 58971 "-" "Mozilla/5.0 AppleWebKit/537.36 (KHTML, like Gecko; compatible; bingbot/2.0; +http://www.bing.com/bingbot.htm) Chrome/116.0.1938.76 Safari/537.36"
74.7.242.58 - - [25/Sep/2026:20:13:51 +0000] "GET /?action=edit&file=enable&path=%2F%2Fopt%2Falt%2Falt-nodejs16 HTTP/2" 200 27431 "https://www.visitkarimun.com/?path=%2F%2Fopt%2Falt%2Falt-nodejs16" "Mozilla/5.0 AppleWebKit/537.36 (KHTML, like Gecko; compatible; GPTBot/1.4; +https://openai.com/gptbot)"
74.7.242.58 - - [25/Sep/2026:20:13:51 +0000] "GET /?path=%2F%2Fopt%2Falt%2Fphp52%2Fetc HTTP/2" 200 27788 "https://www.visitkarimun.com/?path=%2F%2Fopt%2Falt%2Fphp52" "Mozilla/5.0 AppleWebKit/537.36 (KHTML, like Gecko; compatible; GPTBot/1.4; +https://openai.com/gptbot)"
74.7.242.58 - - [25/Sep/2026:20:13:52 +0000] "GET /?path=%2F%2Fopt%2Falt%2Fphp52%2Fvar HTTP/2" 200 27611 "https://www.visitkarimun.com/?path=%2F%2Fopt%2Falt%2Fphp52" "Mozilla/5.0 AppleWebKit/537.36 (KHTML, like Gecko; compatible; GPTBot/1.4; +https://openai.com/gptbot)"
66.249.66.35 - - [25/Sep/2026:20:13:53 +0000] "GET /category/blog-artikel/?action=edit&file=class-wp-simplepie-sanitize-kses.php&path=%2Fhome%2Fkarimun%2Fpublic_html%2Fwp-includes HTTP/1.1" 200 28799 "-" "Mozilla/5.0 (Linux; Android 6.0.1; Nexus 5X Build/MMB29P) AppleWebKit/537.36 (KHTML, like Gecko) Chrome/153.0.8010.52 Mobile Safari/537.36 (compatible; Googlebot/2.1; +http://www.google.com/bot.html)"
40.77.167.25 - - [25/Sep/2026:20:13:53 +0000] "GET /oleh-oleh-khas-karimunjawa/?path=/run/sepermit HTTP/2" 200 58928 "-" "Mozilla/5.0 AppleWebKit/537.36 (KHTML, like Gecko; compatible; bingbot/2.0; +http://www.bing.com/bingbot.htm) Chrome/116.0.1938.76 Safari/537.36"
74.7.242.58 - - [25/Sep/2026:20:13:53 +0000] "GET /?path=%2F%2Fopt%2Falt%2Fphp52%2Fusr HTTP/2" 200 27645 "https://www.visitkarimun.com/?path=%2F%2Fopt%2Falt%2Fphp52" "Mozilla/5.0 AppleWebKit/537.36 (KHTML, like Gecko; compatible; GPTBot/1.4; +https://openai.com/gptbot)"
74.7.242.58 - - [25/Sep/2026:20:13:54 +0000] "GET /?path=%2F%2Fopt%2Falt%2Falt-nodejs9%2Froot%2Fetc%2Fxinetd.d HTTP/2" 200 27608 "https://www.visitkarimun.com/?path=%2F%2Fopt%2Falt%2Falt-nodejs9%2Froot%2Fetc" "Mozilla/5.0 AppleWebKit/537.36 (KHTML, like Gecko; compatible; GPTBot/1.4; +https://openai.com/gptbot)"
74.7.242.58 - - [25/Sep/2026:20:13:55 +0000] "GET /?path=%2F%2Fopt%2Falt%2Falt-nodejs8%2Froot%2Fetc%2Fxinetd.d HTTP/2" 200 27608 "https://www.visitkarimun.com/?path=%2F%2Fopt%2Falt%2Falt-nodejs8%2Froot%2Fetc" "Mozilla/5.0 AppleWebKit/537.36 (KHTML, like Gecko; compatible; GPTBot/1.4; +https://openai.com/gptbot)"
74.7.242.58 - - [25/Sep/2026:20:13:56 +0000] "GET /?path=%2F%2Fopt%2Falt%2Falt-nodejs6%2Froot%2Fetc%2Fxinetd.d HTTP/2" 200 27608 "https://www.visitkarimun.com/?path=%2F%2Fopt%2Falt%2Falt-nodejs6%2Froot%2Fetc" "Mozilla/5.0 AppleWebKit/537.36 (KHTML, like Gecko; compatible; GPTBot/1.4; +https://openai.com/gptbot)"
66.249.66.35 - - [25/Sep/2026:20:13:58 +0000] "GET /category/blog-artikel/?action=edit&file=functions.wp-styles.php&path=%2Fhome%2Fkarimun%2Fpublic_html%2Fwp-includes HTTP/1.1" 200 30352 "-" "Mozilla/5.0 (Linux; Android 6.0.1; Nexus 5X Build/MMB29P) AppleWebKit/537.36 (KHTML, like Gecko) Chrome/153.0.8010.52 Mobile Safari/537.36 (compatible; Googlebot/2.1; +http://www.google.com/bot.html)"
192.250.235.217 - - [25/Sep/2026:20:13:58 +0000] "POST /wp-cron.php?doing_wp_cron=1790367238.1210789680480957031250 HTTP/1.1" 200 0 "-" "WordPress/7.1.2; https://www.visitkarimun.com"
74.7.242.58 - - [25/Sep/2026:20:13:57 +0000] "GET /?action=edit&file=enable&path=%2F%2Fopt%2Falt%2Falt-nodejs20 HTTP/2" 200 27431 "https://www.visitkarimun.com/?path=%2F%2Fopt%2Falt%2Falt-nodejs20" "Mozilla/5.0 AppleWebKit/537.36 (KHTML, like Gecko; compatible; GPTBot/1.4; +https://openai.com/gptbot)"
74.7.242.58 - - [25/Sep/2026:20:13:58 +0000] "GET /?action=edit&file=enable&path=%2F%2Fopt%2Falt%2Falt-nodejs11 HTTP/2" 200 27529 "https://www.visitkarimun.com/?path=%2F%2Fopt%2Falt%2Falt-nodejs11" "Mozilla/5.0 AppleWebKit/537.36 (KHTML, like Gecko; compatible; GPTBot/1.4; +https://openai.com/gptbot)"
74.7.242.58 - - [25/Sep/2026:20:13:59 +0000] "GET /?path=%2F%2Fopt%2Falt%2Falt-nodejs22%2Froot%2Froot HTTP/2" 200 27505 "https://www.visitkarimun.com/?path=%2F%2Fopt%2Falt%2Falt-nodejs22%2Froot" "Mozilla/5.0 AppleWebKit/537.36 (KHTML, like Gecko; compatible; GPTBot/1.4; +https://openai.com/gptbot)"
74.7.242.58 - - [25/Sep/2026:20:14:00 +0000] "GET /?action=edit&file=enable&path=%2F%2Fopt%2Falt%2Falt-nodejs12 HTTP/2" 200 27529 "https://www.visitkarimun.com/?path=%2F%2Fopt%2Falt%2Falt-nodejs12" "Mozilla/5.0 AppleWebKit/537.36 (KHTML, like Gecko; compatible; GPTBot/1.4; +https://openai.com/gptbot)"
74.7.242.58 - - [25/Sep/2026:20:14:01 +0000] "GET /?path=%2F%2Fopt%2Falt%2Fmodsec-sdbm-util HTTP/2" 200 27546 "https://www.visitkarimun.com/?path=%2F%2Fopt%2Falt" "Mozilla/5.0 AppleWebKit/537.36 (KHTML, like Gecko; compatible; GPTBot/1.4; +https://openai.com/gptbot)"
74.7.242.58 - - [25/Sep/2026:20:14:02 +0000] "GET /?action=edit&file=pear.conf&path=%2F%2Fopt%2Falt%2Fphp52%2Fetc HTTP/2" 200 27775 "https://www.visitkarimun.com/?path=%2F%2Fopt%2Falt%2Fphp52%2Fetc" "Mozilla/5.0 AppleWebKit/537.36 (KHTML, like Gecko; compatible; GPTBot/1.4; +https://openai.com/gptbot)"
74.7.242.58 - - [25/Sep/2026:20:14:03 +0000] "GET /?action=edit&file=php.ini&path=%2F%2Fopt%2Falt%2Fphp52%2Fetc HTTP/2" 200 43587 "https://www.visitkarimun.com/?path=%2F%2Fopt%2Falt%2Fphp52%2Fetc" "Mozilla/5.0 AppleWebKit/537.36 (KHTML, like Gecko; compatible; GPTBot/1.4; +https://openai.com/gptbot)"
74.7.242.58 - - [25/Sep/2026:20:14:04 +0000] "GET /?path=//opt/alt/php52/usr HTTP/2" 200 27645 "https://www.visitkarimun.com/?path=%2F%2Fopt%2Falt%2Fphp52%2Fusr" "Mozilla/5.0 AppleWebKit/537.36 (KHTML, like Gecko; compatible; GPTBot/1.4; +https://openai.com/gptbot)"
74.7.242.58 - - [25/Sep/2026:20:14:05 +0000] "GET /?path=//opt/alt/alt-nodejs9/root/etc/xinetd.d HTTP/2" 200 27608 "https://www.visitkarimun.com/?path=%2F%2Fopt%2Falt%2Falt-nodejs9%2Froot%2Fetc%2Fxinetd.d" "Mozilla/5.0 AppleWebKit/537.36 (KHTML, like Gecko; compatible; GPTBot/1.4; +https://openai.com/gptbot)"
74.7.242.58 - - [25/Sep/2026:20:14:06 +0000] "GET /?path=//opt/alt/alt-nodejs8/root/etc/xinetd.d HTTP/2" 200 27608 "https://www.visitkarimun.com/?path=%2F%2Fopt%2Falt%2Falt-nodejs8%2Froot%2Fetc%2Fxinetd.d" "Mozilla/5.0 AppleWebKit/537.36 (KHTML, like Gecko; compatible; GPTBot/1.4; +https://openai.com/gptbot)"
74.7.242.58 - - [25/Sep/2026:20:14:07 +0000] "GET /?path=//opt/alt/alt-nodejs6/root/etc/xinetd.d HTTP/2" 200 27608 "https://www.visitkarimun.com/?path=%2F%2Fopt%2Falt%2Falt-nodejs6%2Froot%2Fetc%2Fxinetd.d" "Mozilla/5.0 AppleWebKit/537.36 (KHTML, like Gecko; compatible; GPTBot/1.4; +https://openai.com/gptbot)"
66.249.66.67 - - [25/Sep/2026:20:14:07 +0000] "GET /category/blog-artikel/?path=%2Fhome%2Fkarimun%2Fpublic_html%2Fwp-includes%2Fblock-supports HTTP/1.1" 200 28619 "-" "Mozilla/5.0 (Linux; Android 6.0.1; Nexus 5X Build/MMB29P) AppleWebKit/537.36 (KHTML, like Gecko) Chrome/153.0.8010.52 Mobile Safari/537.36 (compatible; Googlebot/2.1; +http://www.google.com/bot.html)"
74.7.242.58 - - [25/Sep/2026:20:14:08 +0000] "GET /?path=//opt/alt/php52/etc HTTP/2" 200 27788 "https://www.visitkarimun.com/?path=%2F%2Fopt%2Falt%2Fphp52%2Fetc" "Mozilla/5.0 AppleWebKit/537.36 (KHTML, like Gecko; compatible; GPTBot/1.4; +https://openai.com/gptbot)"
52.167.144.233 - - [25/Sep/2026:20:14:08 +0000] "GET /oleh-oleh-khas-karimunjawa/?path=%2Frun%2Fsystemd HTTP/2" 200 58969 "-" "Mozilla/5.0 AppleWebKit/537.36 (KHTML, like Gecko; compatible; bingbot/2.0; +http://www.bing.com/bingbot.htm) Chrome/116.0.1938.76 Safari/537.36"
74.7.242.58 - - [25/Sep/2026:20:14:09 +0000] "GET /?path=//opt/alt/php52/var HTTP/2" 200 27611 "https://www.visitkarimun.com/?path=%2F%2Fopt%2Falt%2Fphp52%2Fvar" "Mozilla/5.0 AppleWebKit/537.36 (KHTML, like Gecko; compatible; GPTBot/1.4; +https://openai.com/gptbot)"
52.167.144.233 - - [25/Sep/2026:20:14:10 +0000] "GET /oleh-oleh-khas-karimunjawa/?path=%2Frun%2Fdbus HTTP/2" 200 58999 "-" "Mozilla/5.0 AppleWebKit/537.36 (KHTML, like Gecko; compatible; bingbot/2.0; +http://www.bing.com/bingbot.htm) Chrome/116.0.1938.76 Safari/537.36"
74.7.242.58 - - [25/Sep/2026:20:14:10 +0000] "GET /?path=//opt/alt/alt-nodejs22/root/root HTTP/2" 200 27505 "https://www.visitkarimun.com/?path=%2F%2Fopt%2Falt%2Falt-nodejs22%2Froot%2Froot" "Mozilla/5.0 AppleWebKit/537.36 (KHTML, like Gecko; compatible; GPTBot/1.4; +https://openai.com/gptbot)"
52.167.144.157 - - [25/Sep/2026:20:14:11 +0000] "GET /oleh-oleh-khas-karimunjawa/?path=%2Frun%2Fnscd HTTP/2" 200 58936 "-" "Mozilla/5.0 AppleWebKit/537.36 (KHTML, like Gecko; compatible; bingbot/2.0; +http://www.bing.com/bingbot.htm) Chrome/116.0.1938.76 Safari/537.36"
74.7.242.58 - - [25/Sep/2026:20:14:11 +0000] "GET /?path=%2F%2Fopt%2Falt%2Fphp52%2Fetc%2Frpm HTTP/2" 200 27567 "https://www.visitkarimun.com/?path=%2F%2Fopt%2Falt%2Fphp52%2Fetc" "Mozilla/5.0 AppleWebKit/537.36 (KHTML, like Gecko; compatible; GPTBot/1.4; +https://openai.com/gptbot)"
52.167.144.233 - - [25/Sep/2026:20:14:11 +0000] "GET /oleh-oleh-khas-karimunjawa/?path=%2Frun%2Fpostgresql HTTP/2" 200 58927 "-" "Mozilla/5.0 AppleWebKit/537.36 (KHTML, like Gecko; compatible; bingbot/2.0; +http://www.bing.com/bingbot.htm) Chrome/116.0.1938.76 Safari/537.36"
74.7.242.58 - - [25/Sep/2026:20:14:12 +0000] "GET /?path=%2F%2Fopt%2Falt%2Fphp52%2Fvar%2Fcache HTTP/2" 200 27551 "https://www.visitkarimun.com/?path=%2F%2Fopt%2Falt%2Fphp52%2Fvar" "Mozilla/5.0 AppleWebKit/537.36 (KHTML, like Gecko; compatible; GPTBot/1.4; +https://openai.com/gptbot)"
40.77.167.25 - - [25/Sep/2026:20:14:12 +0000] "GET /oleh-oleh-khas-karimunjawa/?path=%2Frun%2Fnet-snmp HTTP/2" 200 58877 "-" "Mozilla/5.0 AppleWebKit/537.36 (KHTML, like Gecko; compatible; bingbot/2.0; +http://www.bing.com/bingbot.htm) Chrome/116.0.1938.76 Safari/537.36"
52.167.144.233 - - [25/Sep/2026:20:14:13 +0000] "GET /oleh-oleh-khas-karimunjawa/?path=%2Frun%2Fscreen HTTP/2" 200 59054 "-" "Mozilla/5.0 AppleWebKit/537.36 (KHTML, like Gecko; compatible; bingbot/2.0; +http://www.bing.com/bingbot.htm) Chrome/116.0.1938.76 Safari/537.36"
74.7.242.58 - - [25/Sep/2026:20:14:13 +0000] "GET /?path=%2F%2Fopt%2Falt%2Fphp52%2Fetc%2Fpear HTTP/2" 200 27502 "https://www.visitkarimun.com/?path=%2F%2Fopt%2Falt%2Fphp52%2Fetc" "Mozilla/5.0 AppleWebKit/537.36 (KHTML, like Gecko; compatible; GPTBot/1.4; +https://openai.com/gptbot)"
40.77.167.25 - - [25/Sep/2026:20:14:13 +0000] "GET /oleh-oleh-khas-karimunjawa/?path=%2Frun%2Fconsole HTTP/2" 200 58993 "-" "Mozilla/5.0 AppleWebKit/537.36 (KHTML, like Gecko; compatible; bingbot/2.0; +http://www.bing.com/bingbot.htm) Chrome/116.0.1938.76 Safari/537.36"
74.7.242.58 - - [25/Sep/2026:20:14:14 +0000] "GET /?path=%2F%2Fopt%2Falt%2Fphp52%2Fusr%2Fshare HTTP/2" 200 27599 "https://www.visitkarimun.com/?path=%2F%2Fopt%2Falt%2Fphp52%2Fusr" "Mozilla/5.0 AppleWebKit/537.36 (KHTML, like Gecko; compatible; GPTBot/1.4; +https://openai.com/gptbot)"
40.77.167.25 - - [25/Sep/2026:20:14:14 +0000] "GET /oleh-oleh-khas-karimunjawa/?path=%2Frun%2Ffaillock HTTP/2" 200 59572 "-" "Mozilla/5.0 AppleWebKit/537.36 (KHTML, like Gecko; compatible; bingbot/2.0; +http://www.bing.com/bingbot.htm) Chrome/116.0.1938.76 Safari/537.36"
74.7.242.58 - - [25/Sep/2026:20:14:15 +0000] "GET /?path=%2F%2Fopt%2Falt%2Fphp52%2Fvar%2Flib HTTP/2" 200 27565 "https://www.visitkarimun.com/?path=%2F%2Fopt%2Falt%2Fphp52%2Fvar" "Mozilla/5.0 AppleWebKit/537.36 (KHTML, like Gecko; compatible; GPTBot/1.4; +https://openai.com/gptbot)"
74.7.242.58 - - [25/Sep/2026:20:14:16 +0000] "GET /?path=%2F%2Fopt%2Falt%2Falt-nodejs6%2Froot%2Fetc%2Fsysconfig HTTP/2" 200 27503 "https://www.visitkarimun.com/?path=%2F%2Fopt%2Falt%2Falt-nodejs6%2Froot%2Fetc" "Mozilla/5.0 AppleWebKit/537.36 (KHTML, like Gecko; compatible; GPTBot/1.4; +https://openai.com/gptbot)"
66.249.66.194 - - [25/Sep/2026:20:14:16 +0000] "GET /category/blog-artikel/?path=%2Fhome%2Fkarimun%2Fpublic_html%2Fwp-includes%2Fphp-compat HTTP/1.1" 200 28175 "-" "Mozilla/5.0 (Linux; Android 6.0.1; Nexus 5X Build/MMB29P) AppleWebKit/537.36 (KHTML, like Gecko) Chrome/153.0.8010.52 Mobile Safari/537.36 (compatible; Googlebot/2.1; +http://www.google.com/bot.html)"
52.167.144.233 - - [25/Sep/2026:20:14:17 +0000] "GET /oleh-oleh-khas-karimunjawa/?path=%2Frun%2Fea-passenger-runtime HTTP/2" 200 59015 "-" "Mozilla/5.0 AppleWebKit/537.36 (KHTML, like Gecko; compatible; bingbot/2.0; +http://www.bing.com/bingbot.htm) Chrome/116.0.1938.76 Safari/537.36"
74.7.242.58 - - [25/Sep/2026:20:14:17 +0000] "GET /?path=%2F%2Fopt%2Falt%2Falt-nodejs8%2Froot%2Fetc%2Fsysconfig HTTP/2" 200 27503 "https://www.visitkarimun.com/?path=%2F%2Fopt%2Falt%2Falt-nodejs8%2Froot%2Fetc" "Mozilla/5.0 AppleWebKit/537.36 (KHTML, like Gecko; compatible; GPTBot/1.4; +https://openai.com/gptbot)"
74.7.242.58 - - [25/Sep/2026:20:14:18 +0000] "GET /?path=%2F%2Fopt%2Falt%2Falt-nodejs9%2Froot%2Fetc%2Fsysconfig HTTP/2" 200 27503 "https://www.visitkarimun.com/?path=%2F%2Fopt%2Falt%2Falt-nodejs9%2Froot%2Fetc" "Mozilla/5.0 AppleWebKit/537.36 (KHTML, like Gecko; compatible; GPTBot/1.4; +https://openai.com/gptbot)"
74.7.242.58 - - [25/Sep/2026:20:14:19 +0000] "GET /?path=%2F%2Fopt%2Falt%2Fphp52%2Fvar%2Fwww HTTP/2" 200 27555 "https://www.visitkarimun.com/?path=%2F%2Fopt%2Falt%2Fphp52%2Fvar" "Mozilla/5.0 AppleWebKit/537.36 (KHTML, like Gecko; compatible; GPTBot/1.4; +https://openai.com/gptbot)"
74.7.242.58 - - [25/Sep/2026:20:14:20 +0000] "GET /?path=%2F%2Fopt%2Falt%2Fphp52%2Flink%2Fconf HTTP/2" 200 27583 "https://www.visitkarimun.com/?path=%2F%2Fopt%2Falt%2Fphp52%2Flink" "Mozilla/5.0 AppleWebKit/537.36 (KHTML, like Gecko; compatible; GPTBot/1.4; +https://openai.com/gptbot)"
74.7.242.58 - - [25/Sep/2026:20:14:21 +0000] "GET /?path=%2F%2Fopt%2Falt%2Fphp52%2Fusr%2Fbin HTTP/2" 200 27701 "https://www.visitkarimun.com/?path=%2F%2Fopt%2Falt%2Fphp52%2Fusr" "Mozilla/5.0 AppleWebKit/537.36 (KHTML, like Gecko; compatible; GPTBot/1.4; +https://openai.com/gptbot)"
74.7.242.58 - - [25/Sep/2026:20:14:22 +0000] "GET /?action=edit&file=macros.php52&path=%2F%2Fopt%2Falt%2Fphp52%2Fetc%2Frpm HTTP/2" 200 27343 "https://www.visitkarimun.com/?path=%2F%2Fopt%2Falt%2Fphp52%2Fetc%2Frpm" "Mozilla/5.0 AppleWebKit/537.36 (KHTML, like Gecko; compatible; GPTBot/1.4; +https://openai.com/gptbot)"
74.7.242.58 - - [25/Sep/2026:20:14:23 +0000] "GET /?action=edit&file=macros.pear&path=%2F%2Fopt%2Falt%2Fphp52%2Fetc%2Frpm HTTP/2" 200 27625 "https://www.visitkarimun.com/?path=%2F%2Fopt%2Falt%2Fphp52%2Fetc%2Frpm" "Mozilla/5.0 AppleWebKit/537.36 (KHTML, like Gecko; compatible; GPTBot/1.4; +https://openai.com/gptbot)"
74.7.242.58 - - [25/Sep/2026:20:14:24 +0000] "GET /?path=%2F%2Fopt%2Falt%2Fphp52%2Fvar%2Fcache%2Fphp-eaccelerator HTTP/2" 200 27587 "https://www.visitkarimun.com/?path=%2F%2Fopt%2Falt%2Fphp52%2Fvar%2Fcache" "Mozilla/5.0 AppleWebKit/537.36 (KHTML, like Gecko; compatible; GPTBot/1.4; +https://openai.com/gptbot)"
74.7.242.58 - - [25/Sep/2026:20:14:25 +0000] "GET /?path=%2F%2Fopt%2Falt%2Falt-nodejs6%2Froot%2Fusr%2Finclude HTTP/2" 200 27493 "https://www.visitkarimun.com/?path=%2F%2Fopt%2Falt%2Falt-nodejs6%2Froot%2Fusr" "Mozilla/5.0 AppleWebKit/537.36 (KHTML, like Gecko; compatible; GPTBot/1.4; +https://openai.com/gptbot)"
74.7.242.58 - - [25/Sep/2026:20:14:26 +0000] "GET /?path=%2F%2Fopt%2Falt%2Falt-nodejs8%2Froot%2Fusr%2Finclude HTTP/2" 200 27493 "https://www.visitkarimun.com/?path=%2F%2Fopt%2Falt%2Falt-nodejs8%2Froot%2Fusr" "Mozilla/5.0 AppleWebKit/537.36 (KHTML, like Gecko; compatible; GPTBot/1.4; +https://openai.com/gptbot)"
74.7.242.58 - - [25/Sep/2026:20:14:27 +0000] "GET /?path=//opt/alt/alt-nodejs6/root/etc/sysconfig HTTP/2" 200 27503 "https://www.visitkarimun.com/?path=%2F%2Fopt%2Falt%2Falt-nodejs6%2Froot%2Fetc%2Fsysconfig" "Mozilla/5.0 AppleWebKit/537.36 (KHTML, like Gecko; compatible; GPTBot/1.4; +https://openai.com/gptbot)"
74.7.242.58 - - [25/Sep/2026:20:14:28 +0000] "GET /?path=//opt/alt/alt-nodejs8/root/etc/sysconfig HTTP/2" 200 27503 "https://www.visitkarimun.com/?path=%2F%2Fopt%2Falt%2Falt-nodejs8%2Froot%2Fetc%2Fsysconfig" "Mozilla/5.0 AppleWebKit/537.36 (KHTML, like Gecko; compatible; GPTBot/1.4; +https://openai.com/gptbot)"
66.249.66.35 - - [25/Sep/2026:20:14:28 +0000] "GET /category/blog-artikel/?path=%2Fhome%2Fkarimun%2Fpublic_html%2Fwp-includes%2Fblock-bindings HTTP/1.1" 200 28232 "-" "Mozilla/5.0 (Linux; Android 6.0.1; Nexus 5X Build/MMB29P) AppleWebKit/537.36 (KHTML, like Gecko) Chrome/153.0.8010.52 Mobile Safari/537.36 (compatible; Googlebot/2.1; +http://www.google.com/bot.html)"
74.7.242.58 - - [25/Sep/2026:20:14:29 +0000] "GET /?path=//opt/alt/alt-nodejs9/root/etc/sysconfig HTTP/2" 200 27503 "https://www.visitkarimun.com/?path=%2F%2Fopt%2Falt%2Falt-nodejs9%2Froot%2Fetc%2Fsysconfig" "Mozilla/5.0 AppleWebKit/537.36 (KHTML, like Gecko; compatible; GPTBot/1.4; +https://openai.com/gptbot)"
74.7.242.58 - - [25/Sep/2026:20:14:30 +0000] "GET /?path=%2F%2Fopt%2Falt%2Falt-nodejs9%2Froot%2Fusr%2Finclude HTTP/2" 200 27493 "https://www.visitkarimun.com/?path=%2F%2Fopt%2Falt%2Falt-nodejs9%2Froot%2Fusr" "Mozilla/5.0 AppleWebKit/537.36 (KHTML, like Gecko; compatible; GPTBot/1.4; +https://openai.com/gptbot)"
74.7.242.58 - - [25/Sep/2026:20:14:31 +0000] "GET /?action=edit&file=alt_php.ini&path=%2F%2Fopt%2Falt%2Fphp52%2Flink%2Fconf HTTP/2" 200 27585 "https://www.visitkarimun.com/?path=%2F%2Fopt%2Falt%2Fphp52%2Flink%2Fconf" "Mozilla/5.0 AppleWebKit/537.36 (KHTML, like Gecko; compatible; GPTBot/1.4; +https://openai.com/gptbot)"
192.250.235.217 - - [25/Sep/2026:20:14:32 +0000] "POST /wp-cron.php?doing_wp_cron=1790367272.7363541126251220703125 HTTP/1.1" 200 0 "-" "WordPress/7.1.2; https://www.visitkarimun.com"
74.7.242.58 - - [25/Sep/2026:20:14:32 +0000] "GET /?action=edit&file=lsphp&path=%2F%2Fopt%2Falt%2Fphp52%2Fusr%2Fbin HTTP/2" 200 27278 "https://www.visitkarimun.com/?path=%2F%2Fopt%2Falt%2Fphp52%2Fusr%2Fbin" "Mozilla/5.0 AppleWebKit/537.36 (KHTML, like Gecko; compatible; GPTBot/1.4; +https://openai.com/gptbot)"
74.7.242.58 - - [25/Sep/2026:20:14:33 +0000] "GET /?action=edit&file=pear&path=%2F%2Fopt%2Falt%2Fphp52%2Fusr%2Fbin HTTP/2" 200 27881 "https://www.visitkarimun.com/?path=%2F%2Fopt%2Falt%2Fphp52%2Fusr%2Fbin" "Mozilla/5.0 AppleWebKit/537.36 (KHTML, like Gecko; compatible; GPTBot/1.4; +https://openai.com/gptbot)"
74.7.242.58 - - [25/Sep/2026:20:14:34 +0000] "GET /?action=edit&file=phar&path=%2F%2Fopt%2Falt%2Fphp52%2Fusr%2Fbin HTTP/2" 200 27316 "https://www.visitkarimun.com/?path=%2F%2Fopt%2Falt%2Fphp52%2Fusr%2Fbin" "Mozilla/5.0 AppleWebKit/537.36 (KHTML, like Gecko; compatible; GPTBot/1.4; +https://openai.com/gptbot)"
66.249.66.65 - - [25/Sep/2026:20:14:34 +0000] "GET /category/blog-artikel/?action=edit&file=query.php&path=%2Fhome%2Fkarimun%2Fpublic_html%2Fwp-includes HTTP/1.1" 200 33298 "-" "Mozilla/5.0 (Linux; Android 6.0.1; Nexus 5X Build/MMB29P) AppleWebKit/537.36 (KHTML, like Gecko) Chrome/153.0.8010.52 Mobile Safari/537.36 (compatible; Googlebot/2.1; +http://www.google.com/bot.html)"
74.7.242.58 - - [25/Sep/2026:20:14:35 +0000] "GET /?path=//opt/alt/php52/var/cache/php-eaccelerator HTTP/2" 200 27587 "https://www.visitkarimun.com/?path=%2F%2Fopt%2Falt%2Fphp52%2Fvar%2Fcache%2Fphp-eaccelerator" "Mozilla/5.0 AppleWebKit/537.36 (KHTML, like Gecko; compatible; GPTBot/1.4; +https://openai.com/gptbot)"
220.181.108.168 - - [25/Sep/2026:20:14:35 +0000] "GET /informasi-paket-wisata-karimunjawa-dari-yogyakarta/ HTTP/2" 200 44130 "-" "Mozilla/5.0 (Linux;u;Android 4.2.2;zh-cn;) AppleWebKit/534.46 (KHTML,like Gecko) Version/5.1 Mobile Safari/10600.6.3 (compatible; Baiduspider/2.0; +http://www.baidu.com/search/spider.html)"
74.7.242.58 - - [25/Sep/2026:20:14:36 +0000] "GET /?path=//opt/alt/alt-nodejs6/root/usr/include HTTP/2" 200 27493 "https://www.visitkarimun.com/?path=%2F%2Fopt%2Falt%2Falt-nodejs6%2Froot%2Fusr%2Finclude" "Mozilla/5.0 AppleWebKit/537.36 (KHTML, like Gecko; compatible; GPTBot/1.4; +https://openai.com/gptbot)"
192.250.235.217 - - [25/Sep/2026:20:14:37 +0000] "POST /wp-cron.php?doing_wp_cron=1790367277.7234060764312744140625 HTTP/1.1" 200 0 "-" "WordPress/7.1.2; https://www.visitkarimun.com"
74.7.242.58 - - [25/Sep/2026:20:14:37 +0000] "GET /?path=//opt/alt/alt-nodejs8/root/usr/include HTTP/2" 200 27493 "https://www.visitkarimun.com/?path=%2F%2Fopt%2Falt%2Falt-nodejs8%2Froot%2Fusr%2Finclude" "Mozilla/5.0 AppleWebKit/537.36 (KHTML, like Gecko; compatible; GPTBot/1.4; +https://openai.com/gptbot)"
74.7.242.58 - - [25/Sep/2026:20:14:38 +0000] "GET /?action=edit&file=pecl&path=%2F%2Fopt%2Falt%2Fphp52%2Fusr%2Fbin HTTP/2" 200 27488 "https://www.visitkarimun.com/?path=%2F%2Fopt%2Falt%2Fphp52%2Fusr%2Fbin" "Mozilla/5.0 AppleWebKit/537.36 (KHTML, like Gecko; compatible; GPTBot/1.4; +https://openai.com/gptbot)"
74.7.242.58 - - [25/Sep/2026:20:14:39 +0000] "GET /?action=edit&file=phpize&path=%2F%2Fopt%2Falt%2Fphp52%2Fusr%2Fbin HTTP/2" 200 28907 "https://www.visitkarimun.com/?path=%2F%2Fopt%2Falt%2Fphp52%2Fusr%2Fbin" "Mozilla/5.0 AppleWebKit/537.36 (KHTML, like Gecko; compatible; GPTBot/1.4; +https://openai.com/gptbot)"
66.249.66.193 - - [25/Sep/2026:20:14:39 +0000] "GET /wp-content/plugins/google-site-kit/dist/assets/js/sign-in-with-google-5a9e012872c712a23a12.js'%20defer HTTP/1.1" 200 16385 "https://www.visitkarimun.com/category/blog-artikel/?action=edit&file=class-wp-block-supports.php&path=%2Fhome%2Fkarimun%2Fpublic_html%2Fwp-includes" "Mozilla/5.0 (Linux; Android 6.0.1; Nexus 5X Build/MMB29P) AppleWebKit/537.36 (KHTML, like Gecko) Chrome/153.0.8010.52 Mobile Safari/537.36 (compatible; Googlebot/2.1; +http://www.google.com/bot.html)"
74.7.242.58 - - [25/Sep/2026:20:14:40 +0000] "GET /?action=edit&file=php&path=%2F%2Fopt%2Falt%2Fphp52%2Fusr%2Fbin HTTP/2" 200 27290 "https://www.visitkarimun.com/?path=%2F%2Fopt%2Falt%2Fphp52%2Fusr%2Fbin" "Mozilla/5.0 AppleWebKit/537.36 (KHTML, like Gecko; compatible; GPTBot/1.4; +https://openai.com/gptbot)"
116.179.37.169 - - [25/Sep/2026:20:14:41 +0000] "GET /wp-content/plugins/section-collection/build/advanced.js?ver=2.0.7%27%20defer%27%20defer HTTP/1.1" 200 5442 "https://www.visitkarimun.com/informasi-paket-wisata-karimunjawa-dari-yogyakarta/" "Mozilla/5.0 (iPhone; CPU iPhone OS 9_1 like Mac OS X) AppleWebKit/601.1.46 (KHTML, like Gecko) Version/9.0 Mobile/13B143 Safari/601.1 (compatible; Baiduspider-render/2.0; +http://www.baidu.com/search/spider.html)"
116.179.37.54 - - [25/Sep/2026:20:14:41 +0000] "GET /wp-content/plugins/easy-table-of-contents/vendor/sticky-kit/jquery.sticky-kit.min.js?ver=1.9.2%27%20defer%27%20defer HTTP/1.1" 200 1285 "https://www.visitkarimun.com/informasi-paket-wisata-karimunjawa-dari-yogyakarta/" "Mozilla/5.0 (iPhone; CPU iPhone OS 9_1 like Mac OS X) AppleWebKit/601.1.46 (KHTML, like Gecko) Version/9.0 Mobile/13B143 Safari/601.1 (compatible; Baiduspider-render/2.0; +http://www.baidu.com/search/spider.html)"
116.179.37.146 - - [25/Sep/2026:20:14:41 +0000] "GET /wp-content/uploads/2021/01/karimunjawa-dari-yogyakarta-768x370.jpg HTTP/1.1" 200 40252 "https://www.visitkarimun.com/informasi-paket-wisata-karimunjawa-dari-yogyakarta/" "Mozilla/5.0 (iPhone; CPU iPhone OS 9_1 like Mac OS X) AppleWebKit/601.1.46 (KHTML, like Gecko) Version/9.0 Mobile/13B143 Safari/601.1 (compatible; Baiduspider-render/2.0; +http://www.baidu.com/search/spider.html)"
116.179.37.23 - - [25/Sep/2026:20:14:41 +0000] "GET /wp-content/uploads/2021/11/karimunjawa-dari-jogja-768x370.jpg HTTP/1.1" 200 49838 "https://www.visitkarimun.com/informasi-paket-wisata-karimunjawa-dari-yogyakarta/" "Mozilla/5.0 (iPhone; CPU iPhone OS 9_1 like Mac OS X) AppleWebKit/601.1.46 (KHTML, like Gecko) Version/9.0 Mobile/13B143 Safari/601.1 (compatible; Baiduspider-render/2.0; +http://www.baidu.com/search/spider.html)"
116.179.37.90 - - [25/Sep/2026:20:14:41 +0000] "GET /wp-content/plugins/easy-table-of-contents/vendor/js-cookie/js.cookie.min.js?ver=2.2.1%27%20defer%27%20defer HTTP/1.1" 200 1101 "https://www.visitkarimun.com/informasi-paket-wisata-karimunjawa-dari-yogyakarta/" "Mozilla/5.0 (iPhone; CPU iPhone OS 9_1 like Mac OS X) AppleWebKit/601.1.46 (KHTML, like Gecko) Version/9.0 Mobile/13B143 Safari/601.1 (compatible; Baiduspider-render/2.0; +http://www.baidu.com/search/spider.html)"
116.179.37.96 - - [25/Sep/2026:20:14:41 +0000] "GET /wp-content/plugins/easy-table-of-contents/assets/js/front.min.js?ver=2.0.88-1789581705%27%20defer%27%20defer HTTP/1.1" 200 1672 "https://www.visitkarimun.com/informasi-paket-wisata-karimunjawa-dari-yogyakarta/" "Mozilla/5.0 (iPhone; CPU iPhone OS 9_1 like Mac OS X) AppleWebKit/601.1.46 (KHTML, like Gecko) Version/9.0 Mobile/13B143 Safari/601.1 (compatible; Baiduspider-render/2.0; +http://www.baidu.com/search/spider.html)"
52.167.144.157 - - [25/Sep/2026:20:14:40 +0000] "GET /oleh-oleh-khas-karimunjawa/?path=%2Frun%2Fsystemd%2Fjournal HTTP/2" 200 59576 "-" "Mozilla/5.0 AppleWebKit/537.36 (KHTML, like Gecko; compatible; bingbot/2.0; +http://www.bing.com/bingbot.htm) Chrome/116.0.1938.76 Safari/537.36"
116.179.37.197 - - [25/Sep/2026:20:14:41 +0000] "GET /wp-content/plugins/easy-table-of-contents/assets/js/smooth_scroll.min.js?ver=2.0.88%27%20defer%27%20defer HTTP/1.1" 200 552 "https://www.visitkarimun.com/informasi-paket-wisata-karimunjawa-dari-yogyakarta/" "Mozilla/5.0 (iPhone; CPU iPhone OS 9_1 like Mac OS X) AppleWebKit/601.1.46 (KHTML, like Gecko) Version/9.0 Mobile/13B143 Safari/601.1 (compatible; Baiduspider-render/2.0; +http://www.baidu.com/search/spider.html)"
74.7.242.58 - - [25/Sep/2026:20:14:40 +0000] "GET /?path=//opt/alt/alt-nodejs9/root/usr/include HTTP/2" 200 27493 "https://www.visitkarimun.com/?path=%2F%2Fopt%2Falt%2Falt-nodejs9%2Froot%2Fusr%2Finclude" "Mozilla/5.0 AppleWebKit/537.36 (KHTML, like Gecko; compatible; GPTBot/1.4; +https://openai.com/gptbot)"
