114.10.43.125 - - [25/Sep/2026:20:06:55 +0000] "GET /wp-includes/js/dist/dom.min.js?ver=c95f94cbbc1ac3fde84f%27%20defer%27%20defer HTTP/1.1" 200 4926 "https://www.visitkarimun.com/cara-ke-karimunjawa/" "Mozilla/5.0 (Windows NT 10.0; Win64; x64) AppleWebKit/537.36 (KHTML, like Gecko) Chrome/152.0.0.0 Safari/537.36"
114.10.43.125 - - [25/Sep/2026:20:06:55 +0000] "GET /wp-includes/js/dist/autop.min.js?ver=4e10a18cb6f21a043fc0%27%20defer%27%20defer HTTP/1.1" 200 2092 "https://www.visitkarimun.com/cara-ke-karimunjawa/" "Mozilla/5.0 (Windows NT 10.0; Win64; x64) AppleWebKit/537.36 (KHTML, like Gecko) Chrome/152.0.0.0 Safari/537.36"
114.10.43.125 - - [25/Sep/2026:20:06:55 +0000] "GET /wp-includes/js/dist/a11y.min.js?ver=31c6cec5a4ff7aff483d%27%20defer%27%20defer HTTP/1.1" 200 961 "https://www.visitkarimun.com/cara-ke-karimunjawa/" "Mozilla/5.0 (Windows NT 10.0; Win64; x64) AppleWebKit/537.36 (KHTML, like Gecko) Chrome/152.0.0.0 Safari/537.36"
114.10.43.125 - - [25/Sep/2026:20:06:55 +0000] "GET /wp-includes/js/dist/element.min.js?ver=4a4370b2b349066fd440%27%20defer%27%20defer HTTP/1.1" 200 5010 "https://www.visitkarimun.com/cara-ke-karimunjawa/" "Mozilla/5.0 (Windows NT 10.0; Win64; x64) AppleWebKit/537.36 (KHTML, like Gecko) Chrome/152.0.0.0 Safari/537.36"
114.10.43.125 - - [25/Sep/2026:20:06:55 +0000] "GET /wp-includes/js/dist/dom-ready.min.js?ver=3fe927cab37bf38d6a23%27%20defer%27%20defer HTTP/1.1" 200 438 "https://www.visitkarimun.com/cara-ke-karimunjawa/" "Mozilla/5.0 (Windows NT 10.0; Win64; x64) AppleWebKit/537.36 (KHTML, like Gecko) Chrome/152.0.0.0 Safari/537.36"
114.10.43.125 - - [25/Sep/2026:20:06:55 +0000] "GET /wp-includes/js/dist/block-serialization-default-parser.min.js?ver=4c6f3dd40077f7c17604%27%20defer%27%20defer HTTP/1.1" 200 1115 "https://www.visitkarimun.com/cara-ke-karimunjawa/" "Mozilla/5.0 (Windows NT 10.0; Win64; x64) AppleWebKit/537.36 (KHTML, like Gecko) Chrome/152.0.0.0 Safari/537.36"
114.10.43.125 - - [25/Sep/2026:20:06:55 +0000] "GET /wp-includes/js/dist/blob.min.js?ver=c7582a735ddd2edc9731%27%20defer%27%20defer HTTP/1.1" 200 586 "https://www.visitkarimun.com/cara-ke-karimunjawa/" "Mozilla/5.0 (Windows NT 10.0; Win64; x64) AppleWebKit/537.36 (KHTML, like Gecko) Chrome/152.0.0.0 Safari/537.36"
114.10.43.125 - - [25/Sep/2026:20:06:55 +0000] "GET /wp-includes/js/dist/escape-html.min.js?ver=87ebe53e97bba59805a5%27%20defer%27%20defer HTTP/1.1" 200 561 "https://www.visitkarimun.com/cara-ke-karimunjawa/" "Mozilla/5.0 (Windows NT 10.0; Win64; x64) AppleWebKit/537.36 (KHTML, like Gecko) Chrome/152.0.0.0 Safari/537.36"
114.10.43.125 - - [25/Sep/2026:20:06:55 +0000] "GET /wp-content/themes/wizata-per/assets/js/mix.js?ver=1.0%27%20defer%27%20defer HTTP/1.1" 200 111566 "https://www.visitkarimun.com/cara-ke-karimunjawa/" "Mozilla/5.0 (Windows NT 10.0; Win64; x64) AppleWebKit/537.36 (KHTML, like Gecko) Chrome/152.0.0.0 Safari/537.36"
114.10.43.125 - - [25/Sep/2026:20:06:55 +0000] "GET /wp-includes/js/dist/hooks.min.js?ver=f0f188028580e8dc1255%27%20defer%27%20defer HTTP/1.1" 200 1759 "https://www.visitkarimun.com/cara-ke-karimunjawa/" "Mozilla/5.0 (Windows NT 10.0; Win64; x64) AppleWebKit/537.36 (KHTML, like Gecko) Chrome/152.0.0.0 Safari/537.36"
114.10.43.125 - - [25/Sep/2026:20:06:55 +0000] "GET /wp-includes/js/dist/is-shallow-equal.min.js?ver=7ad271045c1fe60f5496%27%20defer%27%20defer HTTP/1.1" 200 549 "https://www.visitkarimun.com/cara-ke-karimunjawa/" "Mozilla/5.0 (Windows NT 10.0; Win64; x64) AppleWebKit/537.36 (KHTML, like Gecko) Chrome/152.0.0.0 Safari/537.36"
114.10.43.125 - - [25/Sep/2026:20:06:55 +0000] "GET /wp-includes/js/dist/private-apis.min.js?ver=eb85f28c4c729bb4f002%27%20defer%27%20defer HTTP/1.1" 200 1068 "https://www.visitkarimun.com/cara-ke-karimunjawa/" "Mozilla/5.0 (Windows NT 10.0; Win64; x64) AppleWebKit/537.36 (KHTML, like Gecko) Chrome/152.0.0.0 Safari/537.36"
114.10.43.125 - - [25/Sep/2026:20:06:55 +0000] "GET /wp-includes/js/dist/undo-manager.min.js?ver=4554fce6276d8910a4ae%27%20defer%27%20defer HTTP/1.1" 200 894 "https://www.visitkarimun.com/cara-ke-karimunjawa/" "Mozilla/5.0 (Windows NT 10.0; Win64; x64) AppleWebKit/537.36 (KHTML, like Gecko) Chrome/152.0.0.0 Safari/537.36"
114.10.43.125 - - [25/Sep/2026:20:06:55 +0000] "GET /wp-includes/js/dist/keycodes.min.js?ver=d0b4204e4bbeb412df6e%27%20defer%27%20defer HTTP/1.1" 200 1516 "https://www.visitkarimun.com/cara-ke-karimunjawa/" "Mozilla/5.0 (Windows NT 10.0; Win64; x64) AppleWebKit/537.36 (KHTML, like Gecko) Chrome/152.0.0.0 Safari/537.36"
114.10.43.125 - - [25/Sep/2026:20:06:55 +0000] "GET /wp-includes/js/dist/priority-queue.min.js?ver=6c0aa59b65d55dfd509b%27%20defer%27%20defer HTTP/1.1" 200 1536 "https://www.visitkarimun.com/cara-ke-karimunjawa/" "Mozilla/5.0 (Windows NT 10.0; Win64; x64) AppleWebKit/537.36 (KHTML, like Gecko) Chrome/152.0.0.0 Safari/537.36"
114.10.43.125 - - [25/Sep/2026:20:06:55 +0000] "GET /wp-includes/js/dist/compose.min.js?ver=0e8bde2a499ea6073b42%27%20defer%27%20defer HTTP/1.1" 200 11268 "https://www.visitkarimun.com/cara-ke-karimunjawa/" "Mozilla/5.0 (Windows NT 10.0; Win64; x64) AppleWebKit/537.36 (KHTML, like Gecko) Chrome/152.0.0.0 Safari/537.36"
114.10.43.125 - - [25/Sep/2026:20:06:55 +0000] "GET /wp-includes/js/dist/redux-routine.min.js?ver=acca2b4857d83ad1790e%27%20defer%27%20defer HTTP/1.1" 200 3242 "https://www.visitkarimun.com/cara-ke-karimunjawa/" "Mozilla/5.0 (Windows NT 10.0; Win64; x64) AppleWebKit/537.36 (KHTML, like Gecko) Chrome/152.0.0.0 Safari/537.36"
114.10.43.125 - - [25/Sep/2026:20:06:55 +0000] "GET /wp-includes/js/dist/html-entities.min.js?ver=a976ff3a0f00bc2999a3%27%20defer%27%20defer HTTP/1.1" 200 464 "https://www.visitkarimun.com/cara-ke-karimunjawa/" "Mozilla/5.0 (Windows NT 10.0; Win64; x64) AppleWebKit/537.36 (KHTML, like Gecko) Chrome/152.0.0.0 Safari/537.36"
114.10.43.125 - - [25/Sep/2026:20:06:55 +0000] "GET /wp-includes/js/dist/shortcode.min.js?ver=f6273476300cc5fad4cd%27%20defer%27%20defer HTTP/1.1" 200 1521 "https://www.visitkarimun.com/cara-ke-karimunjawa/" "Mozilla/5.0 (Windows NT 10.0; Win64; x64) AppleWebKit/537.36 (KHTML, like Gecko) Chrome/152.0.0.0 Safari/537.36"
114.10.43.125 - - [25/Sep/2026:20:06:55 +0000] "GET /wp-includes/js/dist/rich-text.min.js?ver=3e5852e42cee1c239bae%27%20defer%27%20defer HTTP/1.1" 200 14352 "https://www.visitkarimun.com/cara-ke-karimunjawa/" "Mozilla/5.0 (Windows NT 10.0; Win64; x64) AppleWebKit/537.36 (KHTML, like Gecko) Chrome/152.0.0.0 Safari/537.36"
114.10.43.125 - - [25/Sep/2026:20:06:55 +0000] "GET /wp-includes/js/dist/warning.min.js?ver=a0978839debc564a6608%27%20defer%27%20defer HTTP/1.1" 200 427 "https://www.visitkarimun.com/cara-ke-karimunjawa/" "Mozilla/5.0 (Windows NT 10.0; Win64; x64) AppleWebKit/537.36 (KHTML, like Gecko) Chrome/152.0.0.0 Safari/537.36"
114.10.43.125 - - [25/Sep/2026:20:06:55 +0000] "GET /wp-includes/js/dist/blocks.min.js?ver=c0e57a630a0b6f6c3bb5%27%20defer%27%20defer HTTP/1.1" 200 43487 "https://www.visitkarimun.com/cara-ke-karimunjawa/" "Mozilla/5.0 (Windows NT 10.0; Win64; x64) AppleWebKit/537.36 (KHTML, like Gecko) Chrome/152.0.0.0 Safari/537.36"
114.10.43.125 - - [25/Sep/2026:20:06:55 +0000] "GET /wp-content/plugins/google-site-kit/dist/assets/js/sign-in-with-google-5a9e012872c712a23a12.js'%20defer HTTP/1.1" 200 16365 "https://www.visitkarimun.com/cara-ke-karimunjawa/" "Mozilla/5.0 (Windows NT 10.0; Win64; x64) AppleWebKit/537.36 (KHTML, like Gecko) Chrome/152.0.0.0 Safari/537.36"
114.10.43.125 - - [25/Sep/2026:20:06:55 +0000] "GET /wp-content/plugins/google-site-kit/dist/assets/js/googlesitekit-consent-mode-755f1678e260138d789e.js'%20defer'%20defer HTTP/1.1" 200 16435 "https://www.visitkarimun.com/cara-ke-karimunjawa/" "Mozilla/5.0 (Windows NT 10.0; Win64; x64) AppleWebKit/537.36 (KHTML, like Gecko) Chrome/152.0.0.0 Safari/537.36"
114.10.43.125 - - [25/Sep/2026:20:06:55 +0000] "GET /wp-includes/js/dist/preferences.min.js?ver=5a169e3fc0e657f74172%27%20defer%27%20defer HTTP/1.1" 200 3145 "https://www.visitkarimun.com/cara-ke-karimunjawa/" "Mozilla/5.0 (Windows NT 10.0; Win64; x64) AppleWebKit/537.36 (KHTML, like Gecko) Chrome/152.0.0.0 Safari/537.36"
114.10.43.125 - - [25/Sep/2026:20:06:55 +0000] "GET /wp-includes/js/dist/url.min.js?ver=7b0de086d4ae11d55704%27%20defer%27%20defer HTTP/1.1" 200 3654 "https://www.visitkarimun.com/cara-ke-karimunjawa/" "Mozilla/5.0 (Windows NT 10.0; Win64; x64) AppleWebKit/537.36 (KHTML, like Gecko) Chrome/152.0.0.0 Safari/537.36"
114.10.43.125 - - [25/Sep/2026:20:06:55 +0000] "GET /wp-includes/js/dist/theme.min.js?ver=56a75cc08ae66c1fcb7a%27%20defer%27%20defer HTTP/1.1" 200 21910 "https://www.visitkarimun.com/cara-ke-karimunjawa/" "Mozilla/5.0 (Windows NT 10.0; Win64; x64) AppleWebKit/537.36 (KHTML, like Gecko) Chrome/152.0.0.0 Safari/537.36"
114.10.43.125 - - [25/Sep/2026:20:06:55 +0000] "GET /wp-includes/js/dist/vendor/react-dom.min.js?ver=18.3.1.1%27%20defer%27%20defer HTTP/1.1" 200 41410 "https://www.visitkarimun.com/cara-ke-karimunjawa/" "Mozilla/5.0 (Windows NT 10.0; Win64; x64) AppleWebKit/537.36 (KHTML, like Gecko) Chrome/152.0.0.0 Safari/537.36"
114.10.43.125 - - [25/Sep/2026:20:06:55 +0000] "GET /wp-includes/js/dist/components.min.js?ver=9b751f17060211272a5c%27%20defer%27%20defer HTTP/1.1" 200 258712 "https://www.visitkarimun.com/cara-ke-karimunjawa/" "Mozilla/5.0 (Windows NT 10.0; Win64; x64) AppleWebKit/537.36 (KHTML, like Gecko) Chrome/152.0.0.0 Safari/537.36"
114.10.43.125 - - [25/Sep/2026:20:06:55 +0000] "GET /wp-includes/js/dist/vendor/moment.min.js?ver=2.30.1%27%20defer%27%20defer HTTP/1.1" 200 18383 "https://www.visitkarimun.com/cara-ke-karimunjawa/" "Mozilla/5.0 (Windows NT 10.0; Win64; x64) AppleWebKit/537.36 (KHTML, like Gecko) Chrome/152.0.0.0 Safari/537.36"
114.10.43.125 - - [25/Sep/2026:20:06:55 +0000] "GET /wp-includes/js/dist/data.min.js?ver=14a216e0932d72c22976%27%20defer%27%20defer HTTP/1.1" 200 9491 "https://www.visitkarimun.com/cara-ke-karimunjawa/" "Mozilla/5.0 (Windows NT 10.0; Win64; x64) AppleWebKit/537.36 (KHTML, like Gecko) Chrome/152.0.0.0 Safari/537.36"
114.10.43.125 - - [25/Sep/2026:20:06:55 +0000] "GET /wp-includes/js/dist/primitives.min.js?ver=44cc5a35c7b9fe07a838%27%20defer%27%20defer HTTP/1.1" 200 974 "https://www.visitkarimun.com/cara-ke-karimunjawa/" "Mozilla/5.0 (Windows NT 10.0; Win64; x64) AppleWebKit/537.36 (KHTML, like Gecko) Chrome/152.0.0.0 Safari/537.36"
114.10.43.125 - - [25/Sep/2026:20:06:55 +0000] "GET /wp-includes/js/dist/api-fetch.min.js?ver=6f2a4faeee3c722b1e57%27%20defer%27%20defer HTTP/1.1" 200 3151 "https://www.visitkarimun.com/cara-ke-karimunjawa/" "Mozilla/5.0 (Windows NT 10.0; Win64; x64) AppleWebKit/537.36 (KHTML, like Gecko) Chrome/152.0.0.0 Safari/537.36"
114.10.43.125 - - [25/Sep/2026:20:06:55 +0000] "GET /wp-includes/js/dist/date.min.js?ver=8173fc0fc12b7bb7eaf0%27%20defer%27%20defer HTTP/1.1" 200 23044 "https://www.visitkarimun.com/cara-ke-karimunjawa/" "Mozilla/5.0 (Windows NT 10.0; Win64; x64) AppleWebKit/537.36 (KHTML, like Gecko) Chrome/152.0.0.0 Safari/537.36"
114.10.43.125 - - [25/Sep/2026:20:06:55 +0000] "GET /wp-includes/js/dist/style-engine.min.js?ver=914befb08774033e6265%27%20defer%27%20defer HTTP/1.1" 200 2360 "https://www.visitkarimun.com/cara-ke-karimunjawa/" "Mozilla/5.0 (Windows NT 10.0; Win64; x64) AppleWebKit/537.36 (KHTML, like Gecko) Chrome/152.0.0.0 Safari/537.36"
114.10.43.125 - - [25/Sep/2026:20:06:55 +0000] "GET /wp-includes/js/dist/notices.min.js?ver=c09a068fdab0eb465e14%27%20defer%27%20defer HTTP/1.1" 200 1608 "https://www.visitkarimun.com/cara-ke-karimunjawa/" "Mozilla/5.0 (Windows NT 10.0; Win64; x64) AppleWebKit/537.36 (KHTML, like Gecko) Chrome/152.0.0.0 Safari/537.36"
114.10.43.125 - - [25/Sep/2026:20:06:55 +0000] "GET /wp-includes/js/dist/token-list.min.js?ver=e86ab419d8302d57822c%27%20defer%27%20defer HTTP/1.1" 200 698 "https://www.visitkarimun.com/cara-ke-karimunjawa/" "Mozilla/5.0 (Windows NT 10.0; Win64; x64) AppleWebKit/537.36 (KHTML, like Gecko) Chrome/152.0.0.0 Safari/537.36"
114.10.43.125 - - [25/Sep/2026:20:06:55 +0000] "GET /wp-includes/js/dist/preferences-persistence.min.js?ver=a34abbdacd8f50f9acb1%27%20defer%27%20defer HTTP/1.1" 200 2077 "https://www.visitkarimun.com/cara-ke-karimunjawa/" "Mozilla/5.0 (Windows NT 10.0; Win64; x64) AppleWebKit/537.36 (KHTML, like Gecko) Chrome/152.0.0.0 Safari/537.36"
114.10.43.125 - - [25/Sep/2026:20:06:55 +0000] "GET /wp-includes/js/dist/deprecated.min.js?ver=fe587bac92b7d0ef760e%27%20defer%27%20defer HTTP/1.1" 200 712 "https://www.visitkarimun.com/cara-ke-karimunjawa/" "Mozilla/5.0 (Windows NT 10.0; Win64; x64) AppleWebKit/537.36 (KHTML, like Gecko) Chrome/152.0.0.0 Safari/537.36"
114.10.43.125 - - [25/Sep/2026:20:06:55 +0000] "GET /wp-content/themes/wizata-per/images/badge1.png HTTP/1.1" 200 3434 "https://www.visitkarimun.com/cara-ke-karimunjawa/" "Mozilla/5.0 (Windows NT 10.0; Win64; x64) AppleWebKit/537.36 (KHTML, like Gecko) Chrome/152.0.0.0 Safari/537.36"
114.10.43.125 - - [25/Sep/2026:20:06:55 +0000] "GET /wp-includes/js/dist/keyboard-shortcuts.min.js?ver=37da95806f2339bc80d0%27%20defer%27%20defer HTTP/1.1" 200 1549 "https://www.visitkarimun.com/cara-ke-karimunjawa/" "Mozilla/5.0 (Windows NT 10.0; Win64; x64) AppleWebKit/537.36 (KHTML, like Gecko) Chrome/152.0.0.0 Safari/537.36"
114.10.43.125 - - [25/Sep/2026:20:06:55 +0000] "GET /wp-content/themes/wizata-per/images/badge2.png HTTP/1.1" 200 2704 "https://www.visitkarimun.com/cara-ke-karimunjawa/" "Mozilla/5.0 (Windows NT 10.0; Win64; x64) AppleWebKit/537.36 (KHTML, like Gecko) Chrome/152.0.0.0 Safari/537.36"
114.10.43.125 - - [25/Sep/2026:20:06:55 +0000] "GET /wp-content/plugins/akismet/_inc/akismet-frontend.js?ver=1785922394%27%20defer%27%20defer HTTP/1.1" 200 3327 "https://www.visitkarimun.com/cara-ke-karimunjawa/" "Mozilla/5.0 (Windows NT 10.0; Win64; x64) AppleWebKit/537.36 (KHTML, like Gecko) Chrome/152.0.0.0 Safari/537.36"
114.10.43.125 - - [25/Sep/2026:20:06:55 +0000] "GET /wp-content/themes/wizata-per/images/wa.png HTTP/1.1" 200 710 "https://www.visitkarimun.com/cara-ke-karimunjawa/" "Mozilla/5.0 (Windows NT 10.0; Win64; x64) AppleWebKit/537.36 (KHTML, like Gecko) Chrome/152.0.0.0 Safari/537.36"
114.10.43.125 - - [25/Sep/2026:20:06:55 +0000] "GET /wp-content/themes/wizata-per/images/telp.png HTTP/1.1" 200 624 "https://www.visitkarimun.com/cara-ke-karimunjawa/" "Mozilla/5.0 (Windows NT 10.0; Win64; x64) AppleWebKit/537.36 (KHTML, like Gecko) Chrome/152.0.0.0 Safari/537.36"
114.10.43.125 - - [25/Sep/2026:20:06:55 +0000] "GET /wp-includes/js/comment-reply.min.js?ver=7.1.2%27%20defer%27%20defer HTTP/1.1" 200 1224 "https://www.visitkarimun.com/cara-ke-karimunjawa/" "Mozilla/5.0 (Windows NT 10.0; Win64; x64) AppleWebKit/537.36 (KHTML, like Gecko) Chrome/152.0.0.0 Safari/537.36"
114.10.43.125 - - [25/Sep/2026:20:06:55 +0000] "GET /wp-content/plugins/section-collection/build/faq/view.js?ver=dd0a69eb13c4a031cfae%27%20defer%27%20defer HTTP/1.1" 200 7668 "https://www.visitkarimun.com/cara-ke-karimunjawa/" "Mozilla/5.0 (Windows NT 10.0; Win64; x64) AppleWebKit/537.36 (KHTML, like Gecko) Chrome/152.0.0.0 Safari/537.36"
114.10.43.125 - - [25/Sep/2026:20:06:55 +0000] "GET /wp-includes/js/dist/commands.min.js?ver=1a4910212c7ed2355300%27%20defer%27%20defer HTTP/1.1" 200 19231 "https://www.visitkarimun.com/cara-ke-karimunjawa/" "Mozilla/5.0 (Windows NT 10.0; Win64; x64) AppleWebKit/537.36 (KHTML, like Gecko) Chrome/152.0.0.0 Safari/537.36"
114.10.43.125 - - [25/Sep/2026:20:06:55 +0000] "GET /wp-includes/js/dist/upload-media.min.js?ver=a2c026d433c295fd5145%27%20defer%27%20defer HTTP/1.1" 200 15643 "https://www.visitkarimun.com/cara-ke-karimunjawa/" "Mozilla/5.0 (Windows NT 10.0; Win64; x64) AppleWebKit/537.36 (KHTML, like Gecko) Chrome/152.0.0.0 Safari/537.36"
114.10.43.125 - - [25/Sep/2026:20:06:55 +0000] "GET /wp-includes/js/dist/block-editor.min.js?ver=37e58da384b2558bd479%27%20defer%27%20defer HTTP/1.1" 200 407357 "https://www.visitkarimun.com/cara-ke-karimunjawa/" "Mozilla/5.0 (Windows NT 10.0; Win64; x64) AppleWebKit/537.36 (KHTML, like Gecko) Chrome/152.0.0.0 Safari/537.36"
74.7.242.58 - - [25/Sep/2026:20:06:55 +0000] "GET /?path=%2F%2Flib64%2Ftcl8.6 HTTP/2" 200 27514 "https://www.visitkarimun.com/?path=%2F%2Flib64" "Mozilla/5.0 AppleWebKit/537.36 (KHTML, like Gecko; compatible; GPTBot/1.4; +https://openai.com/gptbot)"
114.10.43.125 - - [25/Sep/2026:20:06:55 +0000] "GET /wp-content/plugins/google-site-kit/dist/assets/js/googlesitekit-events-provider-content-events-c7172f3fd0e4d5ad62ef.js'%20defer'%20defer HTTP/1.1" 200 16401 "https://www.visitkarimun.com/cara-ke-karimunjawa/" "Mozilla/5.0 (Windows NT 10.0; Win64; x64) AppleWebKit/537.36 (KHTML, like Gecko) Chrome/152.0.0.0 Safari/537.36"
74.7.242.58 - - [25/Sep/2026:20:06:56 +0000] "GET /?action=edit&file=libOpenEXRUtil-3_1.so.30&path=%2F%2Flib64 HTTP/2" 200 27264 "https://www.visitkarimun.com/?path=%2F%2Flib64" "Mozilla/5.0 AppleWebKit/537.36 (KHTML, like Gecko; compatible; GPTBot/1.4; +https://openai.com/gptbot)"
74.7.242.58 - - [25/Sep/2026:20:06:57 +0000] "GET /?action=edit&file=libOpenEXRCore-3_1.so.30&path=%2F%2Flib64 HTTP/2" 200 27263 "https://www.visitkarimun.com/?path=%2F%2Flib64" "Mozilla/5.0 AppleWebKit/537.36 (KHTML, like Gecko; compatible; GPTBot/1.4; +https://openai.com/gptbot)"
114.10.43.125 - - [25/Sep/2026:20:06:57 +0000] "GET /wp-content/uploads/2020/05/cemara-besar-karimunjawa.jpg HTTP/1.1" 200 16371 "https://www.visitkarimun.com/cara-ke-karimunjawa/" "Mozilla/5.0 (Windows NT 10.0; Win64; x64) AppleWebKit/537.36 (KHTML, like Gecko) Chrome/152.0.0.0 Safari/537.36"
74.7.242.58 - - [25/Sep/2026:20:06:58 +0000] "GET /?action=edit&file=python3.9&path=%2F%2Fbin HTTP/2" 200 27219 "https://www.visitkarimun.com/?path=%2F%2Fbin" "Mozilla/5.0 AppleWebKit/537.36 (KHTML, like Gecko; compatible; GPTBot/1.4; +https://openai.com/gptbot)"
74.7.242.58 - - [25/Sep/2026:20:06:58 +0000] "GET /?path=%2F%2Flib64%2Flibboost-plesk-1.84 HTTP/2" 200 27643 "https://www.visitkarimun.com/?path=%2F%2Flib64" "Mozilla/5.0 AppleWebKit/537.36 (KHTML, like Gecko; compatible; GPTBot/1.4; +https://openai.com/gptbot)"
74.7.242.58 - - [25/Sep/2026:20:07:01 +0000] "GET /?path=//lib64/gtk-2.0/2.10.0/filesystems HTTP/2" 200 27536 "https://www.visitkarimun.com/?path=%2F%2Flib64%2Fgtk-2.0%2F2.10.0%2Ffilesystems" "Mozilla/5.0 AppleWebKit/537.36 (KHTML, like Gecko; compatible; GPTBot/1.4; +https://openai.com/gptbot)"
74.7.242.58 - - [25/Sep/2026:20:07:02 +0000] "GET /?action=edit&file=monarxprotect-php54.so&path=%2F%2Flib64%2Fmonarx-protect HTTP/2" 200 27262 "https://www.visitkarimun.com/?path=%2F%2Flib64%2Fmonarx-protect" "Mozilla/5.0 AppleWebKit/537.36 (KHTML, like Gecko; compatible; GPTBot/1.4; +https://openai.com/gptbot)"
74.7.242.58 - - [25/Sep/2026:20:07:03 +0000] "GET /?action=edit&file=monarxprotect-php84.so&path=%2F%2Flib64%2Fmonarx-protect HTTP/2" 200 27262 "https://www.visitkarimun.com/?path=%2F%2Flib64%2Fmonarx-protect" "Mozilla/5.0 AppleWebKit/537.36 (KHTML, like Gecko; compatible; GPTBot/1.4; +https://openai.com/gptbot)"
74.7.242.58 - - [25/Sep/2026:20:07:04 +0000] "GET /?action=edit&file=monarxprotect-php82.so&path=%2F%2Flib64%2Fmonarx-protect HTTP/2" 200 27263 "https://www.visitkarimun.com/?path=%2F%2Flib64%2Fmonarx-protect" "Mozilla/5.0 AppleWebKit/537.36 (KHTML, like Gecko; compatible; GPTBot/1.4; +https://openai.com/gptbot)"
74.7.242.58 - - [25/Sep/2026:20:07:05 +0000] "GET /?path=//lib64/tcl8.6 HTTP/2" 200 27514 "https://www.visitkarimun.com/?path=%2F%2Flib64%2Ftcl8.6" "Mozilla/5.0 AppleWebKit/537.36 (KHTML, like Gecko; compatible; GPTBot/1.4; +https://openai.com/gptbot)"
74.7.242.58 - - [25/Sep/2026:20:07:05 +0000] "GET /?path=%2F%2Flib64%2Ftcl8.6%2Fexpect5.45.4 HTTP/2" 200 27597 "https://www.visitkarimun.com/?path=%2F%2Flib64%2Ftcl8.6" "Mozilla/5.0 AppleWebKit/537.36 (KHTML, like Gecko; compatible; GPTBot/1.4; +https://openai.com/gptbot)"
74.7.242.58 - - [25/Sep/2026:20:07:06 +0000] "GET /?action=edit&file=monarxprotect-php56.so&path=%2F%2Flib64%2Fmonarx-protect HTTP/2" 200 27262 "https://www.visitkarimun.com/?path=%2F%2Flib64%2Fmonarx-protect" "Mozilla/5.0 AppleWebKit/537.36 (KHTML, like Gecko; compatible; GPTBot/1.4; +https://openai.com/gptbot)"
74.7.242.58 - - [25/Sep/2026:20:07:07 +0000] "GET /?action=edit&file=monarxprotect-php74.so&path=%2F%2Flib64%2Fmonarx-protect HTTP/2" 200 27263 "https://www.visitkarimun.com/?path=%2F%2Flib64%2Fmonarx-protect" "Mozilla/5.0 AppleWebKit/537.36 (KHTML, like Gecko; compatible; GPTBot/1.4; +https://openai.com/gptbot)"
74.7.242.58 - - [25/Sep/2026:20:07:08 +0000] "GET /?path=//lib64/libboost-plesk-1.84 HTTP/2" 200 27643 "https://www.visitkarimun.com/?path=%2F%2Flib64%2Flibboost-plesk-1.84" "Mozilla/5.0 AppleWebKit/537.36 (KHTML, like Gecko; compatible; GPTBot/1.4; +https://openai.com/gptbot)"
74.7.242.58 - - [25/Sep/2026:20:07:09 +0000] "GET /?action=edit&file=libboost_regex-plesk.so.1.84.0&path=%2F%2Flib64%2Flibboost-plesk-1.84 HTTP/2" 200 27257 "https://www.visitkarimun.com/?path=%2F%2Flib64%2Flibboost-plesk-1.84" "Mozilla/5.0 AppleWebKit/537.36 (KHTML, like Gecko; compatible; GPTBot/1.4; +https://openai.com/gptbot)"
74.7.242.58 - - [25/Sep/2026:20:07:09 +0000] "GET /?action=edit&file=libboost_thread-plesk.so.1.84.0&path=%2F%2Flib64%2Flibboost-plesk-1.84 HTTP/2" 200 27273 "https://www.visitkarimun.com/?path=%2F%2Flib64%2Flibboost-plesk-1.84" "Mozilla/5.0 AppleWebKit/537.36 (KHTML, like Gecko; compatible; GPTBot/1.4; +https://openai.com/gptbot)"
66.249.66.65 - - [25/Sep/2026:20:07:10 +0000] "GET /?action=edit&file=user-suggest.js&path=%2Fhome%2Fkarimun%2Fpublic_html%2Fwp-admin%2Fjs HTTP/1.1" 200 28169 "-" "Mozilla/5.0 (Linux; Android 6.0.1; Nexus 5X Build/MMB29P) AppleWebKit/537.36 (KHTML, like Gecko) Chrome/153.0.8010.52 Mobile Safari/537.36 (compatible; Googlebot/2.1; +http://www.google.com/bot.html)"
74.7.242.58 - - [25/Sep/2026:20:07:10 +0000] "GET /?action=edit&file=libboost_system-plesk.so.1.84.0&path=%2F%2Flib64%2Flibboost-plesk-1.84 HTTP/2" 200 27272 "https://www.visitkarimun.com/?path=%2F%2Flib64%2Flibboost-plesk-1.84" "Mozilla/5.0 AppleWebKit/537.36 (KHTML, like Gecko; compatible; GPTBot/1.4; +https://openai.com/gptbot)"
74.7.242.58 - - [25/Sep/2026:20:07:11 +0000] "GET /?path=//sbin HTTP/2" 200 28265 "https://www.visitkarimun.com/?path=%2F%2Fsbin" "Mozilla/5.0 AppleWebKit/537.36 (KHTML, like Gecko; compatible; GPTBot/1.4; +https://openai.com/gptbot)"
74.7.242.58 - - [25/Sep/2026:20:07:12 +0000] "GET /?action=edit&file=x86_64-redhat-linux-g%2B%2B&path=%2F%2Fbin HTTP/2" 200 27277 "https://www.visitkarimun.com/?path=%2F%2Fbin" "Mozilla/5.0 AppleWebKit/537.36 (KHTML, like Gecko; compatible; GPTBot/1.4; +https://openai.com/gptbot)"
74.7.242.58 - - [25/Sep/2026:20:07:12 +0000] "GET /?action=edit&file=x86_64-redhat-linux-c%2B%2B&path=%2F%2Fbin HTTP/2" 200 27277 "https://www.visitkarimun.com/?path=%2F%2Fbin" "Mozilla/5.0 AppleWebKit/537.36 (KHTML, like Gecko; compatible; GPTBot/1.4; +https://openai.com/gptbot)"
74.7.242.58 - - [25/Sep/2026:20:07:13 +0000] "GET /%22https:/www.visitkarimun.com/wp-content/uploads/2023/05/liburan-ke-karimunjawa.jpg/%22?path=/home/karimun HTTP/2" 200 1376 "https://www.visitkarimun.com/%22https:/www.visitkarimun.com/wp-content/uploads/2023/05/liburan-ke-karimunjawa.jpg/%22" "Mozilla/5.0 AppleWebKit/537.36 (KHTML, like Gecko; compatible; GPTBot/1.4; +https://openai.com/gptbot)"
74.7.242.58 - - [25/Sep/2026:20:07:13 +0000] "GET /?path=//lib64/tcl8.6/expect5.45.4 HTTP/2" 200 27597 "https://www.visitkarimun.com/?path=%2F%2Flib64%2Ftcl8.6%2Fexpect5.45.4" "Mozilla/5.0 AppleWebKit/537.36 (KHTML, like Gecko; compatible; GPTBot/1.4; +https://openai.com/gptbot)"
74.7.242.58 - - [25/Sep/2026:20:07:14 +0000] "GET /?action=edit&file=pkgIndex.tcl&path=%2F%2Flib64%2Ftcl8.6%2Fexpect5.45.4 HTTP/2" 200 27379 "https://www.visitkarimun.com/?path=%2F%2Flib64%2Ftcl8.6%2Fexpect5.45.4" "Mozilla/5.0 AppleWebKit/537.36 (KHTML, like Gecko; compatible; GPTBot/1.4; +https://openai.com/gptbot)"
74.7.242.58 - - [25/Sep/2026:20:07:15 +0000] "GET /?action=edit&file=libOpenEXR-3_1.so.30.1.0&path=%2F%2Flib64 HTTP/2" 200 27263 "https://www.visitkarimun.com/?path=%2F%2Flib64" "Mozilla/5.0 AppleWebKit/537.36 (KHTML, like Gecko; compatible; GPTBot/1.4; +https://openai.com/gptbot)"
74.7.242.58 - - [25/Sep/2026:20:07:16 +0000] "GET /?action=edit&file=ps2pdf14&path=%2F%2Fbin HTTP/2" 200 27432 "https://www.visitkarimun.com/?path=%2F%2Fbin" "Mozilla/5.0 AppleWebKit/537.36 (KHTML, like Gecko; compatible; GPTBot/1.4; +https://openai.com/gptbot)"
74.7.242.58 - - [25/Sep/2026:20:07:17 +0000] "GET /?action=edit&file=ps2pdf13&path=%2F%2Fbin HTTP/2" 200 27432 "https://www.visitkarimun.com/?path=%2F%2Fbin" "Mozilla/5.0 AppleWebKit/537.36 (KHTML, like Gecko; compatible; GPTBot/1.4; +https://openai.com/gptbot)"
74.7.242.58 - - [25/Sep/2026:20:07:18 +0000] "GET /?action=edit&file=libunwind-x86_64.so.8.1.0&path=%2F%2Flib64 HTTP/2" 200 27262 "https://www.visitkarimun.com/?path=%2F%2Flib64" "Mozilla/5.0 AppleWebKit/537.36 (KHTML, like Gecko; compatible; GPTBot/1.4; +https://openai.com/gptbot)"
74.7.242.58 - - [25/Sep/2026:20:07:18 +0000] "GET /?path=%2F%2Flib64%2Fwireplumber-0.5 HTTP/2" 200 27826 "https://www.visitkarimun.com/?path=%2F%2Flib64" "Mozilla/5.0 AppleWebKit/537.36 (KHTML, like Gecko; compatible; GPTBot/1.4; +https://openai.com/gptbot)"
66.249.66.65 - - [25/Sep/2026:20:07:19 +0000] "GET /?action=edit&file=svg-painter.min.js&path=%2Fhome%2Fkarimun%2Fpublic_html%2Fwp-admin%2Fjs HTTP/1.1" 200 27959 "-" "Mozilla/5.0 (Linux; Android 6.0.1; Nexus 5X Build/MMB29P) AppleWebKit/537.36 (KHTML, like Gecko) Chrome/153.0.8010.52 Mobile Safari/537.36 (compatible; Googlebot/2.1; +http://www.google.com/bot.html)"
74.7.242.58 - - [25/Sep/2026:20:07:19 +0000] "GET /?action=edit&file=libctf.la&path=%2F%2Flib64 HTTP/2" 200 27746 "https://www.visitkarimun.com/?path=%2F%2Flib64" "Mozilla/5.0 AppleWebKit/537.36 (KHTML, like Gecko; compatible; GPTBot/1.4; +https://openai.com/gptbot)"
74.7.242.58 - - [25/Sep/2026:20:07:20 +0000] "GET /?action=edit&file=libcdio%2B%2B.so.1.0.0&path=%2F%2Flib64 HTTP/2" 200 27298 "https://www.visitkarimun.com/?path=%2F%2Flib64" "Mozilla/5.0 AppleWebKit/537.36 (KHTML, like Gecko; compatible; GPTBot/1.4; +https://openai.com/gptbot)"
74.7.242.58 - - [25/Sep/2026:20:07:21 +0000] "GET /?action=edit&file=libzmq.so.5.2.4&path=%2F%2Flib64 HTTP/2" 200 27292 "https://www.visitkarimun.com/?path=%2F%2Flib64" "Mozilla/5.0 AppleWebKit/537.36 (KHTML, like Gecko; compatible; GPTBot/1.4; +https://openai.com/gptbot)"
74.7.242.58 - - [25/Sep/2026:20:07:21 +0000] "GET /?action=edit&file=libldacBT_abr.so.2.0.2.3&path=%2F%2Flib64 HTTP/2" 200 27261 "https://www.visitkarimun.com/?path=%2F%2Flib64" "Mozilla/5.0 AppleWebKit/537.36 (KHTML, like Gecko; compatible; GPTBot/1.4; +https://openai.com/gptbot)"
74.7.242.58 - - [25/Sep/2026:20:07:22 +0000] "GET /?action=edit&file=libldacBT_enc.so.2.0.2.3&path=%2F%2Flib64 HTTP/2" 200 27261 "https://www.visitkarimun.com/?path=%2F%2Flib64" "Mozilla/5.0 AppleWebKit/537.36 (KHTML, like Gecko; compatible; GPTBot/1.4; +https://openai.com/gptbot)"
74.7.242.58 - - [25/Sep/2026:20:07:23 +0000] "GET /?path=%2F%2Flib64%2Fgtk-3.0%2F3.0.0%2Fprintbackends HTTP/2" 200 27653 "https://www.visitkarimun.com/?path=%2F%2Flib64%2Fgtk-3.0%2F3.0.0" "Mozilla/5.0 AppleWebKit/537.36 (KHTML, like Gecko; compatible; GPTBot/1.4; +https://openai.com/gptbot)"
74.7.242.58 - - [25/Sep/2026:20:07:24 +0000] "GET /?action=edit&file=libsoup-gnome-2.4.so.1.11.0&path=%2F%2Flib64 HTTP/2" 200 27331 "https://www.visitkarimun.com/?path=%2F%2Flib64" "Mozilla/5.0 AppleWebKit/537.36 (KHTML, like Gecko; compatible; GPTBot/1.4; +https://openai.com/gptbot)"
74.7.242.58 - - [25/Sep/2026:20:07:25 +0000] "GET /?path=%2F%2Fopt%2Fi360_pam_imunify HTTP/2" 200 27612 "https://www.visitkarimun.com/?path=%2F%2Fopt" "Mozilla/5.0 AppleWebKit/537.36 (KHTML, like Gecko; compatible; GPTBot/1.4; +https://openai.com/gptbot)"
66.249.66.35 - - [25/Sep/2026:20:07:25 +0000] "GET /category/blog-artikel/page/3/?action=edit&file=wp-blog-header.php&path=%2Fhome%2Fkarimun%2Fpublic_html HTTP/1.1" 200 27925 "-" "Mozilla/5.0 (Linux; Android 6.0.1; Nexus 5X Build/MMB29P) AppleWebKit/537.36 (KHTML, like Gecko) Chrome/153.0.8010.52 Mobile Safari/537.36 (compatible; Googlebot/2.1; +http://www.google.com/bot.html)"
74.7.242.58 - - [25/Sep/2026:20:07:25 +0000] "GET /?action=edit&file=libdns-9.16.23-RH.so&path=%2F%2Flib64 HTTP/2" 200 27347 "https://www.visitkarimun.com/?path=%2F%2Flib64" "Mozilla/5.0 AppleWebKit/537.36 (KHTML, like Gecko; compatible; GPTBot/1.4; +https://openai.com/gptbot)"
74.7.242.58 - - [25/Sep/2026:20:07:26 +0000] "GET /?action=edit&file=libirs-9.16.23-RH.so&path=%2F%2Flib64 HTTP/2" 200 27347 "https://www.visitkarimun.com/?path=%2F%2Flib64" "Mozilla/5.0 AppleWebKit/537.36 (KHTML, like Gecko; compatible; GPTBot/1.4; +https://openai.com/gptbot)"
74.7.242.58 - - [25/Sep/2026:20:07:27 +0000] "GET /?path=//lib64/wireplumber-0.5 HTTP/2" 200 27826 "https://www.visitkarimun.com/?path=%2F%2Flib64%2Fwireplumber-0.5" "Mozilla/5.0 AppleWebKit/537.36 (KHTML, like Gecko; compatible; GPTBot/1.4; +https://openai.com/gptbot)"
66.249.66.35 - - [25/Sep/2026:20:07:28 +0000] "GET /?action=edit&file=media-upload.min.js&path=%2Fhome%2Fkarimun%2Fpublic_html%2Fwp-admin%2Fjs HTTP/1.1" 200 27851 "-" "Mozilla/5.0 (Linux; Android 6.0.1; Nexus 5X Build/MMB29P) AppleWebKit/537.36 (KHTML, like Gecko) Chrome/153.0.8010.52 Mobile Safari/537.36 (compatible; Googlebot/2.1; +http://www.google.com/bot.html)"
74.7.242.58 - - [25/Sep/2026:20:07:28 +0000] "GET /?action=edit&file=libwireplumber-module-standard-event-source.so&path=%2F%2Flib64%2Fwireplumber-0.5 HTTP/2" 200 27267 "https://www.visitkarimun.com/?path=%2F%2Flib64%2Fwireplumber-0.5" "Mozilla/5.0 AppleWebKit/537.36 (KHTML, like Gecko; compatible; GPTBot/1.4; +https://openai.com/gptbot)"
74.7.242.58 - - [25/Sep/2026:20:07:28 +0000] "GET /?action=edit&file=libwireplumber-module-dbus-connection.so&path=%2F%2Flib64%2Fwireplumber-0.5 HTTP/2" 200 27246 "https://www.visitkarimun.com/?path=%2F%2Flib64%2Fwireplumber-0.5" "Mozilla/5.0 AppleWebKit/537.36 (KHTML, like Gecko; compatible; GPTBot/1.4; +https://openai.com/gptbot)"
74.7.242.58 - - [25/Sep/2026:20:07:29 +0000] "GET /?action=edit&file=libwireplumber-module-log-settings.so&path=%2F%2Flib64%2Fwireplumber-0.5 HTTP/2" 200 27296 "https://www.visitkarimun.com/?path=%2F%2Flib64%2Fwireplumber-0.5" "Mozilla/5.0 AppleWebKit/537.36 (KHTML, like Gecko; compatible; GPTBot/1.4; +https://openai.com/gptbot)"
74.7.242.58 - - [25/Sep/2026:20:07:30 +0000] "GET /?action=edit&file=libwireplumber-module-file-monitor-api.so&path=%2F%2Flib64%2Fwireplumber-0.5 HTTP/2" 200 27239 "https://www.visitkarimun.com/?path=%2F%2Flib64%2Fwireplumber-0.5" "Mozilla/5.0 AppleWebKit/537.36 (KHTML, like Gecko; compatible; GPTBot/1.4; +https://openai.com/gptbot)"
74.7.242.58 - - [25/Sep/2026:20:07:31 +0000] "GET /?action=edit&file=libwireplumber-module-si-audio-adapter.so&path=%2F%2Flib64%2Fwireplumber-0.5 HTTP/2" 200 27240 "https://www.visitkarimun.com/?path=%2F%2Flib64%2Fwireplumber-0.5" "Mozilla/5.0 AppleWebKit/537.36 (KHTML, like Gecko; compatible; GPTBot/1.4; +https://openai.com/gptbot)"
57.141.2.73 - - [25/Sep/2026:20:07:31 +0000] "GET /info-jadwal-dan-tiket-kapal-ke-karimunjawa/ HTTP/2" 200 39853 "-" "Mozilla/5.0 (Macintosh; Intel Mac OS X 10_15_7) AppleWebKit/537.36 (KHTML, like Gecko) Chrome/145.0.0.0 Safari/537.36 (compatible; meta-webindexer/1.1 (+https://developers.facebook.com/docs/sharing/webmasters/crawler))"
74.7.242.58 - - [25/Sep/2026:20:07:31 +0000] "GET /?path=//lib64/gtk-3.0/3.0.0/printbackends HTTP/2" 200 27653 "https://www.visitkarimun.com/?path=%2F%2Flib64%2Fgtk-3.0%2F3.0.0%2Fprintbackends" "Mozilla/5.0 AppleWebKit/537.36 (KHTML, like Gecko; compatible; GPTBot/1.4; +https://openai.com/gptbot)"
74.7.242.58 - - [25/Sep/2026:20:07:32 +0000] "GET /?action=edit&file=libwireplumber-module-modem-manager.so&path=%2F%2Flib64%2Fwireplumber-0.5 HTTP/2" 200 27283 "https://www.visitkarimun.com/?path=%2F%2Flib64%2Fwireplumber-0.5" "Mozilla/5.0 AppleWebKit/537.36 (KHTML, like Gecko; compatible; GPTBot/1.4; +https://openai.com/gptbot)"
74.7.242.58 - - [25/Sep/2026:20:07:33 +0000] "GET /?path=%2F%2Fopt%2Fi360_pam_imunify%2Fdb HTTP/2" 200 27539 "https://www.visitkarimun.com/?path=%2F%2Fopt%2Fi360_pam_imunify" "Mozilla/5.0 AppleWebKit/537.36 (KHTML, like Gecko; compatible; GPTBot/1.4; +https://openai.com/gptbot)"
74.7.242.58 - - [25/Sep/2026:20:07:34 +0000] "GET /?path=%2F%2Fopt%2Fi360_pam_imunify%2Fpure-ftpd HTTP/2" 200 27486 "https://www.visitkarimun.com/?path=%2F%2Fopt%2Fi360_pam_imunify" "Mozilla/5.0 AppleWebKit/537.36 (KHTML, like Gecko; compatible; GPTBot/1.4; +https://openai.com/gptbot)"
74.7.242.58 - - [25/Sep/2026:20:07:35 +0000] "GET /?path=//opt/i360_pam_imunify HTTP/2" 200 27612 "https://www.visitkarimun.com/?path=%2F%2Fopt%2Fi360_pam_imunify" "Mozilla/5.0 AppleWebKit/537.36 (KHTML, like Gecko; compatible; GPTBot/1.4; +https://openai.com/gptbot)"
74.7.242.58 - - [25/Sep/2026:20:07:35 +0000] "GET /?action=edit&file=libwireplumber-module-reserve-device.so&path=%2F%2Flib64%2Fwireplumber-0.5 HTTP/2" 200 27282 "https://www.visitkarimun.com/?path=%2F%2Flib64%2Fwireplumber-0.5" "Mozilla/5.0 AppleWebKit/537.36 (KHTML, like Gecko; compatible; GPTBot/1.4; +https://openai.com/gptbot)"
74.7.242.58 - - [25/Sep/2026:20:07:36 +0000] "GET /?action=edit&file=libwireplumber-module-lua-scripting.so&path=%2F%2Flib64%2Fwireplumber-0.5 HTTP/2" 200 27280 "https://www.visitkarimun.com/?path=%2F%2Flib64%2Fwireplumber-0.5" "Mozilla/5.0 AppleWebKit/537.36 (KHTML, like Gecko; compatible; GPTBot/1.4; +https://openai.com/gptbot)"
74.7.242.58 - - [25/Sep/2026:20:07:37 +0000] "GET /?action=edit&file=libwireplumber-module-notifications-api.so&path=%2F%2Flib64%2Fwireplumber-0.5 HTTP/2" 200 27293 "https://www.visitkarimun.com/?path=%2F%2Flib64%2Fwireplumber-0.5" "Mozilla/5.0 AppleWebKit/537.36 (KHTML, like Gecko; compatible; GPTBot/1.4; +https://openai.com/gptbot)"
66.249.66.35 - - [25/Sep/2026:20:07:38 +0000] "GET /?action=edit&file=setup.php&path=%2Fhome%2Fkarimun%2Fpublic_html%2Fwp-admin%2Fnetwork HTTP/1.1" 200 27468 "-" "Mozilla/5.0 (Linux; Android 6.0.1; Nexus 5X Build/MMB29P) AppleWebKit/537.36 (KHTML, like Gecko) Chrome/153.0.8010.52 Mobile Safari/537.36 (compatible; Googlebot/2.1; +http://www.google.com/bot.html)"
74.7.242.58 - - [25/Sep/2026:20:07:38 +0000] "GET /?action=edit&file=libwireplumber-module-portal-permissionstore.so&path=%2F%2Flib64%2Fwireplumber-0.5 HTTP/2" 200 27306 "https://www.visitkarimun.com/?path=%2F%2Flib64%2Fwireplumber-0.5" "Mozilla/5.0 AppleWebKit/537.36 (KHTML, like Gecko; compatible; GPTBot/1.4; +https://openai.com/gptbot)"
74.7.242.58 - - [25/Sep/2026:20:07:39 +0000] "GET /?action=edit&file=libwireplumber-module-si-standard-link.so&path=%2F%2Flib64%2Fwireplumber-0.5 HTTP/2" 200 27238 "https://www.visitkarimun.com/?path=%2F%2Flib64%2Fwireplumber-0.5" "Mozilla/5.0 AppleWebKit/537.36 (KHTML, like Gecko; compatible; GPTBot/1.4; +https://openai.com/gptbot)"
74.7.242.58 - - [25/Sep/2026:20:07:39 +0000] "GET /?action=edit&file=libwireplumber-module-si-node.so&path=%2F%2Flib64%2Fwireplumber-0.5 HTTP/2" 200 27259 "https://www.visitkarimun.com/?path=%2F%2Flib64%2Fwireplumber-0.5" "Mozilla/5.0 AppleWebKit/537.36 (KHTML, like Gecko; compatible; GPTBot/1.4; +https://openai.com/gptbot)"
66.249.66.193 - - [25/Sep/2026:20:07:40 +0000] "GET /?action=edit&file=class-oembed.php&path=%2Fhome%2Fkarimun%2Fpublic_html%2Fwp-includes HTTP/1.1" 200 27550 "-" "Mozilla/5.0 (Linux; Android 6.0.1; Nexus 5X Build/MMB29P) AppleWebKit/537.36 (KHTML, like Gecko) Chrome/153.0.8010.52 Mobile Safari/537.36 (compatible; Googlebot/2.1; +http://www.google.com/bot.html)"
74.7.242.58 - - [25/Sep/2026:20:07:40 +0000] "GET /%22https:/www.visitkarimun.com/wp-content/uploads/2023/05/liburan-ke-karimunjawa.jpg/%22?action=edit&file=privacy.php&path=%2Fhome%2Fkarimun%2Fpublic_html%2Fwp-admin HTTP/2" 200 1497 "https://www.visitkarimun.com/%22https:/www.visitkarimun.com/wp-content/uploads/2023/05/liburan-ke-karimunjawa.jpg/%22?path=%2Fhome%2Fkarimun%2Fpublic_html%2Fwp-admin" "Mozilla/5.0 AppleWebKit/537.36 (KHTML, like Gecko; compatible; GPTBot/1.4; +https://openai.com/gptbot)"
74.7.242.58 - - [25/Sep/2026:20:07:41 +0000] "GET /?path=%2F%2Flib64%2Flibxslt-plugins HTTP/2" 200 27500 "https://www.visitkarimun.com/?path=%2F%2Flib64" "Mozilla/5.0 AppleWebKit/537.36 (KHTML, like Gecko; compatible; GPTBot/1.4; +https://openai.com/gptbot)"
74.7.242.58 - - [25/Sep/2026:20:07:41 +0000] "GET /?path=//opt/i360_pam_imunify/db HTTP/2" 200 27539 "https://www.visitkarimun.com/?path=%2F%2Fopt%2Fi360_pam_imunify%2Fdb" "Mozilla/5.0 AppleWebKit/537.36 (KHTML, like Gecko; compatible; GPTBot/1.4; +https://openai.com/gptbot)"
74.7.242.58 - - [25/Sep/2026:20:07:42 +0000] "GET /?path=//opt/i360_pam_imunify/pure-ftpd HTTP/2" 200 27486 "https://www.visitkarimun.com/?path=%2F%2Fopt%2Fi360_pam_imunify%2Fpure-ftpd" "Mozilla/5.0 AppleWebKit/537.36 (KHTML, like Gecko; compatible; GPTBot/1.4; +https://openai.com/gptbot)"
74.7.242.58 - - [25/Sep/2026:20:07:43 +0000] "GET /?action=edit&file=libkadm5srv_mit.so.12.0&path=%2F%2Flib64 HTTP/2" 200 27276 "https://www.visitkarimun.com/?path=%2F%2Flib64" "Mozilla/5.0 AppleWebKit/537.36 (KHTML, like Gecko; compatible; GPTBot/1.4; +https://openai.com/gptbot)"
74.7.242.58 - - [25/Sep/2026:20:07:44 +0000] "GET /?action=edit&file=libe2p.so.2&path=%2F%2Flib64 HTTP/2" 200 27290 "https://www.visitkarimun.com/?path=%2F%2Flib64" "Mozilla/5.0 AppleWebKit/537.36 (KHTML, like Gecko; compatible; GPTBot/1.4; +https://openai.com/gptbot)"
66.249.66.35 - - [25/Sep/2026:20:07:45 +0000] "GET /?action=edit&file=password-toggle.min.js&path=%2Fhome%2Fkarimun%2Fpublic_html%2Fwp-admin%2Fjs HTTP/1.1" 200 27576 "-" "Mozilla/5.0 (Linux; Android 6.0.1; Nexus 5X Build/MMB29P) AppleWebKit/537.36 (KHTML, like Gecko) Chrome/153.0.8010.52 Mobile Safari/537.36 (compatible; Googlebot/2.1; +http://www.google.com/bot.html)"
74.7.242.58 - - [25/Sep/2026:20:07:45 +0000] "GET /?action=edit&file=libstdc%2B%2B.so.6.0.29&path=%2F%2Flib64 HTTP/2" 200 27331 "https://www.visitkarimun.com/?path=%2F%2Flib64" "Mozilla/5.0 AppleWebKit/537.36 (KHTML, like Gecko; compatible; GPTBot/1.4; +https://openai.com/gptbot)"
74.7.242.58 - - [25/Sep/2026:20:07:46 +0000] "GET /?action=edit&file=GExiv2-0.10.typelib&path=%2F%2Flib64%2Fgirepository-1.0 HTTP/2" 200 27330 "https://www.visitkarimun.com/?path=%2F%2Flib64%2Fgirepository-1.0" "Mozilla/5.0 AppleWebKit/537.36 (KHTML, like Gecko; compatible; GPTBot/1.4; +https://openai.com/gptbot)"
74.7.242.58 - - [25/Sep/2026:20:07:47 +0000] "GET /?action=edit&file=GstGLX11-1.0.typelib&path=%2F%2Flib64%2Fgirepository-1.0 HTTP/2" 200 27350 "https://www.visitkarimun.com/?path=%2F%2Flib64%2Fgirepository-1.0" "Mozilla/5.0 AppleWebKit/537.36 (KHTML, like Gecko; compatible; GPTBot/1.4; +https://openai.com/gptbot)"
66.249.66.35 - - [25/Sep/2026:20:07:47 +0000] "GET /wp-content/plugins/section-collection/build/advanced.js?ver=2.0.7%27%20defer%27%20defer HTTP/1.1" 200 5110 "https://www.visitkarimun.com/?action=edit&file=svg-painter.min.js&path=%2Fhome%2Fkarimun%2Fpublic_html%2Fwp-admin%2Fjs" "Mozilla/5.0 (Linux; Android 6.0.1; Nexus 5X Build/MMB29P) AppleWebKit/537.36 (KHTML, like Gecko) Chrome/153.0.8010.52 Mobile Safari/537.36 (compatible; Googlebot/2.1; +http://www.google.com/bot.html)"
74.7.242.58 - - [25/Sep/2026:20:07:48 +0000] "GET /?path=%2F%2Flib64%2Fpython3.9%2Fxml HTTP/2" 200 27619 "https://www.visitkarimun.com/?path=%2F%2Flib64%2Fpython3.9" "Mozilla/5.0 AppleWebKit/537.36 (KHTML, like Gecko; compatible; GPTBot/1.4; +https://openai.com/gptbot)"
74.7.242.58 - - [25/Sep/2026:20:07:48 +0000] "GET /?path=%2F%2Flib64%2Fpython3.9%2Fdbm HTTP/2" 200 27643 "https://www.visitkarimun.com/?path=%2F%2Flib64%2Fpython3.9" "Mozilla/5.0 AppleWebKit/537.36 (KHTML, like Gecko; compatible; GPTBot/1.4; +https://openai.com/gptbot)"
74.7.242.58 - - [25/Sep/2026:20:07:49 +0000] "GET /?action=edit&file=__future__.cpython-39.pyc&path=%2F%2Flib64%2Fpython3.9%2F__pycache__ HTTP/2" 200 27260 "https://www.visitkarimun.com/?path=%2F%2Flib64%2Fpython3.9%2F__pycache__" "Mozilla/5.0 AppleWebKit/537.36 (KHTML, like Gecko; compatible; GPTBot/1.4; +https://openai.com/gptbot)"
74.7.242.58 - - [25/Sep/2026:20:07:50 +0000] "GET /?action=edit&file=_py_abc.cpython-39.pyc&path=%2F%2Flib64%2Fpython3.9%2F__pycache__ HTTP/2" 200 27265 "https://www.visitkarimun.com/?path=%2F%2Flib64%2Fpython3.9%2F__pycache__" "Mozilla/5.0 AppleWebKit/537.36 (KHTML, like Gecko; compatible; GPTBot/1.4; +https://openai.com/gptbot)"
74.7.242.58 - - [25/Sep/2026:20:07:50 +0000] "GET /?action=edit&file=profile.cpython-39.pyc&path=%2F%2Flib64%2Fpython3.9%2F__pycache__ HTTP/2" 200 27264 "https://www.visitkarimun.com/?path=%2F%2Flib64%2Fpython3.9%2F__pycache__" "Mozilla/5.0 AppleWebKit/537.36 (KHTML, like Gecko; compatible; GPTBot/1.4; +https://openai.com/gptbot)"
74.7.242.58 - - [25/Sep/2026:20:07:51 +0000] "GET /?path=%2F%2Fopt%2Fi360_wafd_imunify HTTP/2" 200 27463 "https://www.visitkarimun.com/?path=%2F%2Fopt" "Mozilla/5.0 AppleWebKit/537.36 (KHTML, like Gecko; compatible; GPTBot/1.4; +https://openai.com/gptbot)"
74.7.242.58 - - [25/Sep/2026:20:07:52 +0000] "GET /?path=%2F%2Flib64%2Flibuser HTTP/2" 200 27550 "https://www.visitkarimun.com/?path=%2F%2Flib64" "Mozilla/5.0 AppleWebKit/537.36 (KHTML, like Gecko; compatible; GPTBot/1.4; +https://openai.com/gptbot)"
74.7.242.58 - - [25/Sep/2026:20:07:53 +0000] "GET /%22https:/www.visitkarimun.com/wp-content/uploads/2023/05/liburan-ke-karimunjawa.jpg/%22?action=edit&file=options-privacy.php&path=%2Fhome%2Fkarimun%2Fpublic_html%2Fwp-admin HTTP/2" 200 3976 "https://www.visitkarimun.com/%22https:/www.visitkarimun.com/wp-content/uploads/2023/05/liburan-ke-karimunjawa.jpg/%22?path=%2Fhome%2Fkarimun%2Fpublic_html%2Fwp-admin" "Mozilla/5.0 AppleWebKit/537.36 (KHTML, like Gecko; compatible; GPTBot/1.4; +https://openai.com/gptbot)"
74.7.242.58 - - [25/Sep/2026:20:07:53 +0000] "GET /?action=edit&file=bashbug-64&path=%2F%2Fbin HTTP/2" 200 30448 "https://www.visitkarimun.com/?path=%2F%2Fbin" "Mozilla/5.0 AppleWebKit/537.36 (KHTML, like Gecko; compatible; GPTBot/1.4; +https://openai.com/gptbot)"
74.7.242.58 - - [25/Sep/2026:20:07:54 +0000] "GET /?action=edit&file=libisc-9.16.23-RH.so&path=%2F%2Flib64 HTTP/2" 200 27347 "https://www.visitkarimun.com/?path=%2F%2Flib64" "Mozilla/5.0 AppleWebKit/537.36 (KHTML, like Gecko; compatible; GPTBot/1.4; +https://openai.com/gptbot)"
74.7.242.58 - - [25/Sep/2026:20:07:54 +0000] "GET /?action=edit&file=libtracker-extract.so&path=%2F%2Flib64%2Ftracker-miners-3.0 HTTP/2" 200 27300 "https://www.visitkarimun.com/?path=%2F%2Flib64%2Ftracker-miners-3.0" "Mozilla/5.0 AppleWebKit/537.36 (KHTML, like Gecko; compatible; GPTBot/1.4; +https://openai.com/gptbot)"
74.7.242.58 - - [25/Sep/2026:20:07:55 +0000] "GET /?path=%2F%2Flib64%2Fpython3.9%2Fxml%2F__pycache__ HTTP/2" 200 27608 "https://www.visitkarimun.com/?path=%2F%2Flib64%2Fpython3.9%2Fxml" "Mozilla/5.0 AppleWebKit/537.36 (KHTML, like Gecko; compatible; GPTBot/1.4; +https://openai.com/gptbot)"
74.7.242.58 - - [25/Sep/2026:20:07:56 +0000] "GET /?path=//lib64/python3.9/dbm HTTP/2" 200 27643 "https://www.visitkarimun.com/?path=%2F%2Flib64%2Fpython3.9%2Fdbm" "Mozilla/5.0 AppleWebKit/537.36 (KHTML, like Gecko; compatible; GPTBot/1.4; +https://openai.com/gptbot)"
74.7.242.58 - - [25/Sep/2026:20:07:56 +0000] "GET /?path=%2F%2Flib64%2Fpython3.9%2Fdbm%2F__pycache__ HTTP/2" 200 27686 "https://www.visitkarimun.com/?path=%2F%2Flib64%2Fpython3.9%2Fdbm" "Mozilla/5.0 AppleWebKit/537.36 (KHTML, like Gecko; compatible; GPTBot/1.4; +https://openai.com/gptbot)"
66.249.92.129 - - [25/Sep/2026:20:07:57 +0000] "GET /wp-content/plugins/google-site-kit/dist/assets/js/sign-in-with-google-5a9e012872c712a23a12.js'%20defer HTTP/1.1" 200 16374 "https://www.visitkarimun.com/informasi-harga-paket-wisata-karimunjawa-murah/" "AdsBot-Google (+http://www.google.com/adsbot.html)"
66.249.92.2 - - [25/Sep/2026:20:07:57 +0000] "GET /wp-content/plugins/google-site-kit/dist/assets/js/googlesitekit-consent-mode-755f1678e260138d789e.js'%20defer'%20defer HTTP/1.1" 200 16358 "https://www.visitkarimun.com/informasi-harga-paket-wisata-karimunjawa-murah/" "AdsBot-Google (+http://www.google.com/adsbot.html)"
66.249.92.97 - - [25/Sep/2026:20:07:57 +0000] "GET /wp-content/plugins/google-site-kit/dist/assets/js/googlesitekit-events-provider-content-events-c7172f3fd0e4d5ad62ef.js'%20defer'%20defer HTTP/1.1" 200 16371 "https://www.visitkarimun.com/informasi-harga-paket-wisata-karimunjawa-murah/" "AdsBot-Google (+http://www.google.com/adsbot.html)"
74.7.242.58 - - [25/Sep/2026:20:07:57 +0000] "GET /?action=edit&file=libpixmap.so&path=%2F%2Flib64%2Fgtk-2.0%2F2.10.0%2Fengines HTTP/2" 200 27299 "https://www.visitkarimun.com/?path=%2F%2Flib64%2Fgtk-2.0%2F2.10.0%2Fengines" "Mozilla/5.0 AppleWebKit/537.36 (KHTML, like Gecko; compatible; GPTBot/1.4; +https://openai.com/gptbot)"
74.7.242.58 - - [25/Sep/2026:20:07:58 +0000] "GET /?action=edit&file=canberra-gtk-module.desktop&path=%2F%2Flib64%2Fgnome-settings-daemon-3.0%2Fgtk-modules HTTP/2" 200 27326 "https://www.visitkarimun.com/?path=%2F%2Flib64%2Fgnome-settings-daemon-3.0%2Fgtk-modules" "Mozilla/5.0 AppleWebKit/537.36 (KHTML, like Gecko; compatible; GPTBot/1.4; +https://openai.com/gptbot)"
66.249.92.2 - - [25/Sep/2026:20:07:58 +0000] "GET /wp-json/wp/v2/users/me?context=edit&_locale=user HTTP/1.1" 200 1334 "https://www.visitkarimun.com/informasi-harga-paket-wisata-karimunjawa-murah/" "AdsBot-Google (+http://www.google.com/adsbot.html)"
74.7.242.58 - - [25/Sep/2026:20:07:59 +0000] "GET /?path=//opt/i360_wafd_imunify HTTP/2" 200 27463 "https://www.visitkarimun.com/?path=%2F%2Fopt%2Fi360_wafd_imunify" "Mozilla/5.0 AppleWebKit/537.36 (KHTML, like Gecko; compatible; GPTBot/1.4; +https://openai.com/gptbot)"
74.7.242.58 - - [25/Sep/2026:20:07:59 +0000] "GET /?path=//lib64/libuser HTTP/2" 200 27550 "https://www.visitkarimun.com/?path=%2F%2Flib64%2Flibuser" "Mozilla/5.0 AppleWebKit/537.36 (KHTML, like Gecko; compatible; GPTBot/1.4; +https://openai.com/gptbot)"
74.7.242.58 - - [25/Sep/2026:20:08:00 +0000] "GET /?action=edit&file=libuser_files.so&path=%2F%2Flib64%2Flibuser HTTP/2" 200 27274 "https://www.visitkarimun.com/?path=%2F%2Flib64%2Flibuser" "Mozilla/5.0 AppleWebKit/537.36 (KHTML, like Gecko; compatible; GPTBot/1.4; +https://openai.com/gptbot)"
74.7.242.58 - - [25/Sep/2026:20:08:00 +0000] "GET /?action=edit&file=libuser_ldap.so&path=%2F%2Flib64%2Flibuser HTTP/2" 200 27288 "https://www.visitkarimun.com/?path=%2F%2Flib64%2Flibuser" "Mozilla/5.0 AppleWebKit/537.36 (KHTML, like Gecko; compatible; GPTBot/1.4; +https://openai.com/gptbot)"
74.7.242.58 - - [25/Sep/2026:20:08:01 +0000] "GET /?action=edit&file=libuser_shadow.so&path=%2F%2Flib64%2Flibuser HTTP/2" 200 27241 "https://www.visitkarimun.com/?path=%2F%2Flib64%2Flibuser" "Mozilla/5.0 AppleWebKit/537.36 (KHTML, like Gecko; compatible; GPTBot/1.4; +https://openai.com/gptbot)"
66.249.66.65 - - [25/Sep/2026:20:08:01 +0000] "GET /?action=edit&file=xit-2x.gif&path=%2Fhome%2Fkarimun%2Fpublic_html%2Fwp-admin%2Fimages HTTP/1.1" 200 27264 "-" "Mozilla/5.0 (Linux; Android 6.0.1; Nexus 5X Build/MMB29P) AppleWebKit/537.36 (KHTML, like Gecko) Chrome/153.0.8010.52 Mobile Safari/537.36 (compatible; Googlebot/2.1; +http://www.google.com/bot.html)"
74.7.242.58 - - [25/Sep/2026:20:08:02 +0000] "GET /?path=%2F%2Fopt%2Fimunify360-webshield HTTP/2" 200 27571 "https://www.visitkarimun.com/?path=%2F%2Fopt" "Mozilla/5.0 AppleWebKit/537.36 (KHTML, like Gecko; compatible; GPTBot/1.4; +https://openai.com/gptbot)"
74.7.242.58 - - [25/Sep/2026:20:08:02 +0000] "GET /?action=edit&file=__init__.cpython-39.opt-2.pyc&path=%2F%2Flib64%2Fpython3.9%2Fxml%2F__pycache__ HTTP/2" 200 27286 "https://www.visitkarimun.com/?path=%2F%2Flib64%2Fpython3.9%2Fxml%2F__pycache__" "Mozilla/5.0 AppleWebKit/537.36 (KHTML, like Gecko; compatible; GPTBot/1.4; +https://openai.com/gptbot)"
74.7.242.58 - - [25/Sep/2026:20:08:03 +0000] "GET /?action=edit&file=__init__.cpython-39.opt-1.pyc&path=%2F%2Flib64%2Fpython3.9%2Fxml%2F__pycache__ HTTP/2" 200 27286 "https://www.visitkarimun.com/?path=%2F%2Flib64%2Fpython3.9%2Fxml%2F__pycache__" "Mozilla/5.0 AppleWebKit/537.36 (KHTML, like Gecko; compatible; GPTBot/1.4; +https://openai.com/gptbot)"
74.7.242.58 - - [25/Sep/2026:20:08:04 +0000] "GET /?path=//lib64/python3.9/dbm/__pycache__ HTTP/2" 200 27686 "https://www.visitkarimun.com/?path=%2F%2Flib64%2Fpython3.9%2Fdbm%2F__pycache__" "Mozilla/5.0 AppleWebKit/537.36 (KHTML, like Gecko; compatible; GPTBot/1.4; +https://openai.com/gptbot)"
74.7.242.58 - - [25/Sep/2026:20:08:04 +0000] "GET /?action=edit&file=__init__.cpython-39.opt-1.pyc&path=%2F%2Flib64%2Fpython3.9%2Fdbm%2F__pycache__ HTTP/2" 200 27286 "https://www.visitkarimun.com/?path=%2F%2Flib64%2Fpython3.9%2Fdbm%2F__pycache__" "Mozilla/5.0 AppleWebKit/537.36 (KHTML, like Gecko; compatible; GPTBot/1.4; +https://openai.com/gptbot)"
74.7.242.58 - - [25/Sep/2026:20:08:05 +0000] "GET /?action=edit&file=__init__.cpython-39.opt-2.pyc&path=%2F%2Flib64%2Fpython3.9%2Fdbm%2F__pycache__ HTTP/2" 200 27286 "https://www.visitkarimun.com/?path=%2F%2Flib64%2Fpython3.9%2Fdbm%2F__pycache__" "Mozilla/5.0 AppleWebKit/537.36 (KHTML, like Gecko; compatible; GPTBot/1.4; +https://openai.com/gptbot)"
74.7.242.58 - - [25/Sep/2026:20:08:06 +0000] "GET /?action=edit&file=dumb.cpython-39.opt-1.pyc&path=%2F%2Flib64%2Fpython3.9%2Fdbm%2F__pycache__ HTTP/2" 200 27260 "https://www.visitkarimun.com/?path=%2F%2Flib64%2Fpython3.9%2Fdbm%2F__pycache__" "Mozilla/5.0 AppleWebKit/537.36 (KHTML, like Gecko; compatible; GPTBot/1.4; +https://openai.com/gptbot)"
74.7.242.58 - - [25/Sep/2026:20:08:07 +0000] "GET /?action=edit&file=gnu.cpython-39.opt-1.pyc&path=%2F%2Flib64%2Fpython3.9%2Fdbm%2F__pycache__ HTTP/2" 200 27259 "https://www.visitkarimun.com/?path=%2F%2Flib64%2Fpython3.9%2Fdbm%2F__pycache__" "Mozilla/5.0 AppleWebKit/537.36 (KHTML, like Gecko; compatible; GPTBot/1.4; +https://openai.com/gptbot)"
