192.250.235.217 - - [25/Sep/2026:16:53:56 +0000] "POST /wp-cron.php?doing_wp_cron=1790355236.5859100818634033203125 HTTP/1.1" 200 0 "-" "WordPress/7.1.2; https://www.visitkarimun.com"
74.7.229.110 - - [25/Sep/2026:16:53:56 +0000] "GET /pantai-laendra-karimunjawa/embed/ HTTP/2" 200 6814 "https://www.visitkarimun.com/pantai-sunset-beach-karimunjawa/" "Mozilla/5.0 (Macintosh; Intel Mac OS X 10_15_7) AppleWebKit/537.36 (KHTML, like Gecko) Chrome/131.0.0.0 Safari/537.36; compatible; OAI-SearchBot/1.4; +https://openai.com/searchbot"
192.250.235.217 - - [25/Sep/2026:16:53:58 +0000] "POST /wp-cron.php?doing_wp_cron=1790355238.3576040267944335937500 HTTP/1.1" 200 0 "-" "WordPress/7.1.2; https://www.visitkarimun.com"
74.7.229.195 - - [25/Sep/2026:16:53:58 +0000] "GET /?p=3634 HTTP/2" 301 0 "https://www.visitkarimun.com/pantai-sunset-beach-karimunjawa/" "Mozilla/5.0 (Macintosh; Intel Mac OS X 10_15_7) AppleWebKit/537.36 (KHTML, like Gecko) Chrome/131.0.0.0 Safari/537.36; compatible; OAI-SearchBot/1.4; +https://openai.com/searchbot"
74.7.228.184 - - [25/Sep/2026:16:53:59 +0000] "GET /wp-json/oembed/1.0/embed?format=xml&url=https%3A%2F%2Fwww.visitkarimun.com%2Fpantai-sunset-beach-karimunjawa%2F HTTP/2" 200 1161 "https://www.visitkarimun.com/pantai-sunset-beach-karimunjawa/" "Mozilla/5.0 (Macintosh; Intel Mac OS X 10_15_7) AppleWebKit/537.36 (KHTML, like Gecko) Chrome/131.0.0.0 Safari/537.36; compatible; OAI-SearchBot/1.4; +https://openai.com/searchbot"
74.7.242.136 - - [25/Sep/2026:16:54:01 +0000] "GET /jetski-karimunjawa/embed/ HTTP/2" 200 6888 "https://www.visitkarimun.com/pantai-sunset-beach-karimunjawa/" "Mozilla/5.0 (Macintosh; Intel Mac OS X 10_15_7) AppleWebKit/537.36 (KHTML, like Gecko) Chrome/131.0.0.0 Safari/537.36; compatible; OAI-SearchBot/1.4; +https://openai.com/searchbot"
74.7.229.143 - - [25/Sep/2026:16:54:02 +0000] "GET /pantai-sunset-beach-karimunjawa/feed/ HTTP/2" 200 404 "https://www.visitkarimun.com/pantai-sunset-beach-karimunjawa/" "Mozilla/5.0 (Macintosh; Intel Mac OS X 10_15_7) AppleWebKit/537.36 (KHTML, like Gecko) Chrome/131.0.0.0 Safari/537.36; compatible; OAI-SearchBot/1.4; +https://openai.com/searchbot"
192.250.235.217 - - [25/Sep/2026:16:56:19 +0000] "POST /wp-cron.php?doing_wp_cron=1790355379.8178970813751220703125 HTTP/1.1" 200 0 "-" "WordPress/7.1.2; https://www.visitkarimun.com"
182.2.45.215 - - [25/Sep/2026:16:56:18 +0000] "GET /tiket-kapal-karimunjawa/ HTTP/2" 200 92486 "https://www.google.com/" "Mozilla/5.0 (Linux; Android 11; SM-A105G) AppleWebKit/537.36 (KHTML, like Gecko) Chrome/87.0.4280.141 Mobile Safari/537.36"
182.2.45.215 - - [25/Sep/2026:16:56:20 +0000] "GET /wp-content/plugins/easy-table-of-contents/assets/css/screen.min.css?ver=2.0.88 HTTP/2" 200 1915 "https://www.visitkarimun.com/tiket-kapal-karimunjawa/" "Mozilla/5.0 (Linux; Android 11; SM-A105G) AppleWebKit/537.36 (KHTML, like Gecko) Chrome/87.0.4280.141 Mobile Safari/537.36"
182.2.45.215 - - [25/Sep/2026:16:56:20 +0000] "GET /wp-content/tablepress-combined.min.css?ver=49 HTTP/2" 200 1665 "https://www.visitkarimun.com/tiket-kapal-karimunjawa/" "Mozilla/5.0 (Linux; Android 11; SM-A105G) AppleWebKit/537.36 (KHTML, like Gecko) Chrome/87.0.4280.141 Mobile Safari/537.36"
182.2.45.215 - - [25/Sep/2026:16:56:20 +0000] "GET /wp-content/themes/wizata-per/responsive.css HTTP/2" 200 1113 "https://www.visitkarimun.com/tiket-kapal-karimunjawa/" "Mozilla/5.0 (Linux; Android 11; SM-A105G) AppleWebKit/537.36 (KHTML, like Gecko) Chrome/87.0.4280.141 Mobile Safari/537.36"
182.2.45.215 - - [25/Sep/2026:16:56:20 +0000] "GET /wp-content/themes/wizata-per/assets/css/mix.css?ver=1.0 HTTP/2" 200 21291 "https://www.visitkarimun.com/tiket-kapal-karimunjawa/" "Mozilla/5.0 (Linux; Android 11; SM-A105G) AppleWebKit/537.36 (KHTML, like Gecko) Chrome/87.0.4280.141 Mobile Safari/537.36"
182.2.45.215 - - [25/Sep/2026:16:56:20 +0000] "GET /wp-content/themes/wizata-per/style.css?ver=1.0 HTTP/2" 200 7010 "https://www.visitkarimun.com/tiket-kapal-karimunjawa/" "Mozilla/5.0 (Linux; Android 11; SM-A105G) AppleWebKit/537.36 (KHTML, like Gecko) Chrome/87.0.4280.141 Mobile Safari/537.36"
182.2.45.215 - - [25/Sep/2026:16:56:20 +0000] "GET /wp-content/themes/wizata-per/assets/js/jquery.min.js?ver=2.2.4 HTTP/2" 200 29166 "https://www.visitkarimun.com/tiket-kapal-karimunjawa/" "Mozilla/5.0 (Linux; Android 11; SM-A105G) AppleWebKit/537.36 (KHTML, like Gecko) Chrome/87.0.4280.141 Mobile Safari/537.36"
182.2.45.215 - - [25/Sep/2026:16:56:20 +0000] "GET /wp-content/plugins/easy-table-of-contents/assets/js/smooth_scroll.min.js?ver=2.0.88%27%20defer%27%20defer HTTP/2" 200 478 "https://www.visitkarimun.com/tiket-kapal-karimunjawa/" "Mozilla/5.0 (Linux; Android 11; SM-A105G) AppleWebKit/537.36 (KHTML, like Gecko) Chrome/87.0.4280.141 Mobile Safari/537.36"
182.2.45.215 - - [25/Sep/2026:16:56:20 +0000] "GET /wp-content/plugins/easy-table-of-contents/vendor/js-cookie/js.cookie.min.js?ver=2.2.1%27%20defer%27%20defer HTTP/2" 200 995 "https://www.visitkarimun.com/tiket-kapal-karimunjawa/" "Mozilla/5.0 (Linux; Android 11; SM-A105G) AppleWebKit/537.36 (KHTML, like Gecko) Chrome/87.0.4280.141 Mobile Safari/537.36"
182.2.45.215 - - [25/Sep/2026:16:56:20 +0000] "GET /wp-content/plugins/section-collection/build/advanced.js?ver=2.0.7%27%20defer%27%20defer HTTP/2" 200 5110 "https://www.visitkarimun.com/tiket-kapal-karimunjawa/" "Mozilla/5.0 (Linux; Android 11; SM-A105G) AppleWebKit/537.36 (KHTML, like Gecko) Chrome/87.0.4280.141 Mobile Safari/537.36"
182.2.45.215 - - [25/Sep/2026:16:56:20 +0000] "GET /wp-content/plugins/easy-table-of-contents/vendor/sticky-kit/jquery.sticky-kit.min.js?ver=1.9.2%27%20defer%27%20defer HTTP/2" 200 1180 "https://www.visitkarimun.com/tiket-kapal-karimunjawa/" "Mozilla/5.0 (Linux; Android 11; SM-A105G) AppleWebKit/537.36 (KHTML, like Gecko) Chrome/87.0.4280.141 Mobile Safari/537.36"
182.2.45.215 - - [25/Sep/2026:16:56:20 +0000] "GET /wp-content/plugins/easy-table-of-contents/assets/js/front.min.js?ver=2.0.88-1789581705%27%20defer%27%20defer HTTP/2" 200 1531 "https://www.visitkarimun.com/tiket-kapal-karimunjawa/" "Mozilla/5.0 (Linux; Android 11; SM-A105G) AppleWebKit/537.36 (KHTML, like Gecko) Chrome/87.0.4280.141 Mobile Safari/537.36"
182.2.45.215 - - [25/Sep/2026:16:56:20 +0000] "GET /wp-content/themes/wizata-per/assets/js/mix.js?ver=1.0%27%20defer%27%20defer HTTP/2" 200 111566 "https://www.visitkarimun.com/tiket-kapal-karimunjawa/" "Mozilla/5.0 (Linux; Android 11; SM-A105G) AppleWebKit/537.36 (KHTML, like Gecko) Chrome/87.0.4280.141 Mobile Safari/537.36"
182.2.45.215 - - [25/Sep/2026:16:56:20 +0000] "GET /wp-includes/js/dist/vendor/react.min.js?ver=18.3.1.1%27%20defer%27%20defer HTTP/2" 200 4117 "https://www.visitkarimun.com/tiket-kapal-karimunjawa/" "Mozilla/5.0 (Linux; Android 11; SM-A105G) AppleWebKit/537.36 (KHTML, like Gecko) Chrome/87.0.4280.141 Mobile Safari/537.36"
182.2.45.215 - - [25/Sep/2026:16:56:20 +0000] "GET /wp-includes/js/dist/vendor/react-jsx-runtime.min.js?ver=18.3.1%27%20defer%27%20defer HTTP/2" 200 613 "https://www.visitkarimun.com/tiket-kapal-karimunjawa/" "Mozilla/5.0 (Linux; Android 11; SM-A105G) AppleWebKit/537.36 (KHTML, like Gecko) Chrome/87.0.4280.141 Mobile Safari/537.36"
182.2.45.215 - - [25/Sep/2026:16:56:20 +0000] "GET /wp-includes/js/dist/vendor/react-dom.min.js?ver=18.3.1.1%27%20defer%27%20defer HTTP/2" 200 41410 "https://www.visitkarimun.com/tiket-kapal-karimunjawa/" "Mozilla/5.0 (Linux; Android 11; SM-A105G) AppleWebKit/537.36 (KHTML, like Gecko) Chrome/87.0.4280.141 Mobile Safari/537.36"
182.2.45.215 - - [25/Sep/2026:16:56:20 +0000] "GET /wp-includes/js/dist/dom-ready.min.js?ver=3fe927cab37bf38d6a23%27%20defer%27%20defer HTTP/2" 200 438 "https://www.visitkarimun.com/tiket-kapal-karimunjawa/" "Mozilla/5.0 (Linux; Android 11; SM-A105G) AppleWebKit/537.36 (KHTML, like Gecko) Chrome/87.0.4280.141 Mobile Safari/537.36"
182.2.45.215 - - [25/Sep/2026:16:56:20 +0000] "GET /wp-includes/js/dist/hooks.min.js?ver=f0f188028580e8dc1255%27%20defer%27%20defer HTTP/2" 200 1759 "https://www.visitkarimun.com/tiket-kapal-karimunjawa/" "Mozilla/5.0 (Linux; Android 11; SM-A105G) AppleWebKit/537.36 (KHTML, like Gecko) Chrome/87.0.4280.141 Mobile Safari/537.36"
182.2.45.215 - - [25/Sep/2026:16:56:20 +0000] "GET /wp-includes/js/dist/i18n.min.js?ver=1dfe7db3940c23ea9216%27%20defer%27%20defer HTTP/2" 200 2379 "https://www.visitkarimun.com/tiket-kapal-karimunjawa/" "Mozilla/5.0 (Linux; Android 11; SM-A105G) AppleWebKit/537.36 (KHTML, like Gecko) Chrome/87.0.4280.141 Mobile Safari/537.36"
182.2.45.215 - - [25/Sep/2026:16:56:20 +0000] "GET /wp-includes/js/dist/a11y.min.js?ver=31c6cec5a4ff7aff483d%27%20defer%27%20defer HTTP/2" 200 961 "https://www.visitkarimun.com/tiket-kapal-karimunjawa/" "Mozilla/5.0 (Linux; Android 11; SM-A105G) AppleWebKit/537.36 (KHTML, like Gecko) Chrome/87.0.4280.141 Mobile Safari/537.36"
182.2.45.215 - - [25/Sep/2026:16:56:20 +0000] "GET /wp-includes/js/dist/blob.min.js?ver=c7582a735ddd2edc9731%27%20defer%27%20defer HTTP/2" 200 586 "https://www.visitkarimun.com/tiket-kapal-karimunjawa/" "Mozilla/5.0 (Linux; Android 11; SM-A105G) AppleWebKit/537.36 (KHTML, like Gecko) Chrome/87.0.4280.141 Mobile Safari/537.36"
182.2.45.215 - - [25/Sep/2026:16:56:20 +0000] "GET /wp-includes/js/dist/block-serialization-default-parser.min.js?ver=4c6f3dd40077f7c17604%27%20defer%27%20defer HTTP/2" 200 1115 "https://www.visitkarimun.com/tiket-kapal-karimunjawa/" "Mozilla/5.0 (Linux; Android 11; SM-A105G) AppleWebKit/537.36 (KHTML, like Gecko) Chrome/87.0.4280.141 Mobile Safari/537.36"
182.2.45.215 - - [25/Sep/2026:16:56:20 +0000] "GET /wp-includes/js/dist/autop.min.js?ver=4e10a18cb6f21a043fc0%27%20defer%27%20defer HTTP/2" 200 2092 "https://www.visitkarimun.com/tiket-kapal-karimunjawa/" "Mozilla/5.0 (Linux; Android 11; SM-A105G) AppleWebKit/537.36 (KHTML, like Gecko) Chrome/87.0.4280.141 Mobile Safari/537.36"
182.2.45.215 - - [25/Sep/2026:16:56:20 +0000] "GET /wp-includes/js/dist/deprecated.min.js?ver=fe587bac92b7d0ef760e%27%20defer%27%20defer HTTP/2" 200 712 "https://www.visitkarimun.com/tiket-kapal-karimunjawa/" "Mozilla/5.0 (Linux; Android 11; SM-A105G) AppleWebKit/537.36 (KHTML, like Gecko) Chrome/87.0.4280.141 Mobile Safari/537.36"
182.2.45.215 - - [25/Sep/2026:16:56:20 +0000] "GET /wp-includes/js/dist/escape-html.min.js?ver=87ebe53e97bba59805a5%27%20defer%27%20defer HTTP/2" 200 561 "https://www.visitkarimun.com/tiket-kapal-karimunjawa/" "Mozilla/5.0 (Linux; Android 11; SM-A105G) AppleWebKit/537.36 (KHTML, like Gecko) Chrome/87.0.4280.141 Mobile Safari/537.36"
182.2.45.215 - - [25/Sep/2026:16:56:20 +0000] "GET /wp-includes/js/dist/is-shallow-equal.min.js?ver=7ad271045c1fe60f5496%27%20defer%27%20defer HTTP/2" 200 549 "https://www.visitkarimun.com/tiket-kapal-karimunjawa/" "Mozilla/5.0 (Linux; Android 11; SM-A105G) AppleWebKit/537.36 (KHTML, like Gecko) Chrome/87.0.4280.141 Mobile Safari/537.36"
182.2.45.215 - - [25/Sep/2026:16:56:20 +0000] "GET /wp-includes/js/dist/keycodes.min.js?ver=d0b4204e4bbeb412df6e%27%20defer%27%20defer HTTP/2" 200 1516 "https://www.visitkarimun.com/tiket-kapal-karimunjawa/" "Mozilla/5.0 (Linux; Android 11; SM-A105G) AppleWebKit/537.36 (KHTML, like Gecko) Chrome/87.0.4280.141 Mobile Safari/537.36"
182.2.45.215 - - [25/Sep/2026:16:56:20 +0000] "GET /wp-includes/js/dist/priority-queue.min.js?ver=6c0aa59b65d55dfd509b%27%20defer%27%20defer HTTP/2" 200 1536 "https://www.visitkarimun.com/tiket-kapal-karimunjawa/" "Mozilla/5.0 (Linux; Android 11; SM-A105G) AppleWebKit/537.36 (KHTML, like Gecko) Chrome/87.0.4280.141 Mobile Safari/537.36"
182.2.45.215 - - [25/Sep/2026:16:56:20 +0000] "GET /wp-includes/js/dist/private-apis.min.js?ver=eb85f28c4c729bb4f002%27%20defer%27%20defer HTTP/2" 200 1068 "https://www.visitkarimun.com/tiket-kapal-karimunjawa/" "Mozilla/5.0 (Linux; Android 11; SM-A105G) AppleWebKit/537.36 (KHTML, like Gecko) Chrome/87.0.4280.141 Mobile Safari/537.36"
182.2.45.215 - - [25/Sep/2026:16:56:20 +0000] "GET /wp-includes/js/dist/undo-manager.min.js?ver=4554fce6276d8910a4ae%27%20defer%27%20defer HTTP/2" 200 894 "https://www.visitkarimun.com/tiket-kapal-karimunjawa/" "Mozilla/5.0 (Linux; Android 11; SM-A105G) AppleWebKit/537.36 (KHTML, like Gecko) Chrome/87.0.4280.141 Mobile Safari/537.36"
182.2.45.215 - - [25/Sep/2026:16:56:20 +0000] "GET /wp-includes/js/dist/redux-routine.min.js?ver=acca2b4857d83ad1790e%27%20defer%27%20defer HTTP/2" 200 3242 "https://www.visitkarimun.com/tiket-kapal-karimunjawa/" "Mozilla/5.0 (Linux; Android 11; SM-A105G) AppleWebKit/537.36 (KHTML, like Gecko) Chrome/87.0.4280.141 Mobile Safari/537.36"
182.2.45.215 - - [25/Sep/2026:16:56:20 +0000] "GET /wp-includes/js/dist/html-entities.min.js?ver=a976ff3a0f00bc2999a3%27%20defer%27%20defer HTTP/2" 200 464 "https://www.visitkarimun.com/tiket-kapal-karimunjawa/" "Mozilla/5.0 (Linux; Android 11; SM-A105G) AppleWebKit/537.36 (KHTML, like Gecko) Chrome/87.0.4280.141 Mobile Safari/537.36"
182.2.45.215 - - [25/Sep/2026:16:56:20 +0000] "GET /wp-includes/js/dist/shortcode.min.js?ver=f6273476300cc5fad4cd%27%20defer%27%20defer HTTP/2" 200 1521 "https://www.visitkarimun.com/tiket-kapal-karimunjawa/" "Mozilla/5.0 (Linux; Android 11; SM-A105G) AppleWebKit/537.36 (KHTML, like Gecko) Chrome/87.0.4280.141 Mobile Safari/537.36"
182.2.45.215 - - [25/Sep/2026:16:56:20 +0000] "GET /wp-includes/js/dist/dom.min.js?ver=c95f94cbbc1ac3fde84f%27%20defer%27%20defer HTTP/2" 200 4926 "https://www.visitkarimun.com/tiket-kapal-karimunjawa/" "Mozilla/5.0 (Linux; Android 11; SM-A105G) AppleWebKit/537.36 (KHTML, like Gecko) Chrome/87.0.4280.141 Mobile Safari/537.36"
182.2.45.215 - - [25/Sep/2026:16:56:20 +0000] "GET /wp-includes/js/dist/element.min.js?ver=4a4370b2b349066fd440%27%20defer%27%20defer HTTP/2" 200 5010 "https://www.visitkarimun.com/tiket-kapal-karimunjawa/" "Mozilla/5.0 (Linux; Android 11; SM-A105G) AppleWebKit/537.36 (KHTML, like Gecko) Chrome/87.0.4280.141 Mobile Safari/537.36"
182.2.45.215 - - [25/Sep/2026:16:56:20 +0000] "GET /wp-includes/js/dist/compose.min.js?ver=0e8bde2a499ea6073b42%27%20defer%27%20defer HTTP/2" 200 11268 "https://www.visitkarimun.com/tiket-kapal-karimunjawa/" "Mozilla/5.0 (Linux; Android 11; SM-A105G) AppleWebKit/537.36 (KHTML, like Gecko) Chrome/87.0.4280.141 Mobile Safari/537.36"
182.2.45.215 - - [25/Sep/2026:16:56:20 +0000] "GET /wp-includes/js/dist/data.min.js?ver=14a216e0932d72c22976%27%20defer%27%20defer HTTP/2" 200 9491 "https://www.visitkarimun.com/tiket-kapal-karimunjawa/" "Mozilla/5.0 (Linux; Android 11; SM-A105G) AppleWebKit/537.36 (KHTML, like Gecko) Chrome/87.0.4280.141 Mobile Safari/537.36"
182.2.45.215 - - [25/Sep/2026:16:56:20 +0000] "GET /wp-includes/js/dist/rich-text.min.js?ver=3e5852e42cee1c239bae%27%20defer%27%20defer HTTP/2" 200 14352 "https://www.visitkarimun.com/tiket-kapal-karimunjawa/" "Mozilla/5.0 (Linux; Android 11; SM-A105G) AppleWebKit/537.36 (KHTML, like Gecko) Chrome/87.0.4280.141 Mobile Safari/537.36"
182.2.45.215 - - [25/Sep/2026:16:56:20 +0000] "GET /wp-includes/js/dist/warning.min.js?ver=a0978839debc564a6608%27%20defer%27%20defer HTTP/2" 200 427 "https://www.visitkarimun.com/tiket-kapal-karimunjawa/" "Mozilla/5.0 (Linux; Android 11; SM-A105G) AppleWebKit/537.36 (KHTML, like Gecko) Chrome/87.0.4280.141 Mobile Safari/537.36"
182.2.45.215 - - [25/Sep/2026:16:56:20 +0000] "GET /wp-includes/js/dist/blocks.min.js?ver=c0e57a630a0b6f6c3bb5%27%20defer%27%20defer HTTP/2" 200 43487 "https://www.visitkarimun.com/tiket-kapal-karimunjawa/" "Mozilla/5.0 (Linux; Android 11; SM-A105G) AppleWebKit/537.36 (KHTML, like Gecko) Chrome/87.0.4280.141 Mobile Safari/537.36"
182.2.45.215 - - [25/Sep/2026:16:56:20 +0000] "GET /wp-includes/js/dist/vendor/moment.min.js?ver=2.30.1%27%20defer%27%20defer HTTP/2" 200 18383 "https://www.visitkarimun.com/tiket-kapal-karimunjawa/" "Mozilla/5.0 (Linux; Android 11; SM-A105G) AppleWebKit/537.36 (KHTML, like Gecko) Chrome/87.0.4280.141 Mobile Safari/537.36"
182.2.45.215 - - [25/Sep/2026:16:56:20 +0000] "GET /wp-includes/js/dist/primitives.min.js?ver=44cc5a35c7b9fe07a838%27%20defer%27%20defer HTTP/2" 200 974 "https://www.visitkarimun.com/tiket-kapal-karimunjawa/" "Mozilla/5.0 (Linux; Android 11; SM-A105G) AppleWebKit/537.36 (KHTML, like Gecko) Chrome/87.0.4280.141 Mobile Safari/537.36"
182.2.45.215 - - [25/Sep/2026:16:56:20 +0000] "GET /wp-includes/js/dist/keyboard-shortcuts.min.js?ver=37da95806f2339bc80d0%27%20defer%27%20defer HTTP/2" 200 1549 "https://www.visitkarimun.com/tiket-kapal-karimunjawa/" "Mozilla/5.0 (Linux; Android 11; SM-A105G) AppleWebKit/537.36 (KHTML, like Gecko) Chrome/87.0.4280.141 Mobile Safari/537.36"
182.2.45.215 - - [25/Sep/2026:16:56:20 +0000] "GET /wp-includes/js/dist/url.min.js?ver=7b0de086d4ae11d55704%27%20defer%27%20defer HTTP/2" 200 3654 "https://www.visitkarimun.com/tiket-kapal-karimunjawa/" "Mozilla/5.0 (Linux; Android 11; SM-A105G) AppleWebKit/537.36 (KHTML, like Gecko) Chrome/87.0.4280.141 Mobile Safari/537.36"
182.2.45.215 - - [25/Sep/2026:16:56:20 +0000] "GET /wp-includes/js/dist/api-fetch.min.js?ver=6f2a4faeee3c722b1e57%27%20defer%27%20defer HTTP/2" 200 3151 "https://www.visitkarimun.com/tiket-kapal-karimunjawa/" "Mozilla/5.0 (Linux; Android 11; SM-A105G) AppleWebKit/537.36 (KHTML, like Gecko) Chrome/87.0.4280.141 Mobile Safari/537.36"
182.2.45.215 - - [25/Sep/2026:16:56:20 +0000] "GET /wp-includes/js/dist/preferences-persistence.min.js?ver=a34abbdacd8f50f9acb1%27%20defer%27%20defer HTTP/2" 200 2077 "https://www.visitkarimun.com/tiket-kapal-karimunjawa/" "Mozilla/5.0 (Linux; Android 11; SM-A105G) AppleWebKit/537.36 (KHTML, like Gecko) Chrome/87.0.4280.141 Mobile Safari/537.36"
182.2.45.215 - - [25/Sep/2026:16:56:20 +0000] "GET /wp-includes/js/dist/preferences.min.js?ver=5a169e3fc0e657f74172%27%20defer%27%20defer HTTP/2" 200 3145 "https://www.visitkarimun.com/tiket-kapal-karimunjawa/" "Mozilla/5.0 (Linux; Android 11; SM-A105G) AppleWebKit/537.36 (KHTML, like Gecko) Chrome/87.0.4280.141 Mobile Safari/537.36"
182.2.45.215 - - [25/Sep/2026:16:56:20 +0000] "GET /wp-includes/js/dist/notices.min.js?ver=c09a068fdab0eb465e14%27%20defer%27%20defer HTTP/2" 200 1608 "https://www.visitkarimun.com/tiket-kapal-karimunjawa/" "Mozilla/5.0 (Linux; Android 11; SM-A105G) AppleWebKit/537.36 (KHTML, like Gecko) Chrome/87.0.4280.141 Mobile Safari/537.36"
182.2.45.215 - - [25/Sep/2026:16:56:20 +0000] "GET /wp-includes/js/dist/style-engine.min.js?ver=914befb08774033e6265%27%20defer%27%20defer HTTP/2" 200 2360 "https://www.visitkarimun.com/tiket-kapal-karimunjawa/" "Mozilla/5.0 (Linux; Android 11; SM-A105G) AppleWebKit/537.36 (KHTML, like Gecko) Chrome/87.0.4280.141 Mobile Safari/537.36"
182.2.45.215 - - [25/Sep/2026:16:56:20 +0000] "GET /wp-includes/js/dist/token-list.min.js?ver=e86ab419d8302d57822c%27%20defer%27%20defer HTTP/2" 200 698 "https://www.visitkarimun.com/tiket-kapal-karimunjawa/" "Mozilla/5.0 (Linux; Android 11; SM-A105G) AppleWebKit/537.36 (KHTML, like Gecko) Chrome/87.0.4280.141 Mobile Safari/537.36"
182.2.45.215 - - [25/Sep/2026:16:56:20 +0000] "GET /wp-content/themes/wizata-per/images/wa-icon-fill-green.svg HTTP/2" 200 898 "https://www.visitkarimun.com/tiket-kapal-karimunjawa/" "Mozilla/5.0 (Linux; Android 11; SM-A105G) AppleWebKit/537.36 (KHTML, like Gecko) Chrome/87.0.4280.141 Mobile Safari/537.36"
182.2.45.215 - - [25/Sep/2026:16:56:20 +0000] "GET /wp-content/themes/wizata-per/images/badge1.png HTTP/2" 200 3434 "https://www.visitkarimun.com/tiket-kapal-karimunjawa/" "Mozilla/5.0 (Linux; Android 11; SM-A105G) AppleWebKit/537.36 (KHTML, like Gecko) Chrome/87.0.4280.141 Mobile Safari/537.36"
182.2.45.215 - - [25/Sep/2026:16:56:20 +0000] "GET /wp-content/themes/wizata-per/images/badge2.png HTTP/2" 200 2704 "https://www.visitkarimun.com/tiket-kapal-karimunjawa/" "Mozilla/5.0 (Linux; Android 11; SM-A105G) AppleWebKit/537.36 (KHTML, like Gecko) Chrome/87.0.4280.141 Mobile Safari/537.36"
182.2.45.215 - - [25/Sep/2026:16:56:20 +0000] "GET /wp-content/themes/wizata-per/images/wa.png HTTP/2" 200 710 "https://www.visitkarimun.com/tiket-kapal-karimunjawa/" "Mozilla/5.0 (Linux; Android 11; SM-A105G) AppleWebKit/537.36 (KHTML, like Gecko) Chrome/87.0.4280.141 Mobile Safari/537.36"
182.2.45.215 - - [25/Sep/2026:16:56:20 +0000] "GET /wp-content/themes/wizata-per/images/telp.png HTTP/2" 200 624 "https://www.visitkarimun.com/tiket-kapal-karimunjawa/" "Mozilla/5.0 (Linux; Android 11; SM-A105G) AppleWebKit/537.36 (KHTML, like Gecko) Chrome/87.0.4280.141 Mobile Safari/537.36"
182.2.45.215 - - [25/Sep/2026:16:56:20 +0000] "GET /wp-includes/js/comment-reply.min.js?ver=7.1.2%27%20defer%27%20defer HTTP/2" 200 1224 "https://www.visitkarimun.com/tiket-kapal-karimunjawa/" "Mozilla/5.0 (Linux; Android 11; SM-A105G) AppleWebKit/537.36 (KHTML, like Gecko) Chrome/87.0.4280.141 Mobile Safari/537.36"
182.2.45.215 - - [25/Sep/2026:16:56:20 +0000] "GET /wp-includes/js/dist/date.min.js?ver=8173fc0fc12b7bb7eaf0%27%20defer%27%20defer HTTP/2" 200 23044 "https://www.visitkarimun.com/tiket-kapal-karimunjawa/" "Mozilla/5.0 (Linux; Android 11; SM-A105G) AppleWebKit/537.36 (KHTML, like Gecko) Chrome/87.0.4280.141 Mobile Safari/537.36"
182.2.45.215 - - [25/Sep/2026:16:56:20 +0000] "GET /wp-includes/js/dist/upload-media.min.js?ver=a2c026d433c295fd5145%27%20defer%27%20defer HTTP/2" 200 15643 "https://www.visitkarimun.com/tiket-kapal-karimunjawa/" "Mozilla/5.0 (Linux; Android 11; SM-A105G) AppleWebKit/537.36 (KHTML, like Gecko) Chrome/87.0.4280.141 Mobile Safari/537.36"
182.2.45.215 - - [25/Sep/2026:16:56:20 +0000] "GET /wp-content/uploads/2022/12/header.jpg HTTP/2" 200 5720 "https://www.visitkarimun.com/tiket-kapal-karimunjawa/" "Mozilla/5.0 (Linux; Android 11; SM-A105G) AppleWebKit/537.36 (KHTML, like Gecko) Chrome/87.0.4280.141 Mobile Safari/537.36"
182.2.45.215 - - [25/Sep/2026:16:56:20 +0000] "GET /wp-includes/js/dist/theme.min.js?ver=56a75cc08ae66c1fcb7a%27%20defer%27%20defer HTTP/2" 200 21910 "https://www.visitkarimun.com/tiket-kapal-karimunjawa/" "Mozilla/5.0 (Linux; Android 11; SM-A105G) AppleWebKit/537.36 (KHTML, like Gecko) Chrome/87.0.4280.141 Mobile Safari/537.36"
182.2.45.215 - - [25/Sep/2026:16:56:20 +0000] "GET /wp-includes/js/dist/commands.min.js?ver=1a4910212c7ed2355300%27%20defer%27%20defer HTTP/2" 200 19231 "https://www.visitkarimun.com/tiket-kapal-karimunjawa/" "Mozilla/5.0 (Linux; Android 11; SM-A105G) AppleWebKit/537.36 (KHTML, like Gecko) Chrome/87.0.4280.141 Mobile Safari/537.36"
182.2.45.215 - - [25/Sep/2026:16:56:20 +0000] "GET /wp-content/uploads/2021/09/kapal-ferry-siginjai-karimunjawa-768x370.jpg HTTP/2" 200 36308 "https://www.visitkarimun.com/tiket-kapal-karimunjawa/" "Mozilla/5.0 (Linux; Android 11; SM-A105G) AppleWebKit/537.36 (KHTML, like Gecko) Chrome/87.0.4280.141 Mobile Safari/537.36"
182.2.45.215 - - [25/Sep/2026:16:56:20 +0000] "GET /wp-content/uploads/2021/01/promo-paket-wisata-karimunjawa-768x370.jpg HTTP/2" 200 26712 "https://www.visitkarimun.com/tiket-kapal-karimunjawa/" "Mozilla/5.0 (Linux; Android 11; SM-A105G) AppleWebKit/537.36 (KHTML, like Gecko) Chrome/87.0.4280.141 Mobile Safari/537.36"
182.2.45.215 - - [25/Sep/2026:16:56:20 +0000] "GET /wp-content/plugins/akismet/_inc/akismet-frontend.js?ver=1785922394%27%20defer%27%20defer HTTP/2" 200 3327 "https://www.visitkarimun.com/tiket-kapal-karimunjawa/" "Mozilla/5.0 (Linux; Android 11; SM-A105G) AppleWebKit/537.36 (KHTML, like Gecko) Chrome/87.0.4280.141 Mobile Safari/537.36"
182.2.45.215 - - [25/Sep/2026:16:56:20 +0000] "GET /wp-content/themes/wizata-per/assets/fonts/glyphicons-halflings-regular.woff2 HTTP/2" 200 18028 "https://www.visitkarimun.com/wp-content/themes/wizata-per/assets/css/mix.css?ver=1.0" "Mozilla/5.0 (Linux; Android 11; SM-A105G) AppleWebKit/537.36 (KHTML, like Gecko) Chrome/87.0.4280.141 Mobile Safari/537.36"
182.2.45.215 - - [25/Sep/2026:16:56:20 +0000] "GET /wp-content/themes/wizata-per/assets/fonts/Elusive-Icons.woff?v=2 HTTP/2" 200 61716 "https://www.visitkarimun.com/wp-content/themes/wizata-per/assets/css/mix.css?ver=1.0" "Mozilla/5.0 (Linux; Android 11; SM-A105G) AppleWebKit/537.36 (KHTML, like Gecko) Chrome/87.0.4280.141 Mobile Safari/537.36"
182.2.45.215 - - [25/Sep/2026:16:56:20 +0000] "GET /wp-includes/js/dist/components.min.js?ver=9b751f17060211272a5c%27%20defer%27%20defer HTTP/2" 200 258712 "https://www.visitkarimun.com/tiket-kapal-karimunjawa/" "Mozilla/5.0 (Linux; Android 11; SM-A105G) AppleWebKit/537.36 (KHTML, like Gecko) Chrome/87.0.4280.141 Mobile Safari/537.36"
182.2.45.215 - - [25/Sep/2026:16:56:20 +0000] "GET /wp-content/uploads/2022/03/kapal-karimunjawa.jpg HTTP/2" 200 91384 "https://www.visitkarimun.com/tiket-kapal-karimunjawa/" "Mozilla/5.0 (Linux; Android 11; SM-A105G) AppleWebKit/537.36 (KHTML, like Gecko) Chrome/87.0.4280.141 Mobile Safari/537.36"
182.2.45.215 - - [25/Sep/2026:16:56:20 +0000] "GET /wp-content/plugins/section-collection/build/call-to-actions/view.js?ver=9ce62d411e5f3d3b7585%27%20defer%27%20defer HTTP/2" 200 11370 "https://www.visitkarimun.com/tiket-kapal-karimunjawa/" "Mozilla/5.0 (Linux; Android 11; SM-A105G) AppleWebKit/537.36 (KHTML, like Gecko) Chrome/87.0.4280.141 Mobile Safari/537.36"
182.2.45.215 - - [25/Sep/2026:16:56:20 +0000] "GET /wp-content/plugins/section-collection/build/faq/view.js?ver=dd0a69eb13c4a031cfae%27%20defer%27%20defer HTTP/2" 200 7668 "https://www.visitkarimun.com/tiket-kapal-karimunjawa/" "Mozilla/5.0 (Linux; Android 11; SM-A105G) AppleWebKit/537.36 (KHTML, like Gecko) Chrome/87.0.4280.141 Mobile Safari/537.36"
182.2.45.215 - - [25/Sep/2026:16:56:20 +0000] "GET /wp-includes/js/dist/block-editor.min.js?ver=37e58da384b2558bd479%27%20defer%27%20defer HTTP/2" 200 407357 "https://www.visitkarimun.com/tiket-kapal-karimunjawa/" "Mozilla/5.0 (Linux; Android 11; SM-A105G) AppleWebKit/537.36 (KHTML, like Gecko) Chrome/87.0.4280.141 Mobile Safari/537.36"
182.2.45.215 - - [25/Sep/2026:16:56:20 +0000] "GET /wp-content/plugins/google-site-kit/dist/assets/js/sign-in-with-google-5a9e012872c712a23a12.js'%20defer HTTP/2" 404 44968 "https://www.visitkarimun.com/tiket-kapal-karimunjawa/" "Mozilla/5.0 (Linux; Android 11; SM-A105G) AppleWebKit/537.36 (KHTML, like Gecko) Chrome/87.0.4280.141 Mobile Safari/537.36"
182.2.45.215 - - [25/Sep/2026:16:56:20 +0000] "GET /wp-content/plugins/google-site-kit/dist/assets/js/googlesitekit-consent-mode-755f1678e260138d789e.js'%20defer'%20defer HTTP/2" 404 44862 "https://www.visitkarimun.com/tiket-kapal-karimunjawa/" "Mozilla/5.0 (Linux; Android 11; SM-A105G) AppleWebKit/537.36 (KHTML, like Gecko) Chrome/87.0.4280.141 Mobile Safari/537.36"
182.2.45.215 - - [25/Sep/2026:16:56:20 +0000] "GET /wp-content/uploads/2023/08/pulau-menjangan-kecil-karimunajwa.jpg HTTP/2" 200 109574 "https://www.visitkarimun.com/tiket-kapal-karimunjawa/" "Mozilla/5.0 (Linux; Android 11; SM-A105G) AppleWebKit/537.36 (KHTML, like Gecko) Chrome/87.0.4280.141 Mobile Safari/537.36"
182.2.45.215 - - [25/Sep/2026:16:56:20 +0000] "GET /wp-content/plugins/google-site-kit/dist/assets/js/googlesitekit-events-provider-content-events-c7172f3fd0e4d5ad62ef.js'%20defer'%20defer HTTP/2" 404 44916 "https://www.visitkarimun.com/tiket-kapal-karimunjawa/" "Mozilla/5.0 (Linux; Android 11; SM-A105G) AppleWebKit/537.36 (KHTML, like Gecko) Chrome/87.0.4280.141 Mobile Safari/537.36"
182.2.45.215 - - [25/Sep/2026:16:56:20 +0000] "GET /wp-content/uploads/2020/05/cemara-besar-karimunjawa.jpg HTTP/2" 404 44928 "https://www.visitkarimun.com/tiket-kapal-karimunjawa/" "Mozilla/5.0 (Linux; Android 11; SM-A105G) AppleWebKit/537.36 (KHTML, like Gecko) Chrome/87.0.4280.141 Mobile Safari/537.36"
182.2.45.215 - - [25/Sep/2026:16:56:22 +0000] "GET /wp-json/wp/v2/users/me?context=edit&_locale=user HTTP/2" 401 83 "https://www.visitkarimun.com/tiket-kapal-karimunjawa/" "Mozilla/5.0 (Linux; Android 11; SM-A105G) AppleWebKit/537.36 (KHTML, like Gecko) Chrome/87.0.4280.141 Mobile Safari/537.36"
182.2.45.215 - - [25/Sep/2026:16:56:24 +0000] "GET /wp-content/themes/wizata-per/images/icon_top.png HTTP/2" 200 338 "https://www.visitkarimun.com/wp-content/themes/wizata-per/style.css?ver=1.0" "Mozilla/5.0 (Linux; Android 11; SM-A105G) AppleWebKit/537.36 (KHTML, like Gecko) Chrome/87.0.4280.141 Mobile Safari/537.36"
182.2.45.215 - - [25/Sep/2026:16:56:35 +0000] "GET /wp-content/uploads/2020/12/karimun-1.png HTTP/2" 200 970 "https://www.visitkarimun.com/tiket-kapal-karimunjawa/" "Mozilla/5.0 (Linux; Android 11; SM-A105G) AppleWebKit/537.36 (KHTML, like Gecko) Chrome/87.0.4280.141 Mobile Safari/537.36"
192.250.235.217 - - [25/Sep/2026:16:57:35 +0000] "POST /wp-cron.php?doing_wp_cron=1790355455.7505869865417480468750 HTTP/1.1" 200 0 "-" "WordPress/7.1.2; https://www.visitkarimun.com"
199.180.99.182 - - [25/Sep/2026:16:57:34 +0000] "POST /wp-login.php HTTP/1.1" 200 4676 "-" "Mozilla/5.0 (Windows NT 10.0) AppleWebKit/537.36 (KHTML, like Gecko) Chrome/138.0.0.0 Safari/537.36 Edg/138.0.0.0"
192.250.235.217 - - [25/Sep/2026:16:58:30 +0000] "POST /wp-cron.php?doing_wp_cron=1790355510.7702350616455078125000 HTTP/1.1" 200 0 "-" "WordPress/7.1.2; https://www.visitkarimun.com"
182.3.45.87 - - [25/Sep/2026:16:58:30 +0000] "GET /cara-ke-karimunjawa/ HTTP/2" 200 91181 "https://www.google.com/" "Mozilla/5.0 (iPad; CPU OS 15_8_8 like Mac OS X) AppleWebKit/605.1.15 (KHTML, like Gecko) Version/15.6.8 Mobile/15E148 Safari/604.1"
182.3.45.87 - - [25/Sep/2026:16:58:31 +0000] "GET /wp-content/plugins/section-collection/build/advanced.js?ver=2.0.7%27%20defer%27%20defer HTTP/2" 200 5110 "https://www.visitkarimun.com/cara-ke-karimunjawa/" "Mozilla/5.0 (iPad; CPU OS 15_8_8 like Mac OS X) AppleWebKit/605.1.15 (KHTML, like Gecko) Version/15.6.8 Mobile/15E148 Safari/604.1"
182.3.45.87 - - [25/Sep/2026:16:58:31 +0000] "GET /wp-content/plugins/section-collection/build/faq/view.js?ver=dd0a69eb13c4a031cfae%27%20defer%27%20defer HTTP/2" 200 7668 "https://www.visitkarimun.com/cara-ke-karimunjawa/" "Mozilla/5.0 (iPad; CPU OS 15_8_8 like Mac OS X) AppleWebKit/605.1.15 (KHTML, like Gecko) Version/15.6.8 Mobile/15E148 Safari/604.1"
74.7.228.251 - - [25/Sep/2026:16:54:03 +0000] "GET /wp-json/wp/v2/posts/3634 HTTP/2" 200 7366 "https://www.visitkarimun.com/pantai-sunset-beach-karimunjawa/" "Mozilla/5.0 (Macintosh; Intel Mac OS X 10_15_7) AppleWebKit/537.36 (KHTML, like Gecko) Chrome/131.0.0.0 Safari/537.36; compatible; OAI-SearchBot/1.4; +https://openai.com/searchbot"
74.7.242.136 - - [25/Sep/2026:16:54:03 +0000] "GET /wp-content/uploads/2025/09/sunset-beach-karimunjawa.jpg HTTP/2" 200 108739 "https://www.visitkarimun.com/pantai-sunset-beach-karimunjawa/" "Mozilla/5.0 (Macintosh; Intel Mac OS X 10_15_7) AppleWebKit/537.36 (KHTML, like Gecko) Chrome/131.0.0.0 Safari/537.36; compatible; OAI-SearchBot/1.4; +https://openai.com/searchbot"
74.7.242.136 - - [25/Sep/2026:16:54:05 +0000] "GET /wp-json/oembed/1.0/embed?url=https%3A%2F%2Fwww.visitkarimun.com%2Fpantai-sunset-beach-karimunjawa%2F HTTP/2" 200 1129 "https://www.visitkarimun.com/pantai-sunset-beach-karimunjawa/" "Mozilla/5.0 (Macintosh; Intel Mac OS X 10_15_7) AppleWebKit/537.36 (KHTML, like Gecko) Chrome/131.0.0.0 Safari/537.36; compatible; OAI-SearchBot/1.4; +https://openai.com/searchbot"
103.143.197.34 - - [25/Sep/2026:16:55:17 +0000] "GET /wp-content/uploads/2021/12/peta-karimunjawa.jpg HTTP/2" 200 122338 "https://www.google.com/" "Mozilla/5.0 (Linux; Android 10; K) AppleWebKit/537.36 (KHTML, like Gecko) Chrome/150.0.0.0 Mobile Safari/537.36"
157.85.211.12 - - [25/Sep/2026:16:55:23 +0000] "GET /wp-content/uploads/2019/08/twin-bed-dseason-karimunjawa.jpg HTTP/2" 200 11170 "https://www.google.com/" "Mozilla/5.0 (iPhone; CPU iPhone OS 18_7 like Mac OS X) AppleWebKit/605.1.15 (KHTML, like Gecko) Version/26.6.1 Mobile/15E148 Safari/604.1"
182.3.45.87 - - [25/Sep/2026:16:58:31 +0000] "GET /wp-content/plugins/google-site-kit/dist/assets/js/sign-in-with-google-5a9e012872c712a23a12.js'%20defer HTTP/2" 404 44874 "https://www.visitkarimun.com/cara-ke-karimunjawa/" "Mozilla/5.0 (iPad; CPU OS 15_8_8 like Mac OS X) AppleWebKit/605.1.15 (KHTML, like Gecko) Version/15.6.8 Mobile/15E148 Safari/604.1"
182.3.45.87 - - [25/Sep/2026:16:58:31 +0000] "GET /wp-content/plugins/google-site-kit/dist/assets/js/googlesitekit-events-provider-content-events-c7172f3fd0e4d5ad62ef.js'%20defer'%20defer HTTP/2" 404 44938 "https://www.visitkarimun.com/cara-ke-karimunjawa/" "Mozilla/5.0 (iPad; CPU OS 15_8_8 like Mac OS X) AppleWebKit/605.1.15 (KHTML, like Gecko) Version/15.6.8 Mobile/15E148 Safari/604.1"
182.3.45.87 - - [25/Sep/2026:16:58:31 +0000] "GET /wp-content/plugins/google-site-kit/dist/assets/js/googlesitekit-consent-mode-755f1678e260138d789e.js'%20defer'%20defer HTTP/2" 404 44973 "https://www.visitkarimun.com/cara-ke-karimunjawa/" "Mozilla/5.0 (iPad; CPU OS 15_8_8 like Mac OS X) AppleWebKit/605.1.15 (KHTML, like Gecko) Version/15.6.8 Mobile/15E148 Safari/604.1"
182.3.45.87 - - [25/Sep/2026:16:58:31 +0000] "GET /wp-includes/js/comment-reply.min.js?ver=7.1.2%27%20defer%27%20defer HTTP/2" 200 1224 "https://www.visitkarimun.com/cara-ke-karimunjawa/" "Mozilla/5.0 (iPad; CPU OS 15_8_8 like Mac OS X) AppleWebKit/605.1.15 (KHTML, like Gecko) Version/15.6.8 Mobile/15E148 Safari/604.1"
182.3.45.87 - - [25/Sep/2026:16:58:32 +0000] "GET /wp-content/uploads/2021/01/promo-paket-wisata-karimunjawa.jpg HTTP/2" 200 66404 "https://www.visitkarimun.com/cara-ke-karimunjawa/" "Mozilla/5.0 (iPad; CPU OS 15_8_8 like Mac OS X) AppleWebKit/605.1.15 (KHTML, like Gecko) Version/15.6.8 Mobile/15E148 Safari/604.1"
182.3.45.87 - - [25/Sep/2026:16:58:32 +0000] "GET /wp-content/uploads/2020/05/cemara-besar-karimunjawa.jpg HTTP/2" 404 44953 "https://www.visitkarimun.com/cara-ke-karimunjawa/" "Mozilla/5.0 (iPad; CPU OS 15_8_8 like Mac OS X) AppleWebKit/605.1.15 (KHTML, like Gecko) Version/15.6.8 Mobile/15E148 Safari/604.1"
182.3.45.87 - - [25/Sep/2026:16:58:36 +0000] "GET /wp-json/wp/v2/users/me?context=edit&_locale=user HTTP/2" 401 83 "https://www.visitkarimun.com/cara-ke-karimunjawa/" "Mozilla/5.0 (iPad; CPU OS 15_8_8 like Mac OS X) AppleWebKit/605.1.15 (KHTML, like Gecko) Version/15.6.8 Mobile/15E148 Safari/604.1"
192.250.235.217 - - [25/Sep/2026:16:59:31 +0000] "POST /wp-cron.php?doing_wp_cron=1790355571.1443700790405273437500 HTTP/1.1" 200 0 "-" "WordPress/7.1.2; https://www.visitkarimun.com"
66.249.66.35 - - [25/Sep/2026:16:59:30 +0000] "GET /wp-content/uploads/2019/01/paket-snorkeling-karimunjawa-350x220.jpg HTTP/1.1" 404 44893 "-" "Googlebot-Image/1.0"
195.234.109.82 - - [25/Sep/2026:16:59:58 +0000] "GET /wp-content/uploads/2017/12/blue-laguna-inn-karimunjawa.jpg HTTP/2" 404 147280 "-" "Photon/1.0"
103.139.11.48 - - [25/Sep/2026:17:00:41 +0000] "GET /wp-includes/blocks/paragraph/style.min.css?ver=7.1.1 HTTP/2" 200 281 "-" "Mozilla/5.0 (Linux; Android 10; K) AppleWebKit/537.36 (KHTML, like Gecko) Chrome/153.0.0.0 Mobile Safari/537.36"
103.139.11.48 - - [25/Sep/2026:17:00:41 +0000] "GET /wp-content/uploads/2020/12/honeymoon-karimunjawa-1024x493.jpg HTTP/2" 200 47488 "-" "Mozilla/5.0 (Linux; Android 10; K) AppleWebKit/537.36 (KHTML, like Gecko) Chrome/153.0.0.0 Mobile Safari/537.36"
103.139.11.48 - - [25/Sep/2026:17:00:41 +0000] "GET /wp-includes/blocks/heading/style.min.css?ver=7.1.1 HTTP/2" 200 164 "-" "Mozilla/5.0 (Linux; Android 10; K) AppleWebKit/537.36 (KHTML, like Gecko) Chrome/153.0.0.0 Mobile Safari/537.36"
103.139.11.48 - - [25/Sep/2026:17:00:41 +0000] "GET /wp-includes/blocks/quote/style.min.css?ver=7.1.1 HTTP/2" 200 184 "-" "Mozilla/5.0 (Linux; Android 10; K) AppleWebKit/537.36 (KHTML, like Gecko) Chrome/153.0.0.0 Mobile Safari/537.36"
103.139.11.48 - - [25/Sep/2026:17:00:41 +0000] "GET /wp-content/uploads/2020/12/karimun-1.png HTTP/2" 200 970 "-" "Mozilla/5.0 (Linux; Android 10; K) AppleWebKit/537.36 (KHTML, like Gecko) Chrome/153.0.0.0 Mobile Safari/537.36"
103.139.11.48 - - [25/Sep/2026:17:00:41 +0000] "GET /wp-includes/js/comment-reply.min.js?ver=7.1.1%27%20defer%27%20defer HTTP/2" 200 1224 "-" "Mozilla/5.0 (Linux; Android 10; K) AppleWebKit/537.36 (KHTML, like Gecko) Chrome/153.0.0.0 Mobile Safari/537.36"
103.139.11.48 - - [25/Sep/2026:17:00:40 +0000] "GET /wp-content/plugins/google-site-kit/dist/assets/js/sign-in-with-google-15a07dd57b5f79886b45.js'%20defer HTTP/2" 404 44970 "https://www.visitkarimun.com/paket-honeymoon-karimunjawa-3-hari-2-malam/" "Mozilla/5.0 (Linux; Android 10; K) AppleWebKit/537.36 (KHTML, like Gecko) Chrome/153.0.0.0 Mobile Safari/537.36"
192.250.235.217 - - [25/Sep/2026:17:00:41 +0000] "POST /wp-cron.php?doing_wp_cron=1790355641.1225399971008300781250 HTTP/1.1" 200 0 "-" "WordPress/7.1.2; https://www.visitkarimun.com"
103.139.11.48 - - [25/Sep/2026:17:00:40 +0000] "GET /wp-content/uploads/2020/05/cemara-besar-karimunjawa.jpg HTTP/2" 404 44939 "https://www.visitkarimun.com/paket-honeymoon-karimunjawa-3-hari-2-malam/" "Mozilla/5.0 (Linux; Android 10; K) AppleWebKit/537.36 (KHTML, like Gecko) Chrome/153.0.0.0 Mobile Safari/537.36"
103.139.11.48 - - [25/Sep/2026:17:00:40 +0000] "GET /wp-content/plugins/google-site-kit/dist/assets/js/googlesitekit-consent-mode-755f1678e260138d789e.js'%20defer'%20defer HTTP/2" 404 44963 "https://www.visitkarimun.com/paket-honeymoon-karimunjawa-3-hari-2-malam/" "Mozilla/5.0 (Linux; Android 10; K) AppleWebKit/537.36 (KHTML, like Gecko) Chrome/153.0.0.0 Mobile Safari/537.36"
103.139.11.48 - - [25/Sep/2026:17:00:40 +0000] "GET /wp-content/plugins/google-site-kit/dist/assets/js/googlesitekit-events-provider-content-events-bb83c1a0aedefa5d25d1.js'%20defer'%20defer HTTP/2" 404 44904 "https://www.visitkarimun.com/paket-honeymoon-karimunjawa-3-hari-2-malam/" "Mozilla/5.0 (Linux; Android 10; K) AppleWebKit/537.36 (KHTML, like Gecko) Chrome/153.0.0.0 Mobile Safari/537.36"
103.139.11.48 - - [25/Sep/2026:17:00:41 +0000] "GET /wp-content/themes/wizata-per/img/downArrow.png HTTP/2" 404 44925 "https://www.visitkarimun.com/wp-content/themes/wizata-per/responsive.css" "Mozilla/5.0 (Linux; Android 10; K) AppleWebKit/537.36 (KHTML, like Gecko) Chrome/153.0.0.0 Mobile Safari/537.36"
182.3.45.87 - - [25/Sep/2026:17:02:38 +0000] "GET /wp-content/uploads/2024/08/bukit-love-karimunjawa-350x220.jpg HTTP/2" 200 22294 "https://www.visitkarimun.com/cara-ke-karimunjawa/" "Mozilla/5.0 (iPad; CPU OS 15_8_8 like Mac OS X) AppleWebKit/605.1.15 (KHTML, like Gecko) Version/15.6.8 Mobile/15E148 Safari/604.1"
182.3.45.87 - - [25/Sep/2026:17:02:38 +0000] "GET /wp-content/uploads/2024/01/cuaca-karimunjawa-350x220.jpg HTTP/2" 200 15356 "https://www.visitkarimun.com/cara-ke-karimunjawa/" "Mozilla/5.0 (iPad; CPU OS 15_8_8 like Mac OS X) AppleWebKit/605.1.15 (KHTML, like Gecko) Version/15.6.8 Mobile/15E148 Safari/604.1"
182.3.45.87 - - [25/Sep/2026:17:02:38 +0000] "GET /wp-content/uploads/2025/02/kuliner-khas-karimunjawa-350x220.jpg HTTP/2" 200 27732 "https://www.visitkarimun.com/cara-ke-karimunjawa/" "Mozilla/5.0 (iPad; CPU OS 15_8_8 like Mac OS X) AppleWebKit/605.1.15 (KHTML, like Gecko) Version/15.6.8 Mobile/15E148 Safari/604.1"
182.3.45.87 - - [25/Sep/2026:17:02:39 +0000] "GET /wp-content/uploads/2022/03/legon-waru-cottage-1-350x220.jpg HTTP/2" 200 14196 "https://www.visitkarimun.com/cara-ke-karimunjawa/" "Mozilla/5.0 (iPad; CPU OS 15_8_8 like Mac OS X) AppleWebKit/605.1.15 (KHTML, like Gecko) Version/15.6.8 Mobile/15E148 Safari/604.1"
182.3.45.87 - - [25/Sep/2026:17:02:44 +0000] "GET /wp-content/uploads/2018/09/tiket-kapal-ke-karimunjawa-140x90.jpg HTTP/2" 200 2750 "https://www.visitkarimun.com/cara-ke-karimunjawa/" "Mozilla/5.0 (iPad; CPU OS 15_8_8 like Mac OS X) AppleWebKit/605.1.15 (KHTML, like Gecko) Version/15.6.8 Mobile/15E148 Safari/604.1"
182.3.45.87 - - [25/Sep/2026:17:02:44 +0000] "GET /wp-content/uploads/2017/11/kapal-karimunjawa-ferry-siginjai-140x90.jpg HTTP/2" 200 2836 "https://www.visitkarimun.com/cara-ke-karimunjawa/" "Mozilla/5.0 (iPad; CPU OS 15_8_8 like Mac OS X) AppleWebKit/605.1.15 (KHTML, like Gecko) Version/15.6.8 Mobile/15E148 Safari/604.1"
192.250.235.217 - - [25/Sep/2026:17:02:50 +0000] "POST /wp-cron.php?doing_wp_cron=1790355770.6077730655670166015625 HTTP/1.1" 200 0 "-" "WordPress/7.1.2; https://www.visitkarimun.com"
182.3.45.87 - - [25/Sep/2026:17:02:49 +0000] "GET /wp-content/themes/wizata-per/img/downArrow.png HTTP/2" 404 44965 "https://www.visitkarimun.com/cara-ke-karimunjawa/" "Mozilla/5.0 (iPad; CPU OS 15_8_8 like Mac OS X) AppleWebKit/605.1.15 (KHTML, like Gecko) Version/15.6.8 Mobile/15E148 Safari/604.1"
192.250.235.217 - - [25/Sep/2026:17:04:22 +0000] "POST /wp-cron.php?doing_wp_cron=1790355862.4075651168823242187500 HTTP/1.1" 200 0 "-" "WordPress/7.1.2; https://www.visitkarimun.com"
170.106.165.186 - - [25/Sep/2026:17:04:20 +0000] "GET /informasi-paket-wisata-karimunjawa-dari-yogyakarta/feed/ HTTP/1.1" 200 473 "-" "Mozilla/5.0 (iPhone; CPU iPhone OS 13_2_3 like Mac OS X) AppleWebKit/605.1.15 (KHTML, like Gecko) Version/13.0.3 Mobile/15E148 Safari/604.1"
134.199.235.100 - - [25/Sep/2026:17:07:07 +0000] "GET / HTTP/1.1" 301 0 "-" "Mozilla/5.0 (X11; Linux x86_64) AppleWebKit/537.36 (KHTML, like Gecko) Chrome/153.0.0.0 Safari/537.36"
134.199.235.100 - - [25/Sep/2026:17:07:13 +0000] "GET /favicon.ico HTTP/1.1" 404 1251 "https://visitkarimun.com/" "Mozilla/5.0 (X11; Linux x86_64) AppleWebKit/537.36 (KHTML, like Gecko) Chrome/153.0.0.0 Safari/537.36"
52.167.144.210 - - [25/Sep/2026:17:07:13 +0000] "GET /wp-content/uploads/2024/12/taman-nasional-komodo.jpg HTTP/2" 200 228530 "-" "Mozilla/5.0 AppleWebKit/537.36 (KHTML, like Gecko; compatible; bingbot/2.0; +http://www.bing.com/bingbot.htm) Chrome/116.0.1938.76 Safari/537.36"
69.63.184.112 - - [25/Sep/2026:17:07:23 +0000] "GET /wp-content/uploads/2022/12/favicon.jpg HTTP/2" 200 6129 "-" "facebookexternalhit/1.1 (+http://www.facebook.com/externalhit_uatext.php)"
173.252.69.8 - - [25/Sep/2026:17:07:26 +0000] "GET /wp-content/uploads/2022/12/favicon.jpg HTTP/2" 200 6129 "-" "facebookexternalhit/1.1 (+http://www.facebook.com/externalhit_uatext.php)"
192.250.235.217 - - [25/Sep/2026:17:08:02 +0000] "POST /wp-cron.php?doing_wp_cron=1790356082.3287899494171142578125 HTTP/1.1" 200 0 "-" "WordPress/7.1.2; https://www.visitkarimun.com"
45.201.150.78 - - [25/Sep/2026:17:08:02 +0000] "GET /wp-json/oembed/1.0/embed?url=https%3A%2F%2Fwww.visitkarimun.com%2Fbiaya-ke-labuan-bajo%2F&format=xml HTTP/2" 200 1245 "-" "Mozilla/5.0 (Windows NT 5.1) AppleWebKit/537.36 (KHTML, like Gecko) Opera/61.0.2896.24 Safari/537.36"
192.250.235.217 - - [25/Sep/2026:17:09:08 +0000] "POST /wp-cron.php?doing_wp_cron=1790356148.2316770553588867187500 HTTP/1.1" 200 0 "-" "WordPress/7.1.2; https://www.visitkarimun.com"
79.132.178.205 - - [25/Sep/2026:17:09:07 +0000] "GET /tag/taman-nasional-karimunjawa/ HTTP/1.1" 200 55443 "-" "Mozilla/5.0 (Macintosh; Intel Mac OS X 10_15_7) AppleWebKit/537.36 (KHTML, like Gecko) Chrome/119.0.0.0 Safari/537.36"
66.249.92.36 - - [25/Sep/2026:17:09:08 +0000] "GET /paket-wisata-karimunjawa-dari-magelang/ HTTP/1.1" 200 67297 "-" "Mozilla/5.0 (Linux; Android 6.0.1; Nexus 5X Build/MMB29P) AppleWebKit/537.36 (KHTML, like Gecko) Chrome/153.0.8010.52 Mobile Safari/537.36 (compatible; AdsBot-Google-Mobile; +http://www.google.com/mobile/adsbot.html)"
66.249.92.35 - - [25/Sep/2026:17:09:11 +0000] "GET /wp-content/plugins/easy-table-of-contents/assets/css/screen.min.css?ver=2.0.88 HTTP/1.1" 200 1915 "https://www.visitkarimun.com/paket-wisata-karimunjawa-dari-magelang/" "AdsBot-Google (+http://www.google.com/adsbot.html)"
66.249.92.36 - - [25/Sep/2026:17:09:12 +0000] "GET /wp-includes/js/wp-embed.min.js?ver=7.1.2%27%20defer%27%20defer HTTP/1.1" 200 616 "https://www.visitkarimun.com/paket-wisata-karimunjawa-dari-magelang/" "AdsBot-Google (+http://www.google.com/adsbot.html)"
66.249.92.35 - - [25/Sep/2026:17:09:12 +0000] "GET /wp-content/plugins/google-site-kit/dist/assets/js/googlesitekit-events-provider-content-events-c7172f3fd0e4d5ad62ef.js'%20defer'%20defer HTTP/1.1" 404 44945 "https://www.visitkarimun.com/paket-wisata-karimunjawa-dari-magelang/" "AdsBot-Google (+http://www.google.com/adsbot.html)"
66.249.92.37 - - [25/Sep/2026:17:09:12 +0000] "GET /wp-content/plugins/google-site-kit/dist/assets/js/sign-in-with-google-5a9e012872c712a23a12.js'%20defer HTTP/1.1" 404 44896 "https://www.visitkarimun.com/paket-wisata-karimunjawa-dari-magelang/" "AdsBot-Google (+http://www.google.com/adsbot.html)"
66.249.92.36 - - [25/Sep/2026:17:09:12 +0000] "GET /informasi-harga-paket-wisata-karimunjawa-3-hari-2-malam/embed/ HTTP/1.1" 200 6900 "https://www.visitkarimun.com/paket-wisata-karimunjawa-dari-magelang/" "AdsBot-Google (+http://www.google.com/adsbot.html)"
66.249.92.35 - - [25/Sep/2026:17:09:12 +0000] "GET /wp-content/plugins/google-site-kit/dist/assets/js/googlesitekit-consent-mode-755f1678e260138d789e.js'%20defer'%20defer HTTP/1.1" 404 44992 "https://www.visitkarimun.com/paket-wisata-karimunjawa-dari-magelang/" "AdsBot-Google (+http://www.google.com/adsbot.html)"
192.250.235.217 - - [25/Sep/2026:17:09:59 +0000] "POST /wp-cron.php?doing_wp_cron=1790356199.6511709690093994140625 HTTP/1.1" 200 0 "-" "WordPress/7.1.2; https://www.visitkarimun.com"
74.7.242.136 - - [25/Sep/2026:17:09:59 +0000] "GET /wp-json/wp/v2/posts/3283 HTTP/2" 200 8397 "https://www.visitkarimun.com/pantai-tanjung-gelam-karimunjawa/" "Mozilla/5.0 (Macintosh; Intel Mac OS X 10_15_7) AppleWebKit/537.36 (KHTML, like Gecko) Chrome/131.0.0.0 Safari/537.36; compatible; OAI-SearchBot/1.4; +https://openai.com/searchbot"
74.7.242.136 - - [25/Sep/2026:17:09:59 +0000] "GET /wp-json/oembed/1.0/embed?format=xml&url=https%3A%2F%2Fwww.visitkarimun.com%2Fpantai-tanjung-gelam-karimunjawa%2F HTTP/2" 200 1167 "https://www.visitkarimun.com/pantai-tanjung-gelam-karimunjawa/" "Mozilla/5.0 (Macintosh; Intel Mac OS X 10_15_7) AppleWebKit/537.36 (KHTML, like Gecko) Chrome/131.0.0.0 Safari/537.36; compatible; OAI-SearchBot/1.4; +https://openai.com/searchbot"
74.7.228.251 - - [25/Sep/2026:17:10:00 +0000] "GET /wp-json/oembed/1.0/embed?url=https%3A%2F%2Fwww.visitkarimun.com%2Fpantai-tanjung-gelam-karimunjawa%2F HTTP/2" 200 1128 "https://www.visitkarimun.com/pantai-tanjung-gelam-karimunjawa/" "Mozilla/5.0 (Macintosh; Intel Mac OS X 10_15_7) AppleWebKit/537.36 (KHTML, like Gecko) Chrome/131.0.0.0 Safari/537.36; compatible; OAI-SearchBot/1.4; +https://openai.com/searchbot"
74.7.229.208 - - [25/Sep/2026:17:10:01 +0000] "GET /pantai-tanjung-gelam-karimunjawa/feed/ HTTP/2" 200 407 "https://www.visitkarimun.com/pantai-tanjung-gelam-karimunjawa/" "Mozilla/5.0 (Macintosh; Intel Mac OS X 10_15_7) AppleWebKit/537.36 (KHTML, like Gecko) Chrome/131.0.0.0 Safari/537.36; compatible; OAI-SearchBot/1.4; +https://openai.com/searchbot"
192.250.235.217 - - [25/Sep/2026:17:12:01 +0000] "POST /wp-cron.php?doing_wp_cron=1790356321.1948969364166259765625 HTTP/1.1" 200 0 "-" "WordPress/7.1.2; https://www.visitkarimun.com"
72.63.213.216 - - [25/Sep/2026:17:11:59 +0000] "GET /taman-nasional-karimunjawa/ HTTP/2" 200 91351 "-" "Mozilla/5.0 (Linux; Android 15; SM-S938B) AppleWebKit/537.36 (KHTML, like Gecko) Chrome/150.0.0.0 Mobile Safari/537.36"
72.63.213.216 - - [25/Sep/2026:17:12:02 +0000] "GET /wp-content/plugins/google-site-kit/dist/assets/js/sign-in-with-google-5a9e012872c712a23a12.js'%20defer HTTP/2" 404 44905 "https://www.visitkarimun.com/taman-nasional-karimunjawa/" "Mozilla/5.0 (Linux; Android 15; SM-S938B) AppleWebKit/537.36 (KHTML, like Gecko) Chrome/150.0.0.0 Mobile Safari/537.36"
72.63.213.216 - - [25/Sep/2026:17:12:02 +0000] "GET /wp-content/plugins/google-site-kit/dist/assets/js/googlesitekit-consent-mode-755f1678e260138d789e.js'%20defer'%20defer HTTP/2" 404 44994 "https://www.visitkarimun.com/taman-nasional-karimunjawa/" "Mozilla/5.0 (Linux; Android 15; SM-S938B) AppleWebKit/537.36 (KHTML, like Gecko) Chrome/150.0.0.0 Mobile Safari/537.36"
72.63.213.216 - - [25/Sep/2026:17:12:05 +0000] "GET /wp-content/plugins/google-site-kit/dist/assets/js/googlesitekit-events-provider-content-events-c7172f3fd0e4d5ad62ef.js'%20defer'%20defer HTTP/2" 404 44924 "https://www.visitkarimun.com/taman-nasional-karimunjawa/" "Mozilla/5.0 (Linux; Android 15; SM-S938B) AppleWebKit/537.36 (KHTML, like Gecko) Chrome/150.0.0.0 Mobile Safari/537.36"
72.63.213.216 - - [25/Sep/2026:17:12:05 +0000] "GET /wp-json/wp/v2/users/me?context=edit&_locale=user HTTP/2" 401 83 "https://www.visitkarimun.com/taman-nasional-karimunjawa/" "Mozilla/5.0 (Linux; Android 15; SM-S938B) AppleWebKit/537.36 (KHTML, like Gecko) Chrome/150.0.0.0 Mobile Safari/537.36"
192.250.235.217 - - [25/Sep/2026:17:12:38 +0000] "POST /wp-cron.php?doing_wp_cron=1790356358.8143301010131835937500 HTTP/1.1" 200 0 "-" "WordPress/7.1.2; https://www.visitkarimun.com"
5.104.85.13 - - [25/Sep/2026:17:12:38 +0000] "GET / HTTP/1.1" 301 0 "-" "Mozilla/5.0 (Macintosh; Intel Mac OS X 10_15_7) AppleWebKit/537.36 (KHTML, like Gecko) Chrome/93.0.4577.0 Safari/537.36"
5.104.85.13 - - [25/Sep/2026:17:12:39 +0000] "GET / HTTP/1.1" 200 190506 "-" "Mozilla/5.0 (Macintosh; Intel Mac OS X 10_15_7) AppleWebKit/537.36 (KHTML, like Gecko) Chrome/93.0.4577.0 Safari/537.36"
192.250.235.217 - - [25/Sep/2026:17:14:21 +0000] "POST /wp-cron.php?doing_wp_cron=1790356461.1355700492858886718750 HTTP/1.1" 200 0 "-" "WordPress/7.1.2; https://www.visitkarimun.com"
43.166.7.113 - - [25/Sep/2026:17:14:19 +0000] "GET /category/blog-artikel/ HTTP/1.1" 200 64716 "-" "Mozilla/5.0 (iPhone; CPU iPhone OS 13_2_3 like Mac OS X) AppleWebKit/605.1.15 (KHTML, like Gecko) Version/13.0.3 Mobile/15E148 Safari/604.1"
192.250.235.217 - - [25/Sep/2026:17:14:47 +0000] "POST /wp-cron.php?doing_wp_cron=1790356487.2126359939575195312500 HTTP/1.1" 200 0 "-" "WordPress/7.1.2; https://www.visitkarimun.com"
57.141.2.39 - - [25/Sep/2026:17:14:46 +0000] "GET /2026/05/ HTTP/2" 200 62653 "-" "Mozilla/5.0 (Windows NT 10.0; Win64; x64) AppleWebKit/537.36 (KHTML, like Gecko) Chrome/145.0.0.0 Safari/537.36 Edg/145.0.0.0 (compatible; meta-externalagent/1.1 (+https://developers.facebook.com/docs/sharing/webmasters/crawler))"
36.37.169.99 - - [25/Sep/2026:17:15:19 +0000] "POST /xmlrpc.php HTTP/2" 403 1242 "-" "Go-http-client/2.0"
36.37.169.99 - - [25/Sep/2026:17:15:19 +0000] "GET /wp-login.php HTTP/2" 200 4573 "-" "Mozilla/5.0 (Windows NT 6.1; WOW64; Trident/7.0; rv:11.0) like Gecko"
