66.249.67.35 - - [25/Sep/2026:18:53:35 +0000] "GET /category/blog-artikel/ HTTP/1.1" 200 28510 "-" "Mozilla/5.0 (compatible; Googlebot/2.1; +http://www.google.com/bot.html)"
66.249.67.33 - - [25/Sep/2026:18:53:39 +0000] "GET /wp-content/plugins/google-site-kit/dist/assets/js/googlesitekit-events-provider-content-events-c7172f3fd0e4d5ad62ef.js'%20defer'%20defer HTTP/1.1" 200 16340 "https://www.visitkarimun.com/category/blog-artikel/" "Mozilla/5.0 AppleWebKit/537.36 (KHTML, like Gecko; compatible; Googlebot/2.1; +http://www.google.com/bot.html) Chrome/153.0.8010.36 Safari/537.36"
66.249.67.34 - - [25/Sep/2026:18:53:39 +0000] "GET /wp-content/plugins/google-site-kit/dist/assets/js/sign-in-with-google-5a9e012872c712a23a12.js'%20defer HTTP/1.1" 200 16382 "https://www.visitkarimun.com/category/blog-artikel/" "Mozilla/5.0 AppleWebKit/537.36 (KHTML, like Gecko; compatible; Googlebot/2.1; +http://www.google.com/bot.html) Chrome/153.0.8010.36 Safari/537.36"
66.249.67.33 - - [25/Sep/2026:18:53:46 +0000] "GET /wp-content/themes/wizata-per/assets/css/mix.css?ver=1.0 HTTP/1.1" 200 21291 "https://www.visitkarimun.com/category/blog-artikel/" "Mozilla/5.0 AppleWebKit/537.36 (KHTML, like Gecko; compatible; Googlebot/2.1; +http://www.google.com/bot.html) Chrome/153.0.8010.36 Safari/537.36"
192.250.235.217 - - [25/Sep/2026:18:54:21 +0000] "POST /wp-cron.php?doing_wp_cron=1790362461.3081860542297363281250 HTTP/1.1" 200 0 "-" "WordPress/7.1.2; https://www.visitkarimun.com"
43.166.128.86 - - [25/Sep/2026:18:54:20 +0000] "GET /informasi-paket-wisata-karimunjawa-dari-yogyakarta/ HTTP/1.1" 200 43417 "-" "Mozilla/5.0 (iPhone; CPU iPhone OS 13_2_3 like Mac OS X) AppleWebKit/605.1.15 (KHTML, like Gecko) Version/13.0.3 Mobile/15E148 Safari/604.1"
40.77.167.67 - - [25/Sep/2026:18:54:22 +0000] "GET /booking/ HTTP/2" 200 32999 "-" "Mozilla/5.0 AppleWebKit/537.36 (KHTML, like Gecko; compatible; bingbot/2.0; +http://www.bing.com/bingbot.htm) Chrome/116.0.1938.76 Safari/537.36"
66.249.67.33 - - [25/Sep/2026:18:54:24 +0000] "GET /category/blog-artikel/?path=%2Fhome%2Fkarimun%2Fpublic_html%2F.tmb HTTP/1.1" 200 28126 "-" "Mozilla/5.0 (Linux; Android 6.0.1; Nexus 5X Build/MMB29P) AppleWebKit/537.36 (KHTML, like Gecko) Chrome/153.0.8010.52 Mobile Safari/537.36 (compatible; Googlebot/2.1; +http://www.google.com/bot.html)"
66.249.67.34 - - [25/Sep/2026:18:54:30 +0000] "GET /category/blog-artikel/?path=%2Fhome%2Fkarimun%2Fpublic_html%2Fwp-includes HTTP/1.1" 200 32348 "-" "Mozilla/5.0 (Linux; Android 6.0.1; Nexus 5X Build/MMB29P) AppleWebKit/537.36 (KHTML, like Gecko) Chrome/153.0.8010.52 Mobile Safari/537.36 (compatible; Googlebot/2.1; +http://www.google.com/bot.html)"
192.250.235.217 - - [25/Sep/2026:18:54:33 +0000] "POST /wp-cron.php?doing_wp_cron=1790362473.6799139976501464843750 HTTP/1.1" 200 0 "-" "WordPress/7.1.2; https://www.visitkarimun.com"
66.249.67.34 - - [25/Sep/2026:18:54:33 +0000] "GET /category/blog-artikel/?path=%2Fhome%2Fkarimun%2Fpublic_html%2Fcgi-bin HTTP/1.1" 200 28074 "-" "Mozilla/5.0 (Linux; Android 6.0.1; Nexus 5X Build/MMB29P) AppleWebKit/537.36 (KHTML, like Gecko) Chrome/153.0.8010.52 Mobile Safari/537.36 (compatible; Googlebot/2.1; +http://www.google.com/bot.html)"
66.249.67.34 - - [25/Sep/2026:18:54:34 +0000] "GET /category/blog-artikel/?path=/home/karimun HTTP/1.1" 200 28729 "-" "Mozilla/5.0 (Linux; Android 6.0.1; Nexus 5X Build/MMB29P) AppleWebKit/537.36 (KHTML, like Gecko) Chrome/153.0.8010.52 Mobile Safari/537.36 (compatible; Googlebot/2.1; +http://www.google.com/bot.html)"
66.249.67.33 - - [25/Sep/2026:18:54:36 +0000] "GET /category/blog-artikel/?path=/ HTTP/1.1" 200 28197 "-" "Mozilla/5.0 (Linux; Android 6.0.1; Nexus 5X Build/MMB29P) AppleWebKit/537.36 (KHTML, like Gecko) Chrome/153.0.8010.52 Mobile Safari/537.36 (compatible; Googlebot/2.1; +http://www.google.com/bot.html)"
66.249.67.33 - - [25/Sep/2026:18:54:36 +0000] "GET /category/blog-artikel/?action=edit&file=readme.html&path=%2Fhome%2Fkarimun%2Fpublic_html HTTP/1.1" 200 31025 "-" "Mozilla/5.0 (Linux; Android 6.0.1; Nexus 5X Build/MMB29P) AppleWebKit/537.36 (KHTML, like Gecko) Chrome/153.0.8010.52 Mobile Safari/537.36 (compatible; Googlebot/2.1; +http://www.google.com/bot.html)"
192.250.235.217 - - [25/Sep/2026:18:54:37 +0000] "POST /wp-cron.php?doing_wp_cron=1790362477.5571110248565673828125 HTTP/1.1" 200 0 "-" "WordPress/7.1.2; https://www.visitkarimun.com"
66.249.67.33 - - [25/Sep/2026:18:54:37 +0000] "GET /category/blog-artikel/?path=/home HTTP/1.1" 200 28059 "-" "Mozilla/5.0 (Linux; Android 6.0.1; Nexus 5X Build/MMB29P) AppleWebKit/537.36 (KHTML, like Gecko) Chrome/153.0.8010.52 Mobile Safari/537.36 (compatible; Googlebot/2.1; +http://www.google.com/bot.html)"
66.249.67.33 - - [25/Sep/2026:18:54:37 +0000] "GET /category/blog-artikel/?path=/home/karimun/public_html HTTP/1.1" 200 28572 "-" "Mozilla/5.0 (Linux; Android 6.0.1; Nexus 5X Build/MMB29P) AppleWebKit/537.36 (KHTML, like Gecko) Chrome/153.0.8010.52 Mobile Safari/537.36 (compatible; Googlebot/2.1; +http://www.google.com/bot.html)"
66.249.67.33 - - [25/Sep/2026:18:54:38 +0000] "GET /category/blog-artikel/?path=%2Fhome%2Fkarimun%2Fpublic_html%2Fwp-admin HTTP/1.1" 200 29699 "-" "Mozilla/5.0 (Linux; Android 6.0.1; Nexus 5X Build/MMB29P) AppleWebKit/537.36 (KHTML, like Gecko) Chrome/153.0.8010.52 Mobile Safari/537.36 (compatible; Googlebot/2.1; +http://www.google.com/bot.html)"
66.249.67.33 - - [25/Sep/2026:18:54:38 +0000] "GET /category/blog-artikel/?path=%2Fhome%2Fkarimun%2Fpublic_html%2Fwp-content HTTP/1.1" 200 28596 "-" "Mozilla/5.0 (Linux; Android 6.0.1; Nexus 5X Build/MMB29P) AppleWebKit/537.36 (KHTML, like Gecko) Chrome/153.0.8010.52 Mobile Safari/537.36 (compatible; Googlebot/2.1; +http://www.google.com/bot.html)"
66.249.67.33 - - [25/Sep/2026:18:54:39 +0000] "GET /category/blog-artikel/?path=%2Fhome%2Fkarimun%2Fpublic_html%2F.well-known HTTP/1.1" 200 28146 "-" "Mozilla/5.0 (Linux; Android 6.0.1; Nexus 5X Build/MMB29P) AppleWebKit/537.36 (KHTML, like Gecko) Chrome/153.0.8010.52 Mobile Safari/537.36 (compatible; Googlebot/2.1; +http://www.google.com/bot.html)"
66.249.67.33 - - [25/Sep/2026:18:54:40 +0000] "GET /category/blog-artikel/?action=edit&file=index.html&path=%2Fhome%2Fkarimun%2Fpublic_html HTTP/1.1" 200 29599 "-" "Mozilla/5.0 (Linux; Android 6.0.1; Nexus 5X Build/MMB29P) AppleWebKit/537.36 (KHTML, like Gecko) Chrome/153.0.8010.52 Mobile Safari/537.36 (compatible; Googlebot/2.1; +http://www.google.com/bot.html)"
66.249.67.33 - - [25/Sep/2026:18:54:47 +0000] "GET /category/blog-artikel/?action=edit&file=wp-config.php&path=%2Fhome%2Fkarimun%2Fpublic_html HTTP/1.1" 200 29699 "-" "Mozilla/5.0 (Linux; Android 6.0.1; Nexus 5X Build/MMB29P) AppleWebKit/537.36 (KHTML, like Gecko) Chrome/153.0.8010.52 Mobile Safari/537.36 (compatible; Googlebot/2.1; +http://www.google.com/bot.html)"
66.249.66.193 - - [25/Sep/2026:18:54:49 +0000] "GET /category/blog-artikel/?action=edit&file=.htaccess.bk&path=%2Fhome%2Fkarimun%2Fpublic_html HTTP/1.1" 200 28839 "-" "Mozilla/5.0 (Linux; Android 6.0.1; Nexus 5X Build/MMB29P) AppleWebKit/537.36 (KHTML, like Gecko) Chrome/153.0.8010.52 Mobile Safari/537.36 (compatible; Googlebot/2.1; +http://www.google.com/bot.html)"
66.249.67.33 - - [25/Sep/2026:18:54:50 +0000] "GET /category/blog-artikel/?action=edit&file=wp-signup.php&path=%2Fhome%2Fkarimun%2Fpublic_html HTTP/1.1" 200 36621 "-" "Mozilla/5.0 (Linux; Android 6.0.1; Nexus 5X Build/MMB29P) AppleWebKit/537.36 (KHTML, like Gecko) Chrome/153.0.8010.52 Mobile Safari/537.36 (compatible; Googlebot/2.1; +http://www.google.com/bot.html)"
66.249.67.33 - - [25/Sep/2026:18:54:51 +0000] "GET /category/blog-artikel/?action=edit&file=.monarx-user&path=%2Fhome%2Fkarimun%2Fpublic_html HTTP/1.1" 200 28175 "-" "Mozilla/5.0 (Linux; Android 6.0.1; Nexus 5X Build/MMB29P) AppleWebKit/537.36 (KHTML, like Gecko) Chrome/153.0.8010.52 Mobile Safari/537.36 (compatible; Googlebot/2.1; +http://www.google.com/bot.html)"
66.249.66.161 - - [25/Sep/2026:18:54:51 +0000] "GET /category/blog-artikel/?action=edit&file=ads.txt&path=%2Fhome%2Fkarimun%2Fpublic_html HTTP/1.1" 200 27884 "-" "Mozilla/5.0 (Linux; Android 6.0.1; Nexus 5X Build/MMB29P) AppleWebKit/537.36 (KHTML, like Gecko) Chrome/153.0.8010.52 Mobile Safari/537.36 (compatible; Googlebot/2.1; +http://www.google.com/bot.html)"
66.249.66.65 - - [25/Sep/2026:18:54:52 +0000] "GET /category/blog-artikel/?action=edit&file=index.php&path=%2Fhome%2Fkarimun%2Fpublic_html HTTP/1.1" 200 28100 "-" "Mozilla/5.0 (Linux; Android 6.0.1; Nexus 5X Build/MMB29P) AppleWebKit/537.36 (KHTML, like Gecko) Chrome/153.0.8010.52 Mobile Safari/537.36 (compatible; Googlebot/2.1; +http://www.google.com/bot.html)"
66.249.67.33 - - [25/Sep/2026:18:54:53 +0000] "GET /wp-content/plugins/google-site-kit/dist/assets/js/googlesitekit-events-provider-content-events-c7172f3fd0e4d5ad62ef.js'%20defer'%20defer HTTP/1.1" 200 16400 "https://www.visitkarimun.com/category/blog-artikel/?action=edit&file=.htaccess.bk&path=%2Fhome%2Fkarimun%2Fpublic_html" "Mozilla/5.0 (Linux; Android 6.0.1; Nexus 5X Build/MMB29P) AppleWebKit/537.36 (KHTML, like Gecko) Chrome/153.0.8010.52 Mobile Safari/537.36 (compatible; Googlebot/2.1; +http://www.google.com/bot.html)"
66.249.66.193 - - [25/Sep/2026:18:54:53 +0000] "GET /category/blog-artikel/?action=edit&file=.litespeed_err_flag&path=%2Fhome%2Fkarimun%2Fpublic_html HTTP/1.1" 200 28102 "-" "Mozilla/5.0 (Linux; Android 6.0.1; Nexus 5X Build/MMB29P) AppleWebKit/537.36 (KHTML, like Gecko) Chrome/153.0.8010.52 Mobile Safari/537.36 (compatible; Googlebot/2.1; +http://www.google.com/bot.html)"
66.249.67.33 - - [25/Sep/2026:18:54:54 +0000] "GET /wp-content/themes/wizata-per/responsive.css HTTP/1.1" 200 1113 "https://www.visitkarimun.com/category/blog-artikel/?action=edit&file=.htaccess.bk&path=%2Fhome%2Fkarimun%2Fpublic_html" "Mozilla/5.0 (Linux; Android 6.0.1; Nexus 5X Build/MMB29P) AppleWebKit/537.36 (KHTML, like Gecko) Chrome/153.0.8010.52 Mobile Safari/537.36 (compatible; Googlebot/2.1; +http://www.google.com/bot.html)"
66.249.67.33 - - [25/Sep/2026:18:54:55 +0000] "GET /category/blog-artikel/?action=edit&file=llms.txt&path=%2Fhome%2Fkarimun%2Fpublic_html HTTP/1.1" 200 42260 "-" "Mozilla/5.0 (Linux; Android 6.0.1; Nexus 5X Build/MMB29P) AppleWebKit/537.36 (KHTML, like Gecko) Chrome/153.0.8010.52 Mobile Safari/537.36 (compatible; Googlebot/2.1; +http://www.google.com/bot.html)"
66.249.67.34 - - [25/Sep/2026:18:54:56 +0000] "GET /wp-content/plugins/google-site-kit/dist/assets/js/googlesitekit-consent-mode-755f1678e260138d789e.js'%20defer'%20defer HTTP/1.1" 200 16427 "https://www.visitkarimun.com/category/blog-artikel/?action=edit&file=.htaccess.bk&path=%2Fhome%2Fkarimun%2Fpublic_html" "Mozilla/5.0 (Linux; Android 6.0.1; Nexus 5X Build/MMB29P) AppleWebKit/537.36 (KHTML, like Gecko) Chrome/153.0.8010.52 Mobile Safari/537.36 (compatible; Googlebot/2.1; +http://www.google.com/bot.html)"
66.249.67.34 - - [25/Sep/2026:18:54:56 +0000] "GET /category/blog-artikel/?action=edit&file=.htaccess&path=%2Fhome%2Fkarimun%2Fpublic_html HTTP/1.1" 200 28351 "-" "Mozilla/5.0 (Linux; Android 6.0.1; Nexus 5X Build/MMB29P) AppleWebKit/537.36 (KHTML, like Gecko) Chrome/153.0.8010.52 Mobile Safari/537.36 (compatible; Googlebot/2.1; +http://www.google.com/bot.html)"
66.249.67.33 - - [25/Sep/2026:18:54:57 +0000] "GET /category/blog-artikel/?action=edit&file=wp-login.php&path=%2Fhome%2Fkarimun%2Fpublic_html HTTP/1.1" 200 42000 "-" "Mozilla/5.0 (Linux; Android 6.0.1; Nexus 5X Build/MMB29P) AppleWebKit/537.36 (KHTML, like Gecko) Chrome/153.0.8010.52 Mobile Safari/537.36 (compatible; Googlebot/2.1; +http://www.google.com/bot.html)"
66.249.67.34 - - [25/Sep/2026:18:54:58 +0000] "GET /category/blog-artikel/?action=edit&file=wp-activate.php&path=%2Fhome%2Fkarimun%2Fpublic_html HTTP/1.1" 200 30686 "-" "Mozilla/5.0 (Linux; Android 6.0.1; Nexus 5X Build/MMB29P) AppleWebKit/537.36 (KHTML, like Gecko) Chrome/153.0.8010.52 Mobile Safari/537.36 (compatible; Googlebot/2.1; +http://www.google.com/bot.html)"
66.249.66.66 - - [25/Sep/2026:18:54:59 +0000] "GET /wp-content/plugins/google-site-kit/dist/assets/js/googlesitekit-consent-mode-755f1678e260138d789e.js'%20defer'%20defer HTTP/1.1" 200 16388 "https://www.visitkarimun.com/category/blog-artikel/?action=edit&file=.monarx-user&path=%2Fhome%2Fkarimun%2Fpublic_html" "Mozilla/5.0 (Linux; Android 6.0.1; Nexus 5X Build/MMB29P) AppleWebKit/537.36 (KHTML, like Gecko) Chrome/153.0.8010.52 Mobile Safari/537.36 (compatible; Googlebot/2.1; +http://www.google.com/bot.html)"
66.249.66.66 - - [25/Sep/2026:18:54:59 +0000] "GET /category/blog-artikel/?action=edit&file=.litespeed_flag&path=%2Fhome%2Fkarimun%2Fpublic_html HTTP/1.1" 200 28068 "-" "Mozilla/5.0 (Linux; Android 6.0.1; Nexus 5X Build/MMB29P) AppleWebKit/537.36 (KHTML, like Gecko) Chrome/153.0.8010.52 Mobile Safari/537.36 (compatible; Googlebot/2.1; +http://www.google.com/bot.html)"
66.249.66.66 - - [25/Sep/2026:18:55:00 +0000] "GET /category/blog-artikel/?action=edit&file=wp-blog-header.php&path=%2Fhome%2Fkarimun%2Fpublic_html HTTP/1.1" 200 28059 "-" "Mozilla/5.0 (Linux; Android 6.0.1; Nexus 5X Build/MMB29P) AppleWebKit/537.36 (KHTML, like Gecko) Chrome/153.0.8010.52 Mobile Safari/537.36 (compatible; Googlebot/2.1; +http://www.google.com/bot.html)"
66.249.66.193 - - [25/Sep/2026:18:55:01 +0000] "GET /wp-content/plugins/google-site-kit/dist/assets/js/googlesitekit-consent-mode-755f1678e260138d789e.js'%20defer'%20defer HTTP/1.1" 200 16424 "https://www.visitkarimun.com/category/blog-artikel/?action=edit&file=.litespeed_err_flag&path=%2Fhome%2Fkarimun%2Fpublic_html" "Mozilla/5.0 (Linux; Android 6.0.1; Nexus 5X Build/MMB29P) AppleWebKit/537.36 (KHTML, like Gecko) Chrome/153.0.8010.52 Mobile Safari/537.36 (compatible; Googlebot/2.1; +http://www.google.com/bot.html)"
66.249.66.35 - - [25/Sep/2026:18:55:02 +0000] "GET /category/blog-artikel/?action=edit&file=wp-config-sample.php&path=%2Fhome%2Fkarimun%2Fpublic_html HTTP/1.1" 200 29165 "-" "Mozilla/5.0 (Linux; Android 6.0.1; Nexus 5X Build/MMB29P) AppleWebKit/537.36 (KHTML, like Gecko) Chrome/153.0.8010.52 Mobile Safari/537.36 (compatible; Googlebot/2.1; +http://www.google.com/bot.html)"
66.249.66.66 - - [25/Sep/2026:18:55:03 +0000] "GET /category/blog-artikel/?action=edit&file=xmlrpc.php&path=%2Fhome%2Fkarimun%2Fpublic_html HTTP/1.1" 200 29280 "-" "Mozilla/5.0 (Linux; Android 6.0.1; Nexus 5X Build/MMB29P) AppleWebKit/537.36 (KHTML, like Gecko) Chrome/153.0.8010.52 Mobile Safari/537.36 (compatible; Googlebot/2.1; +http://www.google.com/bot.html)"
66.249.66.35 - - [25/Sep/2026:18:55:04 +0000] "GET /category/blog-artikel/?action=edit&file=error_log&path=%2Fhome%2Fkarimun%2Fpublic_html HTTP/1.1" 200 51976 "-" "Mozilla/5.0 (Linux; Android 6.0.1; Nexus 5X Build/MMB29P) AppleWebKit/537.36 (KHTML, like Gecko) Chrome/153.0.8010.52 Mobile Safari/537.36 (compatible; Googlebot/2.1; +http://www.google.com/bot.html)"
66.249.66.35 - - [25/Sep/2026:18:55:04 +0000] "GET /category/blog-artikel/?action=edit&file=license.txt&path=%2Fhome%2Fkarimun%2Fpublic_html HTTP/1.1" 200 35387 "-" "Mozilla/5.0 (Linux; Android 6.0.1; Nexus 5X Build/MMB29P) AppleWebKit/537.36 (KHTML, like Gecko) Chrome/153.0.8010.52 Mobile Safari/537.36 (compatible; Googlebot/2.1; +http://www.google.com/bot.html)"
66.249.66.65 - - [25/Sep/2026:18:55:04 +0000] "GET /category/blog-artikel/?action=edit&file=wp-mail.php&path=%2Fhome%2Fkarimun%2Fpublic_html HTTP/1.1" 200 31139 "-" "Mozilla/5.0 (Linux; Android 6.0.1; Nexus 5X Build/MMB29P) AppleWebKit/537.36 (KHTML, like Gecko) Chrome/153.0.8010.52 Mobile Safari/537.36 (compatible; Googlebot/2.1; +http://www.google.com/bot.html)"
66.249.66.193 - - [25/Sep/2026:18:55:05 +0000] "GET /wp-content/plugins/easy-table-of-contents/assets/js/smooth_scroll.min.js?ver=2.0.88%27%20defer%27%20defer HTTP/1.1" 200 478 "https://www.visitkarimun.com/category/blog-artikel/?path=/home/karimun" "Mozilla/5.0 (Linux; Android 6.0.1; Nexus 5X Build/MMB29P) AppleWebKit/537.36 (KHTML, like Gecko) Chrome/153.0.8010.52 Mobile Safari/537.36 (compatible; Googlebot/2.1; +http://www.google.com/bot.html)"
66.249.66.35 - - [25/Sep/2026:18:55:05 +0000] "GET /category/blog-artikel/?action=edit&file=wp-settings.php&path=%2Fhome%2Fkarimun%2Fpublic_html HTTP/1.1" 200 34543 "-" "Mozilla/5.0 (Linux; Android 6.0.1; Nexus 5X Build/MMB29P) AppleWebKit/537.36 (KHTML, like Gecko) Chrome/153.0.8010.52 Mobile Safari/537.36 (compatible; Googlebot/2.1; +http://www.google.com/bot.html)"
66.249.66.193 - - [25/Sep/2026:18:55:06 +0000] "GET /category/blog-artikel/?action=edit&file=wp-load.php&path=%2Fhome%2Fkarimun%2Fpublic_html HTTP/1.1" 200 29581 "-" "Mozilla/5.0 (Linux; Android 6.0.1; Nexus 5X Build/MMB29P) AppleWebKit/537.36 (KHTML, like Gecko) Chrome/153.0.8010.52 Mobile Safari/537.36 (compatible; Googlebot/2.1; +http://www.google.com/bot.html)"
66.249.66.35 - - [25/Sep/2026:18:55:06 +0000] "GET /category/blog-artikel/?action=edit&file=wp-trackback.php&path=%2Fhome%2Fkarimun%2Fpublic_html HTTP/1.1" 200 29972 "-" "Mozilla/5.0 (Linux; Android 6.0.1; Nexus 5X Build/MMB29P) AppleWebKit/537.36 (KHTML, like Gecko) Chrome/153.0.8010.52 Mobile Safari/537.36 (compatible; Googlebot/2.1; +http://www.google.com/bot.html)"
62.83.34.228 - - [25/Sep/2026:18:55:06 +0000] "GET /robots.txt HTTP/2" 200 1361 "-" "tphotobot/0.1 (+https://crawler.estidraft.com/bot)"
66.249.66.35 - - [25/Sep/2026:18:55:07 +0000] "GET /category/blog-artikel/?action=edit&file=wp-comments-post.php&path=%2Fhome%2Fkarimun%2Fpublic_html HTTP/1.1" 200 28968 "-" "Mozilla/5.0 (Linux; Android 6.0.1; Nexus 5X Build/MMB29P) AppleWebKit/537.36 (KHTML, like Gecko) Chrome/153.0.8010.52 Mobile Safari/537.36 (compatible; Googlebot/2.1; +http://www.google.com/bot.html)"
66.249.66.193 - - [25/Sep/2026:18:55:07 +0000] "GET /category/blog-artikel/?action=edit&file=wp-links-opml.php&path=%2Fhome%2Fkarimun%2Fpublic_html HTTP/1.1" 200 29040 "-" "Mozilla/5.0 (Linux; Android 6.0.1; Nexus 5X Build/MMB29P) AppleWebKit/537.36 (KHTML, like Gecko) Chrome/153.0.8010.52 Mobile Safari/537.36 (compatible; Googlebot/2.1; +http://www.google.com/bot.html)"
192.250.235.217 - - [25/Sep/2026:18:56:15 +0000] "POST /wp-cron.php?doing_wp_cron=1790362575.5164079666137695312500 HTTP/1.1" 200 0 "-" "WordPress/7.1.2; https://www.visitkarimun.com"
66.249.66.65 - - [25/Sep/2026:18:56:15 +0000] "GET /karimunjawa-dimana/ HTTP/1.1" 200 61834 "-" "Mozilla/5.0 (Linux; Android 6.0.1; Nexus 5X Build/MMB29P) AppleWebKit/537.36 (KHTML, like Gecko) Chrome/153.0.8010.52 Mobile Safari/537.36 (compatible; Googlebot/2.1; +http://www.google.com/bot.html)"
192.250.235.217 - - [25/Sep/2026:18:57:07 +0000] "POST /wp-cron.php?doing_wp_cron=1790362627.4245810508728027343750 HTTP/1.1" 200 0 "-" "WordPress/7.1.2; https://www.visitkarimun.com"
47.128.117.32 - - [25/Sep/2026:18:57:06 +0000] "GET /penangkaran-hiu-karimunjawa/ HTTP/2" 200 59925 "-" "Mozilla/5.0 (Linux; Android 5.0) AppleWebKit/537.36 (KHTML, like Gecko) Mobile Safari/537.36 (compatible; TikTokSpider; ttspider-feedback@tiktok.com)"
47.128.117.32 - - [25/Sep/2026:18:57:07 +0000] "GET /wp-content/uploads/2025/01/penangkaran-hiu-karimunjawa.jpg HTTP/2" 206 500 "https://www.visitkarimun.com/penangkaran-hiu-karimunjawa/" "Mozilla/5.0 (Linux; Android 5.0) AppleWebKit/537.36 (KHTML, like Gecko) Mobile Safari/537.36 (compatible; TikTokSpider; ttspider-feedback@tiktok.com)"
47.128.117.32 - - [25/Sep/2026:18:57:07 +0000] "GET /wp-content/uploads/2020/05/cemara-besar-karimunjawa.jpg HTTP/2" 200 68075 "https://www.visitkarimun.com/penangkaran-hiu-karimunjawa/" "Mozilla/5.0 (Linux; Android 5.0) AppleWebKit/537.36 (KHTML, like Gecko) Mobile Safari/537.36 (compatible; TikTokSpider; ttspider-feedback@tiktok.com)"
216.73.216.41 - - [25/Sep/2026:18:57:13 +0000] "GET /robots.txt HTTP/1.1" 200 6479 "-" "Mozilla/5.0 (Macintosh; Intel Mac OS X 10_15_7) AppleWebKit/537.36 (KHTML, like Gecko) Chrome/131.0.0.0 Safari/537.36; ClaudeBot/1.0; +claudebot@anthropic.com)"
216.73.216.41 - - [25/Sep/2026:18:57:13 +0000] "GET /tag/wisata-karimun-jawa/ HTTP/2" 200 25906 "-" "Mozilla/5.0 (Macintosh; Intel Mac OS X 10_15_7) AppleWebKit/537.36 (KHTML, like Gecko) Chrome/131.0.0.0 Safari/537.36; ClaudeBot/1.0; +claudebot@anthropic.com)"
216.73.216.41 - - [25/Sep/2026:18:57:14 +0000] "GET /wp-content/plugins/easy-table-of-contents/assets/css/screen.min.css?ver=2.0.88 HTTP/2" 200 1915 "https://www.visitkarimun.com/tag/wisata-karimun-jawa/" "Mozilla/5.0 (Macintosh; Intel Mac OS X 10_15_7) AppleWebKit/537.36 (KHTML, like Gecko) Chrome/131.0.0.0 Safari/537.36; ClaudeBot/1.0; +claudebot@anthropic.com)"
216.73.216.41 - - [25/Sep/2026:18:57:14 +0000] "GET /wp-content/themes/wizata-per/assets/css/mix.css?ver=1.0 HTTP/2" 200 21291 "https://www.visitkarimun.com/tag/wisata-karimun-jawa/" "Mozilla/5.0 (Macintosh; Intel Mac OS X 10_15_7) AppleWebKit/537.36 (KHTML, like Gecko) Chrome/131.0.0.0 Safari/537.36; ClaudeBot/1.0; +claudebot@anthropic.com)"
216.73.216.41 - - [25/Sep/2026:18:57:14 +0000] "GET /wp-content/tablepress-combined.min.css?ver=49 HTTP/2" 200 1665 "https://www.visitkarimun.com/tag/wisata-karimun-jawa/" "Mozilla/5.0 (Macintosh; Intel Mac OS X 10_15_7) AppleWebKit/537.36 (KHTML, like Gecko) Chrome/131.0.0.0 Safari/537.36; ClaudeBot/1.0; +claudebot@anthropic.com)"
216.73.216.41 - - [25/Sep/2026:18:57:14 +0000] "GET /wp-content/themes/wizata-per/responsive.css HTTP/2" 200 1113 "https://www.visitkarimun.com/tag/wisata-karimun-jawa/" "Mozilla/5.0 (Macintosh; Intel Mac OS X 10_15_7) AppleWebKit/537.36 (KHTML, like Gecko) Chrome/131.0.0.0 Safari/537.36; ClaudeBot/1.0; +claudebot@anthropic.com)"
216.73.216.41 - - [25/Sep/2026:18:57:14 +0000] "GET /wp-content/uploads/2022/12/header.jpg HTTP/2" 200 5720 "https://www.visitkarimun.com/tag/wisata-karimun-jawa/" "Mozilla/5.0 (Macintosh; Intel Mac OS X 10_15_7) AppleWebKit/537.36 (KHTML, like Gecko) Chrome/131.0.0.0 Safari/537.36; ClaudeBot/1.0; +claudebot@anthropic.com)"
216.73.216.41 - - [25/Sep/2026:18:57:14 +0000] "GET /wp-content/uploads/2022/04/wisata-karimun-jawa-jepara-350x220.jpg HTTP/2" 200 12002 "https://www.visitkarimun.com/tag/wisata-karimun-jawa/" "Mozilla/5.0 (Macintosh; Intel Mac OS X 10_15_7) AppleWebKit/537.36 (KHTML, like Gecko) Chrome/131.0.0.0 Safari/537.36; ClaudeBot/1.0; +claudebot@anthropic.com)"
216.73.216.41 - - [25/Sep/2026:18:57:14 +0000] "GET /wp-content/themes/wizata-per/style.css?ver=1.0 HTTP/2" 200 7010 "https://www.visitkarimun.com/tag/wisata-karimun-jawa/" "Mozilla/5.0 (Macintosh; Intel Mac OS X 10_15_7) AppleWebKit/537.36 (KHTML, like Gecko) Chrome/131.0.0.0 Safari/537.36; ClaudeBot/1.0; +claudebot@anthropic.com)"
216.73.216.41 - - [25/Sep/2026:18:57:14 +0000] "GET /wp-content/themes/wizata-per/assets/js/jquery.min.js?ver=2.2.4 HTTP/2" 200 29166 "https://www.visitkarimun.com/tag/wisata-karimun-jawa/" "Mozilla/5.0 (Macintosh; Intel Mac OS X 10_15_7) AppleWebKit/537.36 (KHTML, like Gecko) Chrome/131.0.0.0 Safari/537.36; ClaudeBot/1.0; +claudebot@anthropic.com)"
216.73.216.41 - - [25/Sep/2026:18:57:14 +0000] "GET /wp-content/plugins/easy-table-of-contents/assets/js/smooth_scroll.min.js?ver=2.0.88%27%20defer%27%20defer HTTP/2" 200 478 "https://www.visitkarimun.com/tag/wisata-karimun-jawa/" "Mozilla/5.0 (Macintosh; Intel Mac OS X 10_15_7) AppleWebKit/537.36 (KHTML, like Gecko) Chrome/131.0.0.0 Safari/537.36; ClaudeBot/1.0; +claudebot@anthropic.com)"
216.73.216.41 - - [25/Sep/2026:18:57:14 +0000] "GET /wp-content/plugins/easy-table-of-contents/vendor/js-cookie/js.cookie.min.js?ver=2.2.1%27%20defer%27%20defer HTTP/2" 200 995 "https://www.visitkarimun.com/tag/wisata-karimun-jawa/" "Mozilla/5.0 (Macintosh; Intel Mac OS X 10_15_7) AppleWebKit/537.36 (KHTML, like Gecko) Chrome/131.0.0.0 Safari/537.36; ClaudeBot/1.0; +claudebot@anthropic.com)"
216.73.216.41 - - [25/Sep/2026:18:57:14 +0000] "GET /wp-content/plugins/easy-table-of-contents/vendor/sticky-kit/jquery.sticky-kit.min.js?ver=1.9.2%27%20defer%27%20defer HTTP/2" 200 1180 "https://www.visitkarimun.com/tag/wisata-karimun-jawa/" "Mozilla/5.0 (Macintosh; Intel Mac OS X 10_15_7) AppleWebKit/537.36 (KHTML, like Gecko) Chrome/131.0.0.0 Safari/537.36; ClaudeBot/1.0; +claudebot@anthropic.com)"
216.73.216.41 - - [25/Sep/2026:18:57:14 +0000] "GET /wp-content/plugins/easy-table-of-contents/assets/js/front.min.js?ver=2.0.88-1789581705%27%20defer%27%20defer HTTP/2" 200 1531 "https://www.visitkarimun.com/tag/wisata-karimun-jawa/" "Mozilla/5.0 (Macintosh; Intel Mac OS X 10_15_7) AppleWebKit/537.36 (KHTML, like Gecko) Chrome/131.0.0.0 Safari/537.36; ClaudeBot/1.0; +claudebot@anthropic.com)"
216.73.216.41 - - [25/Sep/2026:18:57:14 +0000] "GET /wp-content/themes/wizata-per/images/badge2.png HTTP/2" 200 2704 "https://www.visitkarimun.com/tag/wisata-karimun-jawa/" "Mozilla/5.0 (Macintosh; Intel Mac OS X 10_15_7) AppleWebKit/537.36 (KHTML, like Gecko) Chrome/131.0.0.0 Safari/537.36; ClaudeBot/1.0; +claudebot@anthropic.com)"
216.73.216.41 - - [25/Sep/2026:18:57:14 +0000] "GET /wp-content/themes/wizata-per/images/badge1.png HTTP/2" 200 3434 "https://www.visitkarimun.com/tag/wisata-karimun-jawa/" "Mozilla/5.0 (Macintosh; Intel Mac OS X 10_15_7) AppleWebKit/537.36 (KHTML, like Gecko) Chrome/131.0.0.0 Safari/537.36; ClaudeBot/1.0; +claudebot@anthropic.com)"
216.73.216.41 - - [25/Sep/2026:18:57:14 +0000] "GET /wp-content/themes/wizata-per/images/wa.png HTTP/2" 200 710 "https://www.visitkarimun.com/tag/wisata-karimun-jawa/" "Mozilla/5.0 (Macintosh; Intel Mac OS X 10_15_7) AppleWebKit/537.36 (KHTML, like Gecko) Chrome/131.0.0.0 Safari/537.36; ClaudeBot/1.0; +claudebot@anthropic.com)"
216.73.216.41 - - [25/Sep/2026:18:57:14 +0000] "GET /wp-content/themes/wizata-per/assets/js/mix.js?ver=1.0%27%20defer%27%20defer HTTP/2" 200 111566 "https://www.visitkarimun.com/tag/wisata-karimun-jawa/" "Mozilla/5.0 (Macintosh; Intel Mac OS X 10_15_7) AppleWebKit/537.36 (KHTML, like Gecko) Chrome/131.0.0.0 Safari/537.36; ClaudeBot/1.0; +claudebot@anthropic.com)"
216.73.216.41 - - [25/Sep/2026:18:57:14 +0000] "GET /wp-content/plugins/section-collection/build/advanced.js?ver=2.0.7%27%20defer%27%20defer HTTP/2" 200 5110 "https://www.visitkarimun.com/tag/wisata-karimun-jawa/" "Mozilla/5.0 (Macintosh; Intel Mac OS X 10_15_7) AppleWebKit/537.36 (KHTML, like Gecko) Chrome/131.0.0.0 Safari/537.36; ClaudeBot/1.0; +claudebot@anthropic.com)"
216.73.216.41 - - [25/Sep/2026:18:57:14 +0000] "GET /wp-content/themes/wizata-per/images/telp.png HTTP/2" 200 624 "https://www.visitkarimun.com/tag/wisata-karimun-jawa/" "Mozilla/5.0 (Macintosh; Intel Mac OS X 10_15_7) AppleWebKit/537.36 (KHTML, like Gecko) Chrome/131.0.0.0 Safari/537.36; ClaudeBot/1.0; +claudebot@anthropic.com)"
216.73.216.41 - - [25/Sep/2026:18:57:14 +0000] "GET /wp-content/plugins/google-site-kit/dist/assets/js/googlesitekit-consent-mode-755f1678e260138d789e.js'%20defer'%20defer HTTP/2" 200 16400 "https://www.visitkarimun.com/tag/wisata-karimun-jawa/" "Mozilla/5.0 (Macintosh; Intel Mac OS X 10_15_7) AppleWebKit/537.36 (KHTML, like Gecko) Chrome/131.0.0.0 Safari/537.36; ClaudeBot/1.0; +claudebot@anthropic.com)"
216.73.216.41 - - [25/Sep/2026:18:57:14 +0000] "GET /wp-content/plugins/google-site-kit/dist/assets/js/googlesitekit-events-provider-content-events-c7172f3fd0e4d5ad62ef.js'%20defer'%20defer HTTP/2" 200 16360 "https://www.visitkarimun.com/tag/wisata-karimun-jawa/" "Mozilla/5.0 (Macintosh; Intel Mac OS X 10_15_7) AppleWebKit/537.36 (KHTML, like Gecko) Chrome/131.0.0.0 Safari/537.36; ClaudeBot/1.0; +claudebot@anthropic.com)"
216.73.216.41 - - [25/Sep/2026:18:57:14 +0000] "GET /wp-content/plugins/google-site-kit/dist/assets/js/sign-in-with-google-5a9e012872c712a23a12.js'%20defer HTTP/2" 200 16372 "https://www.visitkarimun.com/tag/wisata-karimun-jawa/" "Mozilla/5.0 (Macintosh; Intel Mac OS X 10_15_7) AppleWebKit/537.36 (KHTML, like Gecko) Chrome/131.0.0.0 Safari/537.36; ClaudeBot/1.0; +claudebot@anthropic.com)"
216.73.216.41 - - [25/Sep/2026:18:57:15 +0000] "GET /wp-content/themes/wizata-per/assets/fonts/Elusive-Icons.woff?v=2 HTTP/2" 200 61716 "https://www.visitkarimun.com/wp-content/themes/wizata-per/assets/css/mix.css?ver=1.0" "Mozilla/5.0 (Macintosh; Intel Mac OS X 10_15_7) AppleWebKit/537.36 (KHTML, like Gecko) Chrome/131.0.0.0 Safari/537.36; ClaudeBot/1.0; +claudebot@anthropic.com)"
216.73.216.41 - - [25/Sep/2026:18:57:15 +0000] "GET /wp-content/themes/wizata-per/assets/fonts/glyphicons-halflings-regular.woff2 HTTP/2" 200 18028 "https://www.visitkarimun.com/wp-content/themes/wizata-per/assets/css/mix.css?ver=1.0" "Mozilla/5.0 (Macintosh; Intel Mac OS X 10_15_7) AppleWebKit/537.36 (KHTML, like Gecko) Chrome/131.0.0.0 Safari/537.36; ClaudeBot/1.0; +claudebot@anthropic.com)"
216.73.216.41 - - [25/Sep/2026:18:57:15 +0000] "GET /wp-content/uploads/2020/05/cemara-besar-karimunjawa.jpg HTTP/2" 200 16348 "https://www.visitkarimun.com/tag/wisata-karimun-jawa/" "Mozilla/5.0 (Macintosh; Intel Mac OS X 10_15_7) AppleWebKit/537.36 (KHTML, like Gecko) Chrome/131.0.0.0 Safari/537.36; ClaudeBot/1.0; +claudebot@anthropic.com)"
216.73.216.41 - - [25/Sep/2026:18:57:15 +0000] "GET /wp-content/uploads/2023/08/pulau-menjangan-kecil-karimunajwa.jpg HTTP/2" 200 109574 "https://www.visitkarimun.com/tag/wisata-karimun-jawa/" "Mozilla/5.0 (Macintosh; Intel Mac OS X 10_15_7) AppleWebKit/537.36 (KHTML, like Gecko) Chrome/131.0.0.0 Safari/537.36; ClaudeBot/1.0; +claudebot@anthropic.com)"
216.73.216.41 - - [25/Sep/2026:18:57:15 +0000] "GET /wp-content/themes/wizata-per/images/email.png HTTP/2" 200 654 "https://www.visitkarimun.com/wp-content/themes/wizata-per/style.css?ver=1.0" "Mozilla/5.0 (Macintosh; Intel Mac OS X 10_15_7) AppleWebKit/537.36 (KHTML, like Gecko) Chrome/131.0.0.0 Safari/537.36; ClaudeBot/1.0; +claudebot@anthropic.com)"
62.83.32.243 - - [25/Sep/2026:18:57:16 +0000] "GET /wp-content/themes/wizata-per/images/badge2.png HTTP/2" 200 9543 "-" "tphotobot/0.1 (+https://crawler.estidraft.com/bot)"
62.83.32.243 - - [25/Sep/2026:18:57:16 +0000] "GET /wp-content/uploads/2022/12/header.jpg HTTP/2" 200 10886 "-" "tphotobot/0.1 (+https://crawler.estidraft.com/bot)"
216.73.216.41 - - [25/Sep/2026:18:57:17 +0000] "GET /wp-content/themes/wizata-per/images/icon_top.png HTTP/2" 200 338 "https://www.visitkarimun.com/wp-content/themes/wizata-per/style.css?ver=1.0" "Mozilla/5.0 (Macintosh; Intel Mac OS X 10_15_7) AppleWebKit/537.36 (KHTML, like Gecko) Chrome/131.0.0.0 Safari/537.36; ClaudeBot/1.0; +claudebot@anthropic.com)"
216.73.216.41 - - [25/Sep/2026:18:57:17 +0000] "GET /wp-content/themes/wizata-per/images/downArrow.png HTTP/2" 200 94 "https://www.visitkarimun.com/wp-content/themes/wizata-per/style.css?ver=1.0" "Mozilla/5.0 (Macintosh; Intel Mac OS X 10_15_7) AppleWebKit/537.36 (KHTML, like Gecko) Chrome/131.0.0.0 Safari/537.36; ClaudeBot/1.0; +claudebot@anthropic.com)"
216.73.216.41 - - [25/Sep/2026:18:57:17 +0000] "GET /wp-content/uploads/2023/05/liburan-ke-karimunjawa-350x220.jpg HTTP/2" 200 15318 "https://www.visitkarimun.com/tag/wisata-karimun-jawa/" "Mozilla/5.0 (Macintosh; Intel Mac OS X 10_15_7) AppleWebKit/537.36 (KHTML, like Gecko) Chrome/131.0.0.0 Safari/537.36; ClaudeBot/1.0; +claudebot@anthropic.com)"
62.83.32.243 - - [25/Sep/2026:18:57:17 +0000] "GET /wp-content/uploads/2022/03/legon-waru-cottage-1-350x220.jpg HTTP/2" 200 65324 "-" "tphotobot/0.1 (+https://crawler.estidraft.com/bot)"
62.83.32.243 - - [25/Sep/2026:18:57:17 +0000] "GET /wp-content/themes/wizata-per/images/badge1.png HTTP/2" 200 9978 "-" "tphotobot/0.1 (+https://crawler.estidraft.com/bot)"
62.83.32.243 - - [25/Sep/2026:18:57:17 +0000] "GET /wp-content/uploads/2021/06/pulau-rinca-komodo-350x220.jpg HTTP/2" 200 84533 "-" "tphotobot/0.1 (+https://crawler.estidraft.com/bot)"
216.73.216.41 - - [25/Sep/2026:18:57:19 +0000] "GET /wp-content/uploads/2018/09/tiket-kapal-ke-karimunjawa-140x90.jpg HTTP/2" 200 2750 "https://www.visitkarimun.com/tag/wisata-karimun-jawa/" "Mozilla/5.0 (Macintosh; Intel Mac OS X 10_15_7) AppleWebKit/537.36 (KHTML, like Gecko) Chrome/131.0.0.0 Safari/537.36; ClaudeBot/1.0; +claudebot@anthropic.com)"
216.73.216.41 - - [25/Sep/2026:18:57:19 +0000] "GET /wp-content/uploads/2017/11/kapal-karimunjawa-ferry-siginjai-140x90.jpg HTTP/2" 200 2836 "https://www.visitkarimun.com/tag/wisata-karimun-jawa/" "Mozilla/5.0 (Macintosh; Intel Mac OS X 10_15_7) AppleWebKit/537.36 (KHTML, like Gecko) Chrome/131.0.0.0 Safari/537.36; ClaudeBot/1.0; +claudebot@anthropic.com)"
62.83.32.243 - - [25/Sep/2026:18:57:16 +0000] "GET /wp-content/uploads/2025/09/jetski-karimunjawa.jpg HTTP/2" 200 234696 "-" "tphotobot/0.1 (+https://crawler.estidraft.com/bot)"
216.73.216.41 - - [25/Sep/2026:18:57:22 +0000] "GET /wp-content/uploads/2021/09/karimunjawa-4-hari-3-malam-350x220.jpg HTTP/2" 200 11508 "https://www.visitkarimun.com/tag/wisata-karimun-jawa/" "Mozilla/5.0 (Macintosh; Intel Mac OS X 10_15_7) AppleWebKit/537.36 (KHTML, like Gecko) Chrome/131.0.0.0 Safari/537.36; ClaudeBot/1.0; +claudebot@anthropic.com)"
216.73.216.41 - - [25/Sep/2026:18:57:27 +0000] "GET /wp-content/uploads/2021/03/paket-tour-karimunjawa-350x220.jpg HTTP/2" 200 14078 "https://www.visitkarimun.com/tag/wisata-karimun-jawa/" "Mozilla/5.0 (Macintosh; Intel Mac OS X 10_15_7) AppleWebKit/537.36 (KHTML, like Gecko) Chrome/131.0.0.0 Safari/537.36; ClaudeBot/1.0; +claudebot@anthropic.com)"
66.249.66.36 - - [25/Sep/2026:18:57:29 +0000] "GET /rincian-biaya-wisata-karimunjawa/ HTTP/1.1" 200 62304 "-" "Mozilla/5.0 (Linux; Android 6.0.1; Nexus 5X Build/MMB29P) AppleWebKit/537.36 (KHTML, like Gecko) Chrome/153.0.8010.52 Mobile Safari/537.36 (compatible; Googlebot/2.1; +http://www.google.com/bot.html)"
216.73.216.41 - - [25/Sep/2026:18:57:32 +0000] "GET /wp-content/uploads/2019/09/paket-wisata-karimunjawa-dari-semarang-350x220.jpg HTTP/2" 200 21796 "https://www.visitkarimun.com/tag/wisata-karimun-jawa/" "Mozilla/5.0 (Macintosh; Intel Mac OS X 10_15_7) AppleWebKit/537.36 (KHTML, like Gecko) Chrome/131.0.0.0 Safari/537.36; ClaudeBot/1.0; +claudebot@anthropic.com)"
62.83.32.243 - - [25/Sep/2026:18:57:35 +0000] "GET /wp-content/uploads/2018/09/tiket-kapal-ke-karimunjawa-140x90.jpg HTTP/2" 200 12425 "-" "tphotobot/0.1 (+https://crawler.estidraft.com/bot)"
62.83.32.243 - - [25/Sep/2026:18:57:35 +0000] "GET /wp-content/uploads/2022/04/wisata-karimun-jawa-jepara-350x220.jpg HTTP/2" 200 61086 "-" "tphotobot/0.1 (+https://crawler.estidraft.com/bot)"
62.83.32.243 - - [25/Sep/2026:18:57:35 +0000] "GET /wp-content/uploads/2017/11/kapal-karimunjawa-ferry-siginjai-140x90.jpg HTTP/2" 200 12478 "-" "tphotobot/0.1 (+https://crawler.estidraft.com/bot)"
62.83.32.243 - - [25/Sep/2026:18:57:35 +0000] "GET /wp-content/themes/wizata-per/images/wa.png HTTP/2" 200 1928 "-" "tphotobot/0.1 (+https://crawler.estidraft.com/bot)"
62.83.32.243 - - [25/Sep/2026:18:57:37 +0000] "GET /wp-content/themes/wizata-per/images/telp.png HTTP/2" 200 1819 "-" "tphotobot/0.1 (+https://crawler.estidraft.com/bot)"
62.83.32.243 - - [25/Sep/2026:18:57:37 +0000] "GET /wp-content/uploads/2024/12/slide-banner-2.jpg HTTP/2" 200 96145 "-" "tphotobot/0.1 (+https://crawler.estidraft.com/bot)"
216.73.216.41 - - [25/Sep/2026:18:57:38 +0000] "GET /wp-content/uploads/2022/03/legon-waru-cottage-1-350x220.jpg HTTP/2" 200 14196 "https://www.visitkarimun.com/tag/wisata-karimun-jawa/" "Mozilla/5.0 (Macintosh; Intel Mac OS X 10_15_7) AppleWebKit/537.36 (KHTML, like Gecko) Chrome/131.0.0.0 Safari/537.36; ClaudeBot/1.0; +claudebot@anthropic.com)"
192.250.235.217 - - [25/Sep/2026:18:58:22 +0000] "POST /wp-cron.php?doing_wp_cron=1790362702.3853878974914550781250 HTTP/1.1" 200 0 "-" "WordPress/7.1.2; https://www.visitkarimun.com"
66.249.66.35 - - [25/Sep/2026:18:58:22 +0000] "GET /wp-content/uploads/2018/03/harga-paket-wisata-karimunjawa.jpg HTTP/1.1" 200 16361 "-" "Googlebot-Image/1.0"
66.249.66.35 - - [25/Sep/2026:18:58:23 +0000] "GET /wp-content/uploads/2021/12/biaya-wisata-karimunjawa-350x220.jpg HTTP/1.1" 200 16350 "-" "Googlebot-Image/1.0"
66.249.66.4 - - [25/Sep/2026:18:59:22 +0000] "GET /wp-content/themes/wizata-per/assets/js/mix.js?ver=1.0%27%20defer%27%20defer HTTP/1.1" 200 111566 "https://www.visitkarimun.com/category/blog-artikel/?action=edit&file=.monarx-user&path=%2Fhome%2Fkarimun%2Fpublic_html" "Mozilla/5.0 (Linux; Android 6.0.1; Nexus 5X Build/MMB29P) AppleWebKit/537.36 (KHTML, like Gecko) Chrome/153.0.8010.52 Mobile Safari/537.36 (compatible; Googlebot/2.1; +http://www.google.com/bot.html)"
192.250.235.217 - - [25/Sep/2026:18:59:36 +0000] "POST /wp-cron.php?doing_wp_cron=1790362776.3385460376739501953125 HTTP/1.1" 200 0 "-" "WordPress/7.1.2; https://www.visitkarimun.com"
66.249.66.35 - - [25/Sep/2026:18:59:35 +0000] "GET /category/blog-artikel/?action=edit&file=error_log&path=%2Fhome%2Fkarimun%2Fpublic_html HTTP/1.1" 200 51900 "-" "Mozilla/5.0 (Linux; Android 6.0.1; Nexus 5X Build/MMB29P) AppleWebKit/537.36 (KHTML, like Gecko) Chrome/153.0.8010.52 Mobile Safari/537.36 (compatible; Googlebot/2.1; +http://www.google.com/bot.html)"
66.249.66.37 - - [25/Sep/2026:19:00:45 +0000] "GET /wp-includes/js/dist/block-editor.min.js?ver=37e58da384b2558bd479%27%20defer%27%20defer HTTP/1.1" 200 407357 "https://www.visitkarimun.com/karimunjawa-dimana/" "Mozilla/5.0 (Linux; Android 6.0.1; Nexus 5X Build/MMB29P) AppleWebKit/537.36 (KHTML, like Gecko) Chrome/153.0.8010.52 Mobile Safari/537.36 (compatible; Googlebot/2.1; +http://www.google.com/bot.html)"
66.249.66.36 - - [25/Sep/2026:19:00:47 +0000] "GET /wp-includes/js/dist/dom-ready.min.js?ver=3fe927cab37bf38d6a23%27%20defer%27%20defer HTTP/1.1" 200 438 "https://www.visitkarimun.com/karimunjawa-dimana/" "Mozilla/5.0 (Linux; Android 6.0.1; Nexus 5X Build/MMB29P) AppleWebKit/537.36 (KHTML, like Gecko) Chrome/153.0.8010.52 Mobile Safari/537.36 (compatible; Googlebot/2.1; +http://www.google.com/bot.html)"
66.249.66.66 - - [25/Sep/2026:19:00:47 +0000] "GET /wp-includes/js/dist/blocks.min.js?ver=c0e57a630a0b6f6c3bb5%27%20defer%27%20defer HTTP/1.1" 200 43487 "https://www.visitkarimun.com/karimunjawa-dimana/" "Mozilla/5.0 (Linux; Android 6.0.1; Nexus 5X Build/MMB29P) AppleWebKit/537.36 (KHTML, like Gecko) Chrome/153.0.8010.52 Mobile Safari/537.36 (compatible; Googlebot/2.1; +http://www.google.com/bot.html)"
66.249.66.67 - - [25/Sep/2026:19:00:47 +0000] "GET /wp-includes/js/dist/shortcode.min.js?ver=f6273476300cc5fad4cd%27%20defer%27%20defer HTTP/1.1" 200 1521 "https://www.visitkarimun.com/karimunjawa-dimana/" "Mozilla/5.0 (Linux; Android 6.0.1; Nexus 5X Build/MMB29P) AppleWebKit/537.36 (KHTML, like Gecko) Chrome/153.0.8010.52 Mobile Safari/537.36 (compatible; Googlebot/2.1; +http://www.google.com/bot.html)"
192.250.235.217 - - [25/Sep/2026:19:03:56 +0000] "POST /wp-cron.php?doing_wp_cron=1790363036.2033929824829101562500 HTTP/1.1" 200 0 "-" "WordPress/7.1.2; https://www.visitkarimun.com"
57.141.2.78 - - [25/Sep/2026:19:03:54 +0000] "GET /category/destinasi-wisata/ HTTP/2" 200 31137 "-" "Mozilla/5.0 (Macintosh; Intel Mac OS X 10_15_7) AppleWebKit/537.36 (KHTML, like Gecko) Chrome/145.0.0.0 Safari/537.36 (compatible; meta-webindexer/1.1 (+https://developers.facebook.com/docs/sharing/webmasters/crawler))"
57.141.2.16 - - [25/Sep/2026:19:03:56 +0000] "GET /open-trip-wisata-karimun-jawa-dari-jakarta/ HTTP/2" 200 44726 "-" "Mozilla/5.0 (Macintosh; Intel Mac OS X 10_15_7) AppleWebKit/537.36 (KHTML, like Gecko) Chrome/145.0.0.0 Safari/537.36 (compatible; meta-webindexer/1.1 (+https://developers.facebook.com/docs/sharing/webmasters/crawler))"
192.250.235.217 - - [25/Sep/2026:19:04:21 +0000] "POST /wp-cron.php?doing_wp_cron=1790363061.2312760353088378906250 HTTP/1.1" 200 0 "-" "WordPress/7.1.2; https://www.visitkarimun.com"
66.249.66.67 - - [25/Sep/2026:19:04:20 +0000] "GET /wp-content/uploads/2018/08/Paket-Wisata-Rombongan-ke-Karimunjawa.jpg HTTP/1.1" 200 16362 "-" "Googlebot-Image/1.0"
192.250.235.217 - - [25/Sep/2026:19:04:50 +0000] "POST /wp-cron.php?doing_wp_cron=1790363089.8457169532775878906250 HTTP/1.1" 200 0 "-" "WordPress/7.1.2; https://www.visitkarimun.com"
43.135.144.126 - - [25/Sep/2026:19:04:49 +0000] "GET /tour/paket-wisata-karimunjawa-2-hari-1-malam-ferry-siginjai/ HTTP/1.1" 200 31176 "-" "Mozilla/5.0 (iPhone; CPU iPhone OS 13_2_3 like Mac OS X) AppleWebKit/605.1.15 (KHTML, like Gecko) Version/13.0.3 Mobile/15E148 Safari/604.1"
45.6.137.181 - - [25/Sep/2026:19:05:18 +0000] "GET /wp-content/uploads/2021/05/room-happiness-hills.jpeg HTTP/1.1" 200 205888 "-" "Mozilla/5.0 (Macintosh; PPC Mac OS X 10_10_2) AppleWebKit/536.2 (KHTML, like Gecko) Chrome/55.0.844.0 Safari/536.2"
192.250.235.217 - - [25/Sep/2026:19:06:05 +0000] "POST /wp-cron.php?doing_wp_cron=1790363165.6201519966125488281250 HTTP/1.1" 200 0 "-" "WordPress/7.1.2; https://www.visitkarimun.com"
95.79.89.197 - - [25/Sep/2026:19:06:04 +0000] "GET /media/system/js/core.js HTTP/1.1" 200 18164 "-" "Mozilla/5.0 (Windows NT 6.1; Win64; x64) AppleWebKit/537.36 (KHTML, like Gecko) Chrome/63.0.3239.132 Safari/537.36"
192.250.235.217 - - [25/Sep/2026:19:07:12 +0000] "POST /wp-cron.php?doing_wp_cron=1790363232.1582620143890380859375 HTTP/1.1" 200 0 "-" "WordPress/7.1.2; https://www.visitkarimun.com"
40.77.167.4 - - [25/Sep/2026:19:07:11 +0000] "GET /biaya-ke-labuan-bajo/biaya-ke-labuan-bajo-2/ HTTP/2" 200 24292 "-" "Mozilla/5.0 AppleWebKit/537.36 (KHTML, like Gecko; compatible; bingbot/2.0; +http://www.bing.com/bingbot.htm) Chrome/116.0.1938.76 Safari/537.36"
40.77.167.4 - - [25/Sep/2026:19:07:12 +0000] "GET /asta-homestay-karimunjawa/singel-bed-asta-homestay/ HTTP/2" 200 24367 "-" "Mozilla/5.0 AppleWebKit/537.36 (KHTML, like Gecko; compatible; bingbot/2.0; +http://www.bing.com/bingbot.htm) Chrome/116.0.1938.76 Safari/537.36"
66.249.66.35 - - [25/Sep/2026:19:10:44 +0000] "GET /category/blog-artikel/?action=edit&file=.htaccess&path=%2Fhome%2Fkarimun%2Fpublic_html%2Fwp-content HTTP/1.1" 200 28396 "-" "Mozilla/5.0 (Linux; Android 6.0.1; Nexus 5X Build/MMB29P) AppleWebKit/537.36 (KHTML, like Gecko) Chrome/153.0.8010.52 Mobile Safari/537.36 (compatible; GoogleOther)"
66.249.66.65 - - [25/Sep/2026:19:10:44 +0000] "GET /rincian-biaya-wisata-karimunjawa/?path=/home HTTP/1.1" 200 61776 "-" "Mozilla/5.0 (Linux; Android 6.0.1; Nexus 5X Build/MMB29P) AppleWebKit/537.36 (KHTML, like Gecko) Chrome/153.0.8010.52 Mobile Safari/537.36 (compatible; GoogleOther)"
66.249.66.66 - - [25/Sep/2026:19:10:46 +0000] "GET /?path=%2Fhome%2Fkarimun%2Fpublic_html%2F.well-known HTTP/1.1" 200 27603 "-" "Mozilla/5.0 (Linux; Android 6.0.1; Nexus 5X Build/MMB29P) AppleWebKit/537.36 (KHTML, like Gecko) Chrome/153.0.8010.52 Mobile Safari/537.36 (compatible; Googlebot/2.1; +http://www.google.com/bot.html)"
66.249.66.195 - - [25/Sep/2026:19:10:46 +0000] "GET /category/blog-artikel/page/2/?action=edit&file=wp-config.php&path=%2Fhome%2Fkarimun%2Fpublic_html HTTP/1.1" 200 29957 "-" "Mozilla/5.0 (Linux; Android 6.0.1; Nexus 5X Build/MMB29P) AppleWebKit/537.36 (KHTML, like Gecko) Chrome/153.0.8010.52 Mobile Safari/537.36 (compatible; GoogleOther)"
66.249.66.35 - - [25/Sep/2026:19:10:47 +0000] "GET /wp-includes/js/dist/dom.min.js?ver=c95f94cbbc1ac3fde84f%27%20defer%27%20defer HTTP/1.1" 200 4926 "https://www.visitkarimun.com/rincian-biaya-wisata-karimunjawa/?path=/home" "Mozilla/5.0 (Linux; Android 6.0.1; Nexus 5X Build/MMB29P) AppleWebKit/537.36 (KHTML, like Gecko) Chrome/153.0.8010.52 Mobile Safari/537.36 (compatible; GoogleOther)"
66.249.66.36 - - [25/Sep/2026:19:10:47 +0000] "GET /wp-content/plugins/google-site-kit/dist/assets/js/googlesitekit-events-provider-content-events-c7172f3fd0e4d5ad62ef.js'%20defer'%20defer HTTP/1.1" 200 16372 "https://www.visitkarimun.com/rincian-biaya-wisata-karimunjawa/?path=/home" "Mozilla/5.0 (Linux; Android 6.0.1; Nexus 5X Build/MMB29P) AppleWebKit/537.36 (KHTML, like Gecko) Chrome/153.0.8010.52 Mobile Safari/537.36 (compatible; GoogleOther)"
66.249.66.66 - - [25/Sep/2026:19:10:48 +0000] "GET /wp-includes/js/dist/i18n.min.js?ver=1dfe7db3940c23ea9216%27%20defer%27%20defer HTTP/1.1" 200 2379 "https://www.visitkarimun.com/rincian-biaya-wisata-karimunjawa/?path=/home" "Mozilla/5.0 (Linux; Android 6.0.1; Nexus 5X Build/MMB29P) AppleWebKit/537.36 (KHTML, like Gecko) Chrome/153.0.8010.52 Mobile Safari/537.36 (compatible; GoogleOther)"
66.249.66.66 - - [25/Sep/2026:19:10:48 +0000] "GET /?action=edit&file=wp-blog-header.php&path=%2Fhome%2Fkarimun%2Fpublic_html HTTP/1.1" 200 27543 "-" "Mozilla/5.0 (Linux; Android 6.0.1; Nexus 5X Build/MMB29P) AppleWebKit/537.36 (KHTML, like Gecko) Chrome/153.0.8010.52 Mobile Safari/537.36 (compatible; Googlebot/2.1; +http://www.google.com/bot.html)"
66.249.66.36 - - [25/Sep/2026:19:10:49 +0000] "GET /wp-content/plugins/google-site-kit/dist/assets/js/googlesitekit-consent-mode-755f1678e260138d789e.js'%20defer'%20defer HTTP/1.1" 200 16354 "https://www.visitkarimun.com/rincian-biaya-wisata-karimunjawa/?path=/home" "Mozilla/5.0 (Linux; Android 6.0.1; Nexus 5X Build/MMB29P) AppleWebKit/537.36 (KHTML, like Gecko) Chrome/153.0.8010.52 Mobile Safari/537.36 (compatible; GoogleOther)"
66.249.66.194 - - [25/Sep/2026:19:10:49 +0000] "GET /wp-content/themes/wizata-per/images/wa-icon-fill-green.svg HTTP/1.1" 200 898 "https://www.visitkarimun.com/rincian-biaya-wisata-karimunjawa/?path=/home" "Mozilla/5.0 (Linux; Android 6.0.1; Nexus 5X Build/MMB29P) AppleWebKit/537.36 (KHTML, like Gecko) Chrome/153.0.8010.52 Mobile Safari/537.36 (compatible; GoogleOther)"
66.249.66.65 - - [25/Sep/2026:19:10:49 +0000] "GET /wp-includes/js/dist/vendor/react-dom.min.js?ver=18.3.1.1%27%20defer%27%20defer HTTP/1.1" 200 41410 "https://www.visitkarimun.com/rincian-biaya-wisata-karimunjawa/?path=/home" "Mozilla/5.0 (Linux; Android 6.0.1; Nexus 5X Build/MMB29P) AppleWebKit/537.36 (KHTML, like Gecko) Chrome/153.0.8010.52 Mobile Safari/537.36 (compatible; GoogleOther)"
66.249.66.66 - - [25/Sep/2026:19:10:50 +0000] "GET /wp-includes/js/dist/vendor/react.min.js?ver=18.3.1.1%27%20defer%27%20defer HTTP/1.1" 200 4117 "https://www.visitkarimun.com/rincian-biaya-wisata-karimunjawa/?path=/home" "Mozilla/5.0 (Linux; Android 6.0.1; Nexus 5X Build/MMB29P) AppleWebKit/537.36 (KHTML, like Gecko) Chrome/153.0.8010.52 Mobile Safari/537.36 (compatible; GoogleOther)"
66.249.66.194 - - [25/Sep/2026:19:10:50 +0000] "GET /wp-includes/js/dist/api-fetch.min.js?ver=6f2a4faeee3c722b1e57%27%20defer%27%20defer HTTP/1.1" 200 3151 "https://www.visitkarimun.com/rincian-biaya-wisata-karimunjawa/?path=/home" "Mozilla/5.0 (Linux; Android 6.0.1; Nexus 5X Build/MMB29P) AppleWebKit/537.36 (KHTML, like Gecko) Chrome/153.0.8010.52 Mobile Safari/537.36 (compatible; GoogleOther)"
66.249.66.194 - - [25/Sep/2026:19:10:51 +0000] "GET /wp-content/plugins/google-site-kit/dist/assets/js/googlesitekit-consent-mode-755f1678e260138d789e.js'%20defer'%20defer HTTP/1.1" 200 16409 "https://www.visitkarimun.com/category/blog-artikel/?action=edit&file=.htaccess&path=%2Fhome%2Fkarimun%2Fpublic_html%2Fwp-content" "Mozilla/5.0 (Linux; Android 6.0.1; Nexus 5X Build/MMB29P) AppleWebKit/537.36 (KHTML, like Gecko) Chrome/153.0.8010.52 Mobile Safari/537.36 (compatible; GoogleOther)"
66.249.66.193 - - [25/Sep/2026:19:10:51 +0000] "GET /wp-content/plugins/google-site-kit/dist/assets/js/googlesitekit-events-provider-content-events-c7172f3fd0e4d5ad62ef.js'%20defer'%20defer HTTP/1.1" 200 16415 "https://www.visitkarimun.com/category/blog-artikel/?action=edit&file=.htaccess&path=%2Fhome%2Fkarimun%2Fpublic_html%2Fwp-content" "Mozilla/5.0 (Linux; Android 6.0.1; Nexus 5X Build/MMB29P) AppleWebKit/537.36 (KHTML, like Gecko) Chrome/153.0.8010.52 Mobile Safari/537.36 (compatible; GoogleOther)"
66.249.66.193 - - [25/Sep/2026:19:10:52 +0000] "GET /wp-includes/js/dist/notices.min.js?ver=c09a068fdab0eb465e14%27%20defer%27%20defer HTTP/1.1" 200 1608 "https://www.visitkarimun.com/rincian-biaya-wisata-karimunjawa/?path=/home" "Mozilla/5.0 (Linux; Android 6.0.1; Nexus 5X Build/MMB29P) AppleWebKit/537.36 (KHTML, like Gecko) Chrome/153.0.8010.52 Mobile Safari/537.36 (compatible; GoogleOther)"
66.249.66.193 - - [25/Sep/2026:19:10:52 +0000] "GET /wp-includes/js/dist/private-apis.min.js?ver=eb85f28c4c729bb4f002%27%20defer%27%20defer HTTP/1.1" 200 1068 "https://www.visitkarimun.com/rincian-biaya-wisata-karimunjawa/?path=/home" "Mozilla/5.0 (Linux; Android 6.0.1; Nexus 5X Build/MMB29P) AppleWebKit/537.36 (KHTML, like Gecko) Chrome/153.0.8010.52 Mobile Safari/537.36 (compatible; GoogleOther)"
66.249.66.65 - - [25/Sep/2026:19:10:52 +0000] "GET /wp-includes/js/dist/date.min.js?ver=8173fc0fc12b7bb7eaf0%27%20defer%27%20defer HTTP/1.1" 200 23044 "https://www.visitkarimun.com/rincian-biaya-wisata-karimunjawa/?path=/home" "Mozilla/5.0 (Linux; Android 6.0.1; Nexus 5X Build/MMB29P) AppleWebKit/537.36 (KHTML, like Gecko) Chrome/153.0.8010.52 Mobile Safari/537.36 (compatible; GoogleOther)"
66.249.66.65 - - [25/Sep/2026:19:10:53 +0000] "GET /wp-includes/js/dist/priority-queue.min.js?ver=6c0aa59b65d55dfd509b%27%20defer%27%20defer HTTP/1.1" 200 1536 "https://www.visitkarimun.com/rincian-biaya-wisata-karimunjawa/?path=/home" "Mozilla/5.0 (Linux; Android 6.0.1; Nexus 5X Build/MMB29P) AppleWebKit/537.36 (KHTML, like Gecko) Chrome/153.0.8010.52 Mobile Safari/537.36 (compatible; GoogleOther)"
66.249.66.65 - - [25/Sep/2026:19:10:54 +0000] "GET /wp-includes/js/dist/is-shallow-equal.min.js?ver=7ad271045c1fe60f5496%27%20defer%27%20defer HTTP/1.1" 200 549 "https://www.visitkarimun.com/rincian-biaya-wisata-karimunjawa/?path=/home" "Mozilla/5.0 (Linux; Android 6.0.1; Nexus 5X Build/MMB29P) AppleWebKit/537.36 (KHTML, like Gecko) Chrome/153.0.8010.52 Mobile Safari/537.36 (compatible; GoogleOther)"
66.249.66.193 - - [25/Sep/2026:19:10:53 +0000] "GET /wp-includes/js/dist/block-editor.min.js?ver=37e58da384b2558bd479%27%20defer%27%20defer HTTP/1.1" 200 407357 "https://www.visitkarimun.com/rincian-biaya-wisata-karimunjawa/?path=/home" "Mozilla/5.0 (Linux; Android 6.0.1; Nexus 5X Build/MMB29P) AppleWebKit/537.36 (KHTML, like Gecko) Chrome/153.0.8010.52 Mobile Safari/537.36 (compatible; GoogleOther)"
