74.7.242.58 - - [25/Sep/2026:20:06:59 +0000] "GET /?action=edit&file=monarxprotect-php72.so&path=%2F%2Flib64%2Fmonarx-protect HTTP/2" 200 27262 "https://www.visitkarimun.com/?path=%2F%2Flib64%2Fmonarx-protect" "Mozilla/5.0 AppleWebKit/537.36 (KHTML, like Gecko; compatible; GPTBot/1.4; +https://openai.com/gptbot)"
74.7.242.58 - - [25/Sep/2026:20:07:00 +0000] "GET /?action=edit&file=monarxprotect-php55.so&path=%2F%2Flib64%2Fmonarx-protect HTTP/2" 200 27262 "https://www.visitkarimun.com/?path=%2F%2Flib64%2Fmonarx-protect" "Mozilla/5.0 AppleWebKit/537.36 (KHTML, like Gecko; compatible; GPTBot/1.4; +https://openai.com/gptbot)"
74.7.242.58 - - [25/Sep/2026:20:09:55 +0000] "GET /?action=edit&file=libndr-krb5pac.so.0.0.1&path=%2F%2Flib64 HTTP/2" 200 27276 "https://www.visitkarimun.com/?path=%2F%2Flib64" "Mozilla/5.0 AppleWebKit/537.36 (KHTML, like Gecko; compatible; GPTBot/1.4; +https://openai.com/gptbot)"
74.7.242.58 - - [25/Sep/2026:20:09:56 +0000] "GET /?action=edit&file=libjson-c.so.5.0.0&path=%2F%2Flib64 HTTP/2" 200 27297 "https://www.visitkarimun.com/?path=%2F%2Flib64" "Mozilla/5.0 AppleWebKit/537.36 (KHTML, like Gecko; compatible; GPTBot/1.4; +https://openai.com/gptbot)"
74.7.242.58 - - [25/Sep/2026:20:09:57 +0000] "GET /%22https:/www.visitkarimun.com/informasi-harga-paket-wisata-karimunjawa-3-hari-2-malam/embed/?path=%2Fhome%2Fkarimun%2Fpublic_html%2Fwp-includes%2Fl10n HTTP/2" 404 15974 "https://www.visitkarimun.com/%22https:/www.visitkarimun.com/informasi-harga-paket-wisata-karimunjawa-3-hari-2-malam/embed/?path=%2Fhome%2Fkarimun%2Fpublic_html%2Fwp-includes" "Mozilla/5.0 AppleWebKit/537.36 (KHTML, like Gecko; compatible; GPTBot/1.4; +https://openai.com/gptbot)"
74.7.242.58 - - [25/Sep/2026:20:09:58 +0000] "GET /?path=//opt/imunify360-webshield/luajit HTTP/2" 200 27575 "https://www.visitkarimun.com/?path=%2F%2Fopt%2Fimunify360-webshield%2Fluajit" "Mozilla/5.0 AppleWebKit/537.36 (KHTML, like Gecko; compatible; GPTBot/1.4; +https://openai.com/gptbot)"
74.7.242.58 - - [25/Sep/2026:20:09:59 +0000] "GET /?path=%2F%2Flib64%2Fspa-0.2%2Falsa HTTP/2" 200 27597 "https://www.visitkarimun.com/?path=%2F%2Flib64%2Fspa-0.2" "Mozilla/5.0 AppleWebKit/537.36 (KHTML, like Gecko; compatible; GPTBot/1.4; +https://openai.com/gptbot)"
74.7.242.58 - - [25/Sep/2026:20:09:59 +0000] "GET /?action=edit&file=libSPIRV-Tools-reduce.so&path=%2F%2Flib64 HTTP/2" 200 27264 "https://www.visitkarimun.com/?path=%2F%2Flib64" "Mozilla/5.0 AppleWebKit/537.36 (KHTML, like Gecko; compatible; GPTBot/1.4; +https://openai.com/gptbot)"
74.7.242.58 - - [25/Sep/2026:20:10:00 +0000] "GET /?action=edit&file=libSPIRV-Tools-shared.so&path=%2F%2Flib64 HTTP/2" 200 27263 "https://www.visitkarimun.com/?path=%2F%2Flib64" "Mozilla/5.0 AppleWebKit/537.36 (KHTML, like Gecko; compatible; GPTBot/1.4; +https://openai.com/gptbot)"
74.7.242.58 - - [25/Sep/2026:20:10:01 +0000] "GET /?path=%2F%2Fetc%2Fpam.d HTTP/2" 200 27708 "https://www.visitkarimun.com/?path=%2F%2Fetc" "Mozilla/5.0 AppleWebKit/537.36 (KHTML, like Gecko; compatible; GPTBot/1.4; +https://openai.com/gptbot)"
74.7.242.58 - - [25/Sep/2026:20:10:02 +0000] "GET /?path=%2F%2Flib%2Fpam.d HTTP/2" 200 27546 "https://www.visitkarimun.com/?path=%2F%2Flib" "Mozilla/5.0 AppleWebKit/537.36 (KHTML, like Gecko; compatible; GPTBot/1.4; +https://openai.com/gptbot)"
74.7.242.58 - - [25/Sep/2026:20:10:03 +0000] "GET /?path=//lib64/libdnf HTTP/2" 200 27530 "https://www.visitkarimun.com/?path=%2F%2Flib64%2Flibdnf" "Mozilla/5.0 AppleWebKit/537.36 (KHTML, like Gecko; compatible; GPTBot/1.4; +https://openai.com/gptbot)"
74.7.242.58 - - [25/Sep/2026:20:10:04 +0000] "GET /?path=%2F%2Flib64%2Flibdnf%2Fplugins HTTP/2" 200 27582 "https://www.visitkarimun.com/?path=%2F%2Flib64%2Flibdnf" "Mozilla/5.0 AppleWebKit/537.36 (KHTML, like Gecko; compatible; GPTBot/1.4; +https://openai.com/gptbot)"
74.7.242.58 - - [25/Sep/2026:20:10:05 +0000] "GET /?action=edit&file=realpath&path=%2F%2Fbin HTTP/2" 200 27224 "https://www.visitkarimun.com/?path=%2F%2Fbin" "Mozilla/5.0 AppleWebKit/537.36 (KHTML, like Gecko; compatible; GPTBot/1.4; +https://openai.com/gptbot)"
74.7.242.58 - - [25/Sep/2026:20:10:05 +0000] "GET /?action=edit&file=zipsplit&path=%2F%2Fbin HTTP/2" 200 27224 "https://www.visitkarimun.com/?path=%2F%2Fbin" "Mozilla/5.0 AppleWebKit/537.36 (KHTML, like Gecko; compatible; GPTBot/1.4; +https://openai.com/gptbot)"
66.249.66.195 - - [25/Sep/2026:20:10:06 +0000] "GET /category/blog-artikel/?action=edit&file=template-loader.php&path=%2Fhome%2Fkarimun%2Fpublic_html%2Fwp-includes HTTP/1.1" 200 29449 "-" "Mozilla/5.0 (Linux; Android 6.0.1; Nexus 5X Build/MMB29P) AppleWebKit/537.36 (KHTML, like Gecko) Chrome/153.0.8010.52 Mobile Safari/537.36 (compatible; Googlebot/2.1; +http://www.google.com/bot.html)"
74.7.242.58 - - [25/Sep/2026:20:10:06 +0000] "GET /?action=edit&file=libncurses%2B%2B.so.6.2&path=%2F%2Flib64 HTTP/2" 200 27330 "https://www.visitkarimun.com/?path=%2F%2Flib64" "Mozilla/5.0 AppleWebKit/537.36 (KHTML, like Gecko; compatible; GPTBot/1.4; +https://openai.com/gptbot)"
74.7.242.58 - - [25/Sep/2026:20:10:07 +0000] "GET /%22https:/www.visitkarimun.com/informasi-harga-paket-wisata-karimunjawa-3-hari-2-malam/embed/?path=%2Fhome%2Fkarimun%2Fpublic_html%2Fwp-admin%2Fcss HTTP/2" 200 17114 "https://www.visitkarimun.com/%22https:/www.visitkarimun.com/informasi-harga-paket-wisata-karimunjawa-3-hari-2-malam/embed/?path=%2Fhome%2Fkarimun%2Fpublic_html%2Fwp-admin" "Mozilla/5.0 AppleWebKit/537.36 (KHTML, like Gecko; compatible; GPTBot/1.4; +https://openai.com/gptbot)"
74.7.242.58 - - [25/Sep/2026:20:10:07 +0000] "GET /?path=//lib64/spa-0.2/alsa HTTP/2" 200 27597 "https://www.visitkarimun.com/?path=%2F%2Flib64%2Fspa-0.2%2Falsa" "Mozilla/5.0 AppleWebKit/537.36 (KHTML, like Gecko; compatible; GPTBot/1.4; +https://openai.com/gptbot)"
74.7.242.58 - - [25/Sep/2026:20:10:08 +0000] "GET /%22https:/www.visitkarimun.com/informasi-harga-paket-wisata-karimunjawa-3-hari-2-malam/embed/?path=%2Fhome%2Fkarimun%2Fpublic_html%2Fwp-admin%2Fjs HTTP/2" 200 17376 "https://www.visitkarimun.com/%22https:/www.visitkarimun.com/informasi-harga-paket-wisata-karimunjawa-3-hari-2-malam/embed/?path=%2Fhome%2Fkarimun%2Fpublic_html%2Fwp-admin" "Mozilla/5.0 AppleWebKit/537.36 (KHTML, like Gecko; compatible; GPTBot/1.4; +https://openai.com/gptbot)"
74.7.242.58 - - [25/Sep/2026:20:10:09 +0000] "GET /%22https:/www.visitkarimun.com/informasi-harga-paket-wisata-karimunjawa-3-hari-2-malam/embed/?path=%2Fhome%2Fkarimun%2Fpublic_html%2Fwp-admin%2Fnetwork HTTP/2" 200 16365 "https://www.visitkarimun.com/%22https:/www.visitkarimun.com/informasi-harga-paket-wisata-karimunjawa-3-hari-2-malam/embed/?path=%2Fhome%2Fkarimun%2Fpublic_html%2Fwp-admin" "Mozilla/5.0 AppleWebKit/537.36 (KHTML, like Gecko; compatible; GPTBot/1.4; +https://openai.com/gptbot)"
74.7.242.58 - - [25/Sep/2026:20:10:09 +0000] "GET /?path=//etc/pam.d HTTP/2" 200 27708 "https://www.visitkarimun.com/?path=%2F%2Fetc%2Fpam.d" "Mozilla/5.0 AppleWebKit/537.36 (KHTML, like Gecko; compatible; GPTBot/1.4; +https://openai.com/gptbot)"
74.7.242.58 - - [25/Sep/2026:20:10:10 +0000] "GET /?path=//lib/pam.d HTTP/2" 200 27546 "https://www.visitkarimun.com/?path=%2F%2Flib%2Fpam.d" "Mozilla/5.0 AppleWebKit/537.36 (KHTML, like Gecko; compatible; GPTBot/1.4; +https://openai.com/gptbot)"
66.249.66.65 - - [25/Sep/2026:20:10:10 +0000] "GET /category/blog-artikel/?action=edit&file=default-constants.php&path=%2Fhome%2Fkarimun%2Fpublic_html%2Fwp-includes HTTP/1.1" 200 31135 "-" "Mozilla/5.0 (Linux; Android 6.0.1; Nexus 5X Build/MMB29P) AppleWebKit/537.36 (KHTML, like Gecko) Chrome/153.0.8010.52 Mobile Safari/537.36 (compatible; Googlebot/2.1; +http://www.google.com/bot.html)"
74.7.242.58 - - [25/Sep/2026:20:10:11 +0000] "GET /%22https:/www.visitkarimun.com/informasi-harga-paket-wisata-karimunjawa-3-hari-2-malam/embed/?path=%2Fhome%2Fkarimun%2Fpublic_html%2Fwp-admin%2Fuser HTTP/2" 404 16089 "https://www.visitkarimun.com/%22https:/www.visitkarimun.com/informasi-harga-paket-wisata-karimunjawa-3-hari-2-malam/embed/?path=%2Fhome%2Fkarimun%2Fpublic_html%2Fwp-admin" "Mozilla/5.0 AppleWebKit/537.36 (KHTML, like Gecko; compatible; GPTBot/1.4; +https://openai.com/gptbot)"
74.7.242.58 - - [25/Sep/2026:20:10:11 +0000] "GET /?action=edit&file=README&path=%2F%2Flib64%2Flibdnf%2Fplugins HTTP/2" 200 27382 "https://www.visitkarimun.com/?path=%2F%2Flib64%2Flibdnf%2Fplugins" "Mozilla/5.0 AppleWebKit/537.36 (KHTML, like Gecko; compatible; GPTBot/1.4; +https://openai.com/gptbot)"
74.7.242.58 - - [25/Sep/2026:20:10:12 +0000] "GET /%22https:/www.visitkarimun.com/informasi-harga-paket-wisata-karimunjawa-3-hari-2-malam/embed/?path=%2Fhome%2Fkarimun%2Fpublic_html%2Fwp-admin%2Fincludes HTTP/2" 200 17652 "https://www.visitkarimun.com/%22https:/www.visitkarimun.com/informasi-harga-paket-wisata-karimunjawa-3-hari-2-malam/embed/?path=%2Fhome%2Fkarimun%2Fpublic_html%2Fwp-admin" "Mozilla/5.0 AppleWebKit/537.36 (KHTML, like Gecko; compatible; GPTBot/1.4; +https://openai.com/gptbot)"
74.7.242.58 - - [25/Sep/2026:20:10:13 +0000] "GET /%22https:/www.visitkarimun.com/informasi-harga-paket-wisata-karimunjawa-3-hari-2-malam/embed/?path=%2Fhome%2Fkarimun%2Fpublic_html%2Fwp-admin%2Fmaint HTTP/2" 404 15931 "https://www.visitkarimun.com/%22https:/www.visitkarimun.com/informasi-harga-paket-wisata-karimunjawa-3-hari-2-malam/embed/?path=%2Fhome%2Fkarimun%2Fpublic_html%2Fwp-admin" "Mozilla/5.0 AppleWebKit/537.36 (KHTML, like Gecko; compatible; GPTBot/1.4; +https://openai.com/gptbot)"
74.7.242.58 - - [25/Sep/2026:20:10:13 +0000] "GET /%22https:/www.visitkarimun.com/informasi-harga-paket-wisata-karimunjawa-3-hari-2-malam/embed/?path=%2Fhome%2Fkarimun%2Fpublic_html%2Fwp-admin%2Fimages HTTP/2" 200 17139 "https://www.visitkarimun.com/%22https:/www.visitkarimun.com/informasi-harga-paket-wisata-karimunjawa-3-hari-2-malam/embed/?path=%2Fhome%2Fkarimun%2Fpublic_html%2Fwp-admin" "Mozilla/5.0 AppleWebKit/537.36 (KHTML, like Gecko; compatible; GPTBot/1.4; +https://openai.com/gptbot)"
74.7.242.58 - - [25/Sep/2026:20:10:14 +0000] "GET /%22https:/www.visitkarimun.com/informasi-harga-paket-wisata-karimunjawa-3-hari-2-malam/embed/?action=edit&file=site-icon-rtl.css&path=%2Fhome%2Fkarimun%2Fpublic_html%2Fwp-admin%2Fcss HTTP/2" 200 16759 "https://www.visitkarimun.com/%22https:/www.visitkarimun.com/informasi-harga-paket-wisata-karimunjawa-3-hari-2-malam/embed/?path=%2Fhome%2Fkarimun%2Fpublic_html%2Fwp-admin%2Fcss" "Mozilla/5.0 AppleWebKit/537.36 (KHTML, like Gecko; compatible; GPTBot/1.4; +https://openai.com/gptbot)"
74.7.242.58 - - [25/Sep/2026:20:10:14 +0000] "GET /%22https:/www.visitkarimun.com/informasi-harga-paket-wisata-karimunjawa-3-hari-2-malam/embed/?action=edit&file=forms-rtl.css&path=%2Fhome%2Fkarimun%2Fpublic_html%2Fwp-admin%2Fcss HTTP/2" 200 24406 "https://www.visitkarimun.com/%22https:/www.visitkarimun.com/informasi-harga-paket-wisata-karimunjawa-3-hari-2-malam/embed/?path=%2Fhome%2Fkarimun%2Fpublic_html%2Fwp-admin%2Fcss" "Mozilla/5.0 AppleWebKit/537.36 (KHTML, like Gecko; compatible; GPTBot/1.4; +https://openai.com/gptbot)"
74.7.242.58 - - [25/Sep/2026:20:10:15 +0000] "GET /%22https:/www.visitkarimun.com/informasi-harga-paket-wisata-karimunjawa-3-hari-2-malam/embed/?action=edit&file=media-upload.min.js&path=%2Fhome%2Fkarimun%2Fpublic_html%2Fwp-admin%2Fjs HTTP/2" 404 16199 "https://www.visitkarimun.com/%22https:/www.visitkarimun.com/informasi-harga-paket-wisata-karimunjawa-3-hari-2-malam/embed/?path=%2Fhome%2Fkarimun%2Fpublic_html%2Fwp-admin%2Fjs" "Mozilla/5.0 AppleWebKit/537.36 (KHTML, like Gecko; compatible; GPTBot/1.4; +https://openai.com/gptbot)"
74.7.242.58 - - [25/Sep/2026:20:10:15 +0000] "GET /%22https:/www.visitkarimun.com/informasi-harga-paket-wisata-karimunjawa-3-hari-2-malam/embed/?action=edit&file=theme-plugin-editor.js&path=%2Fhome%2Fkarimun%2Fpublic_html%2Fwp-admin%2Fjs HTTP/2" 200 22561 "https://www.visitkarimun.com/%22https:/www.visitkarimun.com/informasi-harga-paket-wisata-karimunjawa-3-hari-2-malam/embed/?path=%2Fhome%2Fkarimun%2Fpublic_html%2Fwp-admin%2Fjs" "Mozilla/5.0 AppleWebKit/537.36 (KHTML, like Gecko; compatible; GPTBot/1.4; +https://openai.com/gptbot)"
74.7.242.58 - - [25/Sep/2026:20:10:16 +0000] "GET /%22https:/www.visitkarimun.com/informasi-harga-paket-wisata-karimunjawa-3-hari-2-malam/embed/?action=edit&file=plugin-install.php&path=%2Fhome%2Fkarimun%2Fpublic_html%2Fwp-admin%2Fnetwork HTTP/2" 404 15795 "https://www.visitkarimun.com/%22https:/www.visitkarimun.com/informasi-harga-paket-wisata-karimunjawa-3-hari-2-malam/embed/?path=%2Fhome%2Fkarimun%2Fpublic_html%2Fwp-admin%2Fnetwork" "Mozilla/5.0 AppleWebKit/537.36 (KHTML, like Gecko; compatible; GPTBot/1.4; +https://openai.com/gptbot)"
74.7.242.58 - - [25/Sep/2026:20:10:17 +0000] "GET /%22https:/www.visitkarimun.com/informasi-harga-paket-wisata-karimunjawa-3-hari-2-malam/embed/?path=%2Fhome%2Fkarimun%2Fpublic_html%2Fwp-admin%2Fcss%2Fcolors HTTP/2" 404 16058 "https://www.visitkarimun.com/%22https:/www.visitkarimun.com/informasi-harga-paket-wisata-karimunjawa-3-hari-2-malam/embed/?path=%2Fhome%2Fkarimun%2Fpublic_html%2Fwp-admin%2Fcss" "Mozilla/5.0 AppleWebKit/537.36 (KHTML, like Gecko; compatible; GPTBot/1.4; +https://openai.com/gptbot)"
74.7.242.58 - - [25/Sep/2026:20:10:17 +0000] "GET /%22https:/www.visitkarimun.com/informasi-harga-paket-wisata-karimunjawa-3-hari-2-malam/embed/?path=%2Fhome%2Fkarimun%2Fpublic_html%2Fwp-admin%2Fjs%2Fwidgets HTTP/2" 200 16117 "https://www.visitkarimun.com/%22https:/www.visitkarimun.com/informasi-harga-paket-wisata-karimunjawa-3-hari-2-malam/embed/?path=%2Fhome%2Fkarimun%2Fpublic_html%2Fwp-admin%2Fjs" "Mozilla/5.0 AppleWebKit/537.36 (KHTML, like Gecko; compatible; GPTBot/1.4; +https://openai.com/gptbot)"
74.7.242.58 - - [25/Sep/2026:20:10:18 +0000] "GET /?path=%2F%2Flib64%2Fspa-0.2%2Fv4l2 HTTP/2" 200 27599 "https://www.visitkarimun.com/?path=%2F%2Flib64%2Fspa-0.2" "Mozilla/5.0 AppleWebKit/537.36 (KHTML, like Gecko; compatible; GPTBot/1.4; +https://openai.com/gptbot)"
74.7.242.58 - - [25/Sep/2026:20:10:18 +0000] "GET /%22https:/www.visitkarimun.com/informasi-harga-paket-wisata-karimunjawa-3-hari-2-malam/embed/?action=edit&file=class-wp-internal-pointers.php&path=%2Fhome%2Fkarimun%2Fpublic_html%2Fwp-admin%2Fincludes HTTP/2" 200 17181 "https://www.visitkarimun.com/%22https:/www.visitkarimun.com/informasi-harga-paket-wisata-karimunjawa-3-hari-2-malam/embed/?path=%2Fhome%2Fkarimun%2Fpublic_html%2Fwp-admin%2Fincludes" "Mozilla/5.0 AppleWebKit/537.36 (KHTML, like Gecko; compatible; GPTBot/1.4; +https://openai.com/gptbot)"
74.7.242.58 - - [25/Sep/2026:20:10:19 +0000] "GET /?action=edit&file=fc-pattern&path=%2F%2Fbin HTTP/2" 200 27261 "https://www.visitkarimun.com/?path=%2F%2Fbin" "Mozilla/5.0 AppleWebKit/537.36 (KHTML, like Gecko; compatible; GPTBot/1.4; +https://openai.com/gptbot)"
74.7.242.58 - - [25/Sep/2026:20:10:20 +0000] "GET /%22https:/www.visitkarimun.com/informasi-harga-paket-wisata-karimunjawa-3-hari-2-malam/embed/?action=edit&file=align-left.png&path=%2Fhome%2Fkarimun%2Fpublic_html%2Fwp-admin%2Fimages HTTP/2" 404 15596 "https://www.visitkarimun.com/%22https:/www.visitkarimun.com/informasi-harga-paket-wisata-karimunjawa-3-hari-2-malam/embed/?path=%2Fhome%2Fkarimun%2Fpublic_html%2Fwp-admin%2Fimages" "Mozilla/5.0 AppleWebKit/537.36 (KHTML, like Gecko; compatible; GPTBot/1.4; +https://openai.com/gptbot)"
66.249.66.65 - - [25/Sep/2026:20:10:20 +0000] "GET /category/blog-artikel/?path=%2F%2Flib64%2Fredis HTTP/1.1" 200 28050 "-" "Mozilla/5.0 (Linux; Android 6.0.1; Nexus 5X Build/MMB29P) AppleWebKit/537.36 (KHTML, like Gecko) Chrome/153.0.8010.52 Mobile Safari/537.36 (compatible; GoogleOther)"
74.7.242.58 - - [25/Sep/2026:20:10:20 +0000] "GET /?action=edit&file=gpgsplit&path=%2F%2Fbin HTTP/2" 200 27224 "https://www.visitkarimun.com/?path=%2F%2Fbin" "Mozilla/5.0 AppleWebKit/537.36 (KHTML, like Gecko; compatible; GPTBot/1.4; +https://openai.com/gptbot)"
74.7.242.58 - - [25/Sep/2026:20:10:21 +0000] "GET /?action=edit&file=libSvtAv1Dec.so.0.8.7&path=%2F%2Flib64 HTTP/2" 200 27308 "https://www.visitkarimun.com/?path=%2F%2Flib64" "Mozilla/5.0 AppleWebKit/537.36 (KHTML, like Gecko; compatible; GPTBot/1.4; +https://openai.com/gptbot)"
66.249.66.65 - - [25/Sep/2026:20:10:21 +0000] "GET /category/blog-artikel/?action=edit&file=admin-bar.php&path=%2Fhome%2Fkarimun%2Fpublic_html%2Fwp-includes HTTP/1.1" 200 37672 "-" "Mozilla/5.0 (Linux; Android 6.0.1; Nexus 5X Build/MMB29P) AppleWebKit/537.36 (KHTML, like Gecko) Chrome/153.0.8010.52 Mobile Safari/537.36 (compatible; Googlebot/2.1; +http://www.google.com/bot.html)"
74.7.242.58 - - [25/Sep/2026:20:10:22 +0000] "GET /?action=edit&file=pathchk&path=%2F%2Fbin HTTP/2" 200 27265 "https://www.visitkarimun.com/?path=%2F%2Fbin" "Mozilla/5.0 AppleWebKit/537.36 (KHTML, like Gecko; compatible; GPTBot/1.4; +https://openai.com/gptbot)"
74.7.242.58 - - [25/Sep/2026:20:10:23 +0000] "GET /?path=%2F%2Flib64%2Fperl5%2Fvendor_perl%2FPOD2 HTTP/2" 200 27574 "https://www.visitkarimun.com/?path=%2F%2Flib64%2Fperl5%2Fvendor_perl" "Mozilla/5.0 AppleWebKit/537.36 (KHTML, like Gecko; compatible; GPTBot/1.4; +https://openai.com/gptbot)"
74.7.242.58 - - [25/Sep/2026:20:10:24 +0000] "GET /?action=edit&file=libtss2-tcti-cmd.so.0.0.0&path=%2F%2Flib64 HTTP/2" 200 27259 "https://www.visitkarimun.com/?path=%2F%2Flib64" "Mozilla/5.0 AppleWebKit/537.36 (KHTML, like Gecko; compatible; GPTBot/1.4; +https://openai.com/gptbot)"
74.7.242.58 - - [25/Sep/2026:20:10:24 +0000] "GET /?action=edit&file=libX11.so&path=%2F%2Flib64 HTTP/2" 200 27221 "https://www.visitkarimun.com/?path=%2F%2Flib64" "Mozilla/5.0 AppleWebKit/537.36 (KHTML, like Gecko; compatible; GPTBot/1.4; +https://openai.com/gptbot)"
74.7.242.58 - - [25/Sep/2026:20:10:25 +0000] "GET /?action=edit&file=libextract-jpeg.so&path=%2F%2Flib64%2Ftracker-miners-3.0%2Fextract-modules HTTP/2" 200 27297 "https://www.visitkarimun.com/?path=%2F%2Flib64%2Ftracker-miners-3.0%2Fextract-modules" "Mozilla/5.0 AppleWebKit/537.36 (KHTML, like Gecko; compatible; GPTBot/1.4; +https://openai.com/gptbot)"
74.7.242.58 - - [25/Sep/2026:20:10:26 +0000] "GET /?path=//lib64/spa-0.2/v4l2 HTTP/2" 200 27599 "https://www.visitkarimun.com/?path=%2F%2Flib64%2Fspa-0.2%2Fv4l2" "Mozilla/5.0 AppleWebKit/537.36 (KHTML, like Gecko; compatible; GPTBot/1.4; +https://openai.com/gptbot)"
74.7.242.58 - - [25/Sep/2026:20:10:27 +0000] "GET /?action=edit&file=libextract-text.so&path=%2F%2Flib64%2Ftracker-miners-3.0%2Fextract-modules HTTP/2" 200 27295 "https://www.visitkarimun.com/?path=%2F%2Flib64%2Ftracker-miners-3.0%2Fextract-modules" "Mozilla/5.0 AppleWebKit/537.36 (KHTML, like Gecko; compatible; GPTBot/1.4; +https://openai.com/gptbot)"
74.7.242.58 - - [25/Sep/2026:20:10:27 +0000] "GET /?action=edit&file=libextract-epub.so&path=%2F%2Flib64%2Ftracker-miners-3.0%2Fextract-modules HTTP/2" 200 27296 "https://www.visitkarimun.com/?path=%2F%2Flib64%2Ftracker-miners-3.0%2Fextract-modules" "Mozilla/5.0 AppleWebKit/537.36 (KHTML, like Gecko; compatible; GPTBot/1.4; +https://openai.com/gptbot)"
74.7.242.58 - - [25/Sep/2026:20:10:28 +0000] "GET /?action=edit&file=libextract-abw.so&path=%2F%2Flib64%2Ftracker-miners-3.0%2Fextract-modules HTTP/2" 200 27257 "https://www.visitkarimun.com/?path=%2F%2Flib64%2Ftracker-miners-3.0%2Fextract-modules" "Mozilla/5.0 AppleWebKit/537.36 (KHTML, like Gecko; compatible; GPTBot/1.4; +https://openai.com/gptbot)"
66.249.66.193 - - [25/Sep/2026:20:10:28 +0000] "GET /category/blog-artikel/?path=%2Fhome%2Fkarimun%2Fcache HTTP/1.1" 200 30064 "-" "Mozilla/5.0 (Linux; Android 6.0.1; Nexus 5X Build/MMB29P) AppleWebKit/537.36 (KHTML, like Gecko) Chrome/153.0.8010.52 Mobile Safari/537.36 (compatible; Googlebot/2.1; +http://www.google.com/bot.html)"
74.7.242.58 - - [25/Sep/2026:20:10:29 +0000] "GET /?action=edit&file=libextract-gif.so&path=%2F%2Flib64%2Ftracker-miners-3.0%2Fextract-modules HTTP/2" 200 27257 "https://www.visitkarimun.com/?path=%2F%2Flib64%2Ftracker-miners-3.0%2Fextract-modules" "Mozilla/5.0 AppleWebKit/537.36 (KHTML, like Gecko; compatible; GPTBot/1.4; +https://openai.com/gptbot)"
74.7.242.58 - - [25/Sep/2026:20:10:30 +0000] "GET /?action=edit&file=libextract-icon.so&path=%2F%2Flib64%2Ftracker-miners-3.0%2Fextract-modules HTTP/2" 200 27297 "https://www.visitkarimun.com/?path=%2F%2Flib64%2Ftracker-miners-3.0%2Fextract-modules" "Mozilla/5.0 AppleWebKit/537.36 (KHTML, like Gecko; compatible; GPTBot/1.4; +https://openai.com/gptbot)"
74.7.242.58 - - [25/Sep/2026:20:10:31 +0000] "GET /?action=edit&file=libextract-xps.so&path=%2F%2Flib64%2Ftracker-miners-3.0%2Fextract-modules HTTP/2" 200 27258 "https://www.visitkarimun.com/?path=%2F%2Flib64%2Ftracker-miners-3.0%2Fextract-modules" "Mozilla/5.0 AppleWebKit/537.36 (KHTML, like Gecko; compatible; GPTBot/1.4; +https://openai.com/gptbot)"
74.7.242.58 - - [25/Sep/2026:20:10:31 +0000] "GET /?path=//lib64/perl5/vendor_perl/POD2 HTTP/2" 200 27574 "https://www.visitkarimun.com/?path=%2F%2Flib64%2Fperl5%2Fvendor_perl%2FPOD2" "Mozilla/5.0 AppleWebKit/537.36 (KHTML, like Gecko; compatible; GPTBot/1.4; +https://openai.com/gptbot)"
74.7.242.58 - - [25/Sep/2026:20:10:32 +0000] "GET /?action=edit&file=libextract-iso.so&path=%2F%2Flib64%2Ftracker-miners-3.0%2Fextract-modules HTTP/2" 200 27256 "https://www.visitkarimun.com/?path=%2F%2Flib64%2Ftracker-miners-3.0%2Fextract-modules" "Mozilla/5.0 AppleWebKit/537.36 (KHTML, like Gecko; compatible; GPTBot/1.4; +https://openai.com/gptbot)"
74.7.242.58 - - [25/Sep/2026:20:10:33 +0000] "GET /?action=edit&file=libextract-oasis.so&path=%2F%2Flib64%2Ftracker-miners-3.0%2Fextract-modules HTTP/2" 200 27329 "https://www.visitkarimun.com/?path=%2F%2Flib64%2Ftracker-miners-3.0%2Fextract-modules" "Mozilla/5.0 AppleWebKit/537.36 (KHTML, like Gecko; compatible; GPTBot/1.4; +https://openai.com/gptbot)"
74.7.242.58 - - [25/Sep/2026:20:10:33 +0000] "GET /?action=edit&file=libextract-raw.so&path=%2F%2Flib64%2Ftracker-miners-3.0%2Fextract-modules HTTP/2" 200 27257 "https://www.visitkarimun.com/?path=%2F%2Flib64%2Ftracker-miners-3.0%2Fextract-modules" "Mozilla/5.0 AppleWebKit/537.36 (KHTML, like Gecko; compatible; GPTBot/1.4; +https://openai.com/gptbot)"
74.7.242.58 - - [25/Sep/2026:20:10:34 +0000] "GET /?action=edit&file=libextract-tiff.so&path=%2F%2Flib64%2Ftracker-miners-3.0%2Fextract-modules HTTP/2" 200 27296 "https://www.visitkarimun.com/?path=%2F%2Flib64%2Ftracker-miners-3.0%2Fextract-modules" "Mozilla/5.0 AppleWebKit/537.36 (KHTML, like Gecko; compatible; GPTBot/1.4; +https://openai.com/gptbot)"
74.7.242.58 - - [25/Sep/2026:20:10:35 +0000] "GET /?action=edit&file=libextract-bmp.so&path=%2F%2Flib64%2Ftracker-miners-3.0%2Fextract-modules HTTP/2" 200 27258 "https://www.visitkarimun.com/?path=%2F%2Flib64%2Ftracker-miners-3.0%2Fextract-modules" "Mozilla/5.0 AppleWebKit/537.36 (KHTML, like Gecko; compatible; GPTBot/1.4; +https://openai.com/gptbot)"
74.7.242.58 - - [25/Sep/2026:20:10:35 +0000] "GET /?action=edit&file=libextract-dummy.so&path=%2F%2Flib64%2Ftracker-miners-3.0%2Fextract-modules HTTP/2" 200 27329 "https://www.visitkarimun.com/?path=%2F%2Flib64%2Ftracker-miners-3.0%2Fextract-modules" "Mozilla/5.0 AppleWebKit/537.36 (KHTML, like Gecko; compatible; GPTBot/1.4; +https://openai.com/gptbot)"
74.7.242.58 - - [25/Sep/2026:20:10:36 +0000] "GET /?action=edit&file=libextract-png.so&path=%2F%2Flib64%2Ftracker-miners-3.0%2Fextract-modules HTTP/2" 200 27258 "https://www.visitkarimun.com/?path=%2F%2Flib64%2Ftracker-miners-3.0%2Fextract-modules" "Mozilla/5.0 AppleWebKit/537.36 (KHTML, like Gecko; compatible; GPTBot/1.4; +https://openai.com/gptbot)"
192.250.235.217 - - [25/Sep/2026:20:10:37 +0000] "POST /wp-cron.php?doing_wp_cron=1790367037.3032040596008300781250 HTTP/1.1" 200 0 "-" "WordPress/7.1.2; https://www.visitkarimun.com"
74.7.242.58 - - [25/Sep/2026:20:10:37 +0000] "GET /?path=%2F%2Fopt%2Fimunify360-webshield%2Fluajit%2Finclude%2Fluajit-2.1 HTTP/2" 200 27684 "https://www.visitkarimun.com/?path=%2F%2Fopt%2Fimunify360-webshield%2Fluajit%2Finclude" "Mozilla/5.0 AppleWebKit/537.36 (KHTML, like Gecko; compatible; GPTBot/1.4; +https://openai.com/gptbot)"
66.249.66.193 - - [25/Sep/2026:20:10:37 +0000] "GET /category/blog-artikel/?action=edit&file=class-wp-oembed-controller.php&path=%2Fhome%2Fkarimun%2Fpublic_html%2Fwp-includes HTTP/1.1" 200 30197 "-" "Mozilla/5.0 (Linux; Android 6.0.1; Nexus 5X Build/MMB29P) AppleWebKit/537.36 (KHTML, like Gecko) Chrome/153.0.8010.52 Mobile Safari/537.36 (compatible; Googlebot/2.1; +http://www.google.com/bot.html)"
74.7.242.58 - - [25/Sep/2026:20:10:37 +0000] "GET /?action=edit&file=libIlmThread-3_1.so.30.1.0&path=%2F%2Flib64 HTTP/2" 200 27306 "https://www.visitkarimun.com/?path=%2F%2Flib64" "Mozilla/5.0 AppleWebKit/537.36 (KHTML, like Gecko; compatible; GPTBot/1.4; +https://openai.com/gptbot)"
74.7.242.58 - - [25/Sep/2026:20:10:38 +0000] "GET /?action=edit&file=_posixshmem.cpython-39-x86_64-linux-gnu.so&path=%2F%2Flib64%2Fpython3.9%2Flib-dynload HTTP/2" 200 27300 "https://www.visitkarimun.com/?path=%2F%2Flib64%2Fpython3.9%2Flib-dynload" "Mozilla/5.0 AppleWebKit/537.36 (KHTML, like Gecko; compatible; GPTBot/1.4; +https://openai.com/gptbot)"
74.7.242.58 - - [25/Sep/2026:20:10:39 +0000] "GET /?path=%2F%2Fproc%2Ftty HTTP/2" 200 27588 "https://www.visitkarimun.com/?path=%2F%2Fproc" "Mozilla/5.0 AppleWebKit/537.36 (KHTML, like Gecko; compatible; GPTBot/1.4; +https://openai.com/gptbot)"
74.7.242.58 - - [25/Sep/2026:20:10:39 +0000] "GET /?action=edit&file=grcrt1.o&path=%2F%2Flib64 HTTP/2" 200 27224 "https://www.visitkarimun.com/?path=%2F%2Flib64" "Mozilla/5.0 AppleWebKit/537.36 (KHTML, like Gecko; compatible; GPTBot/1.4; +https://openai.com/gptbot)"
74.7.242.58 - - [25/Sep/2026:20:10:40 +0000] "GET /?path=%2F%2Fetc%2Fenvironment-modules HTTP/2" 403 9667 "https://www.visitkarimun.com/?path=%2F%2Fetc" "Mozilla/5.0 AppleWebKit/537.36 (KHTML, like Gecko; compatible; GPTBot/1.4; +https://openai.com/gptbot)"
74.7.242.58 - - [25/Sep/2026:20:10:41 +0000] "GET /?action=edit&file=python-config.cpython-39.pyc&path=%2F%2Flib64%2Fpython3.9%2Fconfig-3.9-x86_64-linux-gnu%2F__pycache__ HTTP/2" 200 27317 "https://www.visitkarimun.com/?path=%2F%2Flib64%2Fpython3.9%2Fconfig-3.9-x86_64-linux-gnu%2F__pycache__" "Mozilla/5.0 AppleWebKit/537.36 (KHTML, like Gecko; compatible; GPTBot/1.4; +https://openai.com/gptbot)"
74.7.242.58 - - [25/Sep/2026:20:10:41 +0000] "GET /?action=edit&file=python-config.cpython-39.opt-1.pyc&path=%2F%2Flib64%2Fpython3.9%2Fconfig-3.9-x86_64-linux-gnu%2F__pycache__ HTTP/2" 200 27293 "https://www.visitkarimun.com/?path=%2F%2Flib64%2Fpython3.9%2Fconfig-3.9-x86_64-linux-gnu%2F__pycache__" "Mozilla/5.0 AppleWebKit/537.36 (KHTML, like Gecko; compatible; GPTBot/1.4; +https://openai.com/gptbot)"
74.7.242.58 - - [25/Sep/2026:20:10:42 +0000] "GET /?action=edit&file=libdrm_amdgpu.so.1.128.0&path=%2F%2Flib64 HTTP/2" 200 27260 "https://www.visitkarimun.com/?path=%2F%2Flib64" "Mozilla/5.0 AppleWebKit/537.36 (KHTML, like Gecko; compatible; GPTBot/1.4; +https://openai.com/gptbot)"
74.7.242.58 - - [25/Sep/2026:20:10:43 +0000] "GET /?action=edit&file=libdrm_nouveau.so.2.128.0&path=%2F%2Flib64 HTTP/2" 200 27261 "https://www.visitkarimun.com/?path=%2F%2Flib64" "Mozilla/5.0 AppleWebKit/537.36 (KHTML, like Gecko; compatible; GPTBot/1.4; +https://openai.com/gptbot)"
74.7.242.58 - - [25/Sep/2026:20:10:44 +0000] "GET /?path=%2F%2Flib64%2Flibibverbs HTTP/2" 200 27730 "https://www.visitkarimun.com/?path=%2F%2Flib64" "Mozilla/5.0 AppleWebKit/537.36 (KHTML, like Gecko; compatible; GPTBot/1.4; +https://openai.com/gptbot)"
74.7.242.58 - - [25/Sep/2026:20:10:44 +0000] "GET /?path=//opt/imunify360-webshield/luajit/include/luajit-2.1 HTTP/2" 200 27684 "https://www.visitkarimun.com/?path=%2F%2Fopt%2Fimunify360-webshield%2Fluajit%2Finclude%2Fluajit-2.1" "Mozilla/5.0 AppleWebKit/537.36 (KHTML, like Gecko; compatible; GPTBot/1.4; +https://openai.com/gptbot)"
66.249.66.193 - - [25/Sep/2026:20:10:44 +0000] "GET /rincian-biaya-wisata-karimunjawa/?action=edit&file=template-loader.php&path=%2Fhome%2Fkarimun%2Fpublic_html%2Fwp-includes HTTP/1.1" 200 63685 "-" "Mozilla/5.0 (Linux; Android 6.0.1; Nexus 5X Build/MMB29P) AppleWebKit/537.36 (KHTML, like Gecko) Chrome/153.0.8010.52 Mobile Safari/537.36 (compatible; Googlebot/2.1; +http://www.google.com/bot.html)"
66.249.66.35 - - [25/Sep/2026:20:10:45 +0000] "GET /category/blog-artikel/?path=%2F%2Fdev HTTP/1.1" 200 28138 "-" "Mozilla/5.0 (Linux; Android 6.0.1; Nexus 5X Build/MMB29P) AppleWebKit/537.36 (KHTML, like Gecko) Chrome/153.0.8010.52 Mobile Safari/537.36 (compatible; Googlebot/2.1; +http://www.google.com/bot.html)"
74.7.242.58 - - [25/Sep/2026:20:10:45 +0000] "GET /?action=edit&file=lua.h&path=%2F%2Fopt%2Fimunify360-webshield%2Fluajit%2Finclude%2Fluajit-2.1 HTTP/2" 200 31181 "https://www.visitkarimun.com/?path=%2F%2Fopt%2Fimunify360-webshield%2Fluajit%2Finclude%2Fluajit-2.1" "Mozilla/5.0 AppleWebKit/537.36 (KHTML, like Gecko; compatible; GPTBot/1.4; +https://openai.com/gptbot)"
74.7.242.58 - - [25/Sep/2026:20:10:46 +0000] "GET /?action=edit&file=lauxlib.h&path=%2F%2Fopt%2Fimunify360-webshield%2Fluajit%2Finclude%2Fluajit-2.1 HTTP/2" 200 29008 "https://www.visitkarimun.com/?path=%2F%2Fopt%2Fimunify360-webshield%2Fluajit%2Finclude%2Fluajit-2.1" "Mozilla/5.0 AppleWebKit/537.36 (KHTML, like Gecko; compatible; GPTBot/1.4; +https://openai.com/gptbot)"
74.7.242.58 - - [25/Sep/2026:20:10:47 +0000] "GET /?path=//proc/tty HTTP/2" 200 27588 "https://www.visitkarimun.com/?path=%2F%2Fproc%2Ftty" "Mozilla/5.0 AppleWebKit/537.36 (KHTML, like Gecko; compatible; GPTBot/1.4; +https://openai.com/gptbot)"
74.7.242.58 - - [25/Sep/2026:20:10:47 +0000] "GET /?action=edit&file=luajit.h&path=%2F%2Fopt%2Fimunify360-webshield%2Fluajit%2Finclude%2Fluajit-2.1 HTTP/2" 200 28688 "https://www.visitkarimun.com/?path=%2F%2Fopt%2Fimunify360-webshield%2Fluajit%2Finclude%2Fluajit-2.1" "Mozilla/5.0 AppleWebKit/537.36 (KHTML, like Gecko; compatible; GPTBot/1.4; +https://openai.com/gptbot)"
74.7.242.58 - - [25/Sep/2026:20:10:48 +0000] "GET /?action=edit&file=lua.hpp&path=%2F%2Fopt%2Fimunify360-webshield%2Fluajit%2Finclude%2Fluajit-2.1 HTTP/2" 200 27307 "https://www.visitkarimun.com/?path=%2F%2Fopt%2Fimunify360-webshield%2Fluajit%2Finclude%2Fluajit-2.1" "Mozilla/5.0 AppleWebKit/537.36 (KHTML, like Gecko; compatible; GPTBot/1.4; +https://openai.com/gptbot)"
74.7.242.58 - - [25/Sep/2026:20:10:49 +0000] "GET /?action=edit&file=luaconf.h&path=%2F%2Fopt%2Fimunify360-webshield%2Fluajit%2Finclude%2Fluajit-2.1 HTTP/2" 200 29343 "https://www.visitkarimun.com/?path=%2F%2Fopt%2Fimunify360-webshield%2Fluajit%2Finclude%2Fluajit-2.1" "Mozilla/5.0 AppleWebKit/537.36 (KHTML, like Gecko; compatible; GPTBot/1.4; +https://openai.com/gptbot)"
66.249.66.35 - - [25/Sep/2026:20:10:49 +0000] "GET /category/blog-artikel/?action=edit&file=htaccess-2019-06-18-22-26-11.backup&path=%2Fhome%2Fkarimun%2Fpublic_html%2Fwp-content%2Fhtaccess-editor-backups HTTP/1.1" 200 28546 "-" "Mozilla/5.0 (Linux; Android 6.0.1; Nexus 5X Build/MMB29P) AppleWebKit/537.36 (KHTML, like Gecko) Chrome/153.0.8010.52 Mobile Safari/537.36 (compatible; Googlebot/2.1; +http://www.google.com/bot.html)"
74.7.242.58 - - [25/Sep/2026:20:10:49 +0000] "GET /?action=edit&file=lualib.h&path=%2F%2Fopt%2Fimunify360-webshield%2Fluajit%2Finclude%2Fluajit-2.1 HTTP/2" 200 27626 "https://www.visitkarimun.com/?path=%2F%2Fopt%2Fimunify360-webshield%2Fluajit%2Finclude%2Fluajit-2.1" "Mozilla/5.0 AppleWebKit/537.36 (KHTML, like Gecko; compatible; GPTBot/1.4; +https://openai.com/gptbot)"
74.7.242.58 - - [25/Sep/2026:20:10:50 +0000] "GET /?path=%2F%2Flib64%2Fengines-1.1 HTTP/2" 200 27587 "https://www.visitkarimun.com/?path=%2F%2Flib64" "Mozilla/5.0 AppleWebKit/537.36 (KHTML, like Gecko; compatible; GPTBot/1.4; +https://openai.com/gptbot)"
74.7.242.58 - - [25/Sep/2026:20:10:51 +0000] "GET /?action=edit&file=libevent_pthreads-2.1.so.7.0.2&path=%2F%2Flib64 HTTP/2" 200 27270 "https://www.visitkarimun.com/?path=%2F%2Flib64" "Mozilla/5.0 AppleWebKit/537.36 (KHTML, like Gecko; compatible; GPTBot/1.4; +https://openai.com/gptbot)"
74.7.242.58 - - [25/Sep/2026:20:10:51 +0000] "GET /?path=//lib64/libibverbs HTTP/2" 200 27730 "https://www.visitkarimun.com/?path=%2F%2Flib64%2Flibibverbs" "Mozilla/5.0 AppleWebKit/537.36 (KHTML, like Gecko; compatible; GPTBot/1.4; +https://openai.com/gptbot)"
74.7.242.58 - - [25/Sep/2026:20:10:52 +0000] "GET /?action=edit&file=libbnxt_re-rdmav59.so&path=%2F%2Flib64%2Flibibverbs HTTP/2" 200 27307 "https://www.visitkarimun.com/?path=%2F%2Flib64%2Flibibverbs" "Mozilla/5.0 AppleWebKit/537.36 (KHTML, like Gecko; compatible; GPTBot/1.4; +https://openai.com/gptbot)"
74.7.242.58 - - [25/Sep/2026:20:10:53 +0000] "GET /?path=%2F%2Flib64%2Fgtk-2.0%2F2.10.0%2Fprintbackends HTTP/2" 200 27634 "https://www.visitkarimun.com/?path=%2F%2Flib64%2Fgtk-2.0%2F2.10.0" "Mozilla/5.0 AppleWebKit/537.36 (KHTML, like Gecko; compatible; GPTBot/1.4; +https://openai.com/gptbot)"
74.7.242.58 - - [25/Sep/2026:20:10:53 +0000] "GET /?path=%2F%2Flib64%2Fperl5%2FSys HTTP/2" 200 27605 "https://www.visitkarimun.com/?path=%2F%2Flib64%2Fperl5" "Mozilla/5.0 AppleWebKit/537.36 (KHTML, like Gecko; compatible; GPTBot/1.4; +https://openai.com/gptbot)"
74.7.242.58 - - [25/Sep/2026:20:10:54 +0000] "GET /?path=%2F%2Flib64%2Fperl5%2Fasm HTTP/2" 200 27600 "https://www.visitkarimun.com/?path=%2F%2Flib64%2Fperl5" "Mozilla/5.0 AppleWebKit/537.36 (KHTML, like Gecko; compatible; GPTBot/1.4; +https://openai.com/gptbot)"
66.249.66.65 - - [25/Sep/2026:20:10:55 +0000] "GET /category/blog-artikel/?action=edit&file=class-wp-editor.php&path=%2Fhome%2Fkarimun%2Fpublic_html%2Fwp-includes HTTP/1.1" 200 45423 "-" "Mozilla/5.0 (Linux; Android 6.0.1; Nexus 5X Build/MMB29P) AppleWebKit/537.36 (KHTML, like Gecko) Chrome/153.0.8010.52 Mobile Safari/537.36 (compatible; Googlebot/2.1; +http://www.google.com/bot.html)"
74.7.242.58 - - [25/Sep/2026:20:10:55 +0000] "GET /?path=%2F%2Flib64%2Fperl5%2Fsys HTTP/2" 200 27597 "https://www.visitkarimun.com/?path=%2F%2Flib64%2Fperl5" "Mozilla/5.0 AppleWebKit/537.36 (KHTML, like Gecko; compatible; GPTBot/1.4; +https://openai.com/gptbot)"
74.7.242.58 - - [25/Sep/2026:20:10:56 +0000] "GET /?path=%2F%2Flib64%2Fperl5%2Fgnu HTTP/2" 200 27601 "https://www.visitkarimun.com/?path=%2F%2Flib64%2Fperl5" "Mozilla/5.0 AppleWebKit/537.36 (KHTML, like Gecko; compatible; GPTBot/1.4; +https://openai.com/gptbot)"
74.7.242.58 - - [25/Sep/2026:20:10:57 +0000] "GET /?action=edit&file=libsratom-0.so.0.6.10&path=%2F%2Flib64 HTTP/2" 200 27306 "https://www.visitkarimun.com/?path=%2F%2Flib64" "Mozilla/5.0 AppleWebKit/537.36 (KHTML, like Gecko; compatible; GPTBot/1.4; +https://openai.com/gptbot)"
74.7.242.58 - - [25/Sep/2026:20:10:57 +0000] "GET /?action=edit&file=libpixman-1.so.0.40.0&path=%2F%2Flib64 HTTP/2" 200 27306 "https://www.visitkarimun.com/?path=%2F%2Flib64" "Mozilla/5.0 AppleWebKit/537.36 (KHTML, like Gecko; compatible; GPTBot/1.4; +https://openai.com/gptbot)"
74.7.242.58 - - [25/Sep/2026:20:10:58 +0000] "GET /?path=//lib64/engines-1.1 HTTP/2" 200 27587 "https://www.visitkarimun.com/?path=%2F%2Flib64%2Fengines-1.1" "Mozilla/5.0 AppleWebKit/537.36 (KHTML, like Gecko; compatible; GPTBot/1.4; +https://openai.com/gptbot)"
74.7.242.58 - - [25/Sep/2026:20:10:59 +0000] "GET /?action=edit&file=__init__.py&path=%2F%2Flib64%2Fpython3.9%2Fxml HTTP/2" 200 27544 "https://www.visitkarimun.com/?path=%2F%2Flib64%2Fpython3.9%2Fxml" "Mozilla/5.0 AppleWebKit/537.36 (KHTML, like Gecko; compatible; GPTBot/1.4; +https://openai.com/gptbot)"
74.7.242.58 - - [25/Sep/2026:20:11:00 +0000] "GET /?action=edit&file=__init__.py&path=%2F%2Flib64%2Fpython3.9%2Fdbm HTTP/2" 200 29486 "https://www.visitkarimun.com/?path=%2F%2Flib64%2Fpython3.9%2Fdbm" "Mozilla/5.0 AppleWebKit/537.36 (KHTML, like Gecko; compatible; GPTBot/1.4; +https://openai.com/gptbot)"
74.7.242.58 - - [25/Sep/2026:20:11:01 +0000] "GET /?path=%2F%2Flib%2Fjava HTTP/2" 200 27490 "https://www.visitkarimun.com/?path=%2F%2Flib" "Mozilla/5.0 AppleWebKit/537.36 (KHTML, like Gecko; compatible; GPTBot/1.4; +https://openai.com/gptbot)"
74.7.242.58 - - [25/Sep/2026:20:11:01 +0000] "GET /?action=edit&file=libprintbackend-cups.so&path=%2F%2Flib64%2Fgtk-2.0%2F2.10.0%2Fprintbackends HTTP/2" 200 27275 "https://www.visitkarimun.com/?path=%2F%2Flib64%2Fgtk-2.0%2F2.10.0%2Fprintbackends" "Mozilla/5.0 AppleWebKit/537.36 (KHTML, like Gecko; compatible; GPTBot/1.4; +https://openai.com/gptbot)"
74.7.242.58 - - [25/Sep/2026:20:11:02 +0000] "GET /?path=//lib64/perl5/Sys HTTP/2" 200 27605 "https://www.visitkarimun.com/?path=%2F%2Flib64%2Fperl5%2FSys" "Mozilla/5.0 AppleWebKit/537.36 (KHTML, like Gecko; compatible; GPTBot/1.4; +https://openai.com/gptbot)"
74.7.242.58 - - [25/Sep/2026:20:11:03 +0000] "GET /?path=//lib64/perl5/asm HTTP/2" 200 27600 "https://www.visitkarimun.com/?path=%2F%2Flib64%2Fperl5%2Fasm" "Mozilla/5.0 AppleWebKit/537.36 (KHTML, like Gecko; compatible; GPTBot/1.4; +https://openai.com/gptbot)"
74.7.242.58 - - [25/Sep/2026:20:11:04 +0000] "GET /?path=//lib64/perl5/sys HTTP/2" 200 27597 "https://www.visitkarimun.com/?path=%2F%2Flib64%2Fperl5%2Fsys" "Mozilla/5.0 AppleWebKit/537.36 (KHTML, like Gecko; compatible; GPTBot/1.4; +https://openai.com/gptbot)"
74.7.242.58 - - [25/Sep/2026:20:11:04 +0000] "GET /?path=//lib64/perl5/gnu HTTP/2" 200 27601 "https://www.visitkarimun.com/?path=%2F%2Flib64%2Fperl5%2Fgnu" "Mozilla/5.0 AppleWebKit/537.36 (KHTML, like Gecko; compatible; GPTBot/1.4; +https://openai.com/gptbot)"
74.7.242.58 - - [25/Sep/2026:20:11:05 +0000] "GET /?action=edit&file=libprintbackend-file.so&path=%2F%2Flib64%2Fgtk-2.0%2F2.10.0%2Fprintbackends HTTP/2" 200 27274 "https://www.visitkarimun.com/?path=%2F%2Flib64%2Fgtk-2.0%2F2.10.0%2Fprintbackends" "Mozilla/5.0 AppleWebKit/537.36 (KHTML, like Gecko; compatible; GPTBot/1.4; +https://openai.com/gptbot)"
74.7.242.58 - - [25/Sep/2026:20:11:06 +0000] "GET /?action=edit&file=libprintbackend-lpr.so&path=%2F%2Flib64%2Fgtk-2.0%2F2.10.0%2Fprintbackends HTTP/2" 200 27262 "https://www.visitkarimun.com/?path=%2F%2Flib64%2Fgtk-2.0%2F2.10.0%2Fprintbackends" "Mozilla/5.0 AppleWebKit/537.36 (KHTML, like Gecko; compatible; GPTBot/1.4; +https://openai.com/gptbot)"
74.7.242.58 - - [25/Sep/2026:20:11:06 +0000] "GET /?path=//lib64/gtk-2.0/2.10.0/printbackends HTTP/2" 200 27634 "https://www.visitkarimun.com/?path=%2F%2Flib64%2Fgtk-2.0%2F2.10.0%2Fprintbackends" "Mozilla/5.0 AppleWebKit/537.36 (KHTML, like Gecko; compatible; GPTBot/1.4; +https://openai.com/gptbot)"
74.7.242.58 - - [25/Sep/2026:20:11:07 +0000] "GET /?action=edit&file=unistd_x32.ph&path=%2F%2Flib64%2Fperl5%2Fasm HTTP/2" 200 31708 "https://www.visitkarimun.com/?path=%2F%2Flib64%2Fperl5%2Fasm" "Mozilla/5.0 AppleWebKit/537.36 (KHTML, like Gecko; compatible; GPTBot/1.4; +https://openai.com/gptbot)"
74.7.242.58 - - [25/Sep/2026:20:11:08 +0000] "GET /?action=edit&file=stubs-64.ph&path=%2F%2Flib64%2Fperl5%2Fgnu HTTP/2" 200 27500 "https://www.visitkarimun.com/?path=%2F%2Flib64%2Fperl5%2Fgnu" "Mozilla/5.0 AppleWebKit/537.36 (KHTML, like Gecko; compatible; GPTBot/1.4; +https://openai.com/gptbot)"
74.7.242.58 - - [25/Sep/2026:20:11:08 +0000] "GET /?path=//lib/java HTTP/2" 200 27490 "https://www.visitkarimun.com/?path=%2F%2Flib%2Fjava" "Mozilla/5.0 AppleWebKit/537.36 (KHTML, like Gecko; compatible; GPTBot/1.4; +https://openai.com/gptbot)"
66.249.66.193 - - [25/Sep/2026:20:11:09 +0000] "GET /category/blog-artikel/?action=edit&file=.lastlogin&path=%2Fhome%2Fkarimun HTTP/1.1" 200 28026 "-" "Mozilla/5.0 (Linux; Android 6.0.1; Nexus 5X Build/MMB29P) AppleWebKit/537.36 (KHTML, like Gecko) Chrome/153.0.8010.52 Mobile Safari/537.36 (compatible; Googlebot/2.1; +http://www.google.com/bot.html)"
74.7.242.58 - - [25/Sep/2026:20:11:09 +0000] "GET /?action=edit&file=unistd_64.ph&path=%2F%2Flib64%2Fperl5%2Fasm HTTP/2" 200 31758 "https://www.visitkarimun.com/?path=%2F%2Flib64%2Fperl5%2Fasm" "Mozilla/5.0 AppleWebKit/537.36 (KHTML, like Gecko; compatible; GPTBot/1.4; +https://openai.com/gptbot)"
74.7.242.58 - - [25/Sep/2026:20:11:10 +0000] "GET /?action=edit&file=unistd_32.ph&path=%2F%2Flib64%2Fperl5%2Fasm HTTP/2" 200 32464 "https://www.visitkarimun.com/?path=%2F%2Flib64%2Fperl5%2Fasm" "Mozilla/5.0 AppleWebKit/537.36 (KHTML, like Gecko; compatible; GPTBot/1.4; +https://openai.com/gptbot)"
74.7.242.58 - - [25/Sep/2026:20:11:10 +0000] "GET /?action=edit&file=gnu.py&path=%2F%2Flib64%2Fpython3.9%2Fdbm HTTP/2" 200 27338 "https://www.visitkarimun.com/?path=%2F%2Flib64%2Fpython3.9%2Fdbm" "Mozilla/5.0 AppleWebKit/537.36 (KHTML, like Gecko; compatible; GPTBot/1.4; +https://openai.com/gptbot)"
74.7.242.58 - - [25/Sep/2026:20:11:11 +0000] "GET /?action=edit&file=__init__.cpython-39.pyc&path=%2F%2Flib64%2Fpython3.9%2Fxml%2F__pycache__ HTTP/2" 200 27277 "https://www.visitkarimun.com/?path=%2F%2Flib64%2Fpython3.9%2Fxml%2F__pycache__" "Mozilla/5.0 AppleWebKit/537.36 (KHTML, like Gecko; compatible; GPTBot/1.4; +https://openai.com/gptbot)"
74.7.242.58 - - [25/Sep/2026:20:11:11 +0000] "GET /?action=edit&file=_py_abc.cpython-39.opt-2.pyc&path=%2F%2Flib64%2Fpython3.9%2F__pycache__ HTTP/2" 200 27330 "https://www.visitkarimun.com/?path=%2F%2Flib64%2Fpython3.9%2F__pycache__" "Mozilla/5.0 AppleWebKit/537.36 (KHTML, like Gecko; compatible; GPTBot/1.4; +https://openai.com/gptbot)"
74.7.242.58 - - [25/Sep/2026:20:11:12 +0000] "GET /?action=edit&file=__future__.cpython-39.opt-2.pyc&path=%2F%2Flib64%2Fpython3.9%2F__pycache__ HTTP/2" 200 27271 "https://www.visitkarimun.com/?path=%2F%2Flib64%2Fpython3.9%2F__pycache__" "Mozilla/5.0 AppleWebKit/537.36 (KHTML, like Gecko; compatible; GPTBot/1.4; +https://openai.com/gptbot)"
74.7.242.58 - - [25/Sep/2026:20:11:13 +0000] "GET /?action=edit&file=_py_abc.cpython-39.opt-1.pyc&path=%2F%2Flib64%2Fpython3.9%2F__pycache__ HTTP/2" 200 27330 "https://www.visitkarimun.com/?path=%2F%2Flib64%2Fpython3.9%2F__pycache__" "Mozilla/5.0 AppleWebKit/537.36 (KHTML, like Gecko; compatible; GPTBot/1.4; +https://openai.com/gptbot)"
74.7.242.58 - - [25/Sep/2026:20:11:14 +0000] "GET /?action=edit&file=__future__.cpython-39.opt-1.pyc&path=%2F%2Flib64%2Fpython3.9%2F__pycache__ HTTP/2" 200 27271 "https://www.visitkarimun.com/?path=%2F%2Flib64%2Fpython3.9%2F__pycache__" "Mozilla/5.0 AppleWebKit/537.36 (KHTML, like Gecko; compatible; GPTBot/1.4; +https://openai.com/gptbot)"
74.7.242.58 - - [25/Sep/2026:20:11:14 +0000] "GET /?action=edit&file=__init__.cpython-39.pyc&path=%2F%2Flib64%2Fpython3.9%2Fdbm%2F__pycache__ HTTP/2" 200 27277 "https://www.visitkarimun.com/?path=%2F%2Flib64%2Fpython3.9%2Fdbm%2F__pycache__" "Mozilla/5.0 AppleWebKit/537.36 (KHTML, like Gecko; compatible; GPTBot/1.4; +https://openai.com/gptbot)"
74.7.242.58 - - [25/Sep/2026:20:11:15 +0000] "GET /?path=//home HTTP/2" 200 27492 "https://www.visitkarimun.com/?path=%2F%2Fhome" "Mozilla/5.0 AppleWebKit/537.36 (KHTML, like Gecko; compatible; GPTBot/1.4; +https://openai.com/gptbot)"
66.249.66.193 - - [25/Sep/2026:20:11:15 +0000] "GET /category/blog-artikel/?action=edit&file=cache-compat.php&path=%2Fhome%2Fkarimun%2Fpublic_html%2Fwp-includes HTTP/1.1" 200 30378 "-" "Mozilla/5.0 (Linux; Android 6.0.1; Nexus 5X Build/MMB29P) AppleWebKit/537.36 (KHTML, like Gecko) Chrome/153.0.8010.52 Mobile Safari/537.36 (compatible; Googlebot/2.1; +http://www.google.com/bot.html)"
74.7.242.58 - - [25/Sep/2026:20:11:16 +0000] "GET /?action=edit&file=libipathverbs-rdmav59.so&path=%2F%2Flib64%2Flibibverbs HTTP/2" 200 27260 "https://www.visitkarimun.com/?path=%2F%2Flib64%2Flibibverbs" "Mozilla/5.0 AppleWebKit/537.36 (KHTML, like Gecko; compatible; GPTBot/1.4; +https://openai.com/gptbot)"
74.7.242.58 - - [25/Sep/2026:20:11:17 +0000] "GET /%22https:/www.visitkarimun.com/informasi-harga-paket-wisata-karimunjawa-3-hari-2-malam/embed/?path=%2Fhome%2Fkarimun%2Fpublic_html%2Fwp-includes%2Fcertificates HTTP/2" 404 15921 "https://www.visitkarimun.com/%22https:/www.visitkarimun.com/informasi-harga-paket-wisata-karimunjawa-3-hari-2-malam/embed/?path=%2Fhome%2Fkarimun%2Fpublic_html%2Fwp-includes" "Mozilla/5.0 AppleWebKit/537.36 (KHTML, like Gecko; compatible; GPTBot/1.4; +https://openai.com/gptbot)"
74.7.242.58 - - [25/Sep/2026:20:11:17 +0000] "GET /?path=%2F%2Flib64%2Fglib-2.0%2Finclude HTTP/2" 200 27615 "https://www.visitkarimun.com/?path=%2F%2Flib64%2Fglib-2.0" "Mozilla/5.0 AppleWebKit/537.36 (KHTML, like Gecko; compatible; GPTBot/1.4; +https://openai.com/gptbot)"
74.7.242.58 - - [25/Sep/2026:20:11:18 +0000] "GET /?path=%2F%2Fvar%2Flve HTTP/2" 200 27568 "https://www.visitkarimun.com/?path=%2F%2Fvar" "Mozilla/5.0 AppleWebKit/537.36 (KHTML, like Gecko; compatible; GPTBot/1.4; +https://openai.com/gptbot)"
74.7.242.58 - - [25/Sep/2026:20:11:19 +0000] "GET /?path=%2F%2Fetc%2Fssh HTTP/2" 200 27576 "https://www.visitkarimun.com/?path=%2F%2Fetc" "Mozilla/5.0 AppleWebKit/537.36 (KHTML, like Gecko; compatible; GPTBot/1.4; +https://openai.com/gptbot)"
74.7.242.58 - - [25/Sep/2026:20:11:20 +0000] "GET /?path=%2F%2Fetc%2Fpki HTTP/2" 200 27632 "https://www.visitkarimun.com/?path=%2F%2Fetc" "Mozilla/5.0 AppleWebKit/537.36 (KHTML, like Gecko; compatible; GPTBot/1.4; +https://openai.com/gptbot)"
74.7.242.58 - - [25/Sep/2026:20:11:20 +0000] "GET /?path=%2F%2Fopt%2Falt HTTP/2" 200 28076 "https://www.visitkarimun.com/?path=%2F%2Fopt" "Mozilla/5.0 AppleWebKit/537.36 (KHTML, like Gecko; compatible; GPTBot/1.4; +https://openai.com/gptbot)"
74.7.242.58 - - [25/Sep/2026:20:11:21 +0000] "GET /?path=%2F%2Fvar%2Fphp HTTP/2" 200 27508 "https://www.visitkarimun.com/?path=%2F%2Fvar" "Mozilla/5.0 AppleWebKit/537.36 (KHTML, like Gecko; compatible; GPTBot/1.4; +https://openai.com/gptbot)"
66.249.66.65 - - [25/Sep/2026:20:11:22 +0000] "GET /wp-content/plugins/easy-table-of-contents/vendor/js-cookie/js.cookie.min.js?ver=2.2.1%27%20defer%27%20defer HTTP/1.1" 200 995 "https://www.visitkarimun.com/category/blog-artikel/?action=edit&file=admin-bar.php&path=%2Fhome%2Fkarimun%2Fpublic_html%2Fwp-includes" "Mozilla/5.0 (Linux; Android 6.0.1; Nexus 5X Build/MMB29P) AppleWebKit/537.36 (KHTML, like Gecko) Chrome/153.0.8010.52 Mobile Safari/537.36 (compatible; Googlebot/2.1; +http://www.google.com/bot.html)"
52.167.144.192 - - [25/Sep/2026:20:11:21 +0000] "GET /oleh-oleh-khas-karimunjawa/?action=edit&file=error_log&path=%2Fhome%2Fkarimun%2Fpublic_html HTTP/2" 200 85161 "-" "Mozilla/5.0 AppleWebKit/537.36 (KHTML, like Gecko; compatible; bingbot/2.0; +http://www.bing.com/bingbot.htm) Chrome/116.0.1938.76 Safari/537.36"
74.7.242.58 - - [25/Sep/2026:20:11:22 +0000] "GET /?path=%2F%2Fvar%2Frun HTTP/2" 200 27696 "https://www.visitkarimun.com/?path=%2F%2Fvar" "Mozilla/5.0 AppleWebKit/537.36 (KHTML, like Gecko; compatible; GPTBot/1.4; +https://openai.com/gptbot)"
74.7.242.58 - - [25/Sep/2026:20:11:23 +0000] "GET /?path=%2F%2Fvar%2Ftmp HTTP/2" 200 27561 "https://www.visitkarimun.com/?path=%2F%2Fvar" "Mozilla/5.0 AppleWebKit/537.36 (KHTML, like Gecko; compatible; GPTBot/1.4; +https://openai.com/gptbot)"
66.249.66.65 - - [25/Sep/2026:20:11:24 +0000] "GET /category/blog-artikel/?action=edit&file=class-wp-filter-sentinel.php&path=%2Fhome%2Fkarimun%2Fpublic_html%2Fwp-includes HTTP/1.1" 200 28286 "-" "Mozilla/5.0 (Linux; Android 6.0.1; Nexus 5X Build/MMB29P) AppleWebKit/537.36 (KHTML, like Gecko) Chrome/153.0.8010.52 Mobile Safari/537.36 (compatible; Googlebot/2.1; +http://www.google.com/bot.html)"
52.167.144.192 - - [25/Sep/2026:20:11:24 +0000] "GET /oleh-oleh-khas-karimunjawa/?action=edit&file=index.html&path=%2Fhome%2Fkarimun%2Fpublic_html HTTP/2" 200 60436 "-" "Mozilla/5.0 AppleWebKit/537.36 (KHTML, like Gecko; compatible; bingbot/2.0; +http://www.bing.com/bingbot.htm) Chrome/116.0.1938.76 Safari/537.36"
74.7.242.58 - - [25/Sep/2026:20:11:24 +0000] "GET /?path=%2F%2Fdev%2Fpts HTTP/2" 200 27539 "https://www.visitkarimun.com/?path=%2F%2Fdev" "Mozilla/5.0 AppleWebKit/537.36 (KHTML, like Gecko; compatible; GPTBot/1.4; +https://openai.com/gptbot)"
74.7.242.58 - - [25/Sep/2026:20:11:25 +0000] "GET /?path=%2F%2Fusr%2Fsrc HTTP/2" 200 27559 "https://www.visitkarimun.com/?path=%2F%2Fusr" "Mozilla/5.0 AppleWebKit/537.36 (KHTML, like Gecko; compatible; GPTBot/1.4; +https://openai.com/gptbot)"
74.7.242.58 - - [25/Sep/2026:20:11:26 +0000] "GET /?path=%2F%2Fetc%2Fssl HTTP/2" 200 27601 "https://www.visitkarimun.com/?path=%2F%2Fetc" "Mozilla/5.0 AppleWebKit/537.36 (KHTML, like Gecko; compatible; GPTBot/1.4; +https://openai.com/gptbot)"
74.7.242.58 - - [25/Sep/2026:20:11:26 +0000] "GET /?path=//lib64/glib-2.0/include HTTP/2" 200 27615 "https://www.visitkarimun.com/?path=%2F%2Flib64%2Fglib-2.0%2Finclude" "Mozilla/5.0 AppleWebKit/537.36 (KHTML, like Gecko; compatible; GPTBot/1.4; +https://openai.com/gptbot)"
74.7.242.58 - - [25/Sep/2026:20:11:27 +0000] "GET /?path=//var/lve HTTP/2" 200 27568 "https://www.visitkarimun.com/?path=%2F%2Fvar%2Flve" "Mozilla/5.0 AppleWebKit/537.36 (KHTML, like Gecko; compatible; GPTBot/1.4; +https://openai.com/gptbot)"
74.7.242.58 - - [25/Sep/2026:20:11:28 +0000] "GET /?path=//etc/ssh HTTP/2" 200 27576 "https://www.visitkarimun.com/?path=%2F%2Fetc%2Fssh" "Mozilla/5.0 AppleWebKit/537.36 (KHTML, like Gecko; compatible; GPTBot/1.4; +https://openai.com/gptbot)"
74.7.242.58 - - [25/Sep/2026:20:11:28 +0000] "GET /?path=//etc/pki HTTP/2" 200 27632 "https://www.visitkarimun.com/?path=%2F%2Fetc%2Fpki" "Mozilla/5.0 AppleWebKit/537.36 (KHTML, like Gecko; compatible; GPTBot/1.4; +https://openai.com/gptbot)"
74.7.242.58 - - [25/Sep/2026:20:11:29 +0000] "GET /?path=%2F%2Fopt%2Falt%2Fphp52 HTTP/2" 200 27553 "https://www.visitkarimun.com/?path=%2F%2Fopt%2Falt" "Mozilla/5.0 AppleWebKit/537.36 (KHTML, like Gecko; compatible; GPTBot/1.4; +https://openai.com/gptbot)"
74.7.242.58 - - [25/Sep/2026:20:11:29 +0000] "GET /?path=//opt/alt HTTP/2" 200 28076 "https://www.visitkarimun.com/?path=%2F%2Fopt%2Falt" "Mozilla/5.0 AppleWebKit/537.36 (KHTML, like Gecko; compatible; GPTBot/1.4; +https://openai.com/gptbot)"
52.167.144.192 - - [25/Sep/2026:20:11:30 +0000] "GET /oleh-oleh-khas-karimunjawa/?path=/home/karimun/public_html HTTP/2" 200 59548 "-" "Mozilla/5.0 AppleWebKit/537.36 (KHTML, like Gecko; compatible; bingbot/2.0; +http://www.bing.com/bingbot.htm) Chrome/116.0.1938.76 Safari/537.36"
