178.93.171.5 - - [25/Sep/2026:14:20:33 +0000] "GET /wp-content/uploads/2022/12/favicon.jpg HTTP/2" 200 6129 "-" "NetworkingExtension/8624.4.5.10.5 Network/5812.160.9 iOS/26.6"
178.93.171.5 - - [25/Sep/2026:14:20:33 +0000] "GET /wp-content/uploads/2022/12/favicon.jpg HTTP/2" 200 6129 "-" "NetworkingExtension/8624.4.5.10.5 Network/5812.160.9 iOS/26.6"
178.93.171.5 - - [25/Sep/2026:14:20:33 +0000] "GET /wp-content/uploads/2022/03/kapal-karimunjawa.jpg HTTP/2" 200 127618 "-" "NetworkingExtension/8624.4.5.10.5 Network/5812.160.9 iOS/26.6"
178.93.171.5 - - [25/Sep/2026:14:20:33 +0000] "GET /wp-content/uploads/2021/09/kapal-ferry-siginjai-karimunjawa-1024x493.jpg HTTP/2" 200 294024 "-" "NetworkingExtension/8624.4.5.10.5 Network/5812.160.9 iOS/26.6"
192.250.235.217 - - [25/Sep/2026:14:20:44 +0000] "POST /wp-cron.php?doing_wp_cron=1790346044.9855520725250244140625 HTTP/1.1" 200 0 "-" "WordPress/7.1.2; https://www.visitkarimun.com"
138.246.253.24 - - [25/Sep/2026:14:20:44 +0000] "GET /robots.txt HTTP/1.1" 200 241 "-" "Mozilla/5.0 (Windows NT 10.0; Win64; x64) AppleWebKit/537.36 (KHTML, like Gecko) Chrome/103.0.5060.134 Safari/537.36"
192.250.235.217 - - [25/Sep/2026:14:22:12 +0000] "POST /wp-cron.php?doing_wp_cron=1790346132.2686688899993896484375 HTTP/1.1" 200 0 "-" "WordPress/7.1.2; https://www.visitkarimun.com"
52.167.144.205 - - [25/Sep/2026:14:22:10 +0000] "GET /jetski-karimunjawa/jetski-karimunjawa-2/ HTTP/2" 200 53655 "-" "Mozilla/5.0 AppleWebKit/537.36 (KHTML, like Gecko; compatible; bingbot/2.0; +http://www.bing.com/bingbot.htm) Chrome/116.0.1938.76 Safari/537.36"
52.167.144.205 - - [25/Sep/2026:14:22:13 +0000] "GET /informasi-liburan-ke-karimun-jawa/ HTTP/2" 200 66980 "-" "Mozilla/5.0 AppleWebKit/537.36 (KHTML, like Gecko; compatible; bingbot/2.0; +http://www.bing.com/bingbot.htm) Chrome/116.0.1938.76 Safari/537.36"
104.211.74.130 - - [25/Sep/2026:14:23:06 +0000] "GET / HTTP/1.1" 401 53 "-" "Mozilla/5.0 (Windows NT 10.0; Win64; x64) AppleWebKit/537.36 (KHTML, like Gecko) Chrome/120.0.0.0 Safari/537.36"
66.249.66.65 - - [25/Sep/2026:14:23:30 +0000] "GET /ads.txt HTTP/1.1" 304 0 "-" "Google-adstxt"
66.249.92.35 - - [25/Sep/2026:14:29:12 +0000] "GET /informasi-paket-wisata-karimunjawa-dari-bandung/ HTTP/1.1" 200 90501 "-" "Mozilla/5.0 (Linux; Android 6.0.1; Nexus 5X Build/MMB29P) AppleWebKit/537.36 (KHTML, like Gecko) Chrome/153.0.8010.52 Mobile Safari/537.36 (compatible; AdsBot-Google-Mobile; +http://www.google.com/mobile/adsbot.html)"
66.249.92.35 - - [25/Sep/2026:14:29:19 +0000] "GET /wp-content/plugins/easy-table-of-contents/assets/js/smooth_scroll.min.js?ver=2.0.88%27%20defer%27%20defer HTTP/1.1" 200 478 "https://www.visitkarimun.com/informasi-paket-wisata-karimunjawa-dari-bandung/" "AdsBot-Google (+http://www.google.com/adsbot.html)"
66.249.92.35 - - [25/Sep/2026:14:29:20 +0000] "GET /wp-content/plugins/google-site-kit/dist/assets/js/googlesitekit-consent-mode-755f1678e260138d789e.js'%20defer'%20defer HTTP/1.1" 404 44977 "https://www.visitkarimun.com/informasi-paket-wisata-karimunjawa-dari-bandung/" "AdsBot-Google (+http://www.google.com/adsbot.html)"
66.249.92.35 - - [25/Sep/2026:14:29:21 +0000] "GET /wp-content/plugins/google-site-kit/dist/assets/js/googlesitekit-events-provider-content-events-c7172f3fd0e4d5ad62ef.js'%20defer'%20defer HTTP/1.1" 404 44963 "https://www.visitkarimun.com/informasi-paket-wisata-karimunjawa-dari-bandung/" "AdsBot-Google (+http://www.google.com/adsbot.html)"
66.249.92.35 - - [25/Sep/2026:14:29:21 +0000] "GET /wp-content/plugins/easy-table-of-contents/assets/js/front.min.js?ver=2.0.88-1789581705%27%20defer%27%20defer HTTP/1.1" 200 1531 "https://www.visitkarimun.com/informasi-paket-wisata-karimunjawa-dari-bandung/" "AdsBot-Google (+http://www.google.com/adsbot.html)"
66.249.92.35 - - [25/Sep/2026:14:29:21 +0000] "GET /wp-content/plugins/google-site-kit/dist/assets/js/sign-in-with-google-5a9e012872c712a23a12.js'%20defer HTTP/1.1" 404 44984 "https://www.visitkarimun.com/informasi-paket-wisata-karimunjawa-dari-bandung/" "AdsBot-Google (+http://www.google.com/adsbot.html)"
66.249.92.35 - - [25/Sep/2026:14:29:22 +0000] "GET /wp-content/themes/wizata-per/assets/fonts/glyphicons-halflings-regular.woff2 HTTP/1.1" 200 18028 "https://www.visitkarimun.com/wp-content/themes/wizata-per/assets/css/mix.css?ver=1.0" "AdsBot-Google (+http://www.google.com/adsbot.html)"
66.249.92.35 - - [25/Sep/2026:14:29:22 +0000] "GET /wp-content/plugins/easy-table-of-contents/vendor/sticky-kit/jquery.sticky-kit.min.js?ver=1.9.2%27%20defer%27%20defer HTTP/1.1" 200 1180 "https://www.visitkarimun.com/informasi-paket-wisata-karimunjawa-dari-bandung/" "AdsBot-Google (+http://www.google.com/adsbot.html)"
66.249.92.35 - - [25/Sep/2026:14:29:23 +0000] "GET /wp-content/themes/wizata-per/assets/fonts/Elusive-Icons.woff?v=2 HTTP/1.1" 200 61716 "https://www.visitkarimun.com/wp-content/themes/wizata-per/assets/css/mix.css?ver=1.0" "AdsBot-Google (+http://www.google.com/adsbot.html)"
66.249.92.35 - - [25/Sep/2026:14:29:23 +0000] "GET /wp-content/plugins/easy-table-of-contents/vendor/js-cookie/js.cookie.min.js?ver=2.2.1%27%20defer%27%20defer HTTP/1.1" 200 995 "https://www.visitkarimun.com/informasi-paket-wisata-karimunjawa-dari-bandung/" "AdsBot-Google (+http://www.google.com/adsbot.html)"
66.249.92.35 - - [25/Sep/2026:14:29:23 +0000] "GET /wp-content/plugins/akismet/_inc/akismet-frontend.js?ver=1785922394%27%20defer%27%20defer HTTP/1.1" 200 3327 "https://www.visitkarimun.com/informasi-paket-wisata-karimunjawa-dari-bandung/" "AdsBot-Google (+http://www.google.com/adsbot.html)"
114.122.74.64 - - [25/Sep/2026:14:29:29 +0000] "GET /tiket-kapal-karimunjawa/ HTTP/2" 200 92518 "https://www.google.com/" "Mozilla/5.0 (Linux; Android 10; K) AppleWebKit/537.36 (KHTML, like Gecko) Chrome/153.0.0.0 Mobile Safari/537.36"
114.122.74.64 - - [25/Sep/2026:14:29:30 +0000] "GET /wp-content/plugins/easy-table-of-contents/assets/css/screen.min.css?ver=2.0.88 HTTP/2" 200 1915 "https://www.visitkarimun.com/tiket-kapal-karimunjawa/" "Mozilla/5.0 (Linux; Android 10; K) AppleWebKit/537.36 (KHTML, like Gecko) Chrome/153.0.0.0 Mobile Safari/537.36"
114.122.74.64 - - [25/Sep/2026:14:29:30 +0000] "GET /wp-content/themes/wizata-per/assets/css/mix.css?ver=1.0 HTTP/2" 200 21291 "https://www.visitkarimun.com/tiket-kapal-karimunjawa/" "Mozilla/5.0 (Linux; Android 10; K) AppleWebKit/537.36 (KHTML, like Gecko) Chrome/153.0.0.0 Mobile Safari/537.36"
114.122.74.64 - - [25/Sep/2026:14:29:30 +0000] "GET /wp-content/themes/wizata-per/style.css?ver=1.0 HTTP/2" 200 7010 "https://www.visitkarimun.com/tiket-kapal-karimunjawa/" "Mozilla/5.0 (Linux; Android 10; K) AppleWebKit/537.36 (KHTML, like Gecko) Chrome/153.0.0.0 Mobile Safari/537.36"
114.122.74.64 - - [25/Sep/2026:14:29:30 +0000] "GET /wp-content/tablepress-combined.min.css?ver=49 HTTP/2" 200 1665 "https://www.visitkarimun.com/tiket-kapal-karimunjawa/" "Mozilla/5.0 (Linux; Android 10; K) AppleWebKit/537.36 (KHTML, like Gecko) Chrome/153.0.0.0 Mobile Safari/537.36"
114.122.74.64 - - [25/Sep/2026:14:29:30 +0000] "GET /wp-content/themes/wizata-per/responsive.css HTTP/2" 200 1113 "https://www.visitkarimun.com/tiket-kapal-karimunjawa/" "Mozilla/5.0 (Linux; Android 10; K) AppleWebKit/537.36 (KHTML, like Gecko) Chrome/153.0.0.0 Mobile Safari/537.36"
114.122.74.64 - - [25/Sep/2026:14:29:30 +0000] "GET /wp-content/themes/wizata-per/assets/js/jquery.min.js?ver=2.2.4 HTTP/2" 200 29166 "https://www.visitkarimun.com/tiket-kapal-karimunjawa/" "Mozilla/5.0 (Linux; Android 10; K) AppleWebKit/537.36 (KHTML, like Gecko) Chrome/153.0.0.0 Mobile Safari/537.36"
114.122.74.64 - - [25/Sep/2026:14:29:30 +0000] "GET /wp-content/uploads/2021/09/kapal-ferry-siginjai-karimunjawa-1024x493.jpg HTTP/2" 200 51494 "https://www.visitkarimun.com/tiket-kapal-karimunjawa/" "Mozilla/5.0 (Linux; Android 10; K) AppleWebKit/537.36 (KHTML, like Gecko) Chrome/153.0.0.0 Mobile Safari/537.36"
114.122.74.64 - - [25/Sep/2026:14:29:30 +0000] "GET /wp-content/uploads/2022/12/header.jpg HTTP/2" 200 5720 "https://www.visitkarimun.com/tiket-kapal-karimunjawa/" "Mozilla/5.0 (Linux; Android 10; K) AppleWebKit/537.36 (KHTML, like Gecko) Chrome/153.0.0.0 Mobile Safari/537.36"
114.122.74.64 - - [25/Sep/2026:14:29:30 +0000] "GET /wp-content/uploads/2022/03/kapal-karimunjawa.jpg HTTP/2" 200 91384 "https://www.visitkarimun.com/tiket-kapal-karimunjawa/" "Mozilla/5.0 (Linux; Android 10; K) AppleWebKit/537.36 (KHTML, like Gecko) Chrome/153.0.0.0 Mobile Safari/537.36"
114.122.74.64 - - [25/Sep/2026:14:29:30 +0000] "GET /wp-content/themes/wizata-per/images/wa-icon-fill-green.svg HTTP/2" 200 898 "https://www.visitkarimun.com/tiket-kapal-karimunjawa/" "Mozilla/5.0 (Linux; Android 10; K) AppleWebKit/537.36 (KHTML, like Gecko) Chrome/153.0.0.0 Mobile Safari/537.36"
114.122.74.64 - - [25/Sep/2026:14:29:30 +0000] "GET /wp-content/plugins/section-collection/build/advanced.js?ver=2.0.7%27%20defer%27%20defer HTTP/2" 200 5110 "https://www.visitkarimun.com/tiket-kapal-karimunjawa/" "Mozilla/5.0 (Linux; Android 10; K) AppleWebKit/537.36 (KHTML, like Gecko) Chrome/153.0.0.0 Mobile Safari/537.36"
114.122.74.64 - - [25/Sep/2026:14:29:30 +0000] "GET /wp-content/plugins/easy-table-of-contents/assets/js/smooth_scroll.min.js?ver=2.0.88%27%20defer%27%20defer HTTP/2" 200 478 "https://www.visitkarimun.com/tiket-kapal-karimunjawa/" "Mozilla/5.0 (Linux; Android 10; K) AppleWebKit/537.36 (KHTML, like Gecko) Chrome/153.0.0.0 Mobile Safari/537.36"
114.122.74.64 - - [25/Sep/2026:14:29:30 +0000] "GET /wp-content/plugins/easy-table-of-contents/vendor/js-cookie/js.cookie.min.js?ver=2.2.1%27%20defer%27%20defer HTTP/2" 200 995 "https://www.visitkarimun.com/tiket-kapal-karimunjawa/" "Mozilla/5.0 (Linux; Android 10; K) AppleWebKit/537.36 (KHTML, like Gecko) Chrome/153.0.0.0 Mobile Safari/537.36"
114.122.74.64 - - [25/Sep/2026:14:29:30 +0000] "GET /wp-content/plugins/easy-table-of-contents/vendor/sticky-kit/jquery.sticky-kit.min.js?ver=1.9.2%27%20defer%27%20defer HTTP/2" 200 1180 "https://www.visitkarimun.com/tiket-kapal-karimunjawa/" "Mozilla/5.0 (Linux; Android 10; K) AppleWebKit/537.36 (KHTML, like Gecko) Chrome/153.0.0.0 Mobile Safari/537.36"
114.122.74.64 - - [25/Sep/2026:14:29:30 +0000] "GET /wp-content/plugins/easy-table-of-contents/assets/js/front.min.js?ver=2.0.88-1789581705%27%20defer%27%20defer HTTP/2" 200 1531 "https://www.visitkarimun.com/tiket-kapal-karimunjawa/" "Mozilla/5.0 (Linux; Android 10; K) AppleWebKit/537.36 (KHTML, like Gecko) Chrome/153.0.0.0 Mobile Safari/537.36"
114.122.74.64 - - [25/Sep/2026:14:29:30 +0000] "GET /wp-includes/js/dist/vendor/react-jsx-runtime.min.js?ver=18.3.1%27%20defer%27%20defer HTTP/2" 200 613 "https://www.visitkarimun.com/tiket-kapal-karimunjawa/" "Mozilla/5.0 (Linux; Android 10; K) AppleWebKit/537.36 (KHTML, like Gecko) Chrome/153.0.0.0 Mobile Safari/537.36"
114.122.74.64 - - [25/Sep/2026:14:29:30 +0000] "GET /wp-content/themes/wizata-per/assets/js/mix.js?ver=1.0%27%20defer%27%20defer HTTP/2" 200 111566 "https://www.visitkarimun.com/tiket-kapal-karimunjawa/" "Mozilla/5.0 (Linux; Android 10; K) AppleWebKit/537.36 (KHTML, like Gecko) Chrome/153.0.0.0 Mobile Safari/537.36"
114.122.74.64 - - [25/Sep/2026:14:29:30 +0000] "GET /wp-content/uploads/2021/01/promo-paket-wisata-karimunjawa-1024x493.jpg HTTP/2" 200 38450 "https://www.visitkarimun.com/tiket-kapal-karimunjawa/" "Mozilla/5.0 (Linux; Android 10; K) AppleWebKit/537.36 (KHTML, like Gecko) Chrome/153.0.0.0 Mobile Safari/537.36"
114.122.74.64 - - [25/Sep/2026:14:29:30 +0000] "GET /wp-includes/js/dist/vendor/react.min.js?ver=18.3.1.1%27%20defer%27%20defer HTTP/2" 200 4117 "https://www.visitkarimun.com/tiket-kapal-karimunjawa/" "Mozilla/5.0 (Linux; Android 10; K) AppleWebKit/537.36 (KHTML, like Gecko) Chrome/153.0.0.0 Mobile Safari/537.36"
114.122.74.64 - - [25/Sep/2026:14:29:30 +0000] "GET /wp-includes/js/dist/vendor/react-dom.min.js?ver=18.3.1.1%27%20defer%27%20defer HTTP/2" 200 41410 "https://www.visitkarimun.com/tiket-kapal-karimunjawa/" "Mozilla/5.0 (Linux; Android 10; K) AppleWebKit/537.36 (KHTML, like Gecko) Chrome/153.0.0.0 Mobile Safari/537.36"
114.122.74.64 - - [25/Sep/2026:14:29:30 +0000] "GET /wp-includes/js/dist/dom-ready.min.js?ver=3fe927cab37bf38d6a23%27%20defer%27%20defer HTTP/2" 200 438 "https://www.visitkarimun.com/tiket-kapal-karimunjawa/" "Mozilla/5.0 (Linux; Android 10; K) AppleWebKit/537.36 (KHTML, like Gecko) Chrome/153.0.0.0 Mobile Safari/537.36"
114.122.74.64 - - [25/Sep/2026:14:29:30 +0000] "GET /wp-includes/js/dist/hooks.min.js?ver=f0f188028580e8dc1255%27%20defer%27%20defer HTTP/2" 200 1759 "https://www.visitkarimun.com/tiket-kapal-karimunjawa/" "Mozilla/5.0 (Linux; Android 10; K) AppleWebKit/537.36 (KHTML, like Gecko) Chrome/153.0.0.0 Mobile Safari/537.36"
114.122.74.64 - - [25/Sep/2026:14:29:30 +0000] "GET /wp-includes/js/dist/i18n.min.js?ver=1dfe7db3940c23ea9216%27%20defer%27%20defer HTTP/2" 200 2379 "https://www.visitkarimun.com/tiket-kapal-karimunjawa/" "Mozilla/5.0 (Linux; Android 10; K) AppleWebKit/537.36 (KHTML, like Gecko) Chrome/153.0.0.0 Mobile Safari/537.36"
114.122.74.64 - - [25/Sep/2026:14:29:30 +0000] "GET /wp-includes/js/dist/a11y.min.js?ver=31c6cec5a4ff7aff483d%27%20defer%27%20defer HTTP/2" 200 961 "https://www.visitkarimun.com/tiket-kapal-karimunjawa/" "Mozilla/5.0 (Linux; Android 10; K) AppleWebKit/537.36 (KHTML, like Gecko) Chrome/153.0.0.0 Mobile Safari/537.36"
114.122.74.64 - - [25/Sep/2026:14:29:30 +0000] "GET /wp-includes/js/dist/blob.min.js?ver=c7582a735ddd2edc9731%27%20defer%27%20defer HTTP/2" 200 586 "https://www.visitkarimun.com/tiket-kapal-karimunjawa/" "Mozilla/5.0 (Linux; Android 10; K) AppleWebKit/537.36 (KHTML, like Gecko) Chrome/153.0.0.0 Mobile Safari/537.36"
114.122.74.64 - - [25/Sep/2026:14:29:30 +0000] "GET /wp-includes/js/dist/block-serialization-default-parser.min.js?ver=4c6f3dd40077f7c17604%27%20defer%27%20defer HTTP/2" 200 1115 "https://www.visitkarimun.com/tiket-kapal-karimunjawa/" "Mozilla/5.0 (Linux; Android 10; K) AppleWebKit/537.36 (KHTML, like Gecko) Chrome/153.0.0.0 Mobile Safari/537.36"
114.122.74.64 - - [25/Sep/2026:14:29:30 +0000] "GET /wp-includes/js/dist/autop.min.js?ver=4e10a18cb6f21a043fc0%27%20defer%27%20defer HTTP/2" 200 2092 "https://www.visitkarimun.com/tiket-kapal-karimunjawa/" "Mozilla/5.0 (Linux; Android 10; K) AppleWebKit/537.36 (KHTML, like Gecko) Chrome/153.0.0.0 Mobile Safari/537.36"
114.122.74.64 - - [25/Sep/2026:14:29:30 +0000] "GET /wp-includes/js/dist/deprecated.min.js?ver=fe587bac92b7d0ef760e%27%20defer%27%20defer HTTP/2" 200 712 "https://www.visitkarimun.com/tiket-kapal-karimunjawa/" "Mozilla/5.0 (Linux; Android 10; K) AppleWebKit/537.36 (KHTML, like Gecko) Chrome/153.0.0.0 Mobile Safari/537.36"
114.122.74.64 - - [25/Sep/2026:14:29:30 +0000] "GET /wp-includes/js/dist/escape-html.min.js?ver=87ebe53e97bba59805a5%27%20defer%27%20defer HTTP/2" 200 561 "https://www.visitkarimun.com/tiket-kapal-karimunjawa/" "Mozilla/5.0 (Linux; Android 10; K) AppleWebKit/537.36 (KHTML, like Gecko) Chrome/153.0.0.0 Mobile Safari/537.36"
114.122.74.64 - - [25/Sep/2026:14:29:30 +0000] "GET /wp-includes/js/dist/is-shallow-equal.min.js?ver=7ad271045c1fe60f5496%27%20defer%27%20defer HTTP/2" 200 549 "https://www.visitkarimun.com/tiket-kapal-karimunjawa/" "Mozilla/5.0 (Linux; Android 10; K) AppleWebKit/537.36 (KHTML, like Gecko) Chrome/153.0.0.0 Mobile Safari/537.36"
114.122.74.64 - - [25/Sep/2026:14:29:30 +0000] "GET /wp-includes/js/dist/keycodes.min.js?ver=d0b4204e4bbeb412df6e%27%20defer%27%20defer HTTP/2" 200 1516 "https://www.visitkarimun.com/tiket-kapal-karimunjawa/" "Mozilla/5.0 (Linux; Android 10; K) AppleWebKit/537.36 (KHTML, like Gecko) Chrome/153.0.0.0 Mobile Safari/537.36"
114.122.74.64 - - [25/Sep/2026:14:29:30 +0000] "GET /wp-includes/js/dist/priority-queue.min.js?ver=6c0aa59b65d55dfd509b%27%20defer%27%20defer HTTP/2" 200 1536 "https://www.visitkarimun.com/tiket-kapal-karimunjawa/" "Mozilla/5.0 (Linux; Android 10; K) AppleWebKit/537.36 (KHTML, like Gecko) Chrome/153.0.0.0 Mobile Safari/537.36"
114.122.74.64 - - [25/Sep/2026:14:29:30 +0000] "GET /wp-includes/js/dist/private-apis.min.js?ver=eb85f28c4c729bb4f002%27%20defer%27%20defer HTTP/2" 200 1068 "https://www.visitkarimun.com/tiket-kapal-karimunjawa/" "Mozilla/5.0 (Linux; Android 10; K) AppleWebKit/537.36 (KHTML, like Gecko) Chrome/153.0.0.0 Mobile Safari/537.36"
114.122.74.64 - - [25/Sep/2026:14:29:30 +0000] "GET /wp-includes/js/dist/undo-manager.min.js?ver=4554fce6276d8910a4ae%27%20defer%27%20defer HTTP/2" 200 894 "https://www.visitkarimun.com/tiket-kapal-karimunjawa/" "Mozilla/5.0 (Linux; Android 10; K) AppleWebKit/537.36 (KHTML, like Gecko) Chrome/153.0.0.0 Mobile Safari/537.36"
114.122.74.64 - - [25/Sep/2026:14:29:30 +0000] "GET /wp-content/themes/wizata-per/assets/fonts/glyphicons-halflings-regular.woff2 HTTP/2" 200 18028 "https://www.visitkarimun.com/wp-content/themes/wizata-per/assets/css/mix.css?ver=1.0" "Mozilla/5.0 (Linux; Android 10; K) AppleWebKit/537.36 (KHTML, like Gecko) Chrome/153.0.0.0 Mobile Safari/537.36"
114.122.74.64 - - [25/Sep/2026:14:29:30 +0000] "GET /wp-content/themes/wizata-per/assets/fonts/Elusive-Icons.woff?v=2 HTTP/2" 200 61716 "https://www.visitkarimun.com/wp-content/themes/wizata-per/assets/css/mix.css?ver=1.0" "Mozilla/5.0 (Linux; Android 10; K) AppleWebKit/537.36 (KHTML, like Gecko) Chrome/153.0.0.0 Mobile Safari/537.36"
114.122.74.64 - - [25/Sep/2026:14:29:30 +0000] "GET /wp-content/themes/wizata-per/images/wa.png HTTP/2" 200 710 "https://www.visitkarimun.com/tiket-kapal-karimunjawa/" "Mozilla/5.0 (Linux; Android 10; K) AppleWebKit/537.36 (KHTML, like Gecko) Chrome/153.0.0.0 Mobile Safari/537.36"
114.122.74.64 - - [25/Sep/2026:14:29:30 +0000] "GET /wp-content/themes/wizata-per/images/telp.png HTTP/2" 200 624 "https://www.visitkarimun.com/tiket-kapal-karimunjawa/" "Mozilla/5.0 (Linux; Android 10; K) AppleWebKit/537.36 (KHTML, like Gecko) Chrome/153.0.0.0 Mobile Safari/537.36"
114.122.74.64 - - [25/Sep/2026:14:29:30 +0000] "GET /wp-includes/js/dist/redux-routine.min.js?ver=acca2b4857d83ad1790e%27%20defer%27%20defer HTTP/2" 200 3242 "https://www.visitkarimun.com/tiket-kapal-karimunjawa/" "Mozilla/5.0 (Linux; Android 10; K) AppleWebKit/537.36 (KHTML, like Gecko) Chrome/153.0.0.0 Mobile Safari/537.36"
114.122.74.64 - - [25/Sep/2026:14:29:30 +0000] "GET /wp-includes/js/dist/html-entities.min.js?ver=a976ff3a0f00bc2999a3%27%20defer%27%20defer HTTP/2" 200 464 "https://www.visitkarimun.com/tiket-kapal-karimunjawa/" "Mozilla/5.0 (Linux; Android 10; K) AppleWebKit/537.36 (KHTML, like Gecko) Chrome/153.0.0.0 Mobile Safari/537.36"
114.122.74.64 - - [25/Sep/2026:14:29:30 +0000] "GET /wp-includes/js/dist/shortcode.min.js?ver=f6273476300cc5fad4cd%27%20defer%27%20defer HTTP/2" 200 1521 "https://www.visitkarimun.com/tiket-kapal-karimunjawa/" "Mozilla/5.0 (Linux; Android 10; K) AppleWebKit/537.36 (KHTML, like Gecko) Chrome/153.0.0.0 Mobile Safari/537.36"
114.122.74.64 - - [25/Sep/2026:14:29:30 +0000] "GET /wp-includes/js/dist/warning.min.js?ver=a0978839debc564a6608%27%20defer%27%20defer HTTP/2" 200 427 "https://www.visitkarimun.com/tiket-kapal-karimunjawa/" "Mozilla/5.0 (Linux; Android 10; K) AppleWebKit/537.36 (KHTML, like Gecko) Chrome/153.0.0.0 Mobile Safari/537.36"
114.122.74.64 - - [25/Sep/2026:14:29:30 +0000] "GET /wp-includes/js/dist/primitives.min.js?ver=44cc5a35c7b9fe07a838%27%20defer%27%20defer HTTP/2" 200 974 "https://www.visitkarimun.com/tiket-kapal-karimunjawa/" "Mozilla/5.0 (Linux; Android 10; K) AppleWebKit/537.36 (KHTML, like Gecko) Chrome/153.0.0.0 Mobile Safari/537.36"
114.122.74.64 - - [25/Sep/2026:14:29:30 +0000] "GET /wp-includes/js/dist/keyboard-shortcuts.min.js?ver=37da95806f2339bc80d0%27%20defer%27%20defer HTTP/2" 200 1549 "https://www.visitkarimun.com/tiket-kapal-karimunjawa/" "Mozilla/5.0 (Linux; Android 10; K) AppleWebKit/537.36 (KHTML, like Gecko) Chrome/153.0.0.0 Mobile Safari/537.36"
114.122.74.64 - - [25/Sep/2026:14:29:30 +0000] "GET /wp-includes/js/dist/url.min.js?ver=7b0de086d4ae11d55704%27%20defer%27%20defer HTTP/2" 200 3654 "https://www.visitkarimun.com/tiket-kapal-karimunjawa/" "Mozilla/5.0 (Linux; Android 10; K) AppleWebKit/537.36 (KHTML, like Gecko) Chrome/153.0.0.0 Mobile Safari/537.36"
114.122.74.64 - - [25/Sep/2026:14:29:30 +0000] "GET /wp-includes/js/dist/api-fetch.min.js?ver=6f2a4faeee3c722b1e57%27%20defer%27%20defer HTTP/2" 200 3151 "https://www.visitkarimun.com/tiket-kapal-karimunjawa/" "Mozilla/5.0 (Linux; Android 10; K) AppleWebKit/537.36 (KHTML, like Gecko) Chrome/153.0.0.0 Mobile Safari/537.36"
114.122.74.64 - - [25/Sep/2026:14:29:30 +0000] "GET /wp-includes/js/dist/preferences-persistence.min.js?ver=a34abbdacd8f50f9acb1%27%20defer%27%20defer HTTP/2" 200 2077 "https://www.visitkarimun.com/tiket-kapal-karimunjawa/" "Mozilla/5.0 (Linux; Android 10; K) AppleWebKit/537.36 (KHTML, like Gecko) Chrome/153.0.0.0 Mobile Safari/537.36"
114.122.74.64 - - [25/Sep/2026:14:29:30 +0000] "GET /wp-includes/js/dist/preferences.min.js?ver=5a169e3fc0e657f74172%27%20defer%27%20defer HTTP/2" 200 3145 "https://www.visitkarimun.com/tiket-kapal-karimunjawa/" "Mozilla/5.0 (Linux; Android 10; K) AppleWebKit/537.36 (KHTML, like Gecko) Chrome/153.0.0.0 Mobile Safari/537.36"
114.122.74.64 - - [25/Sep/2026:14:29:30 +0000] "GET /wp-includes/js/dist/notices.min.js?ver=c09a068fdab0eb465e14%27%20defer%27%20defer HTTP/2" 200 1608 "https://www.visitkarimun.com/tiket-kapal-karimunjawa/" "Mozilla/5.0 (Linux; Android 10; K) AppleWebKit/537.36 (KHTML, like Gecko) Chrome/153.0.0.0 Mobile Safari/537.36"
114.122.74.64 - - [25/Sep/2026:14:29:30 +0000] "GET /wp-includes/js/dist/style-engine.min.js?ver=914befb08774033e6265%27%20defer%27%20defer HTTP/2" 200 2360 "https://www.visitkarimun.com/tiket-kapal-karimunjawa/" "Mozilla/5.0 (Linux; Android 10; K) AppleWebKit/537.36 (KHTML, like Gecko) Chrome/153.0.0.0 Mobile Safari/537.36"
114.122.74.64 - - [25/Sep/2026:14:29:30 +0000] "GET /wp-includes/js/dist/token-list.min.js?ver=e86ab419d8302d57822c%27%20defer%27%20defer HTTP/2" 200 698 "https://www.visitkarimun.com/tiket-kapal-karimunjawa/" "Mozilla/5.0 (Linux; Android 10; K) AppleWebKit/537.36 (KHTML, like Gecko) Chrome/153.0.0.0 Mobile Safari/537.36"
114.122.74.64 - - [25/Sep/2026:14:29:30 +0000] "GET /wp-content/themes/wizata-per/images/badge2.png HTTP/2" 200 2704 "https://www.visitkarimun.com/tiket-kapal-karimunjawa/" "Mozilla/5.0 (Linux; Android 10; K) AppleWebKit/537.36 (KHTML, like Gecko) Chrome/153.0.0.0 Mobile Safari/537.36"
114.122.74.64 - - [25/Sep/2026:14:29:30 +0000] "GET /wp-content/themes/wizata-per/images/badge1.png HTTP/2" 200 3434 "https://www.visitkarimun.com/tiket-kapal-karimunjawa/" "Mozilla/5.0 (Linux; Android 10; K) AppleWebKit/537.36 (KHTML, like Gecko) Chrome/153.0.0.0 Mobile Safari/537.36"
114.122.74.64 - - [25/Sep/2026:14:29:30 +0000] "GET /wp-includes/js/comment-reply.min.js?ver=7.1.2%27%20defer%27%20defer HTTP/2" 200 1224 "https://www.visitkarimun.com/tiket-kapal-karimunjawa/" "Mozilla/5.0 (Linux; Android 10; K) AppleWebKit/537.36 (KHTML, like Gecko) Chrome/153.0.0.0 Mobile Safari/537.36"
114.122.74.64 - - [25/Sep/2026:14:29:30 +0000] "GET /wp-content/plugins/akismet/_inc/akismet-frontend.js?ver=1785922394%27%20defer%27%20defer HTTP/2" 200 3327 "https://www.visitkarimun.com/tiket-kapal-karimunjawa/" "Mozilla/5.0 (Linux; Android 10; K) AppleWebKit/537.36 (KHTML, like Gecko) Chrome/153.0.0.0 Mobile Safari/537.36"
114.122.74.64 - - [25/Sep/2026:14:29:30 +0000] "GET /wp-includes/js/dist/dom.min.js?ver=c95f94cbbc1ac3fde84f%27%20defer%27%20defer HTTP/2" 200 4926 "https://www.visitkarimun.com/tiket-kapal-karimunjawa/" "Mozilla/5.0 (Linux; Android 10; K) AppleWebKit/537.36 (KHTML, like Gecko) Chrome/153.0.0.0 Mobile Safari/537.36"
114.122.74.64 - - [25/Sep/2026:14:29:30 +0000] "GET /wp-includes/js/dist/element.min.js?ver=4a4370b2b349066fd440%27%20defer%27%20defer HTTP/2" 200 5010 "https://www.visitkarimun.com/tiket-kapal-karimunjawa/" "Mozilla/5.0 (Linux; Android 10; K) AppleWebKit/537.36 (KHTML, like Gecko) Chrome/153.0.0.0 Mobile Safari/537.36"
114.122.74.64 - - [25/Sep/2026:14:29:30 +0000] "GET /wp-includes/js/dist/compose.min.js?ver=0e8bde2a499ea6073b42%27%20defer%27%20defer HTTP/2" 200 11268 "https://www.visitkarimun.com/tiket-kapal-karimunjawa/" "Mozilla/5.0 (Linux; Android 10; K) AppleWebKit/537.36 (KHTML, like Gecko) Chrome/153.0.0.0 Mobile Safari/537.36"
114.122.74.64 - - [25/Sep/2026:14:29:30 +0000] "GET /wp-includes/js/dist/data.min.js?ver=14a216e0932d72c22976%27%20defer%27%20defer HTTP/2" 200 9491 "https://www.visitkarimun.com/tiket-kapal-karimunjawa/" "Mozilla/5.0 (Linux; Android 10; K) AppleWebKit/537.36 (KHTML, like Gecko) Chrome/153.0.0.0 Mobile Safari/537.36"
114.122.74.64 - - [25/Sep/2026:14:29:30 +0000] "GET /wp-includes/js/dist/rich-text.min.js?ver=3e5852e42cee1c239bae%27%20defer%27%20defer HTTP/2" 200 14352 "https://www.visitkarimun.com/tiket-kapal-karimunjawa/" "Mozilla/5.0 (Linux; Android 10; K) AppleWebKit/537.36 (KHTML, like Gecko) Chrome/153.0.0.0 Mobile Safari/537.36"
114.122.74.64 - - [25/Sep/2026:14:29:30 +0000] "GET /wp-includes/js/dist/upload-media.min.js?ver=a2c026d433c295fd5145%27%20defer%27%20defer HTTP/2" 200 15643 "https://www.visitkarimun.com/tiket-kapal-karimunjawa/" "Mozilla/5.0 (Linux; Android 10; K) AppleWebKit/537.36 (KHTML, like Gecko) Chrome/153.0.0.0 Mobile Safari/537.36"
114.122.74.64 - - [25/Sep/2026:14:29:30 +0000] "GET /wp-content/plugins/section-collection/build/faq/view.js?ver=dd0a69eb13c4a031cfae%27%20defer%27%20defer HTTP/2" 200 7668 "https://www.visitkarimun.com/tiket-kapal-karimunjawa/" "Mozilla/5.0 (Linux; Android 10; K) AppleWebKit/537.36 (KHTML, like Gecko) Chrome/153.0.0.0 Mobile Safari/537.36"
114.122.74.64 - - [25/Sep/2026:14:29:30 +0000] "GET /wp-content/plugins/section-collection/build/call-to-actions/view.js?ver=9ce62d411e5f3d3b7585%27%20defer%27%20defer HTTP/2" 200 11370 "https://www.visitkarimun.com/tiket-kapal-karimunjawa/" "Mozilla/5.0 (Linux; Android 10; K) AppleWebKit/537.36 (KHTML, like Gecko) Chrome/153.0.0.0 Mobile Safari/537.36"
114.122.74.64 - - [25/Sep/2026:14:29:30 +0000] "GET /wp-includes/js/dist/blocks.min.js?ver=c0e57a630a0b6f6c3bb5%27%20defer%27%20defer HTTP/2" 200 43487 "https://www.visitkarimun.com/tiket-kapal-karimunjawa/" "Mozilla/5.0 (Linux; Android 10; K) AppleWebKit/537.36 (KHTML, like Gecko) Chrome/153.0.0.0 Mobile Safari/537.36"
114.122.74.64 - - [25/Sep/2026:14:29:30 +0000] "GET /wp-includes/js/dist/vendor/moment.min.js?ver=2.30.1%27%20defer%27%20defer HTTP/2" 200 18383 "https://www.visitkarimun.com/tiket-kapal-karimunjawa/" "Mozilla/5.0 (Linux; Android 10; K) AppleWebKit/537.36 (KHTML, like Gecko) Chrome/153.0.0.0 Mobile Safari/537.36"
114.122.74.64 - - [25/Sep/2026:14:29:30 +0000] "GET /wp-includes/js/dist/date.min.js?ver=8173fc0fc12b7bb7eaf0%27%20defer%27%20defer HTTP/2" 200 23044 "https://www.visitkarimun.com/tiket-kapal-karimunjawa/" "Mozilla/5.0 (Linux; Android 10; K) AppleWebKit/537.36 (KHTML, like Gecko) Chrome/153.0.0.0 Mobile Safari/537.36"
114.122.74.64 - - [25/Sep/2026:14:29:30 +0000] "GET /wp-includes/js/dist/theme.min.js?ver=56a75cc08ae66c1fcb7a%27%20defer%27%20defer HTTP/2" 200 21910 "https://www.visitkarimun.com/tiket-kapal-karimunjawa/" "Mozilla/5.0 (Linux; Android 10; K) AppleWebKit/537.36 (KHTML, like Gecko) Chrome/153.0.0.0 Mobile Safari/537.36"
114.122.74.64 - - [25/Sep/2026:14:29:30 +0000] "GET /wp-includes/js/dist/commands.min.js?ver=1a4910212c7ed2355300%27%20defer%27%20defer HTTP/2" 200 19231 "https://www.visitkarimun.com/tiket-kapal-karimunjawa/" "Mozilla/5.0 (Linux; Android 10; K) AppleWebKit/537.36 (KHTML, like Gecko) Chrome/153.0.0.0 Mobile Safari/537.36"
114.122.74.64 - - [25/Sep/2026:14:29:30 +0000] "GET /wp-content/uploads/2023/08/pulau-menjangan-kecil-karimunajwa.jpg HTTP/2" 200 109574 "https://www.visitkarimun.com/tiket-kapal-karimunjawa/" "Mozilla/5.0 (Linux; Android 10; K) AppleWebKit/537.36 (KHTML, like Gecko) Chrome/153.0.0.0 Mobile Safari/537.36"
114.122.74.64 - - [25/Sep/2026:14:29:30 +0000] "GET /wp-includes/js/dist/components.min.js?ver=9b751f17060211272a5c%27%20defer%27%20defer HTTP/2" 200 258712 "https://www.visitkarimun.com/tiket-kapal-karimunjawa/" "Mozilla/5.0 (Linux; Android 10; K) AppleWebKit/537.36 (KHTML, like Gecko) Chrome/153.0.0.0 Mobile Safari/537.36"
114.122.74.64 - - [25/Sep/2026:14:29:30 +0000] "GET /wp-includes/js/dist/block-editor.min.js?ver=37e58da384b2558bd479%27%20defer%27%20defer HTTP/2" 200 407357 "https://www.visitkarimun.com/tiket-kapal-karimunjawa/" "Mozilla/5.0 (Linux; Android 10; K) AppleWebKit/537.36 (KHTML, like Gecko) Chrome/153.0.0.0 Mobile Safari/537.36"
114.122.74.64 - - [25/Sep/2026:14:29:30 +0000] "GET /wp-content/plugins/google-site-kit/dist/assets/js/sign-in-with-google-5a9e012872c712a23a12.js'%20defer HTTP/2" 404 44958 "https://www.visitkarimun.com/tiket-kapal-karimunjawa/" "Mozilla/5.0 (Linux; Android 10; K) AppleWebKit/537.36 (KHTML, like Gecko) Chrome/153.0.0.0 Mobile Safari/537.36"
114.122.74.64 - - [25/Sep/2026:14:29:30 +0000] "GET /wp-content/uploads/2020/05/cemara-besar-karimunjawa.jpg HTTP/2" 404 44934 "https://www.visitkarimun.com/tiket-kapal-karimunjawa/" "Mozilla/5.0 (Linux; Android 10; K) AppleWebKit/537.36 (KHTML, like Gecko) Chrome/153.0.0.0 Mobile Safari/537.36"
114.122.74.64 - - [25/Sep/2026:14:29:30 +0000] "GET /wp-content/plugins/google-site-kit/dist/assets/js/googlesitekit-consent-mode-755f1678e260138d789e.js'%20defer'%20defer HTTP/2" 404 44954 "https://www.visitkarimun.com/tiket-kapal-karimunjawa/" "Mozilla/5.0 (Linux; Android 10; K) AppleWebKit/537.36 (KHTML, like Gecko) Chrome/153.0.0.0 Mobile Safari/537.36"
114.122.74.64 - - [25/Sep/2026:14:29:30 +0000] "GET /wp-content/plugins/google-site-kit/dist/assets/js/googlesitekit-events-provider-content-events-c7172f3fd0e4d5ad62ef.js'%20defer'%20defer HTTP/2" 404 44978 "https://www.visitkarimun.com/tiket-kapal-karimunjawa/" "Mozilla/5.0 (Linux; Android 10; K) AppleWebKit/537.36 (KHTML, like Gecko) Chrome/153.0.0.0 Mobile Safari/537.36"
114.122.74.64 - - [25/Sep/2026:14:29:33 +0000] "GET /wp-content/themes/wizata-per/images/downArrow.png HTTP/2" 200 94 "https://www.visitkarimun.com/wp-content/themes/wizata-per/style.css?ver=1.0" "Mozilla/5.0 (Linux; Android 10; K) AppleWebKit/537.36 (KHTML, like Gecko) Chrome/153.0.0.0 Mobile Safari/537.36"
192.250.235.217 - - [25/Sep/2026:14:29:33 +0000] "POST /wp-cron.php?doing_wp_cron=1790346573.3275320529937744140625 HTTP/1.1" 200 0 "-" "WordPress/7.1.2; https://www.visitkarimun.com"
114.122.74.64 - - [25/Sep/2026:14:29:33 +0000] "GET /wp-json/wp/v2/users/me?context=edit&_locale=user HTTP/2" 401 83 "https://www.visitkarimun.com/tiket-kapal-karimunjawa/" "Mozilla/5.0 (Linux; Android 10; K) AppleWebKit/537.36 (KHTML, like Gecko) Chrome/153.0.0.0 Mobile Safari/537.36"
114.122.74.64 - - [25/Sep/2026:14:29:33 +0000] "GET /wp-content/themes/wizata-per/images/icon_top.png HTTP/2" 200 338 "https://www.visitkarimun.com/wp-content/themes/wizata-per/style.css?ver=1.0" "Mozilla/5.0 (Linux; Android 10; K) AppleWebKit/537.36 (KHTML, like Gecko) Chrome/153.0.0.0 Mobile Safari/537.36"
114.122.74.64 - - [25/Sep/2026:14:29:33 +0000] "GET /wp-content/themes/wizata-per/img/downArrow.png HTTP/2" 404 44962 "https://www.visitkarimun.com/wp-content/themes/wizata-per/responsive.css" "Mozilla/5.0 (Linux; Android 10; K) AppleWebKit/537.36 (KHTML, like Gecko) Chrome/153.0.0.0 Mobile Safari/537.36"
114.122.74.64 - - [25/Sep/2026:14:29:39 +0000] "GET /wp-content/uploads/2020/12/karimun-1.png HTTP/2" 200 970 "https://www.visitkarimun.com/tiket-kapal-karimunjawa/" "Mozilla/5.0 (Linux; Android 10; K) AppleWebKit/537.36 (KHTML, like Gecko) Chrome/153.0.0.0 Mobile Safari/537.36"
192.250.235.217 - - [25/Sep/2026:14:29:46 +0000] "POST /wp-cron.php?doing_wp_cron=1790346586.5607330799102783203125 HTTP/1.1" 200 0 "-" "WordPress/7.1.2; https://www.visitkarimun.com"
66.249.92.35 - - [25/Sep/2026:14:29:46 +0000] "GET /wp-json/wp/v2/users/me?context=edit&_locale=user HTTP/1.1" 401 83 "https://www.visitkarimun.com/informasi-paket-wisata-karimunjawa-dari-bandung/" "AdsBot-Google (+http://www.google.com/adsbot.html)"
192.250.235.217 - - [25/Sep/2026:14:33:09 +0000] "POST /wp-cron.php?doing_wp_cron=1790346789.3569669723510742187500 HTTP/1.1" 200 0 "-" "WordPress/7.1.2; https://www.visitkarimun.com"
66.249.92.37 - - [25/Sep/2026:14:33:07 +0000] "GET /tag/tiket-masuk-pantai-karimun-jajwa/ HTTP/1.1" 200 55323 "-" "Mozilla/5.0 (Linux; Android 6.0.1; Nexus 5X Build/MMB29P) AppleWebKit/537.36 (KHTML, like Gecko) Chrome/153.0.8010.52 Mobile Safari/537.36 (compatible; AdsBot-Google-Mobile; +http://www.google.com/mobile/adsbot.html)"
66.249.92.193 - - [25/Sep/2026:14:33:12 +0000] "GET /wp-content/plugins/google-site-kit/dist/assets/js/googlesitekit-events-provider-content-events-c7172f3fd0e4d5ad62ef.js'%20defer'%20defer HTTP/1.1" 404 44935 "https://www.visitkarimun.com/tag/tiket-masuk-pantai-karimun-jajwa/" "AdsBot-Google (+http://www.google.com/adsbot.html)"
66.249.92.36 - - [25/Sep/2026:14:33:12 +0000] "GET /wp-content/plugins/google-site-kit/dist/assets/js/googlesitekit-consent-mode-755f1678e260138d789e.js'%20defer'%20defer HTTP/1.1" 404 44895 "https://www.visitkarimun.com/tag/tiket-masuk-pantai-karimun-jajwa/" "AdsBot-Google (+http://www.google.com/adsbot.html)"
57.141.2.76 - - [25/Sep/2026:14:33:15 +0000] "GET /tag/open-trip-karimun-jawa-dari-jakarta/ HTTP/2" 200 61605 "-" "Mozilla/5.0 (Windows NT 10.0; Win64; x64) AppleWebKit/537.36 (KHTML, like Gecko) Chrome/145.0.0.0 Safari/537.36 (compatible; meta-webindexer/1.1 (+https://developers.facebook.com/docs/sharing/webmasters/crawler))"
192.250.235.217 - - [25/Sep/2026:14:35:11 +0000] "POST /wp-cron.php?doing_wp_cron=1790346911.3600890636444091796875 HTTP/1.1" 200 0 "-" "WordPress/7.1.2; https://www.visitkarimun.com"
66.249.92.35 - - [25/Sep/2026:14:35:09 +0000] "GET /paket-wisata-karimun-jawa-dari-semarang/pelabuhan-tanjung-mas-semarang/ HTTP/1.1" 200 53561 "-" "Mozilla/5.0 (Linux; Android 6.0.1; Nexus 5X Build/MMB29P) AppleWebKit/537.36 (KHTML, like Gecko) Chrome/153.0.8010.52 Mobile Safari/537.36 (compatible; AdsBot-Google-Mobile; +http://www.google.com/mobile/adsbot.html)"
66.249.92.36 - - [25/Sep/2026:14:35:21 +0000] "GET /wp-content/themes/wizata-per/assets/js/jquery.min.js?ver=2.2.4 HTTP/1.1" 200 29166 "https://www.visitkarimun.com/paket-wisata-karimun-jawa-dari-semarang/pelabuhan-tanjung-mas-semarang/" "AdsBot-Google (+http://www.google.com/adsbot.html)"
66.249.92.35 - - [25/Sep/2026:14:35:22 +0000] "GET /tour/paket-regular-karimunjawa-3-hari-2-malam/ HTTP/1.1" 200 58818 "-" "Mozilla/5.0 (Linux; Android 6.0.1; Nexus 5X Build/MMB29P) AppleWebKit/537.36 (KHTML, like Gecko) Chrome/153.0.8010.52 Mobile Safari/537.36 (compatible; AdsBot-Google-Mobile; +http://www.google.com/mobile/adsbot.html)"
66.249.92.36 - - [25/Sep/2026:14:35:22 +0000] "GET /wp-content/plugins/google-site-kit/dist/assets/js/sign-in-with-google-5a9e012872c712a23a12.js'%20defer HTTP/1.1" 404 44938 "https://www.visitkarimun.com/paket-wisata-karimun-jawa-dari-semarang/pelabuhan-tanjung-mas-semarang/" "AdsBot-Google (+http://www.google.com/adsbot.html)"
66.249.92.36 - - [25/Sep/2026:14:35:22 +0000] "GET /wp-content/themes/wizata-per/responsive.css HTTP/1.1" 200 1113 "https://www.visitkarimun.com/paket-wisata-karimun-jawa-dari-semarang/pelabuhan-tanjung-mas-semarang/" "AdsBot-Google (+http://www.google.com/adsbot.html)"
66.249.92.36 - - [25/Sep/2026:14:35:22 +0000] "GET /wp-content/themes/wizata-per/assets/css/mix.css?ver=1.0 HTTP/1.1" 200 21291 "https://www.visitkarimun.com/paket-wisata-karimun-jawa-dari-semarang/pelabuhan-tanjung-mas-semarang/" "AdsBot-Google (+http://www.google.com/adsbot.html)"
66.249.92.36 - - [25/Sep/2026:14:35:22 +0000] "GET /wp-content/tablepress-combined.min.css?ver=49 HTTP/1.1" 200 1665 "https://www.visitkarimun.com/paket-wisata-karimun-jawa-dari-semarang/pelabuhan-tanjung-mas-semarang/" "AdsBot-Google (+http://www.google.com/adsbot.html)"
66.249.92.35 - - [25/Sep/2026:14:35:23 +0000] "GET /wp-content/themes/wizata-per/style.css?ver=1.0 HTTP/1.1" 200 7010 "https://www.visitkarimun.com/paket-wisata-karimun-jawa-dari-semarang/pelabuhan-tanjung-mas-semarang/" "AdsBot-Google (+http://www.google.com/adsbot.html)"
66.249.92.36 - - [25/Sep/2026:14:35:23 +0000] "GET /wp-content/plugins/section-collection/build/advanced.js?ver=2.0.7%27%20defer%27%20defer HTTP/1.1" 200 5110 "https://www.visitkarimun.com/paket-wisata-karimun-jawa-dari-semarang/pelabuhan-tanjung-mas-semarang/" "AdsBot-Google (+http://www.google.com/adsbot.html)"
66.249.92.35 - - [25/Sep/2026:14:35:23 +0000] "GET /wp-content/themes/wizata-per/assets/js/mix.js?ver=1.0%27%20defer%27%20defer HTTP/1.1" 200 111566 "https://www.visitkarimun.com/paket-wisata-karimun-jawa-dari-semarang/pelabuhan-tanjung-mas-semarang/" "AdsBot-Google (+http://www.google.com/adsbot.html)"
66.249.92.36 - - [25/Sep/2026:14:35:23 +0000] "GET /wp-content/plugins/google-site-kit/dist/assets/js/googlesitekit-events-provider-content-events-c7172f3fd0e4d5ad62ef.js'%20defer'%20defer HTTP/1.1" 404 44995 "https://www.visitkarimun.com/paket-wisata-karimun-jawa-dari-semarang/pelabuhan-tanjung-mas-semarang/" "AdsBot-Google (+http://www.google.com/adsbot.html)"
66.249.92.36 - - [25/Sep/2026:14:35:23 +0000] "GET /wp-includes/js/comment-reply.min.js?ver=7.1.2%27%20defer%27%20defer HTTP/1.1" 200 1224 "https://www.visitkarimun.com/paket-wisata-karimun-jawa-dari-semarang/pelabuhan-tanjung-mas-semarang/" "AdsBot-Google (+http://www.google.com/adsbot.html)"
66.249.92.35 - - [25/Sep/2026:14:35:24 +0000] "GET /wp-content/plugins/google-site-kit/dist/assets/js/googlesitekit-consent-mode-755f1678e260138d789e.js'%20defer'%20defer HTTP/1.1" 404 44929 "https://www.visitkarimun.com/paket-wisata-karimun-jawa-dari-semarang/pelabuhan-tanjung-mas-semarang/" "AdsBot-Google (+http://www.google.com/adsbot.html)"
66.249.92.35 - - [25/Sep/2026:14:35:25 +0000] "GET /wp-content/plugins/google-site-kit/dist/assets/js/sign-in-with-google-5a9e012872c712a23a12.js'%20defer HTTP/1.1" 404 44946 "https://www.visitkarimun.com/tour/paket-regular-karimunjawa-3-hari-2-malam/" "AdsBot-Google (+http://www.google.com/adsbot.html)"
66.249.92.35 - - [25/Sep/2026:14:35:26 +0000] "GET /wp-content/plugins/google-site-kit/dist/assets/js/googlesitekit-consent-mode-755f1678e260138d789e.js'%20defer'%20defer HTTP/1.1" 404 44968 "https://www.visitkarimun.com/tour/paket-regular-karimunjawa-3-hari-2-malam/" "AdsBot-Google (+http://www.google.com/adsbot.html)"
66.249.92.35 - - [25/Sep/2026:14:35:54 +0000] "GET /wp-content/themes/wizata-per/assets/fonts/Elusive-Icons.woff?v=2 HTTP/1.1" 200 61716 "https://www.visitkarimun.com/wp-content/themes/wizata-per/assets/css/mix.css?ver=1.0" "AdsBot-Google (+http://www.google.com/adsbot.html)"
66.249.92.35 - - [25/Sep/2026:14:35:54 +0000] "GET /wp-content/themes/wizata-per/assets/fonts/glyphicons-halflings-regular.woff2 HTTP/1.1" 200 18028 "https://www.visitkarimun.com/wp-content/themes/wizata-per/assets/css/mix.css?ver=1.0" "AdsBot-Google (+http://www.google.com/adsbot.html)"
192.250.235.217 - - [25/Sep/2026:14:36:31 +0000] "POST /wp-cron.php?doing_wp_cron=1790346991.7844479084014892578125 HTTP/1.1" 200 0 "-" "WordPress/7.1.2; https://www.visitkarimun.com"
66.249.92.36 - - [25/Sep/2026:14:36:31 +0000] "GET /wp-content/plugins/google-site-kit/dist/assets/js/googlesitekit-events-provider-content-events-c7172f3fd0e4d5ad62ef.js'%20defer'%20defer HTTP/1.1" 404 44989 "https://www.visitkarimun.com/tour/paket-regular-karimunjawa-3-hari-2-malam/" "AdsBot-Google (+http://www.google.com/adsbot.html)"
175.156.158.108 - - [25/Sep/2026:14:36:53 +0000] "GET /openid_connect/google?goto_uri=%3Flocale=es_419 HTTP/2" 307 172 "-" "Mozilla/5.0 (iPhone; CPU iPhone OS 18_6 like Mac OS X) AppleWebKit/605.1.15 (KHTML, like Gecko) CriOS/150.0.0.0 Mobile/15E148 Safari/604.1"
192.250.235.217 - - [25/Sep/2026:14:37:17 +0000] "POST /wp-cron.php?doing_wp_cron=1790347037.2317879199981689453125 HTTP/1.1" 200 0 "-" "WordPress/7.1.2; https://www.visitkarimun.com"
54.236.1.216 - - [25/Sep/2026:14:37:16 +0000] "GET /informasi-liburan-dan-paket-wisata-karimunjawa/ HTTP/1.1" 200 76378 "-" "Mozilla/5.0 (compatible; Pinterestbot/1.0; +http://www.pinterest.com/bot.html)"
54.236.1.218 - - [25/Sep/2026:14:37:42 +0000] "GET /wp-content/uploads/2022/02/trip-karimunjawa-murah-350x220.jpg HTTP/1.1" 200 60599 "-" "Mozilla/5.0 (compatible; Pinterestbot/1.0; +http://www.pinterest.com/bot.html)"
66.249.66.35 - - [25/Sep/2026:14:40:02 +0000] "GET / HTTP/1.1" 200 56805 "-" "Mozilla/5.0 (Linux; Android 6.0.1; Nexus 5X Build/MMB29P) AppleWebKit/537.36 (KHTML, like Gecko) Chrome/153.0.8010.52 Mobile Safari/537.36 (compatible; Googlebot/2.1; +http://www.google.com/bot.html)"
72.14.201.146 - - [25/Sep/2026:14:40:27 +0000] "GET /rincian-biaya-wisata-karimunjawa/ HTTP/2" 200 92019 "https://www.google.com/" "Mozilla/5.0 (Linux; Android 10; K) AppleWebKit/537.36 (KHTML, like Gecko) Chrome/150.0.0.0 Mobile Safari/537.36"
125.165.0.10 - - [25/Sep/2026:14:40:37 +0000] "GET /wp-content/uploads/2025/07/mega-resort-karimunjawa.jpg HTTP/2" 200 168120 "https://www.google.com/" "Mozilla/5.0 (iPhone; CPU iPhone OS 18_7 like Mac OS X) AppleWebKit/605.1.15 (KHTML, like Gecko) Version/26.6.1 Mobile/15E148 Safari/604.1"
192.250.235.217 - - [25/Sep/2026:14:40:54 +0000] "POST /wp-cron.php?doing_wp_cron=1790347254.9610159397125244140625 HTTP/1.1" 200 0 "-" "WordPress/7.1.2; https://www.visitkarimun.com"
50.31.139.89 - - [25/Sep/2026:14:40:54 +0000] "GET /wp-content/themes/wizata1.0pers/images/badge1.png HTTP/2" 404 44878 "https://www.visitkarimun.com/" "Mozilla/5.0 (Macintosh; Intel Mac OS X 10_15_7) AppleWebKit/537.36 (KHTML, like Gecko) Chrome/142.0.0.0 Safari/537.36"
185.191.171.14 - - [25/Sep/2026:14:41:15 +0000] "GET /robots.txt HTTP/1.1" 200 139 "-" "Mozilla/5.0 (compatible; SemrushBot/7~bl; +http://www.semrush.com/bot.html)"
85.208.96.193 - - [25/Sep/2026:14:41:16 +0000] "GET /tag/travel-agency-karimunjawa/ HTTP/1.1" 200 61573 "-" "Mozilla/5.0 (compatible; SemrushBot/7~bl; +http://www.semrush.com/bot.html)"
192.250.235.217 - - [25/Sep/2026:14:47:10 +0000] "POST /wp-cron.php?doing_wp_cron=1790347630.3647809028625488281250 HTTP/1.1" 200 0 "-" "WordPress/7.1.2; https://www.visitkarimun.com"
47.128.57.126 - - [25/Sep/2026:14:47:08 +0000] "GET /robots.txt HTTP/2" 200 139 "-" "Mozilla/5.0 (iPhone; CPU iPhone OS 7_1_2 like Mac OS X) AppleWebKit/537.36 (KHTML, like Gecko) Version/7.0 Mobile Safari/537.36 (compatible; Bytespider; https://bytedance.sg.larkoffice.com/docx/K5bxdypulop3IIxrJb0lOjLVgFe)"
57.141.2.34 - - [25/Sep/2026:14:47:24 +0000] "GET /informasi-biaya-ke-karimun-jawa/ HTTP/2" 200 74993 "-" "Mozilla/5.0 (Windows NT 10.0; Win64; x64) AppleWebKit/537.36 (KHTML, like Gecko) Chrome/145.0.0.0 Safari/537.36 (compatible; meta-webindexer/1.1 (+https://developers.facebook.com/docs/sharing/webmasters/crawler))"
114.122.132.255 - - [25/Sep/2026:14:48:09 +0000] "GET /wp-content/uploads/2021/06/paket-wisata-labuan-bajo-2-hari-1-malam.jpg HTTP/2" 200 63366 "https://www.google.com/" "Mozilla/5.0 (iPhone; CPU iPhone OS 18_7 like Mac OS X) AppleWebKit/605.1.15 (KHTML, like Gecko) Version/27.0 Mobile/15E148 Safari/604.1"
66.249.92.163 - - [25/Sep/2026:14:48:09 +0000] "GET /wp-content/themes/wizata-per/assets/js/jquery.min.js?ver=2.2.4 HTTP/1.1" 200 29166 "https://www.visitkarimun.com/escape-beach-hotel-karimunjawa-2/" "AdsBot-Google (+http://www.google.com/adsbot.html)"
66.249.92.35 - - [25/Sep/2026:14:48:11 +0000] "GET /wp-content/themes/wizata-per/style.css?ver=1.0 HTTP/1.1" 200 7010 "https://www.visitkarimun.com/escape-beach-hotel-karimunjawa-2/" "AdsBot-Google (+http://www.google.com/adsbot.html)"
66.249.92.35 - - [25/Sep/2026:14:48:11 +0000] "GET /wp-content/themes/wizata-per/responsive.css HTTP/1.1" 200 1113 "https://www.visitkarimun.com/escape-beach-hotel-karimunjawa-2/" "AdsBot-Google (+http://www.google.com/adsbot.html)"
66.249.92.36 - - [25/Sep/2026:14:48:12 +0000] "GET /wp-content/themes/wizata-per/assets/css/mix.css?ver=1.0 HTTP/1.1" 200 21291 "https://www.visitkarimun.com/escape-beach-hotel-karimunjawa-2/" "AdsBot-Google (+http://www.google.com/adsbot.html)"
192.250.235.217 - - [25/Sep/2026:14:48:13 +0000] "POST /wp-cron.php?doing_wp_cron=1790347693.1174600124359130859375 HTTP/1.1" 200 0 "-" "WordPress/7.1.2; https://www.visitkarimun.com"
66.249.92.36 - - [25/Sep/2026:14:48:12 +0000] "GET /wp-content/plugins/google-site-kit/dist/assets/js/sign-in-with-google-5a9e012872c712a23a12.js'%20defer HTTP/1.1" 404 44882 "https://www.visitkarimun.com/escape-beach-hotel-karimunjawa-2/" "AdsBot-Google (+http://www.google.com/adsbot.html)"
66.249.92.194 - - [25/Sep/2026:14:48:14 +0000] "GET /wp-content/tablepress-combined.min.css?ver=49 HTTP/1.1" 200 1665 "https://www.visitkarimun.com/escape-beach-hotel-karimunjawa-2/" "AdsBot-Google (+http://www.google.com/adsbot.html)"
66.249.92.193 - - [25/Sep/2026:14:48:14 +0000] "GET /wp-content/plugins/section-collection/build/advanced.js?ver=2.0.7%27%20defer%27%20defer HTTP/1.1" 200 5110 "https://www.visitkarimun.com/escape-beach-hotel-karimunjawa-2/" "AdsBot-Google (+http://www.google.com/adsbot.html)"
66.249.92.193 - - [25/Sep/2026:14:48:14 +0000] "GET /wp-content/plugins/google-site-kit/dist/assets/js/googlesitekit-consent-mode-755f1678e260138d789e.js'%20defer'%20defer HTTP/1.1" 404 44959 "https://www.visitkarimun.com/escape-beach-hotel-karimunjawa-2/" "AdsBot-Google (+http://www.google.com/adsbot.html)"
66.249.92.161 - - [25/Sep/2026:14:48:15 +0000] "GET /wp-includes/js/comment-reply.min.js?ver=7.1.2%27%20defer%27%20defer HTTP/1.1" 200 1224 "https://www.visitkarimun.com/escape-beach-hotel-karimunjawa-2/" "AdsBot-Google (+http://www.google.com/adsbot.html)"
66.249.92.193 - - [25/Sep/2026:14:48:16 +0000] "GET /wp-content/plugins/google-site-kit/dist/assets/js/googlesitekit-events-provider-content-events-c7172f3fd0e4d5ad62ef.js'%20defer'%20defer HTTP/1.1" 404 44988 "https://www.visitkarimun.com/escape-beach-hotel-karimunjawa-2/" "AdsBot-Google (+http://www.google.com/adsbot.html)"
66.249.92.98 - - [25/Sep/2026:14:48:16 +0000] "GET /wp-content/themes/wizata-per/assets/js/mix.js?ver=1.0%27%20defer%27%20defer HTTP/1.1" 200 111566 "https://www.visitkarimun.com/escape-beach-hotel-karimunjawa-2/" "AdsBot-Google (+http://www.google.com/adsbot.html)"
66.249.92.162 - - [25/Sep/2026:14:48:16 +0000] "GET /wp-content/themes/wizata-per/assets/fonts/glyphicons-halflings-regular.woff2 HTTP/1.1" 200 18028 "https://www.visitkarimun.com/wp-content/themes/wizata-per/assets/css/mix.css?ver=1.0" "AdsBot-Google (+http://www.google.com/adsbot.html)"
66.249.92.193 - - [25/Sep/2026:14:48:18 +0000] "GET /wp-content/themes/wizata-per/assets/fonts/Elusive-Icons.woff?v=2 HTTP/1.1" 200 61716 "https://www.visitkarimun.com/wp-content/themes/wizata-per/assets/css/mix.css?ver=1.0" "AdsBot-Google (+http://www.google.com/adsbot.html)"
192.250.235.217 - - [25/Sep/2026:14:49:10 +0000] "POST /wp-cron.php?doing_wp_cron=1790347750.6715910434722900390625 HTTP/1.1" 200 0 "-" "WordPress/7.1.2; https://www.visitkarimun.com"
57.141.2.43 - - [25/Sep/2026:14:49:10 +0000] "GET /news_sitemap.xml HTTP/2" 404 48871 "-" "Mozilla/5.0 (Macintosh; Intel Mac OS X 10_15_7) AppleWebKit/537.36 (KHTML, like Gecko) Chrome/145.0.0.0 Safari/537.36 (compatible; meta-externalagent/1.1 (+https://developers.facebook.com/docs/sharing/webmasters/crawler))"
192.250.235.217 - - [25/Sep/2026:14:43:11 +0000] "POST /wp-cron.php?doing_wp_cron=1790347390.8048288822174072265625 HTTP/1.1" 200 0 "-" "WordPress/7.1.2; https://www.visitkarimun.com"
40.77.167.4 - - [25/Sep/2026:14:43:09 +0000] "GET /tag/biaya-ke-karimunjawa-2021/ HTTP/2" 200 54783 "-" "Mozilla/5.0 AppleWebKit/537.36 (KHTML, like Gecko; compatible; bingbot/2.0; +http://www.bing.com/bingbot.htm) Chrome/116.0.1938.76 Safari/537.36"
66.249.92.161 - - [25/Sep/2026:14:43:36 +0000] "GET /escape-beach-hotel-karimunjawa-2/ HTTP/1.1" 200 53548 "-" "Mozilla/5.0 (Linux; Android 6.0.1; Nexus 5X Build/MMB29P) AppleWebKit/537.36 (KHTML, like Gecko) Chrome/153.0.8010.52 Mobile Safari/537.36 (compatible; AdsBot-Google-Mobile; +http://www.google.com/mobile/adsbot.html)"
66.249.66.36 - - [25/Sep/2026:14:44:34 +0000] "GET / HTTP/1.1" 200 56805 "-" "Mozilla/5.0 (Linux; Android 6.0.1; Nexus 5X Build/MMB29P) AppleWebKit/537.36 (KHTML, like Gecko) Chrome/99.0.4844.84 Mobile Safari/537.36 (compatible; Googlebot/2.1; +http://www.google.com/bot.html)"
66.249.66.66 - - [25/Sep/2026:14:44:34 +0000] "GET / HTTP/1.1" 200 56805 "-" "Mozilla/5.0 (compatible; Googlebot/2.1; +http://www.google.com/bot.html)"
192.250.235.217 - - [25/Sep/2026:14:44:55 +0000] "POST /wp-cron.php?doing_wp_cron=1790347495.4154810905456542968750 HTTP/1.1" 200 0 "-" "WordPress/7.1.2; https://www.visitkarimun.com"
85.208.96.206 - - [25/Sep/2026:14:44:55 +0000] "GET /tag/visit-karimunjawa/ HTTP/1.1" 200 61362 "-" "Mozilla/5.0 (compatible; SemrushBot/7~bl; +http://www.semrush.com/bot.html)"
192.250.235.217 - - [25/Sep/2026:14:50:14 +0000] "POST /wp-cron.php?doing_wp_cron=1790347814.6652450561523437500000 HTTP/1.1" 200 0 "-" "WordPress/7.1.2; https://www.visitkarimun.com"
138.246.253.7 - - [25/Sep/2026:14:50:14 +0000] "HEAD / HTTP/3" 301 0 "-" "quic-go-HTTP/3"
192.250.235.217 - - [25/Sep/2026:14:51:08 +0000] "POST /wp-cron.php?doing_wp_cron=1790347868.5035560131072998046875 HTTP/1.1" 200 0 "-" "WordPress/7.1.2; https://www.visitkarimun.com"
66.249.92.35 - - [25/Sep/2026:14:51:07 +0000] "GET /informasi-jadwal-kapal-karimunjawa-ferry-siginjai/ HTTP/1.1" 200 90169 "-" "Mozilla/5.0 (Linux; Android 6.0.1; Nexus 5X Build/MMB29P) AppleWebKit/537.36 (KHTML, like Gecko) Chrome/153.0.8010.52 Mobile Safari/537.36 (compatible; AdsBot-Google-Mobile; +http://www.google.com/mobile/adsbot.html)"
149.50.227.214 - - [25/Sep/2026:14:51:13 +0000] "GET /tour/paket-regular-karimunjawa-3-hari-2-malam/ HTTP/1.1" 200 65330 "-" "Mozilla/5.0 (Macintosh; Intel Mac OS X 10_15_7) AppleWebKit/537.36 (KHTML, like Gecko) Chrome/142.0.0.0 Safari/537.36"
