66.249.67.33 - - [25/Sep/2026:19:52:26 +0000] "GET /wp-content/themes/wizata-per/responsive.css HTTP/1.1" 200 1113 "https://www.visitkarimun.com/category/blog-artikel/?action=edit&file=theme-previews.php&path=%2Fhome%2Fkarimun%2Fpublic_html%2Fwp-includes" "Mozilla/5.0 (Linux; Android 6.0.1; Nexus 5X Build/MMB29P) AppleWebKit/537.36 (KHTML, like Gecko) Chrome/153.0.8010.52 Mobile Safari/537.36 (compatible; Googlebot/2.1; +http://www.google.com/bot.html)"
66.249.67.33 - - [25/Sep/2026:19:52:29 +0000] "GET /category/blog-artikel/?action=edit&file=feed-rss2-comments.php&path=%2Fhome%2Fkarimun%2Fpublic_html%2Fwp-includes HTTP/1.1" 200 29422 "-" "Mozilla/5.0 (Linux; Android 6.0.1; Nexus 5X Build/MMB29P) AppleWebKit/537.36 (KHTML, like Gecko) Chrome/153.0.8010.52 Mobile Safari/537.36 (compatible; Googlebot/2.1; +http://www.google.com/bot.html)"
216.73.216.147 - - [25/Sep/2026:19:52:30 +0000] "GET /sitemap.rss?action=edit&file=.htaccess&path=%2Fhome%2Fkarimun%2Fpublic_html HTTP/2" 200 2404 "-" "Mozilla/5.0 AppleWebKit/537.36 (KHTML, like Gecko; compatible; ClaudeBot/1.0; +claudebot@anthropic.com)"
216.73.216.147 - - [25/Sep/2026:19:52:30 +0000] "GET /sitemap.rss?action=edit&file=.htaccess.bk&path=%2Fhome%2Fkarimun%2Fpublic_html HTTP/2" 200 3816 "-" "Mozilla/5.0 AppleWebKit/537.36 (KHTML, like Gecko; compatible; ClaudeBot/1.0; +claudebot@anthropic.com)"
192.250.235.217 - - [25/Sep/2026:19:52:38 +0000] "POST /wp-cron.php?doing_wp_cron=1790365958.3418369293212890625000 HTTP/1.1" 200 0 "-" "WordPress/7.1.2; https://www.visitkarimun.com"
74.7.229.110 - - [25/Sep/2026:19:52:37 +0000] "GET /informasi-jadwal-kapal-express-karimunjawa/ HTTP/2" 200 43064 "-" "Mozilla/5.0 (Macintosh; Intel Mac OS X 10_15_7) AppleWebKit/537.36 (KHTML, like Gecko) Chrome/131.0.0.0 Safari/537.36; compatible; OAI-SearchBot/1.4; +https://openai.com/searchbot"
74.7.229.110 - - [25/Sep/2026:19:52:39 +0000] "GET /informasi-jadwal-kapal-express-karimunjawa/?action=edit&file=wp-load.php&path=%2Fhome%2Fkarimun%2Fpublic_html HTTP/2" 200 43876 "https://www.visitkarimun.com/informasi-jadwal-kapal-express-karimunjawa/" "Mozilla/5.0 (Macintosh; Intel Mac OS X 10_15_7) AppleWebKit/537.36 (KHTML, like Gecko) Chrome/131.0.0.0 Safari/537.36; compatible; OAI-SearchBot/1.4; +https://openai.com/searchbot"
74.7.228.193 - - [25/Sep/2026:19:52:40 +0000] "GET /informasi-jadwal-kapal-express-karimunjawa/?action=edit&file=xmlrpc.php&path=%2Fhome%2Fkarimun%2Fpublic_html HTTP/2" 200 43752 "https://www.visitkarimun.com/informasi-jadwal-kapal-express-karimunjawa/" "Mozilla/5.0 (Macintosh; Intel Mac OS X 10_15_7) AppleWebKit/537.36 (KHTML, like Gecko) Chrome/131.0.0.0 Safari/537.36; compatible; OAI-SearchBot/1.4; +https://openai.com/searchbot"
74.7.229.208 - - [25/Sep/2026:19:52:42 +0000] "GET /informasi-jadwal-kapal-express-karimunjawa/?action=edit&file=.litespeed_flag&path=%2Fhome%2Fkarimun%2Fpublic_html HTTP/2" 200 43102 "https://www.visitkarimun.com/informasi-jadwal-kapal-express-karimunjawa/" "Mozilla/5.0 (Macintosh; Intel Mac OS X 10_15_7) AppleWebKit/537.36 (KHTML, like Gecko) Chrome/131.0.0.0 Safari/537.36; compatible; OAI-SearchBot/1.4; +https://openai.com/searchbot"
74.7.229.143 - - [25/Sep/2026:19:52:44 +0000] "GET /informasi-jadwal-kapal-express-karimunjawa/?action=edit&file=index.php&path=%2Fhome%2Fkarimun%2Fpublic_html HTTP/2" 200 42493 "https://www.visitkarimun.com/informasi-jadwal-kapal-express-karimunjawa/" "Mozilla/5.0 (Macintosh; Intel Mac OS X 10_15_7) AppleWebKit/537.36 (KHTML, like Gecko) Chrome/131.0.0.0 Safari/537.36; compatible; OAI-SearchBot/1.4; +https://openai.com/searchbot"
74.7.229.208 - - [25/Sep/2026:19:52:45 +0000] "GET /informasi-jadwal-kapal-express-karimunjawa/?action=edit&file=license.txt&path=%2Fhome%2Fkarimun%2Fpublic_html HTTP/2" 200 49777 "https://www.visitkarimun.com/informasi-jadwal-kapal-express-karimunjawa/" "Mozilla/5.0 (Macintosh; Intel Mac OS X 10_15_7) AppleWebKit/537.36 (KHTML, like Gecko) Chrome/131.0.0.0 Safari/537.36; compatible; OAI-SearchBot/1.4; +https://openai.com/searchbot"
74.7.229.208 - - [25/Sep/2026:19:52:46 +0000] "GET /informasi-jadwal-kapal-express-karimunjawa/?action=edit&file=index.html&path=%2Fhome%2Fkarimun%2Fpublic_html HTTP/2" 200 44506 "https://www.visitkarimun.com/informasi-jadwal-kapal-express-karimunjawa/" "Mozilla/5.0 (Macintosh; Intel Mac OS X 10_15_7) AppleWebKit/537.36 (KHTML, like Gecko) Chrome/131.0.0.0 Safari/537.36; compatible; OAI-SearchBot/1.4; +https://openai.com/searchbot"
74.7.228.193 - - [25/Sep/2026:19:52:47 +0000] "GET /informasi-jadwal-kapal-express-karimunjawa/?action=edit&file=.litespeed_err_flag&path=%2Fhome%2Fkarimun%2Fpublic_html HTTP/2" 200 42413 "https://www.visitkarimun.com/informasi-jadwal-kapal-express-karimunjawa/" "Mozilla/5.0 (Macintosh; Intel Mac OS X 10_15_7) AppleWebKit/537.36 (KHTML, like Gecko) Chrome/131.0.0.0 Safari/537.36; compatible; OAI-SearchBot/1.4; +https://openai.com/searchbot"
74.7.228.193 - - [25/Sep/2026:19:52:48 +0000] "GET /informasi-jadwal-kapal-express-karimunjawa/?action=edit&file=wp-config-sample.php&path=%2Fhome%2Fkarimun%2Fpublic_html HTTP/2" 200 43439 "https://www.visitkarimun.com/informasi-jadwal-kapal-express-karimunjawa/" "Mozilla/5.0 (Macintosh; Intel Mac OS X 10_15_7) AppleWebKit/537.36 (KHTML, like Gecko) Chrome/131.0.0.0 Safari/537.36; compatible; OAI-SearchBot/1.4; +https://openai.com/searchbot"
74.7.229.195 - - [25/Sep/2026:19:52:49 +0000] "GET /informasi-jadwal-kapal-express-karimunjawa/?action=edit&file=llms.txt&path=%2Fhome%2Fkarimun%2Fpublic_html HTTP/2" 200 56701 "https://www.visitkarimun.com/informasi-jadwal-kapal-express-karimunjawa/" "Mozilla/5.0 (Macintosh; Intel Mac OS X 10_15_7) AppleWebKit/537.36 (KHTML, like Gecko) Chrome/131.0.0.0 Safari/537.36; compatible; OAI-SearchBot/1.4; +https://openai.com/searchbot"
74.7.228.193 - - [25/Sep/2026:19:52:50 +0000] "GET /informasi-jadwal-kapal-express-karimunjawa/?path=%2Fhome%2Fkarimun%2Fpublic_html%2Fwp-content HTTP/2" 200 43410 "https://www.visitkarimun.com/informasi-jadwal-kapal-express-karimunjawa/" "Mozilla/5.0 (Macintosh; Intel Mac OS X 10_15_7) AppleWebKit/537.36 (KHTML, like Gecko) Chrome/131.0.0.0 Safari/537.36; compatible; OAI-SearchBot/1.4; +https://openai.com/searchbot"
216.73.216.147 - - [25/Sep/2026:19:52:52 +0000] "GET /sitemap.rss?action=edit&file=.monarx-user&path=%2Fhome%2Fkarimun%2Fpublic_html HTTP/2" 200 2333 "-" "Mozilla/5.0 AppleWebKit/537.36 (KHTML, like Gecko; compatible; ClaudeBot/1.0; +claudebot@anthropic.com)"
74.7.228.251 - - [25/Sep/2026:19:52:52 +0000] "GET /informasi-jadwal-kapal-express-karimunjawa/?path=/home/karimun HTTP/2" 200 43213 "https://www.visitkarimun.com/informasi-jadwal-kapal-express-karimunjawa/" "Mozilla/5.0 (Macintosh; Intel Mac OS X 10_15_7) AppleWebKit/537.36 (KHTML, like Gecko) Chrome/131.0.0.0 Safari/537.36; compatible; OAI-SearchBot/1.4; +https://openai.com/searchbot"
216.73.216.147 - - [25/Sep/2026:19:52:52 +0000] "GET /sitemap.rss?action=edit&file=llms.txt&path=%2Fhome%2Fkarimun%2Fpublic_html HTTP/2" 200 16853 "-" "Mozilla/5.0 AppleWebKit/537.36 (KHTML, like Gecko; compatible; ClaudeBot/1.0; +claudebot@anthropic.com)"
66.249.67.33 - - [25/Sep/2026:19:52:52 +0000] "GET /category/blog-artikel/?action=edit&file=.wp-toolkit-identifier&path=%2Fhome%2Fkarimun HTTP/1.1" 200 28518 "-" "Mozilla/5.0 (Linux; Android 6.0.1; Nexus 5X Build/MMB29P) AppleWebKit/537.36 (KHTML, like Gecko) Chrome/153.0.8010.52 Mobile Safari/537.36 (compatible; Googlebot/2.1; +http://www.google.com/bot.html)"
74.7.228.184 - - [25/Sep/2026:19:52:53 +0000] "GET /informasi-jadwal-kapal-express-karimunjawa/?path=/ HTTP/2" 200 42659 "https://www.visitkarimun.com/informasi-jadwal-kapal-express-karimunjawa/" "Mozilla/5.0 (Macintosh; Intel Mac OS X 10_15_7) AppleWebKit/537.36 (KHTML, like Gecko) Chrome/131.0.0.0 Safari/537.36; compatible; OAI-SearchBot/1.4; +https://openai.com/searchbot"
74.7.229.110 - - [25/Sep/2026:19:52:55 +0000] "GET /informasi-jadwal-kapal-express-karimunjawa/?action=edit&file=.monarx-user&path=%2Fhome%2Fkarimun%2Fpublic_html HTTP/2" 200 42557 "https://www.visitkarimun.com/informasi-jadwal-kapal-express-karimunjawa/" "Mozilla/5.0 (Macintosh; Intel Mac OS X 10_15_7) AppleWebKit/537.36 (KHTML, like Gecko) Chrome/131.0.0.0 Safari/537.36; compatible; OAI-SearchBot/1.4; +https://openai.com/searchbot"
216.73.216.147 - - [25/Sep/2026:19:52:56 +0000] "GET /sitemap.rss?action=edit&file=ads.txt&path=%2Fhome%2Fkarimun%2Fpublic_html HTTP/2" 200 2358 "-" "Mozilla/5.0 AppleWebKit/537.36 (KHTML, like Gecko; compatible; ClaudeBot/1.0; +claudebot@anthropic.com)"
216.73.216.147 - - [25/Sep/2026:19:52:56 +0000] "GET /sitemap.rss?action=edit&file=license.txt&path=%2Fhome%2Fkarimun%2Fpublic_html HTTP/2" 200 10169 "-" "Mozilla/5.0 AppleWebKit/537.36 (KHTML, like Gecko; compatible; ClaudeBot/1.0; +claudebot@anthropic.com)"
74.7.228.193 - - [25/Sep/2026:19:52:56 +0000] "GET /informasi-jadwal-kapal-express-karimunjawa/?path=/home/karimun/public_html HTTP/2" 200 43177 "https://www.visitkarimun.com/informasi-jadwal-kapal-express-karimunjawa/" "Mozilla/5.0 (Macintosh; Intel Mac OS X 10_15_7) AppleWebKit/537.36 (KHTML, like Gecko) Chrome/131.0.0.0 Safari/537.36; compatible; OAI-SearchBot/1.4; +https://openai.com/searchbot"
74.7.229.143 - - [25/Sep/2026:19:52:57 +0000] "GET /informasi-jadwal-kapal-express-karimunjawa/?path=/home HTTP/2" 200 42396 "https://www.visitkarimun.com/informasi-jadwal-kapal-express-karimunjawa/" "Mozilla/5.0 (Macintosh; Intel Mac OS X 10_15_7) AppleWebKit/537.36 (KHTML, like Gecko) Chrome/131.0.0.0 Safari/537.36; compatible; OAI-SearchBot/1.4; +https://openai.com/searchbot"
74.7.242.136 - - [25/Sep/2026:19:52:59 +0000] "GET /informasi-jadwal-kapal-express-karimunjawa/?path=%2Fhome%2Fkarimun%2Fpublic_html%2F.well-known HTTP/2" 200 42581 "https://www.visitkarimun.com/informasi-jadwal-kapal-express-karimunjawa/" "Mozilla/5.0 (Macintosh; Intel Mac OS X 10_15_7) AppleWebKit/537.36 (KHTML, like Gecko) Chrome/131.0.0.0 Safari/537.36; compatible; OAI-SearchBot/1.4; +https://openai.com/searchbot"
74.7.228.251 - - [25/Sep/2026:19:53:00 +0000] "GET /informasi-jadwal-kapal-express-karimunjawa/?path=%2Fhome%2Fkarimun%2Fpublic_html%2Fwp-includes HTTP/2" 200 46732 "https://www.visitkarimun.com/informasi-jadwal-kapal-express-karimunjawa/" "Mozilla/5.0 (Macintosh; Intel Mac OS X 10_15_7) AppleWebKit/537.36 (KHTML, like Gecko) Chrome/131.0.0.0 Safari/537.36; compatible; OAI-SearchBot/1.4; +https://openai.com/searchbot"
66.249.67.35 - - [25/Sep/2026:19:53:01 +0000] "GET /category/blog-artikel/?action=edit&file=.spamassassinboxenable&path=%2Fhome%2Fkarimun HTTP/1.1" 200 27874 "-" "Mozilla/5.0 (Linux; Android 6.0.1; Nexus 5X Build/MMB29P) AppleWebKit/537.36 (KHTML, like Gecko) Chrome/153.0.8010.52 Mobile Safari/537.36 (compatible; Googlebot/2.1; +http://www.google.com/bot.html)"
74.7.229.195 - - [25/Sep/2026:19:53:01 +0000] "GET /informasi-jadwal-kapal-express-karimunjawa/?path=%2Fhome%2Fkarimun%2Fpublic_html%2F.tmb HTTP/2" 200 42512 "https://www.visitkarimun.com/informasi-jadwal-kapal-express-karimunjawa/" "Mozilla/5.0 (Macintosh; Intel Mac OS X 10_15_7) AppleWebKit/537.36 (KHTML, like Gecko) Chrome/131.0.0.0 Safari/537.36; compatible; OAI-SearchBot/1.4; +https://openai.com/searchbot"
74.7.228.193 - - [25/Sep/2026:19:53:03 +0000] "GET /informasi-jadwal-kapal-express-karimunjawa/?path=%2Fhome%2Fkarimun%2Fpublic_html%2Fcgi-bin HTTP/2" 200 42409 "https://www.visitkarimun.com/informasi-jadwal-kapal-express-karimunjawa/" "Mozilla/5.0 (Macintosh; Intel Mac OS X 10_15_7) AppleWebKit/537.36 (KHTML, like Gecko) Chrome/131.0.0.0 Safari/537.36; compatible; OAI-SearchBot/1.4; +https://openai.com/searchbot"
74.7.229.143 - - [25/Sep/2026:19:53:04 +0000] "GET /informasi-jadwal-kapal-express-karimunjawa/?action=edit&file=wp-signup.php&path=%2Fhome%2Fkarimun%2Fpublic_html HTTP/2" 200 51729 "https://www.visitkarimun.com/informasi-jadwal-kapal-express-karimunjawa/" "Mozilla/5.0 (Macintosh; Intel Mac OS X 10_15_7) AppleWebKit/537.36 (KHTML, like Gecko) Chrome/131.0.0.0 Safari/537.36; compatible; OAI-SearchBot/1.4; +https://openai.com/searchbot"
74.7.229.208 - - [25/Sep/2026:19:53:05 +0000] "GET /informasi-jadwal-kapal-express-karimunjawa/?path=%2Fhome%2Fkarimun%2Fpublic_html%2Fwp-admin HTTP/2" 200 44211 "https://www.visitkarimun.com/informasi-jadwal-kapal-express-karimunjawa/" "Mozilla/5.0 (Macintosh; Intel Mac OS X 10_15_7) AppleWebKit/537.36 (KHTML, like Gecko) Chrome/131.0.0.0 Safari/537.36; compatible; OAI-SearchBot/1.4; +https://openai.com/searchbot"
74.7.229.208 - - [25/Sep/2026:19:53:06 +0000] "GET /informasi-jadwal-kapal-express-karimunjawa/?action=edit&file=readme.html&path=%2Fhome%2Fkarimun%2Fpublic_html HTTP/2" 200 45621 "https://www.visitkarimun.com/informasi-jadwal-kapal-express-karimunjawa/" "Mozilla/5.0 (Macintosh; Intel Mac OS X 10_15_7) AppleWebKit/537.36 (KHTML, like Gecko) Chrome/131.0.0.0 Safari/537.36; compatible; OAI-SearchBot/1.4; +https://openai.com/searchbot"
142.44.228.95 - - [25/Sep/2026:19:53:06 +0000] "GET /sitemap.xml HTTP/2" 200 1423 "-" "Mozilla/5.0 (compatible; AhrefsBot/7.0; +http://ahrefs.com/robot/)"
74.7.229.143 - - [25/Sep/2026:19:53:07 +0000] "GET /informasi-jadwal-kapal-express-karimunjawa/?action=edit&file=.htaccess.bk&path=%2Fhome%2Fkarimun%2Fpublic_html HTTP/2" 200 43051 "https://www.visitkarimun.com/informasi-jadwal-kapal-express-karimunjawa/" "Mozilla/5.0 (Macintosh; Intel Mac OS X 10_15_7) AppleWebKit/537.36 (KHTML, like Gecko) Chrome/131.0.0.0 Safari/537.36; compatible; OAI-SearchBot/1.4; +https://openai.com/searchbot"
66.249.67.34 - - [25/Sep/2026:19:53:08 +0000] "GET /category/blog-artikel/?action=edit&file=class-wp-http-cookie.php&path=%2Fhome%2Fkarimun%2Fpublic_html%2Fwp-includes HTTP/1.1" 200 30456 "-" "Mozilla/5.0 (Linux; Android 6.0.1; Nexus 5X Build/MMB29P) AppleWebKit/537.36 (KHTML, like Gecko) Chrome/153.0.8010.52 Mobile Safari/537.36 (compatible; Googlebot/2.1; +http://www.google.com/bot.html)"
74.7.229.110 - - [25/Sep/2026:19:53:08 +0000] "GET /informasi-jadwal-kapal-express-karimunjawa/?action=edit&file=error_log&path=%2Fhome%2Fkarimun%2Fpublic_html HTTP/2" 200 68174 "https://www.visitkarimun.com/informasi-jadwal-kapal-express-karimunjawa/" "Mozilla/5.0 (Macintosh; Intel Mac OS X 10_15_7) AppleWebKit/537.36 (KHTML, like Gecko) Chrome/131.0.0.0 Safari/537.36; compatible; OAI-SearchBot/1.4; +https://openai.com/searchbot"
74.7.229.143 - - [25/Sep/2026:19:53:09 +0000] "GET /informasi-jadwal-kapal-express-karimunjawa/?action=edit&file=.htaccess&path=%2Fhome%2Fkarimun%2Fpublic_html HTTP/2" 200 42735 "https://www.visitkarimun.com/informasi-jadwal-kapal-express-karimunjawa/" "Mozilla/5.0 (Macintosh; Intel Mac OS X 10_15_7) AppleWebKit/537.36 (KHTML, like Gecko) Chrome/131.0.0.0 Safari/537.36; compatible; OAI-SearchBot/1.4; +https://openai.com/searchbot"
74.7.228.251 - - [25/Sep/2026:19:53:10 +0000] "GET /informasi-jadwal-kapal-express-karimunjawa/?action=edit&file=ads.txt&path=%2Fhome%2Fkarimun%2Fpublic_html HTTP/2" 200 42267 "https://www.visitkarimun.com/informasi-jadwal-kapal-express-karimunjawa/" "Mozilla/5.0 (Macintosh; Intel Mac OS X 10_15_7) AppleWebKit/537.36 (KHTML, like Gecko) Chrome/131.0.0.0 Safari/537.36; compatible; OAI-SearchBot/1.4; +https://openai.com/searchbot"
74.7.229.143 - - [25/Sep/2026:19:53:11 +0000] "GET /informasi-jadwal-kapal-express-karimunjawa/?action=edit&file=wp-blog-header.php&path=%2Fhome%2Fkarimun%2Fpublic_html HTTP/2" 200 42457 "https://www.visitkarimun.com/informasi-jadwal-kapal-express-karimunjawa/" "Mozilla/5.0 (Macintosh; Intel Mac OS X 10_15_7) AppleWebKit/537.36 (KHTML, like Gecko) Chrome/131.0.0.0 Safari/537.36; compatible; OAI-SearchBot/1.4; +https://openai.com/searchbot"
74.7.229.195 - - [25/Sep/2026:19:53:13 +0000] "GET /informasi-jadwal-kapal-express-karimunjawa/?action=edit&file=wp-activate.php&path=%2Fhome%2Fkarimun%2Fpublic_html HTTP/2" 200 45079 "https://www.visitkarimun.com/informasi-jadwal-kapal-express-karimunjawa/" "Mozilla/5.0 (Macintosh; Intel Mac OS X 10_15_7) AppleWebKit/537.36 (KHTML, like Gecko) Chrome/131.0.0.0 Safari/537.36; compatible; OAI-SearchBot/1.4; +https://openai.com/searchbot"
74.7.228.193 - - [25/Sep/2026:19:53:14 +0000] "GET /informasi-jadwal-kapal-express-karimunjawa/?action=edit&file=wp-config.php&path=%2Fhome%2Fkarimun%2Fpublic_html HTTP/2" 200 44005 "https://www.visitkarimun.com/informasi-jadwal-kapal-express-karimunjawa/" "Mozilla/5.0 (Macintosh; Intel Mac OS X 10_15_7) AppleWebKit/537.36 (KHTML, like Gecko) Chrome/131.0.0.0 Safari/537.36; compatible; OAI-SearchBot/1.4; +https://openai.com/searchbot"
85.208.96.208 - - [25/Sep/2026:19:53:15 +0000] "GET /jetski-karimunjawa/jetski-karimunjawa-2/ HTTP/1.1" 200 26990 "-" "Mozilla/5.0 (compatible; SemrushBot/7~bl; +http://www.semrush.com/bot.html)"
74.7.229.143 - - [25/Sep/2026:19:53:15 +0000] "GET /informasi-jadwal-kapal-express-karimunjawa/?action=edit&file=wp-settings.php&path=%2Fhome%2Fkarimun%2Fpublic_html HTTP/2" 200 49045 "https://www.visitkarimun.com/informasi-jadwal-kapal-express-karimunjawa/" "Mozilla/5.0 (Macintosh; Intel Mac OS X 10_15_7) AppleWebKit/537.36 (KHTML, like Gecko) Chrome/131.0.0.0 Safari/537.36; compatible; OAI-SearchBot/1.4; +https://openai.com/searchbot"
74.7.228.193 - - [25/Sep/2026:19:53:16 +0000] "GET /informasi-jadwal-kapal-express-karimunjawa/?action=edit&file=wp-trackback.php&path=%2Fhome%2Fkarimun%2Fpublic_html HTTP/2" 200 44390 "https://www.visitkarimun.com/informasi-jadwal-kapal-express-karimunjawa/" "Mozilla/5.0 (Macintosh; Intel Mac OS X 10_15_7) AppleWebKit/537.36 (KHTML, like Gecko) Chrome/131.0.0.0 Safari/537.36; compatible; OAI-SearchBot/1.4; +https://openai.com/searchbot"
74.7.228.193 - - [25/Sep/2026:19:53:17 +0000] "GET /informasi-jadwal-kapal-express-karimunjawa/?action=edit&file=wp-links-opml.php&path=%2Fhome%2Fkarimun%2Fpublic_html HTTP/2" 200 43409 "https://www.visitkarimun.com/informasi-jadwal-kapal-express-karimunjawa/" "Mozilla/5.0 (Macintosh; Intel Mac OS X 10_15_7) AppleWebKit/537.36 (KHTML, like Gecko) Chrome/131.0.0.0 Safari/537.36; compatible; OAI-SearchBot/1.4; +https://openai.com/searchbot"
66.249.67.33 - - [25/Sep/2026:19:53:17 +0000] "GET /category/blog-artikel/?path=%2F%2Fhome2 HTTP/1.1" 200 27981 "-" "Mozilla/5.0 (Linux; Android 6.0.1; Nexus 5X Build/MMB29P) AppleWebKit/537.36 (KHTML, like Gecko) Chrome/153.0.8010.52 Mobile Safari/537.36 (compatible; Googlebot/2.1; +http://www.google.com/bot.html)"
74.7.229.195 - - [25/Sep/2026:19:53:18 +0000] "GET /informasi-jadwal-kapal-express-karimunjawa/?action=edit&file=wp-mail.php&path=%2Fhome%2Fkarimun%2Fpublic_html HTTP/2" 200 45661 "https://www.visitkarimun.com/informasi-jadwal-kapal-express-karimunjawa/" "Mozilla/5.0 (Macintosh; Intel Mac OS X 10_15_7) AppleWebKit/537.36 (KHTML, like Gecko) Chrome/131.0.0.0 Safari/537.36; compatible; OAI-SearchBot/1.4; +https://openai.com/searchbot"
74.7.228.251 - - [25/Sep/2026:19:53:19 +0000] "GET /informasi-jadwal-kapal-express-karimunjawa/?action=edit&file=wp-cron.php&path=%2Fhome%2Fkarimun%2Fpublic_html HTTP/2" 200 44478 "https://www.visitkarimun.com/informasi-jadwal-kapal-express-karimunjawa/" "Mozilla/5.0 (Macintosh; Intel Mac OS X 10_15_7) AppleWebKit/537.36 (KHTML, like Gecko) Chrome/131.0.0.0 Safari/537.36; compatible; OAI-SearchBot/1.4; +https://openai.com/searchbot"
74.7.229.110 - - [25/Sep/2026:19:53:20 +0000] "GET /informasi-jadwal-kapal-express-karimunjawa/?action=edit&file=wp-login.php&path=%2Fhome%2Fkarimun%2Fpublic_html HTTP/2" 200 56426 "https://www.visitkarimun.com/informasi-jadwal-kapal-express-karimunjawa/" "Mozilla/5.0 (Macintosh; Intel Mac OS X 10_15_7) AppleWebKit/537.36 (KHTML, like Gecko) Chrome/131.0.0.0 Safari/537.36; compatible; OAI-SearchBot/1.4; +https://openai.com/searchbot"
74.7.228.193 - - [25/Sep/2026:19:53:21 +0000] "GET /informasi-jadwal-kapal-express-karimunjawa/?action=edit&file=wp-comments-post.php&path=%2Fhome%2Fkarimun%2Fpublic_html HTTP/2" 200 44072 "https://www.visitkarimun.com/informasi-jadwal-kapal-express-karimunjawa/" "Mozilla/5.0 (Macintosh; Intel Mac OS X 10_15_7) AppleWebKit/537.36 (KHTML, like Gecko) Chrome/131.0.0.0 Safari/537.36; compatible; OAI-SearchBot/1.4; +https://openai.com/searchbot"
66.249.67.33 - - [25/Sep/2026:19:53:23 +0000] "GET /category/blog-artikel/?action=edit&file=theme.php&path=%2Fhome%2Fkarimun%2Fpublic_html%2Fwp-includes HTTP/1.1" 200 59951 "-" "Mozilla/5.0 (Linux; Android 6.0.1; Nexus 5X Build/MMB29P) AppleWebKit/537.36 (KHTML, like Gecko) Chrome/153.0.8010.52 Mobile Safari/537.36 (compatible; Googlebot/2.1; +http://www.google.com/bot.html)"
66.249.67.33 - - [25/Sep/2026:19:53:33 +0000] "GET /category/blog-artikel/?action=edit&file=category-template.php&path=%2Fhome%2Fkarimun%2Fpublic_html%2Fwp-includes HTTP/1.1" 200 41666 "-" "Mozilla/5.0 (Linux; Android 6.0.1; Nexus 5X Build/MMB29P) AppleWebKit/537.36 (KHTML, like Gecko) Chrome/153.0.8010.52 Mobile Safari/537.36 (compatible; Googlebot/2.1; +http://www.google.com/bot.html)"
192.250.235.217 - - [25/Sep/2026:19:53:40 +0000] "POST /wp-cron.php?doing_wp_cron=1790366020.0959830284118652343750 HTTP/1.1" 200 0 "-" "WordPress/7.1.2; https://www.visitkarimun.com"
66.249.67.33 - - [25/Sep/2026:19:53:39 +0000] "GET /category/blog-artikel/?action=edit&file=class-wp-term-query.php&path=%2Fhome%2Fkarimun%2Fpublic_html%2Fwp-includes HTTP/1.1" 200 37488 "-" "Mozilla/5.0 (Linux; Android 6.0.1; Nexus 5X Build/MMB29P) AppleWebKit/537.36 (KHTML, like Gecko) Chrome/153.0.8010.52 Mobile Safari/537.36 (compatible; Googlebot/2.1; +http://www.google.com/bot.html)"
192.250.235.217 - - [25/Sep/2026:19:53:58 +0000] "POST /wp-cron.php?doing_wp_cron=1790366038.1956388950347900390625 HTTP/1.1" 200 0 "-" "WordPress/7.1.2; https://www.visitkarimun.com"
66.249.67.33 - - [25/Sep/2026:19:53:57 +0000] "GET /category/blog-artikel/?action=edit&file=rest-api.php&path=%2Fhome%2Fkarimun%2Fpublic_html%2Fwp-includes HTTP/1.1" 200 51242 "-" "Mozilla/5.0 (Linux; Android 6.0.1; Nexus 5X Build/MMB29P) AppleWebKit/537.36 (KHTML, like Gecko) Chrome/153.0.8010.52 Mobile Safari/537.36 (compatible; Googlebot/2.1; +http://www.google.com/bot.html)"
66.249.67.34 - - [25/Sep/2026:19:54:06 +0000] "GET /category/blog-artikel/?action=edit&file=template.php&path=%2Fhome%2Fkarimun%2Fpublic_html%2Fwp-includes HTTP/1.1" 200 37046 "-" "Mozilla/5.0 (Linux; Android 6.0.1; Nexus 5X Build/MMB29P) AppleWebKit/537.36 (KHTML, like Gecko) Chrome/153.0.8010.52 Mobile Safari/537.36 (compatible; Googlebot/2.1; +http://www.google.com/bot.html)"
66.249.67.34 - - [25/Sep/2026:19:54:13 +0000] "GET /category/blog-artikel/?action=edit&file=media.php&path=%2Fhome%2Fkarimun%2Fpublic_html%2Fwp-includes HTTP/1.1" 200 85922 "-" "Mozilla/5.0 (Linux; Android 6.0.1; Nexus 5X Build/MMB29P) AppleWebKit/537.36 (KHTML, like Gecko) Chrome/153.0.8010.52 Mobile Safari/537.36 (compatible; Googlebot/2.1; +http://www.google.com/bot.html)"
66.249.67.33 - - [25/Sep/2026:19:54:23 +0000] "GET /category/blog-artikel/?path=%2Fhome%2Fkarimun%2Fwpfm-private-backups HTTP/1.1" 200 28158 "-" "Mozilla/5.0 (Linux; Android 6.0.1; Nexus 5X Build/MMB29P) AppleWebKit/537.36 (KHTML, like Gecko) Chrome/153.0.8010.52 Mobile Safari/537.36 (compatible; Googlebot/2.1; +http://www.google.com/bot.html)"
66.249.67.33 - - [25/Sep/2026:19:54:27 +0000] "GET /tour/paket-family-karimunjawa-4-hari-3-malam/ HTTP/1.1" 200 29325 "-" "Mozilla/5.0 (compatible; Googlebot/2.1; +http://www.google.com/bot.html)"
66.249.67.33 - - [25/Sep/2026:19:54:29 +0000] "GET /category/blog-artikel/?action=edit&file=advanced-cache.php&path=%2Fhome%2Fkarimun%2Fpublic_html%2Fwp-content HTTP/1.1" 200 28259 "-" "Mozilla/5.0 (Linux; Android 6.0.1; Nexus 5X Build/MMB29P) AppleWebKit/537.36 (KHTML, like Gecko) Chrome/153.0.8010.52 Mobile Safari/537.36 (compatible; Googlebot/2.1; +http://www.google.com/bot.html)"
66.249.67.33 - - [25/Sep/2026:19:54:30 +0000] "GET /wp-content/plugins/easy-table-of-contents/vendor/js-cookie/js.cookie.min.js?ver=2.2.1%27%20defer%27%20defer HTTP/1.1" 200 995 "https://www.visitkarimun.com/category/blog-artikel/?path=%2Fhome%2Fkarimun%2Fwpfm-private-backups" "Mozilla/5.0 (Linux; Android 6.0.1; Nexus 5X Build/MMB29P) AppleWebKit/537.36 (KHTML, like Gecko) Chrome/153.0.8010.52 Mobile Safari/537.36 (compatible; Googlebot/2.1; +http://www.google.com/bot.html)"
192.250.235.217 - - [25/Sep/2026:19:54:33 +0000] "POST /wp-cron.php?doing_wp_cron=1790366073.6618399620056152343750 HTTP/1.1" 200 0 "-" "WordPress/7.1.2; https://www.visitkarimun.com"
43.131.36.84 - - [25/Sep/2026:19:54:33 +0000] "GET /informasi-paket-wisata-karimunjawa-dari-yogyakarta/?action=edit&file=wp-links-opml.php&path=%2Fhome%2Fkarimun%2Fpublic_html HTTP/1.1" 200 43755 "-" "Mozilla/5.0 (iPhone; CPU iPhone OS 13_2_3 like Mac OS X) AppleWebKit/605.1.15 (KHTML, like Gecko) Version/13.0.3 Mobile/15E148 Safari/604.1"
192.250.235.217 - - [25/Sep/2026:19:54:38 +0000] "POST /wp-cron.php?doing_wp_cron=1790366078.7853620052337646484375 HTTP/1.1" 200 0 "-" "WordPress/7.1.2; https://www.visitkarimun.com"
66.249.67.33 - - [25/Sep/2026:19:54:38 +0000] "GET /category/blog-artikel/?action=edit&file=feed-rss2.php&path=%2Fhome%2Fkarimun%2Fpublic_html%2Fwp-includes HTTP/1.1" 200 29328 "-" "Mozilla/5.0 (Linux; Android 6.0.1; Nexus 5X Build/MMB29P) AppleWebKit/537.36 (KHTML, like Gecko) Chrome/153.0.8010.52 Mobile Safari/537.36 (compatible; Googlebot/2.1; +http://www.google.com/bot.html)"
66.249.67.33 - - [25/Sep/2026:19:54:45 +0000] "GET /category/blog-artikel/?action=edit&file=class-wp-rewrite.php&path=%2Fhome%2Fkarimun%2Fpublic_html%2Fwp-includes HTTP/1.1" 200 43486 "-" "Mozilla/5.0 (Linux; Android 6.0.1; Nexus 5X Build/MMB29P) AppleWebKit/537.36 (KHTML, like Gecko) Chrome/153.0.8010.52 Mobile Safari/537.36 (compatible; Googlebot/2.1; +http://www.google.com/bot.html)"
66.249.67.33 - - [25/Sep/2026:19:54:56 +0000] "GET /category/blog-artikel/?action=edit&file=class-wp-customize-manager.php&path=%2Fhome%2Fkarimun%2Fpublic_html%2Fwp-includes HTTP/1.1" 200 75795 "-" "Mozilla/5.0 (Linux; Android 6.0.1; Nexus 5X Build/MMB29P) AppleWebKit/537.36 (KHTML, like Gecko) Chrome/153.0.8010.52 Mobile Safari/537.36 (compatible; Googlebot/2.1; +http://www.google.com/bot.html)"
66.249.67.34 - - [25/Sep/2026:19:55:12 +0000] "GET /category/blog-artikel/?action=edit&file=class-wp-http.php&path=%2Fhome%2Fkarimun%2Fpublic_html%2Fwp-includes HTTP/1.1" 200 39847 "-" "Mozilla/5.0 (Linux; Android 6.0.1; Nexus 5X Build/MMB29P) AppleWebKit/537.36 (KHTML, like Gecko) Chrome/153.0.8010.52 Mobile Safari/537.36 (compatible; Googlebot/2.1; +http://www.google.com/bot.html)"
66.249.67.34 - - [25/Sep/2026:19:55:19 +0000] "GET /wp-content/plugins/easy-table-of-contents/assets/css/screen.min.css?ver=2.0.88 HTTP/1.1" 200 1915 "https://www.visitkarimun.com/category/blog-artikel/?action=edit&file=class-wp-http.php&path=%2Fhome%2Fkarimun%2Fpublic_html%2Fwp-includes" "Mozilla/5.0 (Linux; Android 6.0.1; Nexus 5X Build/MMB29P) AppleWebKit/537.36 (KHTML, like Gecko) Chrome/153.0.8010.52 Mobile Safari/537.36 (compatible; Googlebot/2.1; +http://www.google.com/bot.html)"
66.249.67.33 - - [25/Sep/2026:19:55:19 +0000] "GET /category/blog-artikel/?action=edit&file=class-wp-fatal-error-handler.php&path=%2Fhome%2Fkarimun%2Fpublic_html%2Fwp-includes HTTP/1.1" 200 30745 "-" "Mozilla/5.0 (Linux; Android 6.0.1; Nexus 5X Build/MMB29P) AppleWebKit/537.36 (KHTML, like Gecko) Chrome/153.0.8010.52 Mobile Safari/537.36 (compatible; Googlebot/2.1; +http://www.google.com/bot.html)"
66.249.67.33 - - [25/Sep/2026:19:55:28 +0000] "GET /category/blog-artikel/?path=%2Fhome%2Fkarimun%2Fpublic_html%2Fwp-includes%2Frest-api HTTP/1.1" 200 28197 "-" "Mozilla/5.0 (Linux; Android 6.0.1; Nexus 5X Build/MMB29P) AppleWebKit/537.36 (KHTML, like Gecko) Chrome/153.0.8010.52 Mobile Safari/537.36 (compatible; Googlebot/2.1; +http://www.google.com/bot.html)"
66.249.67.33 - - [25/Sep/2026:19:55:34 +0000] "GET /category/blog-artikel/?action=edit&file=https-detection.php&path=%2Fhome%2Fkarimun%2Fpublic_html%2Fwp-includes HTTP/1.1" 200 29812 "-" "Mozilla/5.0 (Linux; Android 6.0.1; Nexus 5X Build/MMB29P) AppleWebKit/537.36 (KHTML, like Gecko) Chrome/153.0.8010.52 Mobile Safari/537.36 (compatible; Googlebot/2.1; +http://www.google.com/bot.html)"
66.249.67.33 - - [25/Sep/2026:19:55:42 +0000] "GET /wp-content/plugins/easy-table-of-contents/vendor/js-cookie/js.cookie.min.js?ver=2.2.1%27%20defer%27%20defer HTTP/1.1" 200 995 "https://www.visitkarimun.com/category/blog-artikel/?path=%2Fhome%2Fkarimun%2Fpublic_html%2Fwp-includes%2Frest-api" "Mozilla/5.0 (Linux; Android 6.0.1; Nexus 5X Build/MMB29P) AppleWebKit/537.36 (KHTML, like Gecko) Chrome/153.0.8010.52 Mobile Safari/537.36 (compatible; Googlebot/2.1; +http://www.google.com/bot.html)"
192.250.235.217 - - [25/Sep/2026:19:55:44 +0000] "POST /wp-cron.php?doing_wp_cron=1790366144.2925090789794921875000 HTTP/1.1" 200 0 "-" "WordPress/7.1.2; https://www.visitkarimun.com"
66.249.66.35 - - [25/Sep/2026:19:55:43 +0000] "GET /category/blog-artikel/?action=edit&file=class-wp-application-passwords.php&path=%2Fhome%2Fkarimun%2Fpublic_html%2Fwp-includes HTTP/1.1" 200 31422 "-" "Mozilla/5.0 (Linux; Android 6.0.1; Nexus 5X Build/MMB29P) AppleWebKit/537.36 (KHTML, like Gecko) Chrome/153.0.8010.52 Mobile Safari/537.36 (compatible; Googlebot/2.1; +http://www.google.com/bot.html)"
66.249.66.35 - - [25/Sep/2026:19:55:50 +0000] "GET /category/blog-artikel/?action=edit&file=class-wp-block-bindings-registry.php&path=%2Fhome%2Fkarimun%2Fpublic_html%2Fwp-includes HTTP/1.1" 200 30210 "-" "Mozilla/5.0 (Linux; Android 6.0.1; Nexus 5X Build/MMB29P) AppleWebKit/537.36 (KHTML, like Gecko) Chrome/153.0.8010.52 Mobile Safari/537.36 (compatible; Googlebot/2.1; +http://www.google.com/bot.html)"
66.249.66.193 - - [25/Sep/2026:19:56:01 +0000] "GET /wp-content/plugins/easy-table-of-contents/vendor/js-cookie/js.cookie.min.js?ver=2.2.1%27%20defer%27%20defer HTTP/1.1" 200 995 "https://www.visitkarimun.com/category/blog-artikel/?action=edit&file=class-wp-block-bindings-registry.php&path=%2Fhome%2Fkarimun%2Fpublic_html%2Fwp-includes" "Mozilla/5.0 (Linux; Android 6.0.1; Nexus 5X Build/MMB29P) AppleWebKit/537.36 (KHTML, like Gecko) Chrome/153.0.8010.52 Mobile Safari/537.36 (compatible; Googlebot/2.1; +http://www.google.com/bot.html)"
66.249.66.193 - - [25/Sep/2026:19:56:01 +0000] "GET /category/blog-artikel/?action=edit&file=theme.json&path=%2Fhome%2Fkarimun%2Fpublic_html%2Fwp-includes HTTP/1.1" 200 30253 "-" "Mozilla/5.0 (Linux; Android 6.0.1; Nexus 5X Build/MMB29P) AppleWebKit/537.36 (KHTML, like Gecko) Chrome/153.0.8010.52 Mobile Safari/537.36 (compatible; Googlebot/2.1; +http://www.google.com/bot.html)"
66.249.66.65 - - [25/Sep/2026:19:56:08 +0000] "GET /category/blog-artikel/?action=edit&file=class-wp-taxonomy.php&path=%2Fhome%2Fkarimun%2Fpublic_html%2Fwp-includes HTTP/1.1" 200 32680 "-" "Mozilla/5.0 (Linux; Android 6.0.1; Nexus 5X Build/MMB29P) AppleWebKit/537.36 (KHTML, like Gecko) Chrome/153.0.8010.52 Mobile Safari/537.36 (compatible; Googlebot/2.1; +http://www.google.com/bot.html)"
52.167.144.233 - - [25/Sep/2026:19:56:11 +0000] "GET /wp-content/uploads/2019/06/snorkeling-karimunjawa.jpg HTTP/2" 200 157152 "-" "Mozilla/5.0 AppleWebKit/537.36 (KHTML, like Gecko; compatible; bingbot/2.0; +http://www.bing.com/bingbot.htm) Chrome/116.0.1938.76 Safari/537.36"
66.249.66.193 - - [25/Sep/2026:19:56:17 +0000] "GET /category/blog-artikel/?action=edit&file=class-wp-tax-query.php&path=%2Fhome%2Fkarimun%2Fpublic_html%2Fwp-includes HTTP/1.1" 200 33436 "-" "Mozilla/5.0 (Linux; Android 6.0.1; Nexus 5X Build/MMB29P) AppleWebKit/537.36 (KHTML, like Gecko) Chrome/153.0.8010.52 Mobile Safari/537.36 (compatible; Googlebot/2.1; +http://www.google.com/bot.html)"
66.249.66.65 - - [25/Sep/2026:19:56:24 +0000] "GET /category/blog-artikel/?path=%2Fhome%2Fkarimun%2Fpublic_html%2Fwp-includes%2Fphp-ai-client HTTP/1.1" 200 28219 "-" "Mozilla/5.0 (Linux; Android 6.0.1; Nexus 5X Build/MMB29P) AppleWebKit/537.36 (KHTML, like Gecko) Chrome/153.0.8010.52 Mobile Safari/537.36 (compatible; Googlebot/2.1; +http://www.google.com/bot.html)"
66.249.66.65 - - [25/Sep/2026:19:56:24 +0000] "GET /category/blog-artikel/?action=edit&file=libleveldb.so.1&path=%2F%2Flib64 HTTP/1.1" 200 27902 "-" "Mozilla/5.0 (Linux; Android 6.0.1; Nexus 5X Build/MMB29P) AppleWebKit/537.36 (KHTML, like Gecko) Chrome/153.0.8010.52 Mobile Safari/537.36 (compatible; GoogleOther)"
66.249.66.65 - - [25/Sep/2026:19:56:25 +0000] "GET /category/blog-artikel/?action=edit&file=libsmbconf.so.0&path=%2F%2Flib64 HTTP/1.1" 200 27890 "-" "Mozilla/5.0 (Linux; Android 6.0.1; Nexus 5X Build/MMB29P) AppleWebKit/537.36 (KHTML, like Gecko) Chrome/153.0.8010.52 Mobile Safari/537.36 (compatible; GoogleOther)"
66.249.66.35 - - [25/Sep/2026:19:56:27 +0000] "GET /category/blog-artikel/?action=edit&file=libevent_openssl.so&path=%2F%2Flib64 HTTP/1.1" 200 27918 "-" "Mozilla/5.0 (Linux; Android 6.0.1; Nexus 5X Build/MMB29P) AppleWebKit/537.36 (KHTML, like Gecko) Chrome/153.0.8010.52 Mobile Safari/537.36 (compatible; GoogleOther)"
66.249.66.35 - - [25/Sep/2026:19:56:28 +0000] "GET /category/blog-artikel/?action=edit&file=htaccess-2019-06-18-22-26-11.backup&path=%2Fhome%2Fkarimun%2Fpublic_html%2Fwp-content%2Fhtaccess-editor-backups HTTP/1.1" 200 28564 "-" "Mozilla/5.0 (Linux; Android 6.0.1; Nexus 5X Build/MMB29P) AppleWebKit/537.36 (KHTML, like Gecko) Chrome/153.0.8010.52 Mobile Safari/537.36 (compatible; GoogleOther)"
66.249.66.193 - - [25/Sep/2026:19:56:29 +0000] "GET /wp-content/plugins/section-collection/build/advanced.js?ver=2.0.7%27%20defer%27%20defer HTTP/1.1" 200 5110 "https://www.visitkarimun.com/category/blog-artikel/?action=edit&file=libsmbconf.so.0&path=%2F%2Flib64" "Mozilla/5.0 (Linux; Android 6.0.1; Nexus 5X Build/MMB29P) AppleWebKit/537.36 (KHTML, like Gecko) Chrome/153.0.8010.52 Mobile Safari/537.36 (compatible; GoogleOther)"
66.249.66.35 - - [25/Sep/2026:19:56:32 +0000] "GET /wp-content/plugins/easy-table-of-contents/assets/css/screen.min.css?ver=2.0.88 HTTP/1.1" 200 1915 "https://www.visitkarimun.com/category/blog-artikel/?action=edit&file=libsmbconf.so.0&path=%2F%2Flib64" "Mozilla/5.0 (Linux; Android 6.0.1; Nexus 5X Build/MMB29P) AppleWebKit/537.36 (KHTML, like Gecko) Chrome/153.0.8010.52 Mobile Safari/537.36 (compatible; GoogleOther)"
66.249.66.35 - - [25/Sep/2026:19:56:33 +0000] "GET /wp-content/plugins/google-site-kit/dist/assets/js/googlesitekit-consent-mode-755f1678e260138d789e.js'%20defer'%20defer HTTP/1.1" 200 16397 "https://www.visitkarimun.com/category/blog-artikel/?action=edit&file=libevent_openssl.so&path=%2F%2Flib64" "Mozilla/5.0 (Linux; Android 6.0.1; Nexus 5X Build/MMB29P) AppleWebKit/537.36 (KHTML, like Gecko) Chrome/153.0.8010.52 Mobile Safari/537.36 (compatible; GoogleOther)"
57.141.2.4 - - [25/Sep/2026:19:56:34 +0000] "GET /informasi-perjalanan-paket-travel-wisata-karimunjawa/ HTTP/2" 200 69137 "-" "Mozilla/5.0 (Windows NT 10.0; Win64; x64) AppleWebKit/537.36 (KHTML, like Gecko) Chrome/145.0.0.0 Safari/537.36 (compatible; meta-webindexer/1.1 (+https://developers.facebook.com/docs/sharing/webmasters/crawler))"
57.141.2.76 - - [25/Sep/2026:19:56:36 +0000] "GET /informasi-jadwal-kapal-express-karimunjawa/ HTTP/2" 200 49637 "-" "Mozilla/5.0 (Windows NT 10.0; Win64; x64) AppleWebKit/537.36 (KHTML, like Gecko) Chrome/145.0.0.0 Safari/537.36 (compatible; meta-webindexer/1.1 (+https://developers.facebook.com/docs/sharing/webmasters/crawler))"
192.250.235.217 - - [25/Sep/2026:19:56:47 +0000] "POST /wp-cron.php?doing_wp_cron=1790366207.4861071109771728515625 HTTP/1.1" 200 0 "-" "WordPress/7.1.2; https://www.visitkarimun.com"
52.167.144.233 - - [25/Sep/2026:19:56:46 +0000] "GET /tiket-kapal-karimunjawa/ HTTP/2" 200 63277 "-" "Mozilla/5.0 AppleWebKit/537.36 (KHTML, like Gecko; compatible; bingbot/2.0; +http://www.bing.com/bingbot.htm) Chrome/116.0.1938.76 Safari/537.36"
66.249.66.35 - - [25/Sep/2026:19:56:55 +0000] "GET /?path=%2F%2Frun HTTP/1.1" 200 27686 "-" "Mozilla/5.0 (Linux; Android 6.0.1; Nexus 5X Build/MMB29P) AppleWebKit/537.36 (KHTML, like Gecko) Chrome/153.0.8010.52 Mobile Safari/537.36 (compatible; Googlebot/2.1; +http://www.google.com/bot.html)"
66.249.66.37 - - [25/Sep/2026:19:57:04 +0000] "GET /?action=edit&file=.zshrc&path=%2Fhome%2Fkarimun HTTP/1.1" 200 27634 "-" "Mozilla/5.0 (Linux; Android 6.0.1; Nexus 5X Build/MMB29P) AppleWebKit/537.36 (KHTML, like Gecko) Chrome/153.0.8010.52 Mobile Safari/537.36 (compatible; Googlebot/2.1; +http://www.google.com/bot.html)"
66.249.66.66 - - [25/Sep/2026:19:57:10 +0000] "GET /?path=%2Fhome%2Fkarimun%2F.spamassassin HTTP/1.1" 200 27571 "-" "Mozilla/5.0 (Linux; Android 6.0.1; Nexus 5X Build/MMB29P) AppleWebKit/537.36 (KHTML, like Gecko) Chrome/153.0.8010.52 Mobile Safari/537.36 (compatible; Googlebot/2.1; +http://www.google.com/bot.html)"
66.249.66.194 - - [25/Sep/2026:19:57:12 +0000] "GET /?action=edit&file=session.php&path=%2Fhome%2Fkarimun%2Fpublic_html%2Fwp-includes HTTP/1.1" 200 27429 "-" "Mozilla/5.0 (Linux; Android 6.0.1; Nexus 5X Build/MMB29P) AppleWebKit/537.36 (KHTML, like Gecko) Chrome/153.0.8010.52 Mobile Safari/537.36 (compatible; Googlebot/2.1; +http://www.google.com/bot.html)"
66.249.66.65 - - [25/Sep/2026:19:57:22 +0000] "GET /?path=%2Fhome%2Fkarimun%2F.razor HTTP/1.1" 200 27655 "-" "Mozilla/5.0 (Linux; Android 6.0.1; Nexus 5X Build/MMB29P) AppleWebKit/537.36 (KHTML, like Gecko) Chrome/153.0.8010.52 Mobile Safari/537.36 (compatible; Googlebot/2.1; +http://www.google.com/bot.html)"
40.77.167.51 - - [25/Sep/2026:19:57:29 +0000] "GET /tiket-kapal-karimunjawa/?path=/ HTTP/2" 200 62827 "-" "Mozilla/5.0 AppleWebKit/537.36 (KHTML, like Gecko; compatible; bingbot/2.0; +http://www.bing.com/bingbot.htm) Chrome/116.0.1938.76 Safari/537.36"
40.77.167.7 - - [25/Sep/2026:19:57:34 +0000] "GET /tiket-kapal-karimunjawa/?path=/home HTTP/2" 200 62225 "-" "Mozilla/5.0 AppleWebKit/537.36 (KHTML, like Gecko; compatible; bingbot/2.0; +http://www.bing.com/bingbot.htm) Chrome/116.0.1938.76 Safari/537.36"
192.250.235.217 - - [25/Sep/2026:19:57:37 +0000] "POST /wp-cron.php?doing_wp_cron=1790366257.0378439426422119140625 HTTP/1.1" 200 0 "-" "WordPress/7.1.2; https://www.visitkarimun.com"
66.249.66.35 - - [25/Sep/2026:19:57:36 +0000] "GET /rincian-biaya-wisata-karimunjawa/?action=edit&file=meta.php&path=%2Fhome%2Fkarimun%2Fpublic_html%2Fwp-includes HTTP/1.1" 200 73494 "-" "Mozilla/5.0 (Linux; Android 6.0.1; Nexus 5X Build/MMB29P) AppleWebKit/537.36 (KHTML, like Gecko) Chrome/153.0.8010.52 Mobile Safari/537.36 (compatible; Googlebot/2.1; +http://www.google.com/bot.html)"
66.249.66.65 - - [25/Sep/2026:19:57:37 +0000] "GET /rincian-biaya-wisata-karimunjawa/?action=edit&file=connectors.php&path=%2Fhome%2Fkarimun%2Fpublic_html%2Fwp-includes HTTP/1.1" 200 69360 "-" "Mozilla/5.0 (Linux; Android 6.0.1; Nexus 5X Build/MMB29P) AppleWebKit/537.36 (KHTML, like Gecko) Chrome/153.0.8010.52 Mobile Safari/537.36 (compatible; Googlebot/2.1; +http://www.google.com/bot.html)"
66.249.66.35 - - [25/Sep/2026:19:57:46 +0000] "GET /wp-includes/js/dist/private-apis.min.js?ver=eb85f28c4c729bb4f002%27%20defer%27%20defer HTTP/1.1" 200 1068 "https://www.visitkarimun.com/rincian-biaya-wisata-karimunjawa/?action=edit&file=connectors.php&path=%2Fhome%2Fkarimun%2Fpublic_html%2Fwp-includes" "Mozilla/5.0 (Linux; Android 6.0.1; Nexus 5X Build/MMB29P) AppleWebKit/537.36 (KHTML, like Gecko) Chrome/153.0.8010.52 Mobile Safari/537.36 (compatible; Googlebot/2.1; +http://www.google.com/bot.html)"
66.249.66.65 - - [25/Sep/2026:19:57:47 +0000] "GET /?action=edit&file=registration-functions.php&path=%2Fhome%2Fkarimun%2Fpublic_html%2Fwp-includes HTTP/1.1" 200 27424 "-" "Mozilla/5.0 (Linux; Android 6.0.1; Nexus 5X Build/MMB29P) AppleWebKit/537.36 (KHTML, like Gecko) Chrome/153.0.8010.52 Mobile Safari/537.36 (compatible; Googlebot/2.1; +http://www.google.com/bot.html)"
66.249.66.193 - - [25/Sep/2026:19:57:47 +0000] "GET /wp-includes/js/dist/block-serialization-default-parser.min.js?ver=4c6f3dd40077f7c17604%27%20defer%27%20defer HTTP/1.1" 200 1115 "https://www.visitkarimun.com/rincian-biaya-wisata-karimunjawa/?action=edit&file=connectors.php&path=%2Fhome%2Fkarimun%2Fpublic_html%2Fwp-includes" "Mozilla/5.0 (Linux; Android 6.0.1; Nexus 5X Build/MMB29P) AppleWebKit/537.36 (KHTML, like Gecko) Chrome/153.0.8010.52 Mobile Safari/537.36 (compatible; Googlebot/2.1; +http://www.google.com/bot.html)"
66.249.66.65 - - [25/Sep/2026:19:57:47 +0000] "GET /wp-includes/js/dist/autop.min.js?ver=4e10a18cb6f21a043fc0%27%20defer%27%20defer HTTP/1.1" 200 2092 "https://www.visitkarimun.com/rincian-biaya-wisata-karimunjawa/?action=edit&file=connectors.php&path=%2Fhome%2Fkarimun%2Fpublic_html%2Fwp-includes" "Mozilla/5.0 (Linux; Android 6.0.1; Nexus 5X Build/MMB29P) AppleWebKit/537.36 (KHTML, like Gecko) Chrome/153.0.8010.52 Mobile Safari/537.36 (compatible; Googlebot/2.1; +http://www.google.com/bot.html)"
66.249.66.35 - - [25/Sep/2026:19:57:52 +0000] "GET /?path=%2F%2Fvar HTTP/1.1" 200 27635 "-" "Mozilla/5.0 (Linux; Android 6.0.1; Nexus 5X Build/MMB29P) AppleWebKit/537.36 (KHTML, like Gecko) Chrome/153.0.8010.52 Mobile Safari/537.36 (compatible; Googlebot/2.1; +http://www.google.com/bot.html)"
66.249.66.193 - - [25/Sep/2026:19:58:03 +0000] "GET /?action=edit&file=contribute.php&path=%2Fhome%2Fkarimun%2Fpublic_html%2Fwp-admin%2Fuser HTTP/1.1" 200 27483 "-" "Mozilla/5.0 (Linux; Android 6.0.1; Nexus 5X Build/MMB29P) AppleWebKit/537.36 (KHTML, like Gecko) Chrome/153.0.8010.52 Mobile Safari/537.36 (compatible; Googlebot/2.1; +http://www.google.com/bot.html)"
66.249.66.66 - - [25/Sep/2026:19:58:16 +0000] "GET /?action=edit&file=freedoms.php&path=%2Fhome%2Fkarimun%2Fpublic_html%2Fwp-admin%2Fuser HTTP/1.1" 200 27432 "-" "Mozilla/5.0 (Linux; Android 6.0.1; Nexus 5X Build/MMB29P) AppleWebKit/537.36 (KHTML, like Gecko) Chrome/153.0.8010.52 Mobile Safari/537.36 (compatible; Googlebot/2.1; +http://www.google.com/bot.html)"
66.249.66.35 - - [25/Sep/2026:19:58:26 +0000] "GET /?path=/home/karimun/public_html/cgi-bin HTTP/1.1" 200 27470 "-" "Mozilla/5.0 (Linux; Android 6.0.1; Nexus 5X Build/MMB29P) AppleWebKit/537.36 (KHTML, like Gecko) Chrome/153.0.8010.52 Mobile Safari/537.36 (compatible; Googlebot/2.1; +http://www.google.com/bot.html)"
192.250.235.217 - - [25/Sep/2026:19:58:38 +0000] "POST /wp-cron.php?doing_wp_cron=1790366317.9882109165191650390625 HTTP/1.1" 200 0 "-" "WordPress/7.1.2; https://www.visitkarimun.com"
66.249.66.35 - - [25/Sep/2026:19:58:37 +0000] "GET /?path=%2F%2Fusr HTTP/1.1" 200 27597 "-" "Mozilla/5.0 (Linux; Android 6.0.1; Nexus 5X Build/MMB29P) AppleWebKit/537.36 (KHTML, like Gecko) Chrome/153.0.8010.52 Mobile Safari/537.36 (compatible; Googlebot/2.1; +http://www.google.com/bot.html)"
66.249.66.193 - - [25/Sep/2026:19:58:48 +0000] "GET /?path=%2F%2Fdev HTTP/1.1" 200 27614 "-" "Mozilla/5.0 (Linux; Android 6.0.1; Nexus 5X Build/MMB29P) AppleWebKit/537.36 (KHTML, like Gecko) Chrome/153.0.8010.52 Mobile Safari/537.36 (compatible; Googlebot/2.1; +http://www.google.com/bot.html)"
192.250.235.217 - - [25/Sep/2026:19:59:00 +0000] "POST /wp-cron.php?doing_wp_cron=1790366340.5484240055084228515625 HTTP/1.1" 200 0 "-" "WordPress/7.1.2; https://www.visitkarimun.com"
66.249.66.65 - - [25/Sep/2026:19:59:00 +0000] "GET /?path=%2F%2Fbin HTTP/1.1" 200 34121 "-" "Mozilla/5.0 (Linux; Android 6.0.1; Nexus 5X Build/MMB29P) AppleWebKit/537.36 (KHTML, like Gecko) Chrome/153.0.8010.52 Mobile Safari/537.36 (compatible; Googlebot/2.1; +http://www.google.com/bot.html)"
66.249.66.35 - - [25/Sep/2026:19:59:11 +0000] "GET /?path=%2Fhome%2Fkarimun%2Fpublic_html%2F.well-known%2Facme-challenge HTTP/1.1" 200 27576 "-" "Mozilla/5.0 (Linux; Android 6.0.1; Nexus 5X Build/MMB29P) AppleWebKit/537.36 (KHTML, like Gecko) Chrome/153.0.8010.52 Mobile Safari/537.36 (compatible; Googlebot/2.1; +http://www.google.com/bot.html)"
66.249.66.65 - - [25/Sep/2026:19:59:22 +0000] "GET /?path=%2Fhome%2Fkarimun%2Fpublic_html%2F.well-known%2Fpki-validation HTTP/1.1" 200 27577 "-" "Mozilla/5.0 (Linux; Android 6.0.1; Nexus 5X Build/MMB29P) AppleWebKit/537.36 (KHTML, like Gecko) Chrome/153.0.8010.52 Mobile Safari/537.36 (compatible; Googlebot/2.1; +http://www.google.com/bot.html)"
192.250.235.217 - - [25/Sep/2026:19:59:37 +0000] "POST /wp-cron.php?doing_wp_cron=1790366377.6347661018371582031250 HTTP/1.1" 200 0 "-" "WordPress/7.1.2; https://www.visitkarimun.com"
66.249.66.65 - - [25/Sep/2026:19:59:37 +0000] "GET /category/blog-artikel/?action=edit&file=cracklib_dict.pwi&path=%2F%2Flib64 HTTP/1.1" 200 27774 "-" "Mozilla/5.0 (Linux; Android 6.0.1; Nexus 5X Build/MMB29P) AppleWebKit/537.36 (KHTML, like Gecko) Chrome/153.0.8010.52 Mobile Safari/537.36 (compatible; GoogleOther)"
66.249.66.65 - - [25/Sep/2026:19:59:40 +0000] "GET /wp-content/plugins/easy-table-of-contents/assets/js/front.min.js?ver=2.0.88-1788480000%27%20defer%27%20defer HTTP/1.1" 200 1531 "https://www.visitkarimun.com/category/blog-artikel/?action=edit&file=cracklib_dict.pwi&path=%2F%2Flib64" "Mozilla/5.0 (Linux; Android 6.0.1; Nexus 5X Build/MMB29P) AppleWebKit/537.36 (KHTML, like Gecko) Chrome/153.0.8010.52 Mobile Safari/537.36 (compatible; GoogleOther)"
66.249.66.193 - - [25/Sep/2026:19:59:46 +0000] "GET /?action=edit&file=code-editor.min.css&path=%2Fhome%2Fkarimun%2Fpublic_html%2Fwp-admin%2Fcss HTTP/1.1" 200 27648 "-" "Mozilla/5.0 (Linux; Android 6.0.1; Nexus 5X Build/MMB29P) AppleWebKit/537.36 (KHTML, like Gecko) Chrome/153.0.8010.52 Mobile Safari/537.36 (compatible; Googlebot/2.1; +http://www.google.com/bot.html)"
66.249.66.35 - - [25/Sep/2026:19:59:49 +0000] "GET /?action=edit&file=about-texture.png&path=%2Fhome%2Fkarimun%2Fpublic_html%2Fwp-admin%2Fimages HTTP/1.1" 200 27253 "-" "Mozilla/5.0 (Linux; Android 6.0.1; Nexus 5X Build/MMB29P) AppleWebKit/537.36 (KHTML, like Gecko) Chrome/153.0.8010.52 Mobile Safari/537.36 (compatible; Googlebot/2.1; +http://www.google.com/bot.html)"
66.249.66.35 - - [25/Sep/2026:19:59:50 +0000] "GET /rincian-biaya-wisata-karimunjawa/?action=edit&file=robots-template.php&path=%2Fhome%2Fkarimun%2Fpublic_html%2Fwp-includes HTTP/1.1" 200 62895 "-" "Mozilla/5.0 (Linux; Android 6.0.1; Nexus 5X Build/MMB29P) AppleWebKit/537.36 (KHTML, like Gecko) Chrome/153.0.8010.52 Mobile Safari/537.36 (compatible; Googlebot/2.1; +http://www.google.com/bot.html)"
85.208.96.200 - - [25/Sep/2026:20:00:44 +0000] "GET /tag/harga-paket-liburan-ke-karimunjawa/ HTTP/1.1" 200 29281 "-" "Mozilla/5.0 (compatible; SemrushBot/7~bl; +http://www.semrush.com/bot.html)"
66.249.66.35 - - [25/Sep/2026:20:00:45 +0000] "GET /category/blog-artikel/?path=%2F%2Flib64%2Fpkgconfig HTTP/1.1" 200 29813 "-" "Mozilla/5.0 (Linux; Android 6.0.1; Nexus 5X Build/MMB29P) AppleWebKit/537.36 (KHTML, like Gecko) Chrome/153.0.8010.52 Mobile Safari/537.36 (compatible; GoogleOther)"
66.249.66.65 - - [25/Sep/2026:20:00:53 +0000] "GET /category/blog-artikel/?action=edit&file=default-widgets.php&path=%2Fhome%2Fkarimun%2Fpublic_html%2Fwp-includes HTTP/1.1" 200 28363 "-" "Mozilla/5.0 (Linux; Android 6.0.1; Nexus 5X Build/MMB29P) AppleWebKit/537.36 (KHTML, like Gecko) Chrome/153.0.8010.52 Mobile Safari/537.36 (compatible; Googlebot/2.1; +http://www.google.com/bot.html)"
35.239.193.39 - - [25/Sep/2026:20:00:57 +0000] "GET / HTTP/1.1" 200 1455 "-" "Mozilla/5.0 (X11; Linux x86_64) AppleWebKit/537.36 (KHTML, like Gecko) Chrome/131.0.0.0 Safari/537.36"
35.239.193.39 - - [25/Sep/2026:20:00:58 +0000] "POST / HTTP/1.1" 403 10745 "-" "Mozilla/5.0 (X11; Linux x86_64) AppleWebKit/537.36 (KHTML, like Gecko) Chrome/131.0.0.0 Safari/537.36"
35.239.193.39 - - [25/Sep/2026:20:00:58 +0000] "POST / HTTP/1.1" 403 10745 "-" "Mozilla/5.0 (X11; Linux x86_64) AppleWebKit/537.36 (KHTML, like Gecko) Chrome/131.0.0.0 Safari/537.36"
35.239.193.39 - - [25/Sep/2026:20:00:58 +0000] "POST / HTTP/1.1" 403 10745 "-" "Mozilla/5.0 (X11; Linux x86_64) AppleWebKit/537.36 (KHTML, like Gecko) Chrome/131.0.0.0 Safari/537.36"
127.0.0.1 - - [25/Sep/2026:20:00:58 +0000] "GET /.git/config HTTP/1.1" 403 1242 "-" "Mozilla/5.0 (X11; Linux x86_64) AppleWebKit/537.36 (KHTML, like Gecko) Chrome/131.0.0.0 Safari/537.36"
35.239.193.39 - - [25/Sep/2026:20:00:59 +0000] "POST / HTTP/1.1" 200 30886 "-" "Mozilla/5.0 (X11; Linux x86_64) AppleWebKit/537.36 (KHTML, like Gecko) Chrome/131.0.0.0 Safari/537.36"
127.0.0.1 - - [25/Sep/2026:20:00:59 +0000] "GET /.env HTTP/1.1" 403 1242 "-" "Mozilla/5.0 (X11; Linux x86_64) AppleWebKit/537.36 (KHTML, like Gecko) Chrome/131.0.0.0 Safari/537.36"
127.0.0.1 - - [25/Sep/2026:20:01:00 +0000] "GET /.env.local HTTP/1.1" 403 1242 "-" "Mozilla/5.0 (X11; Linux x86_64) AppleWebKit/537.36 (KHTML, like Gecko) Chrome/131.0.0.0 Safari/537.36"
127.0.0.1 - - [25/Sep/2026:20:01:00 +0000] "GET /.env.production HTTP/1.1" 403 1242 "-" "Mozilla/5.0 (X11; Linux x86_64) AppleWebKit/537.36 (KHTML, like Gecko) Chrome/131.0.0.0 Safari/537.36"
127.0.0.1 - - [25/Sep/2026:20:01:00 +0000] "GET /.env.staging HTTP/1.1" 403 1242 "-" "Mozilla/5.0 (X11; Linux x86_64) AppleWebKit/537.36 (KHTML, like Gecko) Chrome/131.0.0.0 Safari/537.36"
127.0.0.1 - - [25/Sep/2026:20:01:00 +0000] "GET /.env.development HTTP/1.1" 403 1242 "-" "Mozilla/5.0 (X11; Linux x86_64) AppleWebKit/537.36 (KHTML, like Gecko) Chrome/131.0.0.0 Safari/537.36"
127.0.0.1 - - [25/Sep/2026:20:01:00 +0000] "GET /.env.test HTTP/1.1" 403 1242 "-" "Mozilla/5.0 (X11; Linux x86_64) AppleWebKit/537.36 (KHTML, like Gecko) Chrome/131.0.0.0 Safari/537.36"
127.0.0.1 - - [25/Sep/2026:20:01:01 +0000] "GET /.env.remote HTTP/1.1" 403 1242 "-" "Mozilla/5.0 (X11; Linux x86_64) AppleWebKit/537.36 (KHTML, like Gecko) Chrome/131.0.0.0 Safari/537.36"
127.0.0.1 - - [25/Sep/2026:20:01:01 +0000] "GET /.env.bak HTTP/1.1" 403 1242 "-" "Mozilla/5.0 (X11; Linux x86_64) AppleWebKit/537.36 (KHTML, like Gecko) Chrome/131.0.0.0 Safari/537.36"
127.0.0.1 - - [25/Sep/2026:20:01:01 +0000] "GET /.env.backup HTTP/1.1" 403 1242 "-" "Mozilla/5.0 (X11; Linux x86_64) AppleWebKit/537.36 (KHTML, like Gecko) Chrome/131.0.0.0 Safari/537.36"
