34.76.127.19 - - [25/Sep/2026:18:44:22 +0000] "GET /tools/.env HTTP/1.1" 404 3415 "-" "Mozilla/5.0 (X11; Linux x86_64) AppleWebKit/537.36 (KHTML, like Gecko) Chrome/131.0.0.0 Safari/537.36"
34.76.127.19 - - [25/Sep/2026:18:44:23 +0000] "GET /scripts/.env HTTP/1.1" 404 3415 "-" "Mozilla/5.0 (X11; Linux x86_64) AppleWebKit/537.36 (KHTML, like Gecko) Chrome/131.0.0.0 Safari/537.36"
34.76.127.19 - - [25/Sep/2026:18:44:23 +0000] "GET /bin/.env HTTP/1.1" 404 3415 "-" "Mozilla/5.0 (X11; Linux x86_64) AppleWebKit/537.36 (KHTML, like Gecko) Chrome/131.0.0.0 Safari/537.36"
34.76.127.19 - - [25/Sep/2026:18:44:23 +0000] "GET /sbin/.env HTTP/1.1" 404 3415 "-" "Mozilla/5.0 (X11; Linux x86_64) AppleWebKit/537.36 (KHTML, like Gecko) Chrome/131.0.0.0 Safari/537.36"
34.76.127.19 - - [25/Sep/2026:18:44:23 +0000] "GET /local/.env HTTP/1.1" 404 3415 "-" "Mozilla/5.0 (X11; Linux x86_64) AppleWebKit/537.36 (KHTML, like Gecko) Chrome/131.0.0.0 Safari/537.36"
34.76.127.19 - - [25/Sep/2026:18:44:23 +0000] "GET /portal/.env HTTP/1.1" 404 3415 "-" "Mozilla/5.0 (X11; Linux x86_64) AppleWebKit/537.36 (KHTML, like Gecko) Chrome/131.0.0.0 Safari/537.36"
87.250.224.6 - - [25/Sep/2026:18:44:23 +0000] "GET /wp-includes/js/dist/warning.min.js?ver=a0978839debc564a6608%27%20defer%27%20defer HTTP/1.1" 200 473 "https://www.visitkarimun.com/informasi-harga-paket-wisata-karimunjawa-3-hari-2-malam/" "Mozilla/5.0 (compatible; YandexRenderResourcesBot/1.0; +http://yandex.com/bots) AppleWebKit/537.36 (KHTML, like Gecko) Chrome/108.0.0.0"
34.76.127.19 - - [25/Sep/2026:18:44:24 +0000] "GET /dashboard/.env HTTP/1.1" 404 3415 "-" "Mozilla/5.0 (X11; Linux x86_64) AppleWebKit/537.36 (KHTML, like Gecko) Chrome/131.0.0.0 Safari/537.36"
34.76.127.19 - - [25/Sep/2026:18:44:24 +0000] "GET /panel/.env HTTP/1.1" 404 3415 "-" "Mozilla/5.0 (X11; Linux x86_64) AppleWebKit/537.36 (KHTML, like Gecko) Chrome/131.0.0.0 Safari/537.36"
34.76.127.19 - - [25/Sep/2026:18:44:24 +0000] "GET /crm/.env HTTP/1.1" 404 3415 "-" "Mozilla/5.0 (X11; Linux x86_64) AppleWebKit/537.36 (KHTML, like Gecko) Chrome/131.0.0.0 Safari/537.36"
34.76.127.19 - - [25/Sep/2026:18:44:24 +0000] "GET /erp/.env HTTP/1.1" 404 3415 "-" "Mozilla/5.0 (X11; Linux x86_64) AppleWebKit/537.36 (KHTML, like Gecko) Chrome/131.0.0.0 Safari/537.36"
34.76.127.19 - - [25/Sep/2026:18:44:24 +0000] "GET /shop/.env HTTP/1.1" 404 3415 "-" "Mozilla/5.0 (X11; Linux x86_64) AppleWebKit/537.36 (KHTML, like Gecko) Chrome/131.0.0.0 Safari/537.36"
34.76.127.19 - - [25/Sep/2026:18:44:24 +0000] "GET /store/.env HTTP/1.1" 404 3415 "-" "Mozilla/5.0 (X11; Linux x86_64) AppleWebKit/537.36 (KHTML, like Gecko) Chrome/131.0.0.0 Safari/537.36"
34.76.127.19 - - [25/Sep/2026:18:44:25 +0000] "GET /saas/.env HTTP/1.1" 404 3415 "-" "Mozilla/5.0 (X11; Linux x86_64) AppleWebKit/537.36 (KHTML, like Gecko) Chrome/131.0.0.0 Safari/537.36"
87.250.224.107 - - [25/Sep/2026:18:44:25 +0000] "GET /wp-includes/js/dist/blocks.min.js?ver=c0e57a630a0b6f6c3bb5%27%20defer%27%20defer HTTP/1.1" 200 45301 "https://www.visitkarimun.com/informasi-harga-paket-wisata-karimunjawa-3-hari-2-malam/" "Mozilla/5.0 (compatible; YandexRenderResourcesBot/1.0; +http://yandex.com/bots) AppleWebKit/537.36 (KHTML, like Gecko) Chrome/108.0.0.0"
34.76.127.19 - - [25/Sep/2026:18:44:25 +0000] "GET /client/.env HTTP/1.1" 404 3415 "-" "Mozilla/5.0 (X11; Linux x86_64) AppleWebKit/537.36 (KHTML, like Gecko) Chrome/131.0.0.0 Safari/537.36"
34.76.127.19 - - [25/Sep/2026:18:44:25 +0000] "GET /project/.env HTTP/1.1" 404 3415 "-" "Mozilla/5.0 (X11; Linux x86_64) AppleWebKit/537.36 (KHTML, like Gecko) Chrome/131.0.0.0 Safari/537.36"
34.76.127.19 - - [25/Sep/2026:18:44:25 +0000] "GET /admin-panel/.env HTTP/1.1" 404 3415 "-" "Mozilla/5.0 (X11; Linux x86_64) AppleWebKit/537.36 (KHTML, like Gecko) Chrome/131.0.0.0 Safari/537.36"
34.76.127.19 - - [25/Sep/2026:18:44:25 +0000] "GET /control-panel/.env HTTP/1.1" 404 3415 "-" "Mozilla/5.0 (X11; Linux x86_64) AppleWebKit/537.36 (KHTML, like Gecko) Chrome/131.0.0.0 Safari/537.36"
34.76.127.19 - - [25/Sep/2026:18:44:25 +0000] "GET /user-panel/.env HTTP/1.1" 404 3415 "-" "Mozilla/5.0 (X11; Linux x86_64) AppleWebKit/537.36 (KHTML, like Gecko) Chrome/131.0.0.0 Safari/537.36"
34.76.127.19 - - [25/Sep/2026:18:44:26 +0000] "GET /node/.env HTTP/1.1" 404 3415 "-" "Mozilla/5.0 (X11; Linux x86_64) AppleWebKit/537.36 (KHTML, like Gecko) Chrome/131.0.0.0 Safari/537.36"
34.76.127.19 - - [25/Sep/2026:18:44:26 +0000] "GET /express/.env HTTP/1.1" 404 3415 "-" "Mozilla/5.0 (X11; Linux x86_64) AppleWebKit/537.36 (KHTML, like Gecko) Chrome/131.0.0.0 Safari/537.36"
34.76.127.19 - - [25/Sep/2026:18:44:26 +0000] "GET /next/.env HTTP/1.1" 404 3415 "-" "Mozilla/5.0 (X11; Linux x86_64) AppleWebKit/537.36 (KHTML, like Gecko) Chrome/131.0.0.0 Safari/537.36"
34.76.127.19 - - [25/Sep/2026:18:44:26 +0000] "GET /nuxt/.env HTTP/1.1" 404 3415 "-" "Mozilla/5.0 (X11; Linux x86_64) AppleWebKit/537.36 (KHTML, like Gecko) Chrome/131.0.0.0 Safari/537.36"
34.76.127.19 - - [25/Sep/2026:18:44:26 +0000] "GET /nest/.env HTTP/1.1" 404 3415 "-" "Mozilla/5.0 (X11; Linux x86_64) AppleWebKit/537.36 (KHTML, like Gecko) Chrome/131.0.0.0 Safari/537.36"
34.76.127.19 - - [25/Sep/2026:18:44:26 +0000] "GET /react/.env HTTP/1.1" 404 3415 "-" "Mozilla/5.0 (X11; Linux x86_64) AppleWebKit/537.36 (KHTML, like Gecko) Chrome/131.0.0.0 Safari/537.36"
5.255.231.188 - - [25/Sep/2026:18:44:27 +0000] "GET /wp-includes/js/dist/vendor/moment.min.js?ver=2.30.1%27%20defer%27%20defer HTTP/1.1" 200 18858 "https://www.visitkarimun.com/informasi-harga-paket-wisata-karimunjawa-3-hari-2-malam/" "Mozilla/5.0 (compatible; YandexRenderResourcesBot/1.0; +http://yandex.com/bots) AppleWebKit/537.36 (KHTML, like Gecko) Chrome/108.0.0.0"
34.76.127.19 - - [25/Sep/2026:18:44:27 +0000] "GET /vue/.env HTTP/1.1" 404 3415 "-" "Mozilla/5.0 (X11; Linux x86_64) AppleWebKit/537.36 (KHTML, like Gecko) Chrome/131.0.0.0 Safari/537.36"
34.76.127.19 - - [25/Sep/2026:18:44:27 +0000] "GET /angular/.env HTTP/1.1" 404 3415 "-" "Mozilla/5.0 (X11; Linux x86_64) AppleWebKit/537.36 (KHTML, like Gecko) Chrome/131.0.0.0 Safari/537.36"
34.76.127.19 - - [25/Sep/2026:18:44:27 +0000] "GET /svelte/.env HTTP/1.1" 404 3415 "-" "Mozilla/5.0 (X11; Linux x86_64) AppleWebKit/537.36 (KHTML, like Gecko) Chrome/131.0.0.0 Safari/537.36"
34.76.127.19 - - [25/Sep/2026:18:44:27 +0000] "GET /vite/.env HTTP/1.1" 404 3415 "-" "Mozilla/5.0 (X11; Linux x86_64) AppleWebKit/537.36 (KHTML, like Gecko) Chrome/131.0.0.0 Safari/537.36"
34.76.127.19 - - [25/Sep/2026:18:44:27 +0000] "GET /backup/.env HTTP/1.1" 404 3415 "-" "Mozilla/5.0 (X11; Linux x86_64) AppleWebKit/537.36 (KHTML, like Gecko) Chrome/131.0.0.0 Safari/537.36"
34.76.127.19 - - [25/Sep/2026:18:44:27 +0000] "GET /backups/.env HTTP/1.1" 404 3415 "-" "Mozilla/5.0 (X11; Linux x86_64) AppleWebKit/537.36 (KHTML, like Gecko) Chrome/131.0.0.0 Safari/537.36"
34.76.127.19 - - [25/Sep/2026:18:44:28 +0000] "GET /old/.env HTTP/1.1" 404 3415 "-" "Mozilla/5.0 (X11; Linux x86_64) AppleWebKit/537.36 (KHTML, like Gecko) Chrome/131.0.0.0 Safari/537.36"
34.76.127.19 - - [25/Sep/2026:18:44:28 +0000] "GET /tmp/.env HTTP/1.1" 404 3415 "-" "Mozilla/5.0 (X11; Linux x86_64) AppleWebKit/537.36 (KHTML, like Gecko) Chrome/131.0.0.0 Safari/537.36"
34.76.127.19 - - [25/Sep/2026:18:44:28 +0000] "GET /temp/.env HTTP/1.1" 404 3415 "-" "Mozilla/5.0 (X11; Linux x86_64) AppleWebKit/537.36 (KHTML, like Gecko) Chrome/131.0.0.0 Safari/537.36"
95.108.213.231 - - [25/Sep/2026:18:44:28 +0000] "GET /wp-includes/js/dist/date.min.js?ver=8173fc0fc12b7bb7eaf0%27%20defer%27%20defer HTTP/1.1" 200 24090 "https://www.visitkarimun.com/informasi-harga-paket-wisata-karimunjawa-3-hari-2-malam/" "Mozilla/5.0 (compatible; YandexRenderResourcesBot/1.0; +http://yandex.com/bots) AppleWebKit/537.36 (KHTML, like Gecko) Chrome/108.0.0.0"
34.76.127.19 - - [25/Sep/2026:18:44:28 +0000] "GET /lab/.env HTTP/1.1" 404 3415 "-" "Mozilla/5.0 (X11; Linux x86_64) AppleWebKit/537.36 (KHTML, like Gecko) Chrome/131.0.0.0 Safari/537.36"
34.76.127.19 - - [25/Sep/2026:18:44:28 +0000] "GET /cronlab/.env HTTP/1.1" 404 3415 "-" "Mozilla/5.0 (X11; Linux x86_64) AppleWebKit/537.36 (KHTML, like Gecko) Chrome/131.0.0.0 Safari/537.36"
34.76.127.19 - - [25/Sep/2026:18:44:28 +0000] "GET /cron/.env HTTP/1.1" 404 3415 "-" "Mozilla/5.0 (X11; Linux x86_64) AppleWebKit/537.36 (KHTML, like Gecko) Chrome/131.0.0.0 Safari/537.36"
34.76.127.19 - - [25/Sep/2026:18:44:29 +0000] "GET /en/.env HTTP/1.1" 404 3415 "-" "Mozilla/5.0 (X11; Linux x86_64) AppleWebKit/537.36 (KHTML, like Gecko) Chrome/131.0.0.0 Safari/537.36"
34.76.127.19 - - [25/Sep/2026:18:44:29 +0000] "GET /administrator/.env HTTP/1.1" 404 3415 "-" "Mozilla/5.0 (X11; Linux x86_64) AppleWebKit/537.36 (KHTML, like Gecko) Chrome/131.0.0.0 Safari/537.36"
34.76.127.19 - - [25/Sep/2026:18:44:29 +0000] "GET /psnlink/.env HTTP/1.1" 404 3415 "-" "Mozilla/5.0 (X11; Linux x86_64) AppleWebKit/537.36 (KHTML, like Gecko) Chrome/131.0.0.0 Safari/537.36"
34.76.127.19 - - [25/Sep/2026:18:44:29 +0000] "GET /exapi/.env HTTP/1.1" 404 3415 "-" "Mozilla/5.0 (X11; Linux x86_64) AppleWebKit/537.36 (KHTML, like Gecko) Chrome/131.0.0.0 Safari/537.36"
34.76.127.19 - - [25/Sep/2026:18:44:29 +0000] "GET /sitemaps/.env HTTP/1.1" 404 3415 "-" "Mozilla/5.0 (X11; Linux x86_64) AppleWebKit/537.36 (KHTML, like Gecko) Chrome/131.0.0.0 Safari/537.36"
34.76.127.19 - - [25/Sep/2026:18:44:29 +0000] "GET /.env.backup1 HTTP/1.1" 404 3415 "-" "Mozilla/5.0 (X11; Linux x86_64) AppleWebKit/537.36 (KHTML, like Gecko) Chrome/131.0.0.0 Safari/537.36"
34.76.127.19 - - [25/Sep/2026:18:44:30 +0000] "GET /.env.backup2 HTTP/1.1" 404 3415 "-" "Mozilla/5.0 (X11; Linux x86_64) AppleWebKit/537.36 (KHTML, like Gecko) Chrome/131.0.0.0 Safari/537.36"
95.108.213.191 - - [25/Sep/2026:18:44:30 +0000] "GET /wp-includes/js/dist/primitives.min.js?ver=44cc5a35c7b9fe07a838%27%20defer%27%20defer HTTP/1.1" 200 1038 "https://www.visitkarimun.com/informasi-harga-paket-wisata-karimunjawa-3-hari-2-malam/" "Mozilla/5.0 (compatible; YandexRenderResourcesBot/1.0; +http://yandex.com/bots) AppleWebKit/537.36 (KHTML, like Gecko) Chrome/108.0.0.0"
34.76.127.19 - - [25/Sep/2026:18:44:30 +0000] "GET /logs/.env HTTP/1.1" 404 3415 "-" "Mozilla/5.0 (X11; Linux x86_64) AppleWebKit/537.36 (KHTML, like Gecko) Chrome/131.0.0.0 Safari/537.36"
34.76.127.19 - - [25/Sep/2026:18:44:30 +0000] "GET /cache/.env HTTP/1.1" 404 3415 "-" "Mozilla/5.0 (X11; Linux x86_64) AppleWebKit/537.36 (KHTML, like Gecko) Chrome/131.0.0.0 Safari/537.36"
34.76.127.19 - - [25/Sep/2026:18:44:30 +0000] "GET /mailer/.env HTTP/1.1" 404 3415 "-" "Mozilla/5.0 (X11; Linux x86_64) AppleWebKit/537.36 (KHTML, like Gecko) Chrome/131.0.0.0 Safari/537.36"
34.76.127.19 - - [25/Sep/2026:18:44:30 +0000] "GET /mail/.env HTTP/1.1" 404 3415 "-" "Mozilla/5.0 (X11; Linux x86_64) AppleWebKit/537.36 (KHTML, like Gecko) Chrome/131.0.0.0 Safari/537.36"
34.76.127.19 - - [25/Sep/2026:18:44:31 +0000] "GET /email/.env HTTP/1.1" 404 3415 "-" "Mozilla/5.0 (X11; Linux x86_64) AppleWebKit/537.36 (KHTML, like Gecko) Chrome/131.0.0.0 Safari/537.36"
34.76.127.19 - - [25/Sep/2026:18:44:31 +0000] "GET /smtp/.env HTTP/1.1" 404 3415 "-" "Mozilla/5.0 (X11; Linux x86_64) AppleWebKit/537.36 (KHTML, like Gecko) Chrome/131.0.0.0 Safari/537.36"
34.76.127.19 - - [25/Sep/2026:18:44:31 +0000] "GET /mailing/.env HTTP/1.1" 404 3415 "-" "Mozilla/5.0 (X11; Linux x86_64) AppleWebKit/537.36 (KHTML, like Gecko) Chrome/131.0.0.0 Safari/537.36"
95.108.213.99 - - [25/Sep/2026:18:44:31 +0000] "GET /wp-includes/js/dist/theme.min.js?ver=56a75cc08ae66c1fcb7a%27%20defer%27%20defer HTTP/1.1" 200 22752 "https://www.visitkarimun.com/informasi-harga-paket-wisata-karimunjawa-3-hari-2-malam/" "Mozilla/5.0 (compatible; YandexRenderResourcesBot/1.0; +http://yandex.com/bots) AppleWebKit/537.36 (KHTML, like Gecko) Chrome/108.0.0.0"
34.76.127.19 - - [25/Sep/2026:18:44:31 +0000] "GET /notifications/.env HTTP/1.1" 404 3415 "-" "Mozilla/5.0 (X11; Linux x86_64) AppleWebKit/537.36 (KHTML, like Gecko) Chrome/131.0.0.0 Safari/537.36"
34.76.127.19 - - [25/Sep/2026:18:44:31 +0000] "GET /notify/.env HTTP/1.1" 404 3415 "-" "Mozilla/5.0 (X11; Linux x86_64) AppleWebKit/537.36 (KHTML, like Gecko) Chrome/131.0.0.0 Safari/537.36"
34.76.127.19 - - [25/Sep/2026:18:44:31 +0000] "GET /sender/.env HTTP/1.1" 404 3415 "-" "Mozilla/5.0 (X11; Linux x86_64) AppleWebKit/537.36 (KHTML, like Gecko) Chrome/131.0.0.0 Safari/537.36"
34.76.127.19 - - [25/Sep/2026:18:44:32 +0000] "GET /campaign/.env HTTP/1.1" 404 3415 "-" "Mozilla/5.0 (X11; Linux x86_64) AppleWebKit/537.36 (KHTML, like Gecko) Chrome/131.0.0.0 Safari/537.36"
34.76.127.19 - - [25/Sep/2026:18:44:32 +0000] "GET /newsletter/.env HTTP/1.1" 404 3415 "-" "Mozilla/5.0 (X11; Linux x86_64) AppleWebKit/537.36 (KHTML, like Gecko) Chrome/131.0.0.0 Safari/537.36"
34.76.127.19 - - [25/Sep/2026:18:44:32 +0000] "GET /ses/.env HTTP/1.1" 404 3415 "-" "Mozilla/5.0 (X11; Linux x86_64) AppleWebKit/537.36 (KHTML, like Gecko) Chrome/131.0.0.0 Safari/537.36"
34.76.127.19 - - [25/Sep/2026:18:44:32 +0000] "GET /sendgrid/.env HTTP/1.1" 404 3415 "-" "Mozilla/5.0 (X11; Linux x86_64) AppleWebKit/537.36 (KHTML, like Gecko) Chrome/131.0.0.0 Safari/537.36"
34.76.127.19 - - [25/Sep/2026:18:44:32 +0000] "GET /sparkpost/.env HTTP/1.1" 404 3415 "-" "Mozilla/5.0 (X11; Linux x86_64) AppleWebKit/537.36 (KHTML, like Gecko) Chrome/131.0.0.0 Safari/537.36"
34.76.127.19 - - [25/Sep/2026:18:44:32 +0000] "GET /postmark/.env HTTP/1.1" 404 3415 "-" "Mozilla/5.0 (X11; Linux x86_64) AppleWebKit/537.36 (KHTML, like Gecko) Chrome/131.0.0.0 Safari/537.36"
34.76.127.19 - - [25/Sep/2026:18:44:33 +0000] "GET /mailgun/.env HTTP/1.1" 404 3415 "-" "Mozilla/5.0 (X11; Linux x86_64) AppleWebKit/537.36 (KHTML, like Gecko) Chrome/131.0.0.0 Safari/537.36"
34.76.127.19 - - [25/Sep/2026:18:44:33 +0000] "GET /mandrill/.env HTTP/1.1" 404 3415 "-" "Mozilla/5.0 (X11; Linux x86_64) AppleWebKit/537.36 (KHTML, like Gecko) Chrome/131.0.0.0 Safari/537.36"
34.76.127.19 - - [25/Sep/2026:18:44:33 +0000] "GET /mailjet/.env HTTP/1.1" 404 3415 "-" "Mozilla/5.0 (X11; Linux x86_64) AppleWebKit/537.36 (KHTML, like Gecko) Chrome/131.0.0.0 Safari/537.36"
34.76.127.19 - - [25/Sep/2026:18:44:33 +0000] "GET /brevo/.env HTTP/1.1" 404 3415 "-" "Mozilla/5.0 (X11; Linux x86_64) AppleWebKit/537.36 (KHTML, like Gecko) Chrome/131.0.0.0 Safari/537.36"
34.76.127.19 - - [25/Sep/2026:18:44:33 +0000] "GET /transactional/.env HTTP/1.1" 404 3415 "-" "Mozilla/5.0 (X11; Linux x86_64) AppleWebKit/537.36 (KHTML, like Gecko) Chrome/131.0.0.0 Safari/537.36"
34.76.127.19 - - [25/Sep/2026:18:44:33 +0000] "GET /bulk/.env HTTP/1.1" 404 3415 "-" "Mozilla/5.0 (X11; Linux x86_64) AppleWebKit/537.36 (KHTML, like Gecko) Chrome/131.0.0.0 Safari/537.36"
34.76.127.19 - - [25/Sep/2026:18:44:34 +0000] "GET /aws/.env HTTP/1.1" 404 3415 "-" "Mozilla/5.0 (X11; Linux x86_64) AppleWebKit/537.36 (KHTML, like Gecko) Chrome/131.0.0.0 Safari/537.36"
34.76.127.19 - - [25/Sep/2026:18:44:34 +0000] "GET /azure/.env HTTP/1.1" 404 3415 "-" "Mozilla/5.0 (X11; Linux x86_64) AppleWebKit/537.36 (KHTML, like Gecko) Chrome/131.0.0.0 Safari/537.36"
34.76.127.19 - - [25/Sep/2026:18:44:34 +0000] "GET /gcp/.env HTTP/1.1" 404 3415 "-" "Mozilla/5.0 (X11; Linux x86_64) AppleWebKit/537.36 (KHTML, like Gecko) Chrome/131.0.0.0 Safari/537.36"
34.76.127.19 - - [25/Sep/2026:18:44:34 +0000] "GET /cloud/.env HTTP/1.1" 404 3415 "-" "Mozilla/5.0 (X11; Linux x86_64) AppleWebKit/537.36 (KHTML, like Gecko) Chrome/131.0.0.0 Safari/537.36"
34.76.127.19 - - [25/Sep/2026:18:44:34 +0000] "GET /infrastructure/.env HTTP/1.1" 404 3415 "-" "Mozilla/5.0 (X11; Linux x86_64) AppleWebKit/537.36 (KHTML, like Gecko) Chrome/131.0.0.0 Safari/537.36"
34.76.127.19 - - [25/Sep/2026:18:44:34 +0000] "GET /docker/.env HTTP/1.1" 404 3415 "-" "Mozilla/5.0 (X11; Linux x86_64) AppleWebKit/537.36 (KHTML, like Gecko) Chrome/131.0.0.0 Safari/537.36"
34.76.127.19 - - [25/Sep/2026:18:44:35 +0000] "GET /k8s/.env HTTP/1.1" 404 3415 "-" "Mozilla/5.0 (X11; Linux x86_64) AppleWebKit/537.36 (KHTML, like Gecko) Chrome/131.0.0.0 Safari/537.36"
34.76.127.19 - - [25/Sep/2026:18:44:35 +0000] "GET /kubernetes/.env HTTP/1.1" 404 3415 "-" "Mozilla/5.0 (X11; Linux x86_64) AppleWebKit/537.36 (KHTML, like Gecko) Chrome/131.0.0.0 Safari/537.36"
34.76.127.19 - - [25/Sep/2026:18:44:35 +0000] "GET /terraform/.env HTTP/1.1" 404 3415 "-" "Mozilla/5.0 (X11; Linux x86_64) AppleWebKit/537.36 (KHTML, like Gecko) Chrome/131.0.0.0 Safari/537.36"
34.76.127.19 - - [25/Sep/2026:18:44:35 +0000] "GET /ansible/.env HTTP/1.1" 404 3415 "-" "Mozilla/5.0 (X11; Linux x86_64) AppleWebKit/537.36 (KHTML, like Gecko) Chrome/131.0.0.0 Safari/537.36"
87.250.224.121 - - [25/Sep/2026:18:44:35 +0000] "GET /wp-includes/js/dist/components.min.js?ver=9b751f17060211272a5c%27%20defer%27%20defer HTTP/1.1" 200 272805 "https://www.visitkarimun.com/informasi-harga-paket-wisata-karimunjawa-3-hari-2-malam/" "Mozilla/5.0 (compatible; YandexRenderResourcesBot/1.0; +http://yandex.com/bots) AppleWebKit/537.36 (KHTML, like Gecko) Chrome/108.0.0.0"
34.76.127.19 - - [25/Sep/2026:18:44:35 +0000] "GET /.git/.env HTTP/1.1" 404 3415 "-" "Mozilla/5.0 (X11; Linux x86_64) AppleWebKit/537.36 (KHTML, like Gecko) Chrome/131.0.0.0 Safari/537.36"
34.76.127.19 - - [25/Sep/2026:18:44:36 +0000] "GET /ci/.env HTTP/1.1" 404 3415 "-" "Mozilla/5.0 (X11; Linux x86_64) AppleWebKit/537.36 (KHTML, like Gecko) Chrome/131.0.0.0 Safari/537.36"
34.76.127.19 - - [25/Sep/2026:18:44:36 +0000] "GET /cd/.env HTTP/1.1" 404 3415 "-" "Mozilla/5.0 (X11; Linux x86_64) AppleWebKit/537.36 (KHTML, like Gecko) Chrome/131.0.0.0 Safari/537.36"
34.76.127.19 - - [25/Sep/2026:18:44:36 +0000] "GET /jenkins/.env HTTP/1.1" 404 3415 "-" "Mozilla/5.0 (X11; Linux x86_64) AppleWebKit/537.36 (KHTML, like Gecko) Chrome/131.0.0.0 Safari/537.36"
34.76.127.19 - - [25/Sep/2026:18:44:36 +0000] "GET /gitlab/.env HTTP/1.1" 404 3415 "-" "Mozilla/5.0 (X11; Linux x86_64) AppleWebKit/537.36 (KHTML, like Gecko) Chrome/131.0.0.0 Safari/537.36"
34.76.127.19 - - [25/Sep/2026:18:44:36 +0000] "GET /github/.env HTTP/1.1" 404 3415 "-" "Mozilla/5.0 (X11; Linux x86_64) AppleWebKit/537.36 (KHTML, like Gecko) Chrome/131.0.0.0 Safari/537.36"
34.76.127.19 - - [25/Sep/2026:18:44:36 +0000] "GET /actions/.env HTTP/1.1" 404 3415 "-" "Mozilla/5.0 (X11; Linux x86_64) AppleWebKit/537.36 (KHTML, like Gecko) Chrome/131.0.0.0 Safari/537.36"
34.76.127.19 - - [25/Sep/2026:18:44:37 +0000] "GET /circleci/.env HTTP/1.1" 404 3415 "-" "Mozilla/5.0 (X11; Linux x86_64) AppleWebKit/537.36 (KHTML, like Gecko) Chrome/131.0.0.0 Safari/537.36"
34.76.127.19 - - [25/Sep/2026:18:44:37 +0000] "GET /travis/.env HTTP/1.1" 404 3415 "-" "Mozilla/5.0 (X11; Linux x86_64) AppleWebKit/537.36 (KHTML, like Gecko) Chrome/131.0.0.0 Safari/537.36"
34.76.127.19 - - [25/Sep/2026:18:44:37 +0000] "GET /buildkite/.env HTTP/1.1" 404 3415 "-" "Mozilla/5.0 (X11; Linux x86_64) AppleWebKit/537.36 (KHTML, like Gecko) Chrome/131.0.0.0 Safari/537.36"
34.76.127.19 - - [25/Sep/2026:18:44:37 +0000] "GET /mysql/.env HTTP/1.1" 404 3415 "-" "Mozilla/5.0 (X11; Linux x86_64) AppleWebKit/537.36 (KHTML, like Gecko) Chrome/131.0.0.0 Safari/537.36"
34.76.127.19 - - [25/Sep/2026:18:44:37 +0000] "GET /postgres/.env HTTP/1.1" 404 3415 "-" "Mozilla/5.0 (X11; Linux x86_64) AppleWebKit/537.36 (KHTML, like Gecko) Chrome/131.0.0.0 Safari/537.36"
34.76.127.19 - - [25/Sep/2026:18:44:37 +0000] "GET /mongodb/.env HTTP/1.1" 404 3415 "-" "Mozilla/5.0 (X11; Linux x86_64) AppleWebKit/537.36 (KHTML, like Gecko) Chrome/131.0.0.0 Safari/537.36"
87.250.224.122 - - [25/Sep/2026:18:44:38 +0000] "GET /wp-includes/js/dist/keyboard-shortcuts.min.js?ver=37da95806f2339bc80d0%27%20defer%27%20defer HTTP/1.1" 200 1635 "https://www.visitkarimun.com/informasi-harga-paket-wisata-karimunjawa-3-hari-2-malam/" "Mozilla/5.0 (compatible; YandexRenderResourcesBot/1.0; +http://yandex.com/bots) AppleWebKit/537.36 (KHTML, like Gecko) Chrome/108.0.0.0"
34.76.127.19 - - [25/Sep/2026:18:44:38 +0000] "GET /redis/.env HTTP/1.1" 404 3415 "-" "Mozilla/5.0 (X11; Linux x86_64) AppleWebKit/537.36 (KHTML, like Gecko) Chrome/131.0.0.0 Safari/537.36"
34.76.127.19 - - [25/Sep/2026:18:44:38 +0000] "GET /elasticsearch/.env HTTP/1.1" 404 3415 "-" "Mozilla/5.0 (X11; Linux x86_64) AppleWebKit/537.36 (KHTML, like Gecko) Chrome/131.0.0.0 Safari/537.36"
34.76.127.19 - - [25/Sep/2026:18:44:38 +0000] "GET /rabbitmq/.env HTTP/1.1" 404 3415 "-" "Mozilla/5.0 (X11; Linux x86_64) AppleWebKit/537.36 (KHTML, like Gecko) Chrome/131.0.0.0 Safari/537.36"
34.76.127.19 - - [25/Sep/2026:18:44:38 +0000] "GET /kafka/.env HTTP/1.1" 404 3415 "-" "Mozilla/5.0 (X11; Linux x86_64) AppleWebKit/537.36 (KHTML, like Gecko) Chrome/131.0.0.0 Safari/537.36"
34.76.127.19 - - [25/Sep/2026:18:44:38 +0000] "GET /queue/.env HTTP/1.1" 404 3415 "-" "Mozilla/5.0 (X11; Linux x86_64) AppleWebKit/537.36 (KHTML, like Gecko) Chrome/131.0.0.0 Safari/537.36"
34.76.127.19 - - [25/Sep/2026:18:44:38 +0000] "GET /worker/.env HTTP/1.1" 404 3415 "-" "Mozilla/5.0 (X11; Linux x86_64) AppleWebKit/537.36 (KHTML, like Gecko) Chrome/131.0.0.0 Safari/537.36"
34.76.127.19 - - [25/Sep/2026:18:44:39 +0000] "GET /job/.env HTTP/1.1" 404 3415 "-" "Mozilla/5.0 (X11; Linux x86_64) AppleWebKit/537.36 (KHTML, like Gecko) Chrome/131.0.0.0 Safari/537.36"
5.255.231.182 - - [25/Sep/2026:18:44:39 +0000] "GET /wp-includes/js/dist/url.min.js?ver=7b0de086d4ae11d55704%27%20defer%27%20defer HTTP/1.1" 200 4019 "https://www.visitkarimun.com/informasi-harga-paket-wisata-karimunjawa-3-hari-2-malam/" "Mozilla/5.0 (compatible; YandexRenderResourcesBot/1.0; +http://yandex.com/bots) AppleWebKit/537.36 (KHTML, like Gecko) Chrome/108.0.0.0"
34.76.127.19 - - [25/Sep/2026:18:44:39 +0000] "GET /test/.env HTTP/1.1" 404 3415 "-" "Mozilla/5.0 (X11; Linux x86_64) AppleWebKit/537.36 (KHTML, like Gecko) Chrome/131.0.0.0 Safari/537.36"
34.76.127.19 - - [25/Sep/2026:18:44:39 +0000] "GET /qa/.env HTTP/1.1" 404 3415 "-" "Mozilla/5.0 (X11; Linux x86_64) AppleWebKit/537.36 (KHTML, like Gecko) Chrome/131.0.0.0 Safari/537.36"
34.76.127.19 - - [25/Sep/2026:18:44:39 +0000] "GET /preview/.env HTTP/1.1" 404 3415 "-" "Mozilla/5.0 (X11; Linux x86_64) AppleWebKit/537.36 (KHTML, like Gecko) Chrome/131.0.0.0 Safari/537.36"
34.76.127.19 - - [25/Sep/2026:18:44:39 +0000] "GET /beta/.env HTTP/1.1" 404 3415 "-" "Mozilla/5.0 (X11; Linux x86_64) AppleWebKit/537.36 (KHTML, like Gecko) Chrome/131.0.0.0 Safari/537.36"
34.76.127.19 - - [25/Sep/2026:18:44:39 +0000] "GET /uat/.env HTTP/1.1" 404 3415 "-" "Mozilla/5.0 (X11; Linux x86_64) AppleWebKit/537.36 (KHTML, like Gecko) Chrome/131.0.0.0 Safari/537.36"
34.76.127.19 - - [25/Sep/2026:18:44:40 +0000] "GET /stage/.env HTTP/1.1" 404 3415 "-" "Mozilla/5.0 (X11; Linux x86_64) AppleWebKit/537.36 (KHTML, like Gecko) Chrome/131.0.0.0 Safari/537.36"
34.76.127.19 - - [25/Sep/2026:18:44:40 +0000] "GET /development/.env HTTP/1.1" 404 3415 "-" "Mozilla/5.0 (X11; Linux x86_64) AppleWebKit/537.36 (KHTML, like Gecko) Chrome/131.0.0.0 Safari/537.36"
34.76.127.19 - - [25/Sep/2026:18:44:40 +0000] "GET /production/.env HTTP/1.1" 404 3415 "-" "Mozilla/5.0 (X11; Linux x86_64) AppleWebKit/537.36 (KHTML, like Gecko) Chrome/131.0.0.0 Safari/537.36"
34.76.127.19 - - [25/Sep/2026:18:44:40 +0000] "GET /config/app/.env HTTP/1.1" 404 3415 "-" "Mozilla/5.0 (X11; Linux x86_64) AppleWebKit/537.36 (KHTML, like Gecko) Chrome/131.0.0.0 Safari/537.36"
34.76.127.19 - - [25/Sep/2026:18:44:40 +0000] "GET /phpinfo.php HTTP/1.1" 200 12490 "-" "Mozilla/5.0 (X11; Linux x86_64) AppleWebKit/537.36 (KHTML, like Gecko) Chrome/131.0.0.0 Safari/537.36"
95.108.213.227 - - [25/Sep/2026:18:44:40 +0000] "GET /wp-includes/js/dist/api-fetch.min.js?ver=6f2a4faeee3c722b1e57%27%20defer%27%20defer HTTP/1.1" 200 3329 "https://www.visitkarimun.com/informasi-harga-paket-wisata-karimunjawa-3-hari-2-malam/" "Mozilla/5.0 (compatible; YandexRenderResourcesBot/1.0; +http://yandex.com/bots) AppleWebKit/537.36 (KHTML, like Gecko) Chrome/108.0.0.0"
34.76.127.19 - - [25/Sep/2026:18:44:41 +0000] "GET /info.php HTTP/1.1" 404 3415 "-" "Mozilla/5.0 (X11; Linux x86_64) AppleWebKit/537.36 (KHTML, like Gecko) Chrome/131.0.0.0 Safari/537.36"
34.76.127.19 - - [25/Sep/2026:18:44:41 +0000] "GET /php.php HTTP/1.1" 404 3415 "-" "Mozilla/5.0 (X11; Linux x86_64) AppleWebKit/537.36 (KHTML, like Gecko) Chrome/131.0.0.0 Safari/537.36"
34.76.127.19 - - [25/Sep/2026:18:44:41 +0000] "GET /i.php HTTP/1.1" 404 3415 "-" "Mozilla/5.0 (X11; Linux x86_64) AppleWebKit/537.36 (KHTML, like Gecko) Chrome/131.0.0.0 Safari/537.36"
34.76.127.19 - - [25/Sep/2026:18:44:41 +0000] "GET /pi.php HTTP/1.1" 404 3415 "-" "Mozilla/5.0 (X11; Linux x86_64) AppleWebKit/537.36 (KHTML, like Gecko) Chrome/131.0.0.0 Safari/537.36"
34.76.127.19 - - [25/Sep/2026:18:44:41 +0000] "GET /pinfo.php HTTP/1.1" 404 3415 "-" "Mozilla/5.0 (X11; Linux x86_64) AppleWebKit/537.36 (KHTML, like Gecko) Chrome/131.0.0.0 Safari/537.36"
34.76.127.19 - - [25/Sep/2026:18:44:41 +0000] "GET /test.php HTTP/1.1" 404 3415 "-" "Mozilla/5.0 (X11; Linux x86_64) AppleWebKit/537.36 (KHTML, like Gecko) Chrome/131.0.0.0 Safari/537.36"
95.108.213.207 - - [25/Sep/2026:18:44:42 +0000] "GET /wp-includes/js/dist/preferences-persistence.min.js?ver=a34abbdacd8f50f9acb1%27%20defer%27%20defer HTTP/1.1" 200 2179 "https://www.visitkarimun.com/informasi-harga-paket-wisata-karimunjawa-3-hari-2-malam/" "Mozilla/5.0 (compatible; YandexRenderResourcesBot/1.0; +http://yandex.com/bots) AppleWebKit/537.36 (KHTML, like Gecko) Chrome/108.0.0.0"
34.76.127.19 - - [25/Sep/2026:18:44:42 +0000] "GET /phpinfo HTTP/1.1" 404 3415 "-" "Mozilla/5.0 (X11; Linux x86_64) AppleWebKit/537.36 (KHTML, like Gecko) Chrome/131.0.0.0 Safari/537.36"
34.76.127.19 - - [25/Sep/2026:18:44:42 +0000] "GET /p.php HTTP/1.1" 404 3415 "-" "Mozilla/5.0 (X11; Linux x86_64) AppleWebKit/537.36 (KHTML, like Gecko) Chrome/131.0.0.0 Safari/537.36"
34.76.127.19 - - [25/Sep/2026:18:44:42 +0000] "GET /debug.php HTTP/1.1" 404 3415 "-" "Mozilla/5.0 (X11; Linux x86_64) AppleWebKit/537.36 (KHTML, like Gecko) Chrome/131.0.0.0 Safari/537.36"
34.76.127.19 - - [25/Sep/2026:18:44:42 +0000] "GET /admin/phpinfo.php HTTP/1.1" 404 3415 "-" "Mozilla/5.0 (X11; Linux x86_64) AppleWebKit/537.36 (KHTML, like Gecko) Chrome/131.0.0.0 Safari/537.36"
34.76.127.19 - - [25/Sep/2026:18:44:42 +0000] "GET /test/phpinfo.php HTTP/1.1" 404 3415 "-" "Mozilla/5.0 (X11; Linux x86_64) AppleWebKit/537.36 (KHTML, like Gecko) Chrome/131.0.0.0 Safari/537.36"
34.76.127.19 - - [25/Sep/2026:18:44:42 +0000] "GET /dev/phpinfo.php HTTP/1.1" 404 3415 "-" "Mozilla/5.0 (X11; Linux x86_64) AppleWebKit/537.36 (KHTML, like Gecko) Chrome/131.0.0.0 Safari/537.36"
34.76.127.19 - - [25/Sep/2026:18:44:43 +0000] "GET /old/phpinfo.php HTTP/1.1" 404 3415 "-" "Mozilla/5.0 (X11; Linux x86_64) AppleWebKit/537.36 (KHTML, like Gecko) Chrome/131.0.0.0 Safari/537.36"
5.255.231.181 - - [25/Sep/2026:18:44:43 +0000] "GET /wp-includes/js/dist/preferences.min.js?ver=5a169e3fc0e657f74172%27%20defer%27%20defer HTTP/1.1" 200 3340 "https://www.visitkarimun.com/informasi-harga-paket-wisata-karimunjawa-3-hari-2-malam/" "Mozilla/5.0 (compatible; YandexRenderResourcesBot/1.0; +http://yandex.com/bots) AppleWebKit/537.36 (KHTML, like Gecko) Chrome/108.0.0.0"
34.76.127.19 - - [25/Sep/2026:18:44:43 +0000] "GET /tmp/phpinfo.php HTTP/1.1" 404 3415 "-" "Mozilla/5.0 (X11; Linux x86_64) AppleWebKit/537.36 (KHTML, like Gecko) Chrome/131.0.0.0 Safari/537.36"
34.76.127.19 - - [25/Sep/2026:18:44:43 +0000] "GET /public/phpinfo.php HTTP/1.1" 404 3415 "-" "Mozilla/5.0 (X11; Linux x86_64) AppleWebKit/537.36 (KHTML, like Gecko) Chrome/131.0.0.0 Safari/537.36"
34.76.127.19 - - [25/Sep/2026:18:44:43 +0000] "GET /info HTTP/1.1" 404 3415 "-" "Mozilla/5.0 (X11; Linux x86_64) AppleWebKit/537.36 (KHTML, like Gecko) Chrome/131.0.0.0 Safari/537.36"
34.76.127.19 - - [25/Sep/2026:18:44:43 +0000] "GET /php-info.php HTTP/1.1" 404 3415 "-" "Mozilla/5.0 (X11; Linux x86_64) AppleWebKit/537.36 (KHTML, like Gecko) Chrome/131.0.0.0 Safari/537.36"
34.76.127.19 - - [25/Sep/2026:18:44:43 +0000] "GET /phpversion.php HTTP/1.1" 404 3415 "-" "Mozilla/5.0 (X11; Linux x86_64) AppleWebKit/537.36 (KHTML, like Gecko) Chrome/131.0.0.0 Safari/537.36"
34.76.127.19 - - [25/Sep/2026:18:44:44 +0000] "GET /_phpinfo.php HTTP/1.1" 404 3415 "-" "Mozilla/5.0 (X11; Linux x86_64) AppleWebKit/537.36 (KHTML, like Gecko) Chrome/131.0.0.0 Safari/537.36"
34.76.127.19 - - [25/Sep/2026:18:44:44 +0000] "GET /old_phpinfo.php HTTP/1.1" 404 3415 "-" "Mozilla/5.0 (X11; Linux x86_64) AppleWebKit/537.36 (KHTML, like Gecko) Chrome/131.0.0.0 Safari/537.36"
192.250.235.217 - - [25/Sep/2026:18:44:44 +0000] "POST /wp-cron.php?doing_wp_cron=1790361884.2840640544891357421875 HTTP/1.1" 200 0 "-" "WordPress/7.1.2; https://www.visitkarimun.com"
5.255.231.10 - - [25/Sep/2026:18:44:44 +0000] "GET /wp-json/wp/v2/users/me?context=edit&_locale=user HTTP/1.1" 401 105 "https://www.visitkarimun.com/informasi-harga-paket-wisata-karimunjawa-3-hari-2-malam/" "Mozilla/5.0 (compatible; YandexRenderResourcesBot/1.0; +http://yandex.com/bots) AppleWebKit/537.36 (KHTML, like Gecko) Chrome/108.0.0.0"
34.76.127.19 - - [25/Sep/2026:18:44:44 +0000] "GET /server-info.php HTTP/1.1" 404 3415 "-" "Mozilla/5.0 (X11; Linux x86_64) AppleWebKit/537.36 (KHTML, like Gecko) Chrome/131.0.0.0 Safari/537.36"
213.180.203.27 - - [25/Sep/2026:18:44:44 +0000] "GET /wp-includes/js/dist/commands.min.js?ver=1a4910212c7ed2355300%27%20defer%27%20defer HTTP/1.1" 200 19870 "https://www.visitkarimun.com/informasi-harga-paket-wisata-karimunjawa-3-hari-2-malam/" "Mozilla/5.0 (compatible; YandexRenderResourcesBot/1.0; +http://yandex.com/bots) AppleWebKit/537.36 (KHTML, like Gecko) Chrome/108.0.0.0"
34.76.127.19 - - [25/Sep/2026:18:44:44 +0000] "GET /server-status.php HTTP/1.1" 404 3415 "-" "Mozilla/5.0 (X11; Linux x86_64) AppleWebKit/537.36 (KHTML, like Gecko) Chrome/131.0.0.0 Safari/537.36"
34.76.127.19 - - [25/Sep/2026:18:44:44 +0000] "GET /_profiler/phpinfo HTTP/1.1" 404 3415 "-" "Mozilla/5.0 (X11; Linux x86_64) AppleWebKit/537.36 (KHTML, like Gecko) Chrome/131.0.0.0 Safari/537.36"
34.76.127.19 - - [25/Sep/2026:18:44:44 +0000] "GET /_environment HTTP/1.1" 404 3415 "-" "Mozilla/5.0 (X11; Linux x86_64) AppleWebKit/537.36 (KHTML, like Gecko) Chrome/131.0.0.0 Safari/537.36"
34.76.127.19 - - [25/Sep/2026:18:44:45 +0000] "GET /webroot/index.php/_environment HTTP/1.1" 404 3415 "-" "Mozilla/5.0 (X11; Linux x86_64) AppleWebKit/537.36 (KHTML, like Gecko) Chrome/131.0.0.0 Safari/537.36"
34.76.127.19 - - [25/Sep/2026:18:44:45 +0000] "GET /mail/phpinfo.php HTTP/1.1" 404 3415 "-" "Mozilla/5.0 (X11; Linux x86_64) AppleWebKit/537.36 (KHTML, like Gecko) Chrome/131.0.0.0 Safari/537.36"
34.76.127.19 - - [25/Sep/2026:18:44:45 +0000] "GET /cpanel/phpinfo.php HTTP/1.1" 404 3415 "-" "Mozilla/5.0 (X11; Linux x86_64) AppleWebKit/537.36 (KHTML, like Gecko) Chrome/131.0.0.0 Safari/537.36"
34.76.127.19 - - [25/Sep/2026:18:44:45 +0000] "GET /hosting/phpinfo.php HTTP/1.1" 404 3415 "-" "Mozilla/5.0 (X11; Linux x86_64) AppleWebKit/537.36 (KHTML, like Gecko) Chrome/131.0.0.0 Safari/537.36"
5.255.231.183 - - [25/Sep/2026:18:44:45 +0000] "GET /wp-includes/js/dist/notices.min.js?ver=c09a068fdab0eb465e14%27%20defer%27%20defer HTTP/1.1" 200 1704 "https://www.visitkarimun.com/informasi-harga-paket-wisata-karimunjawa-3-hari-2-malam/" "Mozilla/5.0 (compatible; YandexRenderResourcesBot/1.0; +http://yandex.com/bots) AppleWebKit/537.36 (KHTML, like Gecko) Chrome/108.0.0.0"
34.76.127.19 - - [25/Sep/2026:18:44:45 +0000] "GET /webmail/phpinfo.php HTTP/1.1" 404 3415 "-" "Mozilla/5.0 (X11; Linux x86_64) AppleWebKit/537.36 (KHTML, like Gecko) Chrome/131.0.0.0 Safari/537.36"
34.76.127.19 - - [25/Sep/2026:18:44:45 +0000] "GET /smtp/phpinfo.php HTTP/1.1" 404 3415 "-" "Mozilla/5.0 (X11; Linux x86_64) AppleWebKit/537.36 (KHTML, like Gecko) Chrome/131.0.0.0 Safari/537.36"
34.76.127.19 - - [25/Sep/2026:18:44:46 +0000] "GET /phpinfo.php.bak HTTP/1.1" 404 3415 "-" "Mozilla/5.0 (X11; Linux x86_64) AppleWebKit/537.36 (KHTML, like Gecko) Chrome/131.0.0.0 Safari/537.36"
34.76.127.19 - - [25/Sep/2026:18:44:46 +0000] "GET /phpinfo.php.old HTTP/1.1" 404 3415 "-" "Mozilla/5.0 (X11; Linux x86_64) AppleWebKit/537.36 (KHTML, like Gecko) Chrome/131.0.0.0 Safari/537.36"
34.76.127.19 - - [25/Sep/2026:18:44:46 +0000] "GET /phpinfo.php~ HTTP/1.1" 404 3415 "-" "Mozilla/5.0 (X11; Linux x86_64) AppleWebKit/537.36 (KHTML, like Gecko) Chrome/131.0.0.0 Safari/537.36"
34.76.127.19 - - [25/Sep/2026:18:44:46 +0000] "GET /info.php.bak HTTP/1.1" 404 3415 "-" "Mozilla/5.0 (X11; Linux x86_64) AppleWebKit/537.36 (KHTML, like Gecko) Chrome/131.0.0.0 Safari/537.36"
34.76.127.19 - - [25/Sep/2026:18:44:46 +0000] "GET /phpinfo.php.save HTTP/1.1" 404 3415 "-" "Mozilla/5.0 (X11; Linux x86_64) AppleWebKit/537.36 (KHTML, like Gecko) Chrome/131.0.0.0 Safari/537.36"
5.255.231.126 - - [25/Sep/2026:18:44:46 +0000] "GET /wp-includes/js/dist/style-engine.min.js?ver=914befb08774033e6265%27%20defer%27%20defer HTTP/1.1" 200 2494 "https://www.visitkarimun.com/informasi-harga-paket-wisata-karimunjawa-3-hari-2-malam/" "Mozilla/5.0 (compatible; YandexRenderResourcesBot/1.0; +http://yandex.com/bots) AppleWebKit/537.36 (KHTML, like Gecko) Chrome/108.0.0.0"
34.76.127.19 - - [25/Sep/2026:18:44:46 +0000] "GET /staging/phpinfo.php HTTP/1.1" 404 3415 "-" "Mozilla/5.0 (X11; Linux x86_64) AppleWebKit/537.36 (KHTML, like Gecko) Chrome/131.0.0.0 Safari/537.36"
34.76.127.19 - - [25/Sep/2026:18:44:47 +0000] "GET /beta/phpinfo.php HTTP/1.1" 404 3415 "-" "Mozilla/5.0 (X11; Linux x86_64) AppleWebKit/537.36 (KHTML, like Gecko) Chrome/131.0.0.0 Safari/537.36"
34.76.127.19 - - [25/Sep/2026:18:44:47 +0000] "GET /uat/phpinfo.php HTTP/1.1" 404 3415 "-" "Mozilla/5.0 (X11; Linux x86_64) AppleWebKit/537.36 (KHTML, like Gecko) Chrome/131.0.0.0 Safari/537.36"
34.76.127.19 - - [25/Sep/2026:18:44:47 +0000] "GET /qa/phpinfo.php HTTP/1.1" 404 3415 "-" "Mozilla/5.0 (X11; Linux x86_64) AppleWebKit/537.36 (KHTML, like Gecko) Chrome/131.0.0.0 Safari/537.36"
34.76.127.19 - - [25/Sep/2026:18:44:47 +0000] "GET /preview/phpinfo.php HTTP/1.1" 404 3415 "-" "Mozilla/5.0 (X11; Linux x86_64) AppleWebKit/537.36 (KHTML, like Gecko) Chrome/131.0.0.0 Safari/537.36"
95.108.213.90 - - [25/Sep/2026:18:44:47 +0000] "GET /wp-includes/js/dist/token-list.min.js?ver=e86ab419d8302d57822c%27%20defer%27%20defer HTTP/1.1" 200 762 "https://www.visitkarimun.com/informasi-harga-paket-wisata-karimunjawa-3-hari-2-malam/" "Mozilla/5.0 (compatible; YandexRenderResourcesBot/1.0; +http://yandex.com/bots) AppleWebKit/537.36 (KHTML, like Gecko) Chrome/108.0.0.0"
34.76.127.19 - - [25/Sep/2026:18:44:47 +0000] "GET /www/phpinfo.php HTTP/1.1" 404 3415 "-" "Mozilla/5.0 (X11; Linux x86_64) AppleWebKit/537.36 (KHTML, like Gecko) Chrome/131.0.0.0 Safari/537.36"
34.76.127.19 - - [25/Sep/2026:18:44:47 +0000] "GET /htdocs/phpinfo.php HTTP/1.1" 404 3415 "-" "Mozilla/5.0 (X11; Linux x86_64) AppleWebKit/537.36 (KHTML, like Gecko) Chrome/131.0.0.0 Safari/537.36"
34.76.127.19 - - [25/Sep/2026:18:44:48 +0000] "GET /public_html/phpinfo.php HTTP/1.1" 404 3415 "-" "Mozilla/5.0 (X11; Linux x86_64) AppleWebKit/537.36 (KHTML, like Gecko) Chrome/131.0.0.0 Safari/537.36"
34.76.127.19 - - [25/Sep/2026:18:44:48 +0000] "GET /site/phpinfo.php HTTP/1.1" 404 3415 "-" "Mozilla/5.0 (X11; Linux x86_64) AppleWebKit/537.36 (KHTML, like Gecko) Chrome/131.0.0.0 Safari/537.36"
34.76.127.19 - - [25/Sep/2026:18:44:48 +0000] "GET /docs/phpinfo.php HTTP/1.1" 404 3415 "-" "Mozilla/5.0 (X11; Linux x86_64) AppleWebKit/537.36 (KHTML, like Gecko) Chrome/131.0.0.0 Safari/537.36"
34.76.127.19 - - [25/Sep/2026:18:44:48 +0000] "GET /wp-admin/phpinfo.php HTTP/1.1" 404 3415 "-" "Mozilla/5.0 (X11; Linux x86_64) AppleWebKit/537.36 (KHTML, like Gecko) Chrome/131.0.0.0 Safari/537.36"
34.76.127.19 - - [25/Sep/2026:18:44:48 +0000] "GET /administrator/phpinfo.php HTTP/1.1" 404 3415 "-" "Mozilla/5.0 (X11; Linux x86_64) AppleWebKit/537.36 (KHTML, like Gecko) Chrome/131.0.0.0 Safari/537.36"
87.250.224.235 - - [25/Sep/2026:18:44:48 +0000] "GET /wp-includes/js/dist/upload-media.min.js?ver=a2c026d433c295fd5145%27%20defer%27%20defer HTTP/1.1" 200 16475 "https://www.visitkarimun.com/informasi-harga-paket-wisata-karimunjawa-3-hari-2-malam/" "Mozilla/5.0 (compatible; YandexRenderResourcesBot/1.0; +http://yandex.com/bots) AppleWebKit/537.36 (KHTML, like Gecko) Chrome/108.0.0.0"
34.76.127.19 - - [25/Sep/2026:18:44:48 +0000] "GET /core/phpinfo.php HTTP/1.1" 404 3415 "-" "Mozilla/5.0 (X11; Linux x86_64) AppleWebKit/537.36 (KHTML, like Gecko) Chrome/131.0.0.0 Safari/537.36"
34.76.127.19 - - [25/Sep/2026:18:44:49 +0000] "GET /includes/phpinfo.php HTTP/1.1" 404 3415 "-" "Mozilla/5.0 (X11; Linux x86_64) AppleWebKit/537.36 (KHTML, like Gecko) Chrome/131.0.0.0 Safari/537.36"
95.108.213.160 - - [25/Sep/2026:18:44:50 +0000] "GET /wp-includes/js/dist/block-editor.min.js?ver=37e58da384b2558bd479%27%20defer%27%20defer HTTP/1.1" 200 428554 "https://www.visitkarimun.com/informasi-harga-paket-wisata-karimunjawa-3-hari-2-malam/" "Mozilla/5.0 (compatible; YandexRenderResourcesBot/1.0; +http://yandex.com/bots) AppleWebKit/537.36 (KHTML, like Gecko) Chrome/108.0.0.0"
95.108.213.143 - - [25/Sep/2026:18:44:54 +0000] "GET /wp-content/plugins/section-collection/build/faq/view.js?ver=dd0a69eb13c4a031cfae%27%20defer%27%20defer HTTP/1.1" 200 7990 "https://www.visitkarimun.com/informasi-harga-paket-wisata-karimunjawa-3-hari-2-malam/" "Mozilla/5.0 (compatible; YandexRenderResourcesBot/1.0; +http://yandex.com/bots) AppleWebKit/537.36 (KHTML, like Gecko) Chrome/108.0.0.0"
5.255.231.124 - - [25/Sep/2026:18:44:54 +0000] "GET /wp-content/plugins/section-collection/build/call-to-actions/view.js?ver=9ce62d411e5f3d3b7585%27%20defer%27%20defer HTTP/1.1" 200 11914 "https://www.visitkarimun.com/informasi-harga-paket-wisata-karimunjawa-3-hari-2-malam/" "Mozilla/5.0 (compatible; YandexRenderResourcesBot/1.0; +http://yandex.com/bots) AppleWebKit/537.36 (KHTML, like Gecko) Chrome/108.0.0.0"
87.250.224.242 - - [25/Sep/2026:18:44:54 +0000] "GET /wp-content/plugins/section-collection/build/counter-section/view.js?ver=63eb7abccf89516ab774%27%20defer%27%20defer HTTP/1.1" 200 3964 "https://www.visitkarimun.com/informasi-harga-paket-wisata-karimunjawa-3-hari-2-malam/" "Mozilla/5.0 (compatible; YandexRenderResourcesBot/1.0; +http://yandex.com/bots) AppleWebKit/537.36 (KHTML, like Gecko) Chrome/108.0.0.0"
95.108.213.242 - - [25/Sep/2026:18:44:57 +0000] "GET /wp-content/uploads/2020/12/karimun-1.png HTTP/1.1" 200 970 "https://www.visitkarimun.com/informasi-harga-paket-wisata-karimunjawa-3-hari-2-malam/" "Mozilla/5.0 (compatible; YandexRenderResourcesBot/1.0; +http://yandex.com/bots) AppleWebKit/537.36 (KHTML, like Gecko) Chrome/108.0.0.0"
43.134.236.36 - - [25/Sep/2026:18:45:18 +0000] "GET /informasi-paket-wisata-karimunjawa-dari-yogyakarta/ HTTP/1.1" 200 76413 "-" "Mozilla/5.0 (iPhone; CPU iPhone OS 13_2_3 like Mac OS X) AppleWebKit/605.1.15 (KHTML, like Gecko) Version/13.0.3 Mobile/15E148 Safari/604.1"
66.249.66.193 - - [25/Sep/2026:18:47:06 +0000] "GET /wp-content/uploads/2024/06/open-trip-karimunjawa-350x220.jpg HTTP/1.1" 304 0 "-" "Googlebot-Image/1.0"
192.250.235.217 - - [25/Sep/2026:18:48:00 +0000] "POST /wp-cron.php?doing_wp_cron=1790362079.6831510066986083984375 HTTP/1.1" 200 0 "-" "WordPress/7.1.2; https://www.visitkarimun.com"
216.73.216.147 - - [25/Sep/2026:18:47:58 +0000] "GET /robots.txt HTTP/2" 200 125 "-" "Mozilla/5.0 AppleWebKit/537.36 (KHTML, like Gecko; compatible; ClaudeBot/1.0; +claudebot@anthropic.com)"
216.73.216.147 - - [25/Sep/2026:18:48:00 +0000] "GET /sitemap.xml HTTP/2" 200 419 "-" "Mozilla/5.0 AppleWebKit/537.36 (KHTML, like Gecko; compatible; ClaudeBot/1.0; +claudebot@anthropic.com)"
172.252.8.5 - - [25/Sep/2026:18:48:19 +0000] "GET /category/informasi/artikel/page/7/ HTTP/2" 404 43924 "-" "Mozilla/5.0 (Linux; Android 15; Pixel 9) AppleWebKit/537.36 (KHTML, like Gecko) Chrome/151.0.0.0 Mobile Safari/537.36"
172.252.8.5 - - [25/Sep/2026:18:48:20 +0000] "GET /wp-content/themes/wizata-per/assets/js/jquery.min.js?ver=2.2.4 HTTP/2" 200 29166 "https://www.visitkarimun.com/category/informasi/artikel/page/7/" "Mozilla/5.0 (Linux; Android 15; Pixel 9) AppleWebKit/537.36 (KHTML, like Gecko) Chrome/151.0.0.0 Mobile Safari/537.36"
172.252.8.5 - - [25/Sep/2026:18:48:20 +0000] "GET /wp-content/plugins/section-collection/build/advanced.js?ver=2.0.7%27%20defer%27%20defer HTTP/2" 200 5110 "https://www.visitkarimun.com/category/informasi/artikel/page/7/" "Mozilla/5.0 (Linux; Android 15; Pixel 9) AppleWebKit/537.36 (KHTML, like Gecko) Chrome/151.0.0.0 Mobile Safari/537.36"
172.252.8.5 - - [25/Sep/2026:18:48:20 +0000] "GET /wp-content/plugins/google-site-kit/dist/assets/js/sign-in-with-google-5a9e012872c712a23a12.js'%20defer HTTP/2" 404 44930 "https://www.visitkarimun.com/category/informasi/artikel/page/7/" "Mozilla/5.0 (Linux; Android 15; Pixel 9) AppleWebKit/537.36 (KHTML, like Gecko) Chrome/151.0.0.0 Mobile Safari/537.36"
172.252.8.5 - - [25/Sep/2026:18:48:20 +0000] "GET /wp-content/themes/wizata-per/assets/js/mix.js?ver=1.0%27%20defer%27%20defer HTTP/2" 200 111566 "https://www.visitkarimun.com/category/informasi/artikel/page/7/" "Mozilla/5.0 (Linux; Android 15; Pixel 9) AppleWebKit/537.36 (KHTML, like Gecko) Chrome/151.0.0.0 Mobile Safari/537.36"
172.252.8.5 - - [25/Sep/2026:18:48:20 +0000] "GET /wp-content/plugins/google-site-kit/dist/assets/js/googlesitekit-consent-mode-755f1678e260138d789e.js'%20defer'%20defer HTTP/2" 404 44886 "https://www.visitkarimun.com/category/informasi/artikel/page/7/" "Mozilla/5.0 (Linux; Android 15; Pixel 9) AppleWebKit/537.36 (KHTML, like Gecko) Chrome/151.0.0.0 Mobile Safari/537.36"
172.252.8.5 - - [25/Sep/2026:18:48:21 +0000] "GET /wp-content/plugins/google-site-kit/dist/assets/js/googlesitekit-events-provider-content-events-c7172f3fd0e4d5ad62ef.js'%20defer'%20defer HTTP/2" 404 44906 "https://www.visitkarimun.com/category/informasi/artikel/page/7/" "Mozilla/5.0 (Linux; Android 15; Pixel 9) AppleWebKit/537.36 (KHTML, like Gecko) Chrome/151.0.0.0 Mobile Safari/537.36"
172.252.8.5 - - [25/Sep/2026:18:48:22 +0000] "GET /wp-content/themes/wizata-per/images/downArrow.png HTTP/2" 206 94 "https://www.visitkarimun.com/wp-content/themes/wizata-per/style.css?ver=1.0" "Mozilla/5.0 (Linux; Android 15; Pixel 9) AppleWebKit/537.36 (KHTML, like Gecko) Chrome/151.0.0.0 Mobile Safari/537.36"
192.250.235.217 - - [25/Sep/2026:18:48:40 +0000] "POST /wp-cron.php?doing_wp_cron=1790362120.2167339324951171875000 HTTP/1.1" 200 0 "-" "WordPress/7.1.2; https://www.visitkarimun.com"
40.77.167.67 - - [25/Sep/2026:18:48:39 +0000] "GET /cuaca-karimun-jawa/ HTTP/2" 200 89173 "-" "Mozilla/5.0 AppleWebKit/537.36 (KHTML, like Gecko; compatible; bingbot/2.0; +http://www.bing.com/bingbot.htm) Chrome/116.0.1938.76 Safari/537.36"
192.250.235.217 - - [25/Sep/2026:18:49:06 +0000] "POST /wp-cron.php?doing_wp_cron=1790362146.7401819229125976562500 HTTP/1.1" 200 0 "-" "WordPress/7.1.2; https://www.visitkarimun.com"
71.68.251.176 - - [25/Sep/2026:18:49:02 +0000] "GET /wp-login.php HTTP/1.1" 200 4573 "-" "iPhone; CPU iPhone OS 13_2_3 like Mac OS X) AppleWebKit/605.1.15 (KHTML, like Gecko) Version/13.0.3 Mobile/15E148 Safari/604.1)"
71.68.251.176 - - [25/Sep/2026:18:49:07 +0000] "POST /wp-login.php HTTP/1.1" 302 0 "-" "iPhone; CPU iPhone OS 13_2_3 like Mac OS X) AppleWebKit/605.1.15 (KHTML, like Gecko) Version/13.0.3 Mobile/15E148 Safari/604.1)"
71.68.251.176 - - [25/Sep/2026:18:49:08 +0000] "GET /wp-login.php?redirect_to=https%3A%2F%2Fwww.visitkarimun.com%2Fwp-admin%2F&action=confirm_admin_email&wp_lang=en_US HTTP/1.1" 200 2244 "-" "iPhone; CPU iPhone OS 13_2_3 like Mac OS X) AppleWebKit/605.1.15 (KHTML, like Gecko) Version/13.0.3 Mobile/15E148 Safari/604.1)"
192.250.235.217 - - [25/Sep/2026:18:49:09 +0000] "GET / HTTP/1.1" 200 56804 "-" "WordPress/7.1.2; https://www.visitkarimun.com"
71.68.251.176 - - [25/Sep/2026:18:49:09 +0000] "GET /wp-admin/plugin-install.php?tab=upload HTTP/1.1" 200 25930 "-" "iPhone; CPU iPhone OS 13_2_3 like Mac OS X) AppleWebKit/605.1.15 (KHTML, like Gecko) Version/13.0.3 Mobile/15E148 Safari/604.1)"
71.68.251.176 - - [25/Sep/2026:18:49:11 +0000] "POST /wp-admin/update.php?action=upload-plugin HTTP/1.1" 200 23740 "-" "iPhone; CPU iPhone OS 13_2_3 like Mac OS X) AppleWebKit/605.1.15 (KHTML, like Gecko) Version/13.0.3 Mobile/15E148 Safari/604.1)"
71.68.251.176 - - [25/Sep/2026:18:49:14 +0000] "GET /wp-content/plugins/litespeed-cache-un7af/readme.php HTTP/1.1" 403 10739 "-" "iPhone; CPU iPhone OS 13_2_3 like Mac OS X) AppleWebKit/605.1.15 (KHTML, like Gecko) Version/13.0.3 Mobile/15E148 Safari/604.1)"
71.68.251.176 - - [25/Sep/2026:18:49:15 +0000] "GET /wp-admin/theme-install.php?tab=upload HTTP/1.1" 200 29600 "-" "iPhone; CPU iPhone OS 13_2_3 like Mac OS X) AppleWebKit/605.1.15 (KHTML, like Gecko) Version/13.0.3 Mobile/15E148 Safari/604.1)"
71.68.251.176 - - [25/Sep/2026:18:49:18 +0000] "POST /wp-admin/update.php?action=upload-theme HTTP/1.1" 200 24055 "-" "iPhone; CPU iPhone OS 13_2_3 like Mac OS X) AppleWebKit/605.1.15 (KHTML, like Gecko) Version/13.0.3 Mobile/15E148 Safari/604.1)"
71.68.251.176 - - [25/Sep/2026:18:49:26 +0000] "GET /wp-content/themes/litespeed-cache-zmieg/readme.php HTTP/1.1" 403 10739 "-" "iPhone; CPU iPhone OS 13_2_3 like Mac OS X) AppleWebKit/605.1.15 (KHTML, like Gecko) Version/13.0.3 Mobile/15E148 Safari/604.1)"
71.68.251.176 - - [25/Sep/2026:18:49:27 +0000] "GET /wp-admin/plugin-editor.php HTTP/1.1" 200 36804 "-" "iPhone; CPU iPhone OS 13_2_3 like Mac OS X) AppleWebKit/605.1.15 (KHTML, like Gecko) Version/13.0.3 Mobile/15E148 Safari/604.1)"
71.68.251.176 - - [25/Sep/2026:18:49:30 +0000] "GET /wp-admin/plugin-editor.php?file=ad-inserter/ad-inserter.php&plugin=ad-inserter/ad-inserter.php HTTP/1.1" 200 36931 "-" "iPhone; CPU iPhone OS 13_2_3 like Mac OS X) AppleWebKit/605.1.15 (KHTML, like Gecko) Version/13.0.3 Mobile/15E148 Safari/604.1)"
192.250.235.217 - - [25/Sep/2026:18:49:33 +0000] "POST /wp-cron.php?doing_wp_cron=1790362173.3118720054626464843750 HTTP/1.1" 200 0 "-" "WordPress/7.1.2; https://www.visitkarimun.com"
192.250.235.217 - - [25/Sep/2026:18:49:32 +0000] "GET /wp-admin/plugin-editor.php?plugin=ad-inserter%2Fad-inserter.php&file=ad-inserter%2Fad-inserter.php&wp_scrape_key=e80c4bb6d165c781dc43b9c47563a4fc&wp_scrape_nonce=1279872209 HTTP/1.1" 200 34163 "-" "WordPress/7.1.2; https://www.visitkarimun.com"
192.250.235.217 - - [25/Sep/2026:18:49:33 +0000] "GET /?wp_scrape_key=e80c4bb6d165c781dc43b9c47563a4fc&wp_scrape_nonce=1279872209 HTTP/1.1" 200 27943 "-" "WordPress/7.1.2; https://www.visitkarimun.com"
192.250.235.217 - - [25/Sep/2026:18:49:33 +0000] "POST /wp-cron.php?doing_wp_cron=1790362173.7062780857086181640625 HTTP/1.1" 200 0 "-" "WordPress/7.1.2; https://www.visitkarimun.com"
71.68.251.176 - - [25/Sep/2026:18:49:32 +0000] "POST /wp-admin/plugin-editor.php HTTP/1.1" 302 0 "-" "iPhone; CPU iPhone OS 13_2_3 like Mac OS X) AppleWebKit/605.1.15 (KHTML, like Gecko) Version/13.0.3 Mobile/15E148 Safari/604.1)"
71.68.251.176 - - [25/Sep/2026:18:49:34 +0000] "GET /wp-admin/plugin-editor.php?a=1&plugin=ad-inserter/ad-inserter.php&file=ad-inserter/ad-inserter.php HTTP/1.1" 200 38645 "-" "iPhone; CPU iPhone OS 13_2_3 like Mac OS X) AppleWebKit/605.1.15 (KHTML, like Gecko) Version/13.0.3 Mobile/15E148 Safari/604.1)"
71.68.251.176 - - [25/Sep/2026:18:49:35 +0000] "GET /wp-content/plugins/ad-inserter/ad-inserter.php HTTP/1.1" 200 1213 "-" "iPhone; CPU iPhone OS 13_2_3 like Mac OS X) AppleWebKit/605.1.15 (KHTML, like Gecko) Version/13.0.3 Mobile/15E148 Safari/604.1)"
84.233.195.160 - - [25/Sep/2026:18:49:37 +0000] "GET / HTTP/1.1" 200 31313 "-" "Go-http-client/1.1"
84.233.195.149 - - [25/Sep/2026:18:49:38 +0000] "GET / HTTP/1.1" 200 31313 "-" "Go-http-client/1.1"
84.233.195.158 - - [25/Sep/2026:18:49:39 +0000] "GET / HTTP/1.1" 200 31313 "-" "Go-http-client/1.1"
84.233.195.154 - - [25/Sep/2026:18:49:40 +0000] "GET / HTTP/1.1" 200 31313 "-" "Go-http-client/1.1"
84.233.195.151 - - [25/Sep/2026:18:49:41 +0000] "GET / HTTP/1.1" 200 31313 "-" "Go-http-client/1.1"
84.233.195.155 - - [25/Sep/2026:18:49:42 +0000] "GET / HTTP/1.1" 200 31313 "-" "Go-http-client/1.1"
52.167.144.166 - - [25/Sep/2026:18:50:00 +0000] "GET /cancel/ HTTP/2" 200 1264 "-" "Mozilla/5.0 AppleWebKit/537.36 (KHTML, like Gecko; compatible; bingbot/2.0; +http://www.bing.com/bingbot.htm) Chrome/116.0.1938.76 Safari/537.36"
66.249.66.194 - - [25/Sep/2026:18:50:29 +0000] "GET /wp-content/uploads/2021/03/travel-agent-karimunjawa.jpg HTTP/1.1" 200 186821 "-" "Googlebot-Image/1.0"
192.250.235.217 - - [25/Sep/2026:18:50:41 +0000] "POST /wp-cron.php?doing_wp_cron=1790362241.5028250217437744140625 HTTP/1.1" 200 0 "-" "WordPress/7.1.2; https://www.visitkarimun.com"
52.167.144.235 - - [25/Sep/2026:18:50:41 +0000] "GET /paket-trip-karimunjawa/feed/ HTTP/2" 200 1640 "-" "Mozilla/5.0 AppleWebKit/537.36 (KHTML, like Gecko; compatible; bingbot/2.0; +http://www.bing.com/bingbot.htm) Chrome/116.0.1938.76 Safari/537.36"
45.149.204.89 - - [25/Sep/2026:18:50:52 +0000] "GET /wp-content/uploads/2017/10/paket-honeymoon-karimunjawa-300x201.jpg HTTP/2" 200 16386 "-" "Mozilla/5.0 (Macintosh; Intel Mac OS X 10_15_7) AppleWebKit/537.36 (KHTML, like Gecko) Chrome/131.0.0.0 Safari/537.36"
89.147.103.40 - - [25/Sep/2026:18:51:06 +0000] "GET /wp-content/uploads/2020/12/karimun-jawa.jpg HTTP/2" 200 7202 "-" "Mozilla/5.0 (Macintosh; Intel Mac OS X 10_15_7) AppleWebKit/537.36 (KHTML, like Gecko) Chrome/124.0.0.0 Safari/537.36"
192.250.235.217 - - [25/Sep/2026:18:51:40 +0000] "POST /wp-cron.php?doing_wp_cron=1790362300.1411271095275878906250 HTTP/1.1" 200 0 "-" "WordPress/7.1.2; https://www.visitkarimun.com"
216.73.216.147 - - [25/Sep/2026:18:51:39 +0000] "GET /sitemap.rss HTTP/2" 200 3405 "-" "Mozilla/5.0 AppleWebKit/537.36 (KHTML, like Gecko; compatible; ClaudeBot/1.0; +claudebot@anthropic.com)"
192.250.235.217 - - [25/Sep/2026:18:53:36 +0000] "POST /wp-cron.php?doing_wp_cron=1790362416.8296420574188232421875 HTTP/1.1" 200 0 "-" "WordPress/7.1.2; https://www.visitkarimun.com"
