66.249.66.65 - - [25/Sep/2026:19:22:48 +0000] "GET /tour-search-result HTTP/1.1" 200 1264 "-" "Mozilla/5.0 (Linux; Android 6.0.1; Nexus 5X Build/MMB29P) AppleWebKit/537.36 (KHTML, like Gecko) Chrome/153.0.8010.52 Mobile Safari/537.36 (compatible; GoogleOther)"
142.44.220.14 - - [25/Sep/2026:19:23:06 +0000] "GET /sitemap.rss HTTP/2" 200 3426 "-" "Mozilla/5.0 (compatible; AhrefsBot/7.0; +http://ahrefs.com/robot/)"
66.249.92.36 - - [25/Sep/2026:19:23:11 +0000] "GET /tour/ HTTP/1.1" 200 23782 "-" "Mozilla/5.0 (Linux; Android 6.0.1; Nexus 5X Build/MMB29P) AppleWebKit/537.36 (KHTML, like Gecko) Chrome/153.0.8010.52 Mobile Safari/537.36 (compatible; AdsBot-Google-Mobile; +http://www.google.com/mobile/adsbot.html)"
66.249.66.193 - - [25/Sep/2026:19:23:22 +0000] "GET /category/blog-artikel/?path=%2Fhome%2Fkarimun%2Fpublic_html%2Fwp-includes%2Fcertificates HTTP/1.1" 200 28221 "-" "Mozilla/5.0 (Linux; Android 6.0.1; Nexus 5X Build/MMB29P) AppleWebKit/537.36 (KHTML, like Gecko) Chrome/153.0.8010.52 Mobile Safari/537.36 (compatible; Googlebot/2.1; +http://www.google.com/bot.html)"
66.249.66.193 - - [25/Sep/2026:19:23:32 +0000] "GET /category/blog-artikel/?action=edit&file=ai-client.php&path=%2Fhome%2Fkarimun%2Fpublic_html%2Fwp-includes HTTP/1.1" 200 28763 "-" "Mozilla/5.0 (Linux; Android 6.0.1; Nexus 5X Build/MMB29P) AppleWebKit/537.36 (KHTML, like Gecko) Chrome/153.0.8010.52 Mobile Safari/537.36 (compatible; GoogleOther)"
66.249.66.65 - - [25/Sep/2026:19:23:34 +0000] "GET /karimunjawa-dimana/?action=edit&file=wp-activate.php&path=%2Fhome%2Fkarimun%2Fpublic_html HTTP/1.1" 200 63798 "-" "Mozilla/5.0 (Linux; Android 6.0.1; Nexus 5X Build/MMB29P) AppleWebKit/537.36 (KHTML, like Gecko) Chrome/153.0.8010.52 Mobile Safari/537.36 (compatible; Googlebot/2.1; +http://www.google.com/bot.html)"
66.249.66.193 - - [25/Sep/2026:19:23:35 +0000] "GET /category/blog-artikel/?action=edit&file=class-wp-recovery-mode-cookie-service.php&path=%2Fhome%2Fkarimun%2Fpublic_html%2Fwp-includes HTTP/1.1" 200 30120 "-" "Mozilla/5.0 (Linux; Android 6.0.1; Nexus 5X Build/MMB29P) AppleWebKit/537.36 (KHTML, like Gecko) Chrome/153.0.8010.52 Mobile Safari/537.36 (compatible; Googlebot/2.1; +http://www.google.com/bot.html)"
192.250.235.217 - - [25/Sep/2026:19:23:42 +0000] "POST /wp-cron.php?doing_wp_cron=1790364222.6063261032104492187500 HTTP/1.1" 200 0 "-" "WordPress/7.1.2; https://www.visitkarimun.com"
66.249.66.193 - - [25/Sep/2026:19:23:42 +0000] "GET /category/blog-artikel/page/9/?action=edit&file=.litespeed_flag&path=%2Fhome%2Fkarimun%2Fpublic_html HTTP/1.1" 200 26833 "-" "Mozilla/5.0 (Linux; Android 6.0.1; Nexus 5X Build/MMB29P) AppleWebKit/537.36 (KHTML, like Gecko) Chrome/153.0.8010.52 Mobile Safari/537.36 (compatible; GoogleOther)"
66.249.66.193 - - [25/Sep/2026:19:23:50 +0000] "GET /?path=%2Fhome%2Fkarimun%2Fpublic_html%2Fwp-admin%2Fuser HTTP/1.1" 200 27763 "-" "Mozilla/5.0 (Linux; Android 6.0.1; Nexus 5X Build/MMB29P) AppleWebKit/537.36 (KHTML, like Gecko) Chrome/153.0.8010.52 Mobile Safari/537.36 (compatible; Googlebot/2.1; +http://www.google.com/bot.html)"
192.250.235.217 - - [25/Sep/2026:19:24:00 +0000] "POST /wp-cron.php?doing_wp_cron=1790364239.9900848865509033203125 HTTP/1.1" 200 0 "-" "WordPress/7.1.2; https://www.visitkarimun.com"
49.51.183.220 - - [25/Sep/2026:19:23:59 +0000] "GET /informasi-harga-paket-wisata-karimunjawa-3-hari-2-malam/ HTTP/1.1" 200 78870 "-" "Mozilla/5.0 (iPhone; CPU iPhone OS 13_2_3 like Mac OS X) AppleWebKit/605.1.15 (KHTML, like Gecko) Version/13.0.3 Mobile/15E148 Safari/604.1"
66.249.66.35 - - [25/Sep/2026:19:24:00 +0000] "GET /category/blog-artikel/?action=edit&file=class-wp-locale-switcher.php&path=%2Fhome%2Fkarimun%2Fpublic_html%2Fwp-includes HTTP/1.1" 200 29704 "-" "Mozilla/5.0 (Linux; Android 6.0.1; Nexus 5X Build/MMB29P) AppleWebKit/537.36 (KHTML, like Gecko) Chrome/153.0.8010.52 Mobile Safari/537.36 (compatible; Googlebot/2.1; +http://www.google.com/bot.html)"
66.249.66.193 - - [25/Sep/2026:19:24:56 +0000] "GET /category/blog-artikel/?path=%2Fhome%2Fkarimun%2FlscmData HTTP/1.1" 200 28141 "-" "Mozilla/5.0 (Linux; Android 6.0.1; Nexus 5X Build/MMB29P) AppleWebKit/537.36 (KHTML, like Gecko) Chrome/153.0.8010.52 Mobile Safari/537.36 (compatible; Googlebot/2.1; +http://www.google.com/bot.html)"
66.249.66.37 - - [25/Sep/2026:19:25:01 +0000] "GET /category/blog-artikel/?path=%2Fhome%2Fkarimun%2Fpublic_html%2Fwp-admin%2Fcss HTTP/1.1" 200 29403 "-" "Mozilla/5.0 (Linux; Android 6.0.1; Nexus 5X Build/MMB29P) AppleWebKit/537.36 (KHTML, like Gecko) Chrome/153.0.8010.52 Mobile Safari/537.36 (compatible; Googlebot/2.1; +http://www.google.com/bot.html)"
66.249.66.67 - - [25/Sep/2026:19:25:02 +0000] "GET /?action=edit&file=profile.php&path=%2Fhome%2Fkarimun%2Fpublic_html%2Fwp-admin HTTP/1.1" 200 27404 "-" "Mozilla/5.0 (Linux; Android 6.0.1; Nexus 5X Build/MMB29P) AppleWebKit/537.36 (KHTML, like Gecko) Chrome/153.0.8010.52 Mobile Safari/537.36 (compatible; Googlebot/2.1; +http://www.google.com/bot.html)"
137.184.230.10 - - [25/Sep/2026:19:25:11 +0000] "POST /wp-login.php HTTP/1.1" 200 6052 "-" "Mozilla/5.0 (Windows NT 10.0; WOW64; rv:140.0) Gecko/20100101 Firefox/140.0"
66.249.92.36 - - [25/Sep/2026:19:25:11 +0000] "GET /wp-content/plugins/google-site-kit/dist/assets/js/googlesitekit-consent-mode-755f1678e260138d789e.js'%20defer'%20defer HTTP/1.1" 200 16432 "https://www.visitkarimun.com/jetski-karimunjawa/jetski-karimunjawa-2/" "AdsBot-Google (+http://www.google.com/adsbot.html)"
66.249.92.36 - - [25/Sep/2026:19:25:11 +0000] "GET /wp-content/plugins/google-site-kit/dist/assets/js/sign-in-with-google-5a9e012872c712a23a12.js'%20defer HTTP/1.1" 200 16395 "https://www.visitkarimun.com/jetski-karimunjawa/jetski-karimunjawa-2/" "AdsBot-Google (+http://www.google.com/adsbot.html)"
66.249.92.35 - - [25/Sep/2026:19:25:14 +0000] "GET /wp-content/plugins/google-site-kit/dist/assets/js/googlesitekit-events-provider-content-events-c7172f3fd0e4d5ad62ef.js'%20defer'%20defer HTTP/1.1" 200 16362 "https://www.visitkarimun.com/jetski-karimunjawa/jetski-karimunjawa-2/" "AdsBot-Google (+http://www.google.com/adsbot.html)"
66.249.66.35 - - [25/Sep/2026:19:25:19 +0000] "GET /category/blog-artikel/?action=edit&file=class-wp-widget.php&path=%2Fhome%2Fkarimun%2Fpublic_html%2Fwp-includes HTTP/1.1" 200 32641 "-" "Mozilla/5.0 (Linux; Android 6.0.1; Nexus 5X Build/MMB29P) AppleWebKit/537.36 (KHTML, like Gecko) Chrome/153.0.8010.52 Mobile Safari/537.36 (compatible; Googlebot/2.1; +http://www.google.com/bot.html)"
66.249.66.193 - - [25/Sep/2026:19:25:19 +0000] "GET /tour-search-result HTTP/1.1" 200 1264 "-" "Mozilla/5.0 (Linux; Android 6.0.1; Nexus 5X Build/MMB29P) AppleWebKit/537.36 (KHTML, like Gecko) Chrome/153.0.8010.52 Mobile Safari/537.36 (compatible; Googlebot/2.1; +http://www.google.com/bot.html)"
66.249.66.35 - - [25/Sep/2026:19:25:27 +0000] "GET /category/blog-artikel/?action=edit&file=class-wp-recovery-mode-link-service.php&path=%2Fhome%2Fkarimun%2Fpublic_html%2Fwp-includes HTTP/1.1" 200 29133 "-" "Mozilla/5.0 (Linux; Android 6.0.1; Nexus 5X Build/MMB29P) AppleWebKit/537.36 (KHTML, like Gecko) Chrome/153.0.8010.52 Mobile Safari/537.36 (compatible; Googlebot/2.1; +http://www.google.com/bot.html)"
66.249.66.65 - - [25/Sep/2026:19:25:29 +0000] "GET /?action=edit&file=ms-options.php&path=%2Fhome%2Fkarimun%2Fpublic_html%2Fwp-admin HTTP/1.1" 200 27426 "-" "Mozilla/5.0 (Linux; Android 6.0.1; Nexus 5X Build/MMB29P) AppleWebKit/537.36 (KHTML, like Gecko) Chrome/153.0.8010.52 Mobile Safari/537.36 (compatible; Googlebot/2.1; +http://www.google.com/bot.html)"
192.250.235.217 - - [25/Sep/2026:19:25:43 +0000] "POST /wp-cron.php?doing_wp_cron=1790364343.1450500488281250000000 HTTP/1.1" 200 0 "-" "WordPress/7.1.2; https://www.visitkarimun.com"
74.7.229.195 - - [25/Sep/2026:19:25:42 +0000] "GET /jadwal-kapal-ke-karimunjawa-dari-semarang/ HTTP/2" 200 35297 "-" "Mozilla/5.0 (Macintosh; Intel Mac OS X 10_15_7) AppleWebKit/537.36 (KHTML, like Gecko) Chrome/131.0.0.0 Safari/537.36; compatible; OAI-SearchBot/1.4; +https://openai.com/searchbot"
66.249.66.35 - - [25/Sep/2026:19:25:44 +0000] "GET /wp-content/plugins/easy-table-of-contents/vendor/js-cookie/js.cookie.min.js?ver=2.2.1%27%20defer%27%20defer HTTP/1.1" 200 995 "https://www.visitkarimun.com/category/blog-artikel/?action=edit&file=class-wp-widget.php&path=%2Fhome%2Fkarimun%2Fpublic_html%2Fwp-includes" "Mozilla/5.0 (Linux; Android 6.0.1; Nexus 5X Build/MMB29P) AppleWebKit/537.36 (KHTML, like Gecko) Chrome/153.0.8010.52 Mobile Safari/537.36 (compatible; Googlebot/2.1; +http://www.google.com/bot.html)"
74.7.228.251 - - [25/Sep/2026:19:25:45 +0000] "GET /jadwal-kapal-ke-karimunjawa-dari-semarang/?path=/home/karimun HTTP/2" 200 34919 "https://www.visitkarimun.com/jadwal-kapal-ke-karimunjawa-dari-semarang/" "Mozilla/5.0 (Macintosh; Intel Mac OS X 10_15_7) AppleWebKit/537.36 (KHTML, like Gecko) Chrome/131.0.0.0 Safari/537.36; compatible; OAI-SearchBot/1.4; +https://openai.com/searchbot"
74.7.228.184 - - [25/Sep/2026:19:25:48 +0000] "GET /jadwal-kapal-ke-karimunjawa-dari-semarang/?action=edit&file=.htaccess&path=%2Fhome%2Fkarimun%2Fpublic_html HTTP/2" 200 34349 "https://www.visitkarimun.com/jadwal-kapal-ke-karimunjawa-dari-semarang/" "Mozilla/5.0 (Macintosh; Intel Mac OS X 10_15_7) AppleWebKit/537.36 (KHTML, like Gecko) Chrome/131.0.0.0 Safari/537.36; compatible; OAI-SearchBot/1.4; +https://openai.com/searchbot"
74.7.228.251 - - [25/Sep/2026:19:25:49 +0000] "GET /jadwal-kapal-ke-karimunjawa-dari-semarang/?action=edit&file=llms.txt&path=%2Fhome%2Fkarimun%2Fpublic_html HTTP/2" 200 48222 "https://www.visitkarimun.com/jadwal-kapal-ke-karimunjawa-dari-semarang/" "Mozilla/5.0 (Macintosh; Intel Mac OS X 10_15_7) AppleWebKit/537.36 (KHTML, like Gecko) Chrome/131.0.0.0 Safari/537.36; compatible; OAI-SearchBot/1.4; +https://openai.com/searchbot"
74.7.228.184 - - [25/Sep/2026:19:25:51 +0000] "GET /jadwal-kapal-ke-karimunjawa-dari-semarang/?action=edit&file=wp-mail.php&path=%2Fhome%2Fkarimun%2Fpublic_html HTTP/2" 200 37158 "https://www.visitkarimun.com/jadwal-kapal-ke-karimunjawa-dari-semarang/" "Mozilla/5.0 (Macintosh; Intel Mac OS X 10_15_7) AppleWebKit/537.36 (KHTML, like Gecko) Chrome/131.0.0.0 Safari/537.36; compatible; OAI-SearchBot/1.4; +https://openai.com/searchbot"
66.249.66.35 - - [25/Sep/2026:19:25:51 +0000] "GET /?action=edit&file=widgets.php&path=%2Fhome%2Fkarimun%2Fpublic_html%2Fwp-admin HTTP/1.1" 200 27861 "-" "Mozilla/5.0 (Linux; Android 6.0.1; Nexus 5X Build/MMB29P) AppleWebKit/537.36 (KHTML, like Gecko) Chrome/153.0.8010.52 Mobile Safari/537.36 (compatible; Googlebot/2.1; +http://www.google.com/bot.html)"
74.7.228.251 - - [25/Sep/2026:19:25:52 +0000] "GET /jadwal-kapal-ke-karimunjawa-dari-semarang/?action=edit&file=wp-comments-post.php&path=%2Fhome%2Fkarimun%2Fpublic_html HTTP/2" 200 34951 "https://www.visitkarimun.com/jadwal-kapal-ke-karimunjawa-dari-semarang/" "Mozilla/5.0 (Macintosh; Intel Mac OS X 10_15_7) AppleWebKit/537.36 (KHTML, like Gecko) Chrome/131.0.0.0 Safari/537.36; compatible; OAI-SearchBot/1.4; +https://openai.com/searchbot"
74.7.228.184 - - [25/Sep/2026:19:25:53 +0000] "GET /jadwal-kapal-ke-karimunjawa-dari-semarang/?action=edit&file=.monarx-user&path=%2Fhome%2Fkarimun%2Fpublic_html HTTP/2" 200 34285 "https://www.visitkarimun.com/jadwal-kapal-ke-karimunjawa-dari-semarang/" "Mozilla/5.0 (Macintosh; Intel Mac OS X 10_15_7) AppleWebKit/537.36 (KHTML, like Gecko) Chrome/131.0.0.0 Safari/537.36; compatible; OAI-SearchBot/1.4; +https://openai.com/searchbot"
74.7.228.251 - - [25/Sep/2026:19:25:54 +0000] "GET /jadwal-kapal-ke-karimunjawa-dari-semarang/?action=edit&file=xmlrpc.php&path=%2Fhome%2Fkarimun%2Fpublic_html HTTP/2" 200 35529 "https://www.visitkarimun.com/jadwal-kapal-ke-karimunjawa-dari-semarang/" "Mozilla/5.0 (Macintosh; Intel Mac OS X 10_15_7) AppleWebKit/537.36 (KHTML, like Gecko) Chrome/131.0.0.0 Safari/537.36; compatible; OAI-SearchBot/1.4; +https://openai.com/searchbot"
74.7.229.143 - - [25/Sep/2026:19:25:55 +0000] "GET /jadwal-kapal-ke-karimunjawa-dari-semarang/?action=edit&file=wp-blog-header.php&path=%2Fhome%2Fkarimun%2Fpublic_html HTTP/2" 200 33976 "https://www.visitkarimun.com/jadwal-kapal-ke-karimunjawa-dari-semarang/" "Mozilla/5.0 (Macintosh; Intel Mac OS X 10_15_7) AppleWebKit/537.36 (KHTML, like Gecko) Chrome/131.0.0.0 Safari/537.36; compatible; OAI-SearchBot/1.4; +https://openai.com/searchbot"
74.7.228.184 - - [25/Sep/2026:19:25:56 +0000] "GET /jadwal-kapal-ke-karimunjawa-dari-semarang/?action=edit&file=wp-trackback.php&path=%2Fhome%2Fkarimun%2Fpublic_html HTTP/2" 200 35975 "https://www.visitkarimun.com/jadwal-kapal-ke-karimunjawa-dari-semarang/" "Mozilla/5.0 (Macintosh; Intel Mac OS X 10_15_7) AppleWebKit/537.36 (KHTML, like Gecko) Chrome/131.0.0.0 Safari/537.36; compatible; OAI-SearchBot/1.4; +https://openai.com/searchbot"
74.7.229.110 - - [25/Sep/2026:19:25:57 +0000] "GET /jadwal-kapal-ke-karimunjawa-dari-semarang/?action=edit&file=wp-cron.php&path=%2Fhome%2Fkarimun%2Fpublic_html HTTP/2" 200 36042 "https://www.visitkarimun.com/jadwal-kapal-ke-karimunjawa-dari-semarang/" "Mozilla/5.0 (Macintosh; Intel Mac OS X 10_15_7) AppleWebKit/537.36 (KHTML, like Gecko) Chrome/131.0.0.0 Safari/537.36; compatible; OAI-SearchBot/1.4; +https://openai.com/searchbot"
66.249.66.193 - - [25/Sep/2026:19:25:58 +0000] "GET /wp-content/plugins/section-collection/build/advanced.js?ver=2.0.7%27%20defer%27%20defer HTTP/1.1" 200 5110 "https://www.visitkarimun.com/?action=edit&file=widgets.php&path=%2Fhome%2Fkarimun%2Fpublic_html%2Fwp-admin" "Mozilla/5.0 (Linux; Android 6.0.1; Nexus 5X Build/MMB29P) AppleWebKit/537.36 (KHTML, like Gecko) Chrome/153.0.8010.52 Mobile Safari/537.36 (compatible; Googlebot/2.1; +http://www.google.com/bot.html)"
74.7.228.184 - - [25/Sep/2026:19:25:58 +0000] "GET /jadwal-kapal-ke-karimunjawa-dari-semarang/?path=/ HTTP/2" 200 34253 "https://www.visitkarimun.com/jadwal-kapal-ke-karimunjawa-dari-semarang/" "Mozilla/5.0 (Macintosh; Intel Mac OS X 10_15_7) AppleWebKit/537.36 (KHTML, like Gecko) Chrome/131.0.0.0 Safari/537.36; compatible; OAI-SearchBot/1.4; +https://openai.com/searchbot"
74.7.229.110 - - [25/Sep/2026:19:25:59 +0000] "GET /jadwal-kapal-ke-karimunjawa-dari-semarang/?path=/home/karimun/public_html HTTP/2" 200 34704 "https://www.visitkarimun.com/jadwal-kapal-ke-karimunjawa-dari-semarang/" "Mozilla/5.0 (Macintosh; Intel Mac OS X 10_15_7) AppleWebKit/537.36 (KHTML, like Gecko) Chrome/131.0.0.0 Safari/537.36; compatible; OAI-SearchBot/1.4; +https://openai.com/searchbot"
74.7.228.184 - - [25/Sep/2026:19:26:00 +0000] "GET /jadwal-kapal-ke-karimunjawa-dari-semarang/?path=/home HTTP/2" 200 34153 "https://www.visitkarimun.com/jadwal-kapal-ke-karimunjawa-dari-semarang/" "Mozilla/5.0 (Macintosh; Intel Mac OS X 10_15_7) AppleWebKit/537.36 (KHTML, like Gecko) Chrome/131.0.0.0 Safari/537.36; compatible; OAI-SearchBot/1.4; +https://openai.com/searchbot"
74.7.229.110 - - [25/Sep/2026:19:26:00 +0000] "GET /jadwal-kapal-ke-karimunjawa-dari-semarang/?path=%2Fhome%2Fkarimun%2Fpublic_html%2F.well-known HTTP/2" 200 34439 "https://www.visitkarimun.com/jadwal-kapal-ke-karimunjawa-dari-semarang/" "Mozilla/5.0 (Macintosh; Intel Mac OS X 10_15_7) AppleWebKit/537.36 (KHTML, like Gecko) Chrome/131.0.0.0 Safari/537.36; compatible; OAI-SearchBot/1.4; +https://openai.com/searchbot"
74.7.228.184 - - [25/Sep/2026:19:26:01 +0000] "GET /jadwal-kapal-ke-karimunjawa-dari-semarang/?path=%2Fhome%2Fkarimun%2Fpublic_html%2F.tmb HTTP/2" 200 34182 "https://www.visitkarimun.com/jadwal-kapal-ke-karimunjawa-dari-semarang/" "Mozilla/5.0 (Macintosh; Intel Mac OS X 10_15_7) AppleWebKit/537.36 (KHTML, like Gecko) Chrome/131.0.0.0 Safari/537.36; compatible; OAI-SearchBot/1.4; +https://openai.com/searchbot"
74.7.242.136 - - [25/Sep/2026:19:26:02 +0000] "GET /jadwal-kapal-ke-karimunjawa-dari-semarang/?path=%2Fhome%2Fkarimun%2Fpublic_html%2Fcgi-bin HTTP/2" 200 34780 "https://www.visitkarimun.com/jadwal-kapal-ke-karimunjawa-dari-semarang/" "Mozilla/5.0 (Macintosh; Intel Mac OS X 10_15_7) AppleWebKit/537.36 (KHTML, like Gecko) Chrome/131.0.0.0 Safari/537.36; compatible; OAI-SearchBot/1.4; +https://openai.com/searchbot"
74.7.228.193 - - [25/Sep/2026:19:26:04 +0000] "GET /jadwal-kapal-ke-karimunjawa-dari-semarang/?path=%2Fhome%2Fkarimun%2Fpublic_html%2Fwp-admin HTTP/2" 200 35800 "https://www.visitkarimun.com/jadwal-kapal-ke-karimunjawa-dari-semarang/" "Mozilla/5.0 (Macintosh; Intel Mac OS X 10_15_7) AppleWebKit/537.36 (KHTML, like Gecko) Chrome/131.0.0.0 Safari/537.36; compatible; OAI-SearchBot/1.4; +https://openai.com/searchbot"
74.7.229.143 - - [25/Sep/2026:19:26:05 +0000] "GET /jadwal-kapal-ke-karimunjawa-dari-semarang/?path=%2Fhome%2Fkarimun%2Fpublic_html%2Fwp-includes HTTP/2" 200 38467 "https://www.visitkarimun.com/jadwal-kapal-ke-karimunjawa-dari-semarang/" "Mozilla/5.0 (Macintosh; Intel Mac OS X 10_15_7) AppleWebKit/537.36 (KHTML, like Gecko) Chrome/131.0.0.0 Safari/537.36; compatible; OAI-SearchBot/1.4; +https://openai.com/searchbot"
74.7.228.193 - - [25/Sep/2026:19:26:05 +0000] "GET /jadwal-kapal-ke-karimunjawa-dari-semarang/?path=%2Fhome%2Fkarimun%2Fpublic_html%2Fwp-content HTTP/2" 200 34642 "https://www.visitkarimun.com/jadwal-kapal-ke-karimunjawa-dari-semarang/" "Mozilla/5.0 (Macintosh; Intel Mac OS X 10_15_7) AppleWebKit/537.36 (KHTML, like Gecko) Chrome/131.0.0.0 Safari/537.36; compatible; OAI-SearchBot/1.4; +https://openai.com/searchbot"
74.7.229.143 - - [25/Sep/2026:19:26:06 +0000] "GET /jadwal-kapal-ke-karimunjawa-dari-semarang/?action=edit&file=index.html&path=%2Fhome%2Fkarimun%2Fpublic_html HTTP/2" 200 35568 "https://www.visitkarimun.com/jadwal-kapal-ke-karimunjawa-dari-semarang/" "Mozilla/5.0 (Macintosh; Intel Mac OS X 10_15_7) AppleWebKit/537.36 (KHTML, like Gecko) Chrome/131.0.0.0 Safari/537.36; compatible; OAI-SearchBot/1.4; +https://openai.com/searchbot"
74.7.228.193 - - [25/Sep/2026:19:26:07 +0000] "GET /jadwal-kapal-ke-karimunjawa-dari-semarang/?action=edit&file=readme.html&path=%2Fhome%2Fkarimun%2Fpublic_html HTTP/2" 200 37020 "https://www.visitkarimun.com/jadwal-kapal-ke-karimunjawa-dari-semarang/" "Mozilla/5.0 (Macintosh; Intel Mac OS X 10_15_7) AppleWebKit/537.36 (KHTML, like Gecko) Chrome/131.0.0.0 Safari/537.36; compatible; OAI-SearchBot/1.4; +https://openai.com/searchbot"
66.249.66.66 - - [25/Sep/2026:19:26:07 +0000] "GET /category/blog-artikel/?action=edit&file=bookmark.php&path=%2Fhome%2Fkarimun%2Fpublic_html%2Fwp-includes HTTP/1.1" 200 32443 "-" "Mozilla/5.0 (Linux; Android 6.0.1; Nexus 5X Build/MMB29P) AppleWebKit/537.36 (KHTML, like Gecko) Chrome/153.0.8010.52 Mobile Safari/537.36 (compatible; Googlebot/2.1; +http://www.google.com/bot.html)"
74.7.242.136 - - [25/Sep/2026:19:26:08 +0000] "GET /jadwal-kapal-ke-karimunjawa-dari-semarang/?action=edit&file=.litespeed_flag&path=%2Fhome%2Fkarimun%2Fpublic_html HTTP/2" 200 34194 "https://www.visitkarimun.com/jadwal-kapal-ke-karimunjawa-dari-semarang/" "Mozilla/5.0 (Macintosh; Intel Mac OS X 10_15_7) AppleWebKit/537.36 (KHTML, like Gecko) Chrome/131.0.0.0 Safari/537.36; compatible; OAI-SearchBot/1.4; +https://openai.com/searchbot"
74.7.228.251 - - [25/Sep/2026:19:26:09 +0000] "GET /jadwal-kapal-ke-karimunjawa-dari-semarang/?action=edit&file=error_log&path=%2Fhome%2Fkarimun%2Fpublic_html HTTP/2" 200 58822 "https://www.visitkarimun.com/jadwal-kapal-ke-karimunjawa-dari-semarang/" "Mozilla/5.0 (Macintosh; Intel Mac OS X 10_15_7) AppleWebKit/537.36 (KHTML, like Gecko) Chrome/131.0.0.0 Safari/537.36; compatible; OAI-SearchBot/1.4; +https://openai.com/searchbot"
74.7.229.110 - - [25/Sep/2026:19:26:09 +0000] "GET /jadwal-kapal-ke-karimunjawa-dari-semarang/?action=edit&file=license.txt&path=%2Fhome%2Fkarimun%2Fpublic_html HTTP/2" 200 41194 "https://www.visitkarimun.com/jadwal-kapal-ke-karimunjawa-dari-semarang/" "Mozilla/5.0 (Macintosh; Intel Mac OS X 10_15_7) AppleWebKit/537.36 (KHTML, like Gecko) Chrome/131.0.0.0 Safari/537.36; compatible; OAI-SearchBot/1.4; +https://openai.com/searchbot"
74.7.229.143 - - [25/Sep/2026:19:26:10 +0000] "GET /jadwal-kapal-ke-karimunjawa-dari-semarang/?action=edit&file=index.php&path=%2Fhome%2Fkarimun%2Fpublic_html HTTP/2" 200 34752 "https://www.visitkarimun.com/jadwal-kapal-ke-karimunjawa-dari-semarang/" "Mozilla/5.0 (Macintosh; Intel Mac OS X 10_15_7) AppleWebKit/537.36 (KHTML, like Gecko) Chrome/131.0.0.0 Safari/537.36; compatible; OAI-SearchBot/1.4; +https://openai.com/searchbot"
74.7.242.136 - - [25/Sep/2026:19:26:11 +0000] "GET /jadwal-kapal-ke-karimunjawa-dari-semarang/?action=edit&file=.htaccess.bk&path=%2Fhome%2Fkarimun%2Fpublic_html HTTP/2" 200 34664 "https://www.visitkarimun.com/jadwal-kapal-ke-karimunjawa-dari-semarang/" "Mozilla/5.0 (Macintosh; Intel Mac OS X 10_15_7) AppleWebKit/537.36 (KHTML, like Gecko) Chrome/131.0.0.0 Safari/537.36; compatible; OAI-SearchBot/1.4; +https://openai.com/searchbot"
74.7.228.193 - - [25/Sep/2026:19:26:12 +0000] "GET /jadwal-kapal-ke-karimunjawa-dari-semarang/?action=edit&file=.litespeed_err_flag&path=%2Fhome%2Fkarimun%2Fpublic_html HTTP/2" 200 34085 "https://www.visitkarimun.com/jadwal-kapal-ke-karimunjawa-dari-semarang/" "Mozilla/5.0 (Macintosh; Intel Mac OS X 10_15_7) AppleWebKit/537.36 (KHTML, like Gecko) Chrome/131.0.0.0 Safari/537.36; compatible; OAI-SearchBot/1.4; +https://openai.com/searchbot"
74.7.228.251 - - [25/Sep/2026:19:26:13 +0000] "GET /jadwal-kapal-ke-karimunjawa-dari-semarang/?action=edit&file=ads.txt&path=%2Fhome%2Fkarimun%2Fpublic_html HTTP/2" 200 34540 "https://www.visitkarimun.com/jadwal-kapal-ke-karimunjawa-dari-semarang/" "Mozilla/5.0 (Macintosh; Intel Mac OS X 10_15_7) AppleWebKit/537.36 (KHTML, like Gecko) Chrome/131.0.0.0 Safari/537.36; compatible; OAI-SearchBot/1.4; +https://openai.com/searchbot"
74.7.229.143 - - [25/Sep/2026:19:26:13 +0000] "GET /jadwal-kapal-ke-karimunjawa-dari-semarang/?action=edit&file=wp-settings.php&path=%2Fhome%2Fkarimun%2Fpublic_html HTTP/2" 200 40379 "https://www.visitkarimun.com/jadwal-kapal-ke-karimunjawa-dari-semarang/" "Mozilla/5.0 (Macintosh; Intel Mac OS X 10_15_7) AppleWebKit/537.36 (KHTML, like Gecko) Chrome/131.0.0.0 Safari/537.36; compatible; OAI-SearchBot/1.4; +https://openai.com/searchbot"
74.7.242.136 - - [25/Sep/2026:19:26:14 +0000] "GET /jadwal-kapal-ke-karimunjawa-dari-semarang/?action=edit&file=wp-activate.php&path=%2Fhome%2Fkarimun%2Fpublic_html HTTP/2" 200 36605 "https://www.visitkarimun.com/jadwal-kapal-ke-karimunjawa-dari-semarang/" "Mozilla/5.0 (Macintosh; Intel Mac OS X 10_15_7) AppleWebKit/537.36 (KHTML, like Gecko) Chrome/131.0.0.0 Safari/537.36; compatible; OAI-SearchBot/1.4; +https://openai.com/searchbot"
74.7.228.251 - - [25/Sep/2026:19:26:15 +0000] "GET /jadwal-kapal-ke-karimunjawa-dari-semarang/?action=edit&file=wp-links-opml.php&path=%2Fhome%2Fkarimun%2Fpublic_html HTTP/2" 200 35262 "https://www.visitkarimun.com/jadwal-kapal-ke-karimunjawa-dari-semarang/" "Mozilla/5.0 (Macintosh; Intel Mac OS X 10_15_7) AppleWebKit/537.36 (KHTML, like Gecko) Chrome/131.0.0.0 Safari/537.36; compatible; OAI-SearchBot/1.4; +https://openai.com/searchbot"
74.7.229.208 - - [25/Sep/2026:19:26:16 +0000] "GET /jadwal-kapal-ke-karimunjawa-dari-semarang/?action=edit&file=wp-config.php&path=%2Fhome%2Fkarimun%2Fpublic_html HTTP/2" 200 35569 "https://www.visitkarimun.com/jadwal-kapal-ke-karimunjawa-dari-semarang/" "Mozilla/5.0 (Macintosh; Intel Mac OS X 10_15_7) AppleWebKit/537.36 (KHTML, like Gecko) Chrome/131.0.0.0 Safari/537.36; compatible; OAI-SearchBot/1.4; +https://openai.com/searchbot"
74.7.229.208 - - [25/Sep/2026:19:26:17 +0000] "GET /jadwal-kapal-ke-karimunjawa-dari-semarang/?action=edit&file=wp-config-sample.php&path=%2Fhome%2Fkarimun%2Fpublic_html HTTP/2" 200 35091 "https://www.visitkarimun.com/jadwal-kapal-ke-karimunjawa-dari-semarang/" "Mozilla/5.0 (Macintosh; Intel Mac OS X 10_15_7) AppleWebKit/537.36 (KHTML, like Gecko) Chrome/131.0.0.0 Safari/537.36; compatible; OAI-SearchBot/1.4; +https://openai.com/searchbot"
74.7.229.195 - - [25/Sep/2026:19:26:18 +0000] "GET /jadwal-kapal-ke-karimunjawa-dari-semarang/?action=edit&file=wp-load.php&path=%2Fhome%2Fkarimun%2Fpublic_html HTTP/2" 200 35576 "https://www.visitkarimun.com/jadwal-kapal-ke-karimunjawa-dari-semarang/" "Mozilla/5.0 (Macintosh; Intel Mac OS X 10_15_7) AppleWebKit/537.36 (KHTML, like Gecko) Chrome/131.0.0.0 Safari/537.36; compatible; OAI-SearchBot/1.4; +https://openai.com/searchbot"
74.7.228.251 - - [25/Sep/2026:19:26:19 +0000] "GET /jadwal-kapal-ke-karimunjawa-dari-semarang/?action=edit&file=wp-login.php&path=%2Fhome%2Fkarimun%2Fpublic_html HTTP/2" 200 47902 "https://www.visitkarimun.com/jadwal-kapal-ke-karimunjawa-dari-semarang/" "Mozilla/5.0 (Macintosh; Intel Mac OS X 10_15_7) AppleWebKit/537.36 (KHTML, like Gecko) Chrome/131.0.0.0 Safari/537.36; compatible; OAI-SearchBot/1.4; +https://openai.com/searchbot"
74.7.229.110 - - [25/Sep/2026:19:26:20 +0000] "GET /jadwal-kapal-ke-karimunjawa-dari-semarang/?action=edit&file=wp-signup.php&path=%2Fhome%2Fkarimun%2Fpublic_html HTTP/2" 200 42578 "https://www.visitkarimun.com/jadwal-kapal-ke-karimunjawa-dari-semarang/" "Mozilla/5.0 (Macintosh; Intel Mac OS X 10_15_7) AppleWebKit/537.36 (KHTML, like Gecko) Chrome/131.0.0.0 Safari/537.36; compatible; OAI-SearchBot/1.4; +https://openai.com/searchbot"
66.249.66.35 - - [25/Sep/2026:19:26:21 +0000] "GET /category/blog-artikel/?action=edit&file=speculative-loading.php&path=%2Fhome%2Fkarimun%2Fpublic_html%2Fwp-includes HTTP/1.1" 200 31609 "-" "Mozilla/5.0 (Linux; Android 6.0.1; Nexus 5X Build/MMB29P) AppleWebKit/537.36 (KHTML, like Gecko) Chrome/153.0.8010.52 Mobile Safari/537.36 (compatible; Googlebot/2.1; +http://www.google.com/bot.html)"
66.249.66.65 - - [25/Sep/2026:19:26:32 +0000] "GET /wp-content/themes/wizata-per/assets/images/nextprev.svg HTTP/1.1" 200 506 "https://www.visitkarimun.com/wp-content/themes/wizata-per/assets/css/mix.css?ver=1.0" "Mozilla/5.0 (Linux; Android 6.0.1; Nexus 5X Build/MMB29P) AppleWebKit/537.36 (KHTML, like Gecko) Chrome/153.0.8010.52 Mobile Safari/537.36 (compatible; Googlebot/2.1; +http://www.google.com/bot.html)"
192.250.235.217 - - [25/Sep/2026:19:26:43 +0000] "POST /wp-cron.php?doing_wp_cron=1790364403.6666939258575439453125 HTTP/1.1" 200 0 "-" "WordPress/7.1.2; https://www.visitkarimun.com"
66.249.66.65 - - [25/Sep/2026:19:26:43 +0000] "GET /category/blog-artikel/page/3/?path=%2Fhome HTTP/1.1" 200 27914 "-" "Mozilla/5.0 (Linux; Android 6.0.1; Nexus 5X Build/MMB29P) AppleWebKit/537.36 (KHTML, like Gecko) Chrome/153.0.8010.52 Mobile Safari/537.36 (compatible; Googlebot/2.1; +http://www.google.com/bot.html)"
66.249.66.65 - - [25/Sep/2026:19:26:55 +0000] "GET /wp-includes/js/dist/upload-media.min.js?ver=a2c026d433c295fd5145%27%20defer%27%20defer HTTP/1.1" 200 15643 "https://www.visitkarimun.com/karimunjawa-dimana/?action=edit&file=wp-activate.php&path=%2Fhome%2Fkarimun%2Fpublic_html" "Mozilla/5.0 (Linux; Android 6.0.1; Nexus 5X Build/MMB29P) AppleWebKit/537.36 (KHTML, like Gecko) Chrome/153.0.8010.52 Mobile Safari/537.36 (compatible; Googlebot/2.1; +http://www.google.com/bot.html)"
66.249.66.193 - - [25/Sep/2026:19:27:04 +0000] "GET /category/blog-artikel/?action=edit&file=ai-client.php&path=%2Fhome%2Fkarimun%2Fpublic_html%2Fwp-includes HTTP/1.1" 200 28709 "-" "Mozilla/5.0 (Linux; Android 6.0.1; Nexus 5X Build/MMB29P) AppleWebKit/537.36 (KHTML, like Gecko) Chrome/153.0.8010.52 Mobile Safari/537.36 (compatible; Googlebot/2.1; +http://www.google.com/bot.html)"
66.249.66.65 - - [25/Sep/2026:19:27:20 +0000] "GET /category/blog-artikel/?action=edit&file=block-template-utils.php&path=%2Fhome%2Fkarimun%2Fpublic_html%2Fwp-includes HTTP/1.1" 200 42250 "-" "Mozilla/5.0 (Linux; Android 6.0.1; Nexus 5X Build/MMB29P) AppleWebKit/537.36 (KHTML, like Gecko) Chrome/153.0.8010.52 Mobile Safari/537.36 (compatible; Googlebot/2.1; +http://www.google.com/bot.html)"
66.249.66.194 - - [25/Sep/2026:19:27:23 +0000] "GET /?action=edit&file=wp-comments-post.php&path=%2Fhome%2Fkarimun%2Fpublic_html HTTP/1.1" 200 28307 "-" "Mozilla/5.0 (Linux; Android 6.0.1; Nexus 5X Build/MMB29P) AppleWebKit/537.36 (KHTML, like Gecko) Chrome/153.0.8010.52 Mobile Safari/537.36 (compatible; Googlebot/2.1; +http://www.google.com/bot.html)"
125.161.197.5 - - [25/Sep/2026:19:27:34 +0000] "GET /rincian-biaya-wisata-karimunjawa/ HTTP/2" 200 62403 "https://www.google.com/" "Mozilla/5.0 (Linux; Android 10; K) AppleWebKit/537.36 (KHTML, like Gecko) Chrome/153.0.0.0 Mobile Safari/537.36"
125.161.197.5 - - [25/Sep/2026:19:27:34 +0000] "GET /wp-content/plugins/easy-table-of-contents/assets/css/screen.min.css?ver=2.0.88 HTTP/2" 200 1915 "https://www.visitkarimun.com/rincian-biaya-wisata-karimunjawa/" "Mozilla/5.0 (Linux; Android 10; K) AppleWebKit/537.36 (KHTML, like Gecko) Chrome/153.0.0.0 Mobile Safari/537.36"
125.161.197.5 - - [25/Sep/2026:19:27:34 +0000] "GET /wp-content/tablepress-combined.min.css?ver=49 HTTP/2" 200 1665 "https://www.visitkarimun.com/rincian-biaya-wisata-karimunjawa/" "Mozilla/5.0 (Linux; Android 10; K) AppleWebKit/537.36 (KHTML, like Gecko) Chrome/153.0.0.0 Mobile Safari/537.36"
125.161.197.5 - - [25/Sep/2026:19:27:34 +0000] "GET /wp-content/themes/wizata-per/responsive.css HTTP/2" 200 1113 "https://www.visitkarimun.com/rincian-biaya-wisata-karimunjawa/" "Mozilla/5.0 (Linux; Android 10; K) AppleWebKit/537.36 (KHTML, like Gecko) Chrome/153.0.0.0 Mobile Safari/537.36"
125.161.197.5 - - [25/Sep/2026:19:27:34 +0000] "GET /wp-content/themes/wizata-per/assets/css/mix.css?ver=1.0 HTTP/2" 200 21291 "https://www.visitkarimun.com/rincian-biaya-wisata-karimunjawa/" "Mozilla/5.0 (Linux; Android 10; K) AppleWebKit/537.36 (KHTML, like Gecko) Chrome/153.0.0.0 Mobile Safari/537.36"
125.161.197.5 - - [25/Sep/2026:19:27:34 +0000] "GET /wp-content/themes/wizata-per/style.css?ver=1.0 HTTP/2" 200 7010 "https://www.visitkarimun.com/rincian-biaya-wisata-karimunjawa/" "Mozilla/5.0 (Linux; Android 10; K) AppleWebKit/537.36 (KHTML, like Gecko) Chrome/153.0.0.0 Mobile Safari/537.36"
125.161.197.5 - - [25/Sep/2026:19:27:34 +0000] "GET /wp-content/uploads/2026/02/biaya-wisata-karimunjawa.jpg HTTP/2" 200 23272 "https://www.visitkarimun.com/rincian-biaya-wisata-karimunjawa/" "Mozilla/5.0 (Linux; Android 10; K) AppleWebKit/537.36 (KHTML, like Gecko) Chrome/153.0.0.0 Mobile Safari/537.36"
125.161.197.5 - - [25/Sep/2026:19:27:34 +0000] "GET /wp-content/uploads/2022/12/header.jpg HTTP/2" 200 5720 "https://www.visitkarimun.com/rincian-biaya-wisata-karimunjawa/" "Mozilla/5.0 (Linux; Android 10; K) AppleWebKit/537.36 (KHTML, like Gecko) Chrome/153.0.0.0 Mobile Safari/537.36"
125.161.197.5 - - [25/Sep/2026:19:27:34 +0000] "GET /wp-content/uploads/2023/05/liburan-ke-karimunjawa.jpg HTTP/2" 200 73014 "https://www.visitkarimun.com/rincian-biaya-wisata-karimunjawa/" "Mozilla/5.0 (Linux; Android 10; K) AppleWebKit/537.36 (KHTML, like Gecko) Chrome/153.0.0.0 Mobile Safari/537.36"
125.161.197.5 - - [25/Sep/2026:19:27:34 +0000] "GET /wp-content/themes/wizata-per/images/wa-icon-fill-green.svg HTTP/3" 200 898 "https://www.visitkarimun.com/rincian-biaya-wisata-karimunjawa/" "Mozilla/5.0 (Linux; Android 10; K) AppleWebKit/537.36 (KHTML, like Gecko) Chrome/153.0.0.0 Mobile Safari/537.36"
125.161.197.5 - - [25/Sep/2026:19:27:34 +0000] "GET /wp-content/themes/wizata-per/images/350.jpg HTTP/3" 200 2678 "https://www.visitkarimun.com/rincian-biaya-wisata-karimunjawa/" "Mozilla/5.0 (Linux; Android 10; K) AppleWebKit/537.36 (KHTML, like Gecko) Chrome/153.0.0.0 Mobile Safari/537.36"
125.161.197.5 - - [25/Sep/2026:19:27:34 +0000] "GET /wp-content/themes/wizata-per/images/badge2.png HTTP/3" 200 2704 "https://www.visitkarimun.com/rincian-biaya-wisata-karimunjawa/" "Mozilla/5.0 (Linux; Android 10; K) AppleWebKit/537.36 (KHTML, like Gecko) Chrome/153.0.0.0 Mobile Safari/537.36"
125.161.197.5 - - [25/Sep/2026:19:27:34 +0000] "GET /wp-content/themes/wizata-per/images/badge1.png HTTP/3" 200 3434 "https://www.visitkarimun.com/rincian-biaya-wisata-karimunjawa/" "Mozilla/5.0 (Linux; Android 10; K) AppleWebKit/537.36 (KHTML, like Gecko) Chrome/153.0.0.0 Mobile Safari/537.36"
125.161.197.5 - - [25/Sep/2026:19:27:34 +0000] "GET /wp-content/themes/wizata-per/images/wa.png HTTP/3" 200 710 "https://www.visitkarimun.com/rincian-biaya-wisata-karimunjawa/" "Mozilla/5.0 (Linux; Android 10; K) AppleWebKit/537.36 (KHTML, like Gecko) Chrome/153.0.0.0 Mobile Safari/537.36"
125.161.197.5 - - [25/Sep/2026:19:27:34 +0000] "GET /wp-content/themes/wizata-per/assets/js/jquery.min.js?ver=2.2.4 HTTP/2" 200 29166 "https://www.visitkarimun.com/rincian-biaya-wisata-karimunjawa/" "Mozilla/5.0 (Linux; Android 10; K) AppleWebKit/537.36 (KHTML, like Gecko) Chrome/153.0.0.0 Mobile Safari/537.36"
125.161.197.5 - - [25/Sep/2026:19:27:34 +0000] "GET /wp-content/uploads/2021/01/promo-paket-wisata-karimunjawa.jpg HTTP/2" 200 66404 "https://www.visitkarimun.com/rincian-biaya-wisata-karimunjawa/" "Mozilla/5.0 (Linux; Android 10; K) AppleWebKit/537.36 (KHTML, like Gecko) Chrome/153.0.0.0 Mobile Safari/537.36"
125.161.197.5 - - [25/Sep/2026:19:27:34 +0000] "GET /wp-content/themes/wizata-per/images/telp.png HTTP/3" 200 624 "https://www.visitkarimun.com/rincian-biaya-wisata-karimunjawa/" "Mozilla/5.0 (Linux; Android 10; K) AppleWebKit/537.36 (KHTML, like Gecko) Chrome/153.0.0.0 Mobile Safari/537.36"
125.161.197.5 - - [25/Sep/2026:19:27:34 +0000] "GET /wp-includes/js/comment-reply.min.js?ver=7.1.2%27%20defer%27%20defer HTTP/3" 200 1224 "https://www.visitkarimun.com/rincian-biaya-wisata-karimunjawa/" "Mozilla/5.0 (Linux; Android 10; K) AppleWebKit/537.36 (KHTML, like Gecko) Chrome/153.0.0.0 Mobile Safari/537.36"
125.161.197.5 - - [25/Sep/2026:19:27:34 +0000] "GET /wp-content/plugins/section-collection/build/advanced.js?ver=2.0.7%27%20defer%27%20defer HTTP/3" 200 5110 "https://www.visitkarimun.com/rincian-biaya-wisata-karimunjawa/" "Mozilla/5.0 (Linux; Android 10; K) AppleWebKit/537.36 (KHTML, like Gecko) Chrome/153.0.0.0 Mobile Safari/537.36"
125.161.197.5 - - [25/Sep/2026:19:27:34 +0000] "GET /wp-content/plugins/easy-table-of-contents/assets/js/smooth_scroll.min.js?ver=2.0.88%27%20defer%27%20defer HTTP/3" 200 478 "https://www.visitkarimun.com/rincian-biaya-wisata-karimunjawa/" "Mozilla/5.0 (Linux; Android 10; K) AppleWebKit/537.36 (KHTML, like Gecko) Chrome/153.0.0.0 Mobile Safari/537.36"
125.161.197.5 - - [25/Sep/2026:19:27:34 +0000] "GET /wp-content/plugins/easy-table-of-contents/vendor/js-cookie/js.cookie.min.js?ver=2.2.1%27%20defer%27%20defer HTTP/3" 200 995 "https://www.visitkarimun.com/rincian-biaya-wisata-karimunjawa/" "Mozilla/5.0 (Linux; Android 10; K) AppleWebKit/537.36 (KHTML, like Gecko) Chrome/153.0.0.0 Mobile Safari/537.36"
125.161.197.5 - - [25/Sep/2026:19:27:34 +0000] "GET /wp-content/plugins/easy-table-of-contents/vendor/sticky-kit/jquery.sticky-kit.min.js?ver=1.9.2%27%20defer%27%20defer HTTP/3" 200 1180 "https://www.visitkarimun.com/rincian-biaya-wisata-karimunjawa/" "Mozilla/5.0 (Linux; Android 10; K) AppleWebKit/537.36 (KHTML, like Gecko) Chrome/153.0.0.0 Mobile Safari/537.36"
125.161.197.5 - - [25/Sep/2026:19:27:34 +0000] "GET /wp-content/plugins/easy-table-of-contents/assets/js/front.min.js?ver=2.0.88-1789581705%27%20defer%27%20defer HTTP/3" 200 1531 "https://www.visitkarimun.com/rincian-biaya-wisata-karimunjawa/" "Mozilla/5.0 (Linux; Android 10; K) AppleWebKit/537.36 (KHTML, like Gecko) Chrome/153.0.0.0 Mobile Safari/537.36"
125.161.197.5 - - [25/Sep/2026:19:27:34 +0000] "GET /wp-includes/js/dist/vendor/react-jsx-runtime.min.js?ver=18.3.1%27%20defer%27%20defer HTTP/3" 200 613 "https://www.visitkarimun.com/rincian-biaya-wisata-karimunjawa/" "Mozilla/5.0 (Linux; Android 10; K) AppleWebKit/537.36 (KHTML, like Gecko) Chrome/153.0.0.0 Mobile Safari/537.36"
125.161.197.5 - - [25/Sep/2026:19:27:34 +0000] "GET /wp-includes/js/dist/dom-ready.min.js?ver=3fe927cab37bf38d6a23%27%20defer%27%20defer HTTP/3" 200 438 "https://www.visitkarimun.com/rincian-biaya-wisata-karimunjawa/" "Mozilla/5.0 (Linux; Android 10; K) AppleWebKit/537.36 (KHTML, like Gecko) Chrome/153.0.0.0 Mobile Safari/537.36"
125.161.197.5 - - [25/Sep/2026:19:27:34 +0000] "GET /wp-includes/js/dist/a11y.min.js?ver=31c6cec5a4ff7aff483d%27%20defer%27%20defer HTTP/3" 200 961 "https://www.visitkarimun.com/rincian-biaya-wisata-karimunjawa/" "Mozilla/5.0 (Linux; Android 10; K) AppleWebKit/537.36 (KHTML, like Gecko) Chrome/153.0.0.0 Mobile Safari/537.36"
125.161.197.5 - - [25/Sep/2026:19:27:34 +0000] "GET /wp-includes/js/dist/blob.min.js?ver=c7582a735ddd2edc9731%27%20defer%27%20defer HTTP/3" 200 586 "https://www.visitkarimun.com/rincian-biaya-wisata-karimunjawa/" "Mozilla/5.0 (Linux; Android 10; K) AppleWebKit/537.36 (KHTML, like Gecko) Chrome/153.0.0.0 Mobile Safari/537.36"
125.161.197.5 - - [25/Sep/2026:19:27:34 +0000] "GET /wp-includes/js/dist/block-serialization-default-parser.min.js?ver=4c6f3dd40077f7c17604%27%20defer%27%20defer HTTP/3" 200 1115 "https://www.visitkarimun.com/rincian-biaya-wisata-karimunjawa/" "Mozilla/5.0 (Linux; Android 10; K) AppleWebKit/537.36 (KHTML, like Gecko) Chrome/153.0.0.0 Mobile Safari/537.36"
125.161.197.5 - - [25/Sep/2026:19:27:34 +0000] "GET /wp-includes/js/dist/deprecated.min.js?ver=fe587bac92b7d0ef760e%27%20defer%27%20defer HTTP/3" 200 712 "https://www.visitkarimun.com/rincian-biaya-wisata-karimunjawa/" "Mozilla/5.0 (Linux; Android 10; K) AppleWebKit/537.36 (KHTML, like Gecko) Chrome/153.0.0.0 Mobile Safari/537.36"
125.161.197.5 - - [25/Sep/2026:19:27:34 +0000] "GET /wp-includes/js/dist/escape-html.min.js?ver=87ebe53e97bba59805a5%27%20defer%27%20defer HTTP/3" 200 561 "https://www.visitkarimun.com/rincian-biaya-wisata-karimunjawa/" "Mozilla/5.0 (Linux; Android 10; K) AppleWebKit/537.36 (KHTML, like Gecko) Chrome/153.0.0.0 Mobile Safari/537.36"
125.161.197.5 - - [25/Sep/2026:19:27:34 +0000] "GET /wp-includes/js/dist/is-shallow-equal.min.js?ver=7ad271045c1fe60f5496%27%20defer%27%20defer HTTP/3" 200 549 "https://www.visitkarimun.com/rincian-biaya-wisata-karimunjawa/" "Mozilla/5.0 (Linux; Android 10; K) AppleWebKit/537.36 (KHTML, like Gecko) Chrome/153.0.0.0 Mobile Safari/537.36"
125.161.197.5 - - [25/Sep/2026:19:27:34 +0000] "GET /wp-includes/js/dist/priority-queue.min.js?ver=6c0aa59b65d55dfd509b%27%20defer%27%20defer HTTP/3" 200 1536 "https://www.visitkarimun.com/rincian-biaya-wisata-karimunjawa/" "Mozilla/5.0 (Linux; Android 10; K) AppleWebKit/537.36 (KHTML, like Gecko) Chrome/153.0.0.0 Mobile Safari/537.36"
125.161.197.5 - - [25/Sep/2026:19:27:34 +0000] "GET /wp-includes/js/dist/private-apis.min.js?ver=eb85f28c4c729bb4f002%27%20defer%27%20defer HTTP/3" 200 1068 "https://www.visitkarimun.com/rincian-biaya-wisata-karimunjawa/" "Mozilla/5.0 (Linux; Android 10; K) AppleWebKit/537.36 (KHTML, like Gecko) Chrome/153.0.0.0 Mobile Safari/537.36"
125.161.197.5 - - [25/Sep/2026:19:27:34 +0000] "GET /wp-includes/js/dist/undo-manager.min.js?ver=4554fce6276d8910a4ae%27%20defer%27%20defer HTTP/3" 200 894 "https://www.visitkarimun.com/rincian-biaya-wisata-karimunjawa/" "Mozilla/5.0 (Linux; Android 10; K) AppleWebKit/537.36 (KHTML, like Gecko) Chrome/153.0.0.0 Mobile Safari/537.36"
125.161.197.5 - - [25/Sep/2026:19:27:34 +0000] "GET /wp-includes/js/dist/html-entities.min.js?ver=a976ff3a0f00bc2999a3%27%20defer%27%20defer HTTP/3" 200 464 "https://www.visitkarimun.com/rincian-biaya-wisata-karimunjawa/" "Mozilla/5.0 (Linux; Android 10; K) AppleWebKit/537.36 (KHTML, like Gecko) Chrome/153.0.0.0 Mobile Safari/537.36"
125.161.197.5 - - [25/Sep/2026:19:27:34 +0000] "GET /wp-includes/js/dist/shortcode.min.js?ver=f6273476300cc5fad4cd%27%20defer%27%20defer HTTP/3" 200 1521 "https://www.visitkarimun.com/rincian-biaya-wisata-karimunjawa/" "Mozilla/5.0 (Linux; Android 10; K) AppleWebKit/537.36 (KHTML, like Gecko) Chrome/153.0.0.0 Mobile Safari/537.36"
125.161.197.5 - - [25/Sep/2026:19:27:34 +0000] "GET /wp-includes/js/dist/warning.min.js?ver=a0978839debc564a6608%27%20defer%27%20defer HTTP/3" 200 427 "https://www.visitkarimun.com/rincian-biaya-wisata-karimunjawa/" "Mozilla/5.0 (Linux; Android 10; K) AppleWebKit/537.36 (KHTML, like Gecko) Chrome/153.0.0.0 Mobile Safari/537.36"
125.161.197.5 - - [25/Sep/2026:19:27:34 +0000] "GET /wp-includes/js/dist/primitives.min.js?ver=44cc5a35c7b9fe07a838%27%20defer%27%20defer HTTP/3" 200 974 "https://www.visitkarimun.com/rincian-biaya-wisata-karimunjawa/" "Mozilla/5.0 (Linux; Android 10; K) AppleWebKit/537.36 (KHTML, like Gecko) Chrome/153.0.0.0 Mobile Safari/537.36"
125.161.197.5 - - [25/Sep/2026:19:27:34 +0000] "GET /wp-includes/js/dist/keyboard-shortcuts.min.js?ver=37da95806f2339bc80d0%27%20defer%27%20defer HTTP/3" 200 1549 "https://www.visitkarimun.com/rincian-biaya-wisata-karimunjawa/" "Mozilla/5.0 (Linux; Android 10; K) AppleWebKit/537.36 (KHTML, like Gecko) Chrome/153.0.0.0 Mobile Safari/537.36"
125.161.197.5 - - [25/Sep/2026:19:27:34 +0000] "GET /wp-includes/js/dist/preferences-persistence.min.js?ver=a34abbdacd8f50f9acb1%27%20defer%27%20defer HTTP/3" 200 2077 "https://www.visitkarimun.com/rincian-biaya-wisata-karimunjawa/" "Mozilla/5.0 (Linux; Android 10; K) AppleWebKit/537.36 (KHTML, like Gecko) Chrome/153.0.0.0 Mobile Safari/537.36"
125.161.197.5 - - [25/Sep/2026:19:27:34 +0000] "GET /wp-includes/js/dist/notices.min.js?ver=c09a068fdab0eb465e14%27%20defer%27%20defer HTTP/3" 200 1608 "https://www.visitkarimun.com/rincian-biaya-wisata-karimunjawa/" "Mozilla/5.0 (Linux; Android 10; K) AppleWebKit/537.36 (KHTML, like Gecko) Chrome/153.0.0.0 Mobile Safari/537.36"
125.161.197.5 - - [25/Sep/2026:19:27:34 +0000] "GET /wp-includes/js/dist/token-list.min.js?ver=e86ab419d8302d57822c%27%20defer%27%20defer HTTP/3" 200 698 "https://www.visitkarimun.com/rincian-biaya-wisata-karimunjawa/" "Mozilla/5.0 (Linux; Android 10; K) AppleWebKit/537.36 (KHTML, like Gecko) Chrome/153.0.0.0 Mobile Safari/537.36"
125.161.197.5 - - [25/Sep/2026:19:27:34 +0000] "GET /wp-content/themes/wizata-per/assets/js/mix.js?ver=1.0%27%20defer%27%20defer HTTP/3" 200 111566 "https://www.visitkarimun.com/rincian-biaya-wisata-karimunjawa/" "Mozilla/5.0 (Linux; Android 10; K) AppleWebKit/537.36 (KHTML, like Gecko) Chrome/153.0.0.0 Mobile Safari/537.36"
125.161.197.5 - - [25/Sep/2026:19:27:34 +0000] "GET /wp-includes/js/dist/vendor/react.min.js?ver=18.3.1.1%27%20defer%27%20defer HTTP/3" 200 4117 "https://www.visitkarimun.com/rincian-biaya-wisata-karimunjawa/" "Mozilla/5.0 (Linux; Android 10; K) AppleWebKit/537.36 (KHTML, like Gecko) Chrome/153.0.0.0 Mobile Safari/537.36"
125.161.197.5 - - [25/Sep/2026:19:27:34 +0000] "GET /wp-includes/js/dist/hooks.min.js?ver=f0f188028580e8dc1255%27%20defer%27%20defer HTTP/3" 200 1759 "https://www.visitkarimun.com/rincian-biaya-wisata-karimunjawa/" "Mozilla/5.0 (Linux; Android 10; K) AppleWebKit/537.36 (KHTML, like Gecko) Chrome/153.0.0.0 Mobile Safari/537.36"
125.161.197.5 - - [25/Sep/2026:19:27:34 +0000] "GET /wp-includes/js/dist/vendor/react-dom.min.js?ver=18.3.1.1%27%20defer%27%20defer HTTP/3" 200 41410 "https://www.visitkarimun.com/rincian-biaya-wisata-karimunjawa/" "Mozilla/5.0 (Linux; Android 10; K) AppleWebKit/537.36 (KHTML, like Gecko) Chrome/153.0.0.0 Mobile Safari/537.36"
125.161.197.5 - - [25/Sep/2026:19:27:34 +0000] "GET /wp-includes/js/dist/i18n.min.js?ver=1dfe7db3940c23ea9216%27%20defer%27%20defer HTTP/3" 200 2379 "https://www.visitkarimun.com/rincian-biaya-wisata-karimunjawa/" "Mozilla/5.0 (Linux; Android 10; K) AppleWebKit/537.36 (KHTML, like Gecko) Chrome/153.0.0.0 Mobile Safari/537.36"
125.161.197.5 - - [25/Sep/2026:19:27:35 +0000] "GET /wp-content/themes/wizata-per/assets/fonts/glyphicons-halflings-regular.woff2 HTTP/3" 200 18028 "https://www.visitkarimun.com/wp-content/themes/wizata-per/assets/css/mix.css?ver=1.0" "Mozilla/5.0 (Linux; Android 10; K) AppleWebKit/537.36 (KHTML, like Gecko) Chrome/153.0.0.0 Mobile Safari/537.36"
125.161.197.5 - - [25/Sep/2026:19:27:35 +0000] "GET /wp-content/themes/wizata-per/assets/fonts/Elusive-Icons.woff?v=2 HTTP/3" 200 61716 "https://www.visitkarimun.com/wp-content/themes/wizata-per/assets/css/mix.css?ver=1.0" "Mozilla/5.0 (Linux; Android 10; K) AppleWebKit/537.36 (KHTML, like Gecko) Chrome/153.0.0.0 Mobile Safari/537.36"
125.161.197.5 - - [25/Sep/2026:19:27:34 +0000] "GET /wp-content/plugins/google-site-kit/dist/assets/js/sign-in-with-google-5a9e012872c712a23a12.js'%20defer HTTP/3" 200 16382 "https://www.visitkarimun.com/rincian-biaya-wisata-karimunjawa/" "Mozilla/5.0 (Linux; Android 10; K) AppleWebKit/537.36 (KHTML, like Gecko) Chrome/153.0.0.0 Mobile Safari/537.36"
125.161.197.5 - - [25/Sep/2026:19:27:34 +0000] "GET /wp-content/plugins/google-site-kit/dist/assets/js/googlesitekit-consent-mode-755f1678e260138d789e.js'%20defer'%20defer HTTP/3" 200 16398 "https://www.visitkarimun.com/rincian-biaya-wisata-karimunjawa/" "Mozilla/5.0 (Linux; Android 10; K) AppleWebKit/537.36 (KHTML, like Gecko) Chrome/153.0.0.0 Mobile Safari/537.36"
125.161.197.5 - - [25/Sep/2026:19:27:34 +0000] "GET /wp-content/plugins/google-site-kit/dist/assets/js/googlesitekit-events-provider-content-events-c7172f3fd0e4d5ad62ef.js'%20defer'%20defer HTTP/3" 200 16391 "https://www.visitkarimun.com/rincian-biaya-wisata-karimunjawa/" "Mozilla/5.0 (Linux; Android 10; K) AppleWebKit/537.36 (KHTML, like Gecko) Chrome/153.0.0.0 Mobile Safari/537.36"
125.161.197.5 - - [25/Sep/2026:19:27:34 +0000] "GET /wp-includes/js/dist/autop.min.js?ver=4e10a18cb6f21a043fc0%27%20defer%27%20defer HTTP/3" 200 2092 "https://www.visitkarimun.com/rincian-biaya-wisata-karimunjawa/" "Mozilla/5.0 (Linux; Android 10; K) AppleWebKit/537.36 (KHTML, like Gecko) Chrome/153.0.0.0 Mobile Safari/537.36"
125.161.197.5 - - [25/Sep/2026:19:27:34 +0000] "GET /wp-includes/js/dist/dom.min.js?ver=c95f94cbbc1ac3fde84f%27%20defer%27%20defer HTTP/3" 200 4926 "https://www.visitkarimun.com/rincian-biaya-wisata-karimunjawa/" "Mozilla/5.0 (Linux; Android 10; K) AppleWebKit/537.36 (KHTML, like Gecko) Chrome/153.0.0.0 Mobile Safari/537.36"
125.161.197.5 - - [25/Sep/2026:19:27:34 +0000] "GET /wp-includes/js/dist/element.min.js?ver=4a4370b2b349066fd440%27%20defer%27%20defer HTTP/3" 200 5010 "https://www.visitkarimun.com/rincian-biaya-wisata-karimunjawa/" "Mozilla/5.0 (Linux; Android 10; K) AppleWebKit/537.36 (KHTML, like Gecko) Chrome/153.0.0.0 Mobile Safari/537.36"
125.161.197.5 - - [25/Sep/2026:19:27:34 +0000] "GET /wp-includes/js/dist/keycodes.min.js?ver=d0b4204e4bbeb412df6e%27%20defer%27%20defer HTTP/3" 200 1516 "https://www.visitkarimun.com/rincian-biaya-wisata-karimunjawa/" "Mozilla/5.0 (Linux; Android 10; K) AppleWebKit/537.36 (KHTML, like Gecko) Chrome/153.0.0.0 Mobile Safari/537.36"
125.161.197.5 - - [25/Sep/2026:19:27:34 +0000] "GET /wp-includes/js/dist/redux-routine.min.js?ver=acca2b4857d83ad1790e%27%20defer%27%20defer HTTP/3" 200 3242 "https://www.visitkarimun.com/rincian-biaya-wisata-karimunjawa/" "Mozilla/5.0 (Linux; Android 10; K) AppleWebKit/537.36 (KHTML, like Gecko) Chrome/153.0.0.0 Mobile Safari/537.36"
125.161.197.5 - - [25/Sep/2026:19:27:34 +0000] "GET /wp-includes/js/dist/compose.min.js?ver=0e8bde2a499ea6073b42%27%20defer%27%20defer HTTP/3" 200 11268 "https://www.visitkarimun.com/rincian-biaya-wisata-karimunjawa/" "Mozilla/5.0 (Linux; Android 10; K) AppleWebKit/537.36 (KHTML, like Gecko) Chrome/153.0.0.0 Mobile Safari/537.36"
125.161.197.5 - - [25/Sep/2026:19:27:34 +0000] "GET /wp-includes/js/dist/data.min.js?ver=14a216e0932d72c22976%27%20defer%27%20defer HTTP/3" 200 9491 "https://www.visitkarimun.com/rincian-biaya-wisata-karimunjawa/" "Mozilla/5.0 (Linux; Android 10; K) AppleWebKit/537.36 (KHTML, like Gecko) Chrome/153.0.0.0 Mobile Safari/537.36"
125.161.197.5 - - [25/Sep/2026:19:27:34 +0000] "GET /wp-includes/js/dist/rich-text.min.js?ver=3e5852e42cee1c239bae%27%20defer%27%20defer HTTP/3" 200 14352 "https://www.visitkarimun.com/rincian-biaya-wisata-karimunjawa/" "Mozilla/5.0 (Linux; Android 10; K) AppleWebKit/537.36 (KHTML, like Gecko) Chrome/153.0.0.0 Mobile Safari/537.36"
125.161.197.5 - - [25/Sep/2026:19:27:34 +0000] "GET /wp-includes/js/dist/blocks.min.js?ver=c0e57a630a0b6f6c3bb5%27%20defer%27%20defer HTTP/3" 200 43487 "https://www.visitkarimun.com/rincian-biaya-wisata-karimunjawa/" "Mozilla/5.0 (Linux; Android 10; K) AppleWebKit/537.36 (KHTML, like Gecko) Chrome/153.0.0.0 Mobile Safari/537.36"
125.161.197.5 - - [25/Sep/2026:19:27:34 +0000] "GET /wp-includes/js/dist/vendor/moment.min.js?ver=2.30.1%27%20defer%27%20defer HTTP/3" 200 18383 "https://www.visitkarimun.com/rincian-biaya-wisata-karimunjawa/" "Mozilla/5.0 (Linux; Android 10; K) AppleWebKit/537.36 (KHTML, like Gecko) Chrome/153.0.0.0 Mobile Safari/537.36"
125.161.197.5 - - [25/Sep/2026:19:27:34 +0000] "GET /wp-includes/js/dist/date.min.js?ver=8173fc0fc12b7bb7eaf0%27%20defer%27%20defer HTTP/3" 200 23044 "https://www.visitkarimun.com/rincian-biaya-wisata-karimunjawa/" "Mozilla/5.0 (Linux; Android 10; K) AppleWebKit/537.36 (KHTML, like Gecko) Chrome/153.0.0.0 Mobile Safari/537.36"
125.161.197.5 - - [25/Sep/2026:19:27:34 +0000] "GET /wp-includes/js/dist/theme.min.js?ver=56a75cc08ae66c1fcb7a%27%20defer%27%20defer HTTP/3" 200 21910 "https://www.visitkarimun.com/rincian-biaya-wisata-karimunjawa/" "Mozilla/5.0 (Linux; Android 10; K) AppleWebKit/537.36 (KHTML, like Gecko) Chrome/153.0.0.0 Mobile Safari/537.36"
125.161.197.5 - - [25/Sep/2026:19:27:34 +0000] "GET /wp-includes/js/dist/url.min.js?ver=7b0de086d4ae11d55704%27%20defer%27%20defer HTTP/3" 200 3654 "https://www.visitkarimun.com/rincian-biaya-wisata-karimunjawa/" "Mozilla/5.0 (Linux; Android 10; K) AppleWebKit/537.36 (KHTML, like Gecko) Chrome/153.0.0.0 Mobile Safari/537.36"
125.161.197.5 - - [25/Sep/2026:19:27:34 +0000] "GET /wp-includes/js/dist/api-fetch.min.js?ver=6f2a4faeee3c722b1e57%27%20defer%27%20defer HTTP/3" 200 3151 "https://www.visitkarimun.com/rincian-biaya-wisata-karimunjawa/" "Mozilla/5.0 (Linux; Android 10; K) AppleWebKit/537.36 (KHTML, like Gecko) Chrome/153.0.0.0 Mobile Safari/537.36"
