74.7.242.58 - - [25/Sep/2026:20:05:25 +0000] "GET /?action=edit&file=libg.a&path=%2F%2Flib64 HTTP/2" 200 27264 "https://www.visitkarimun.com/?path=%2F%2Flib64" "Mozilla/5.0 AppleWebKit/537.36 (KHTML, like Gecko; compatible; GPTBot/1.4; +https://openai.com/gptbot)"
74.7.242.58 - - [25/Sep/2026:20:05:26 +0000] "GET /?path=//tmp HTTP/2" 200 27628 "https://www.visitkarimun.com/?path=%2F%2Ftmp" "Mozilla/5.0 AppleWebKit/537.36 (KHTML, like Gecko; compatible; GPTBot/1.4; +https://openai.com/gptbot)"
66.249.66.193 - - [25/Sep/2026:20:05:26 +0000] "GET /?action=edit&file=class.wp-scripts.php&path=%2Fhome%2Fkarimun%2Fpublic_html%2Fwp-includes HTTP/1.1" 200 27457 "-" "Mozilla/5.0 (Linux; Android 6.0.1; Nexus 5X Build/MMB29P) AppleWebKit/537.36 (KHTML, like Gecko) Chrome/153.0.8010.52 Mobile Safari/537.36 (compatible; Googlebot/2.1; +http://www.google.com/bot.html)"
74.7.242.58 - - [25/Sep/2026:20:05:26 +0000] "GET /?path=//opt HTTP/2" 200 27940 "https://www.visitkarimun.com/?path=%2F%2Fopt" "Mozilla/5.0 AppleWebKit/537.36 (KHTML, like Gecko; compatible; GPTBot/1.4; +https://openai.com/gptbot)"
74.7.242.58 - - [25/Sep/2026:20:05:27 +0000] "GET /?path=%2F%2Flib64%2Fc%2B%2B-plesk-13.2.0 HTTP/2" 200 27584 "https://www.visitkarimun.com/?path=%2F%2Flib64" "Mozilla/5.0 AppleWebKit/537.36 (KHTML, like Gecko; compatible; GPTBot/1.4; +https://openai.com/gptbot)"
74.7.242.58 - - [25/Sep/2026:20:05:28 +0000] "GET /?action=edit&file=c89&path=%2F%2Fbin HTTP/2" 200 27421 "https://www.visitkarimun.com/?path=%2F%2Fbin" "Mozilla/5.0 AppleWebKit/537.36 (KHTML, like Gecko; compatible; GPTBot/1.4; +https://openai.com/gptbot)"
74.7.242.58 - - [25/Sep/2026:20:05:29 +0000] "GET /?path=//etc HTTP/2" 200 28550 "https://www.visitkarimun.com/?path=%2F%2Fetc" "Mozilla/5.0 AppleWebKit/537.36 (KHTML, like Gecko; compatible; GPTBot/1.4; +https://openai.com/gptbot)"
74.7.242.58 - - [25/Sep/2026:20:05:29 +0000] "GET /?path=//lib64/gdk-pixbuf-2.0 HTTP/2" 200 27562 "https://www.visitkarimun.com/?path=%2F%2Flib64%2Fgdk-pixbuf-2.0" "Mozilla/5.0 AppleWebKit/537.36 (KHTML, like Gecko; compatible; GPTBot/1.4; +https://openai.com/gptbot)"
74.7.242.58 - - [25/Sep/2026:20:05:30 +0000] "GET /?path=//var HTTP/2" 200 27635 "https://www.visitkarimun.com/?path=%2F%2Fvar" "Mozilla/5.0 AppleWebKit/537.36 (KHTML, like Gecko; compatible; GPTBot/1.4; +https://openai.com/gptbot)"
74.7.242.58 - - [25/Sep/2026:20:05:31 +0000] "GET /?action=edit&file=m4&path=%2F%2Fbin HTTP/2" 200 27275 "https://www.visitkarimun.com/?path=%2F%2Fbin" "Mozilla/5.0 AppleWebKit/537.36 (KHTML, like Gecko; compatible; GPTBot/1.4; +https://openai.com/gptbot)"
74.7.242.58 - - [25/Sep/2026:20:05:32 +0000] "GET /?path=//lib64/tracker-3.0 HTTP/2" 200 27603 "https://www.visitkarimun.com/?path=%2F%2Flib64%2Ftracker-3.0" "Mozilla/5.0 AppleWebKit/537.36 (KHTML, like Gecko; compatible; GPTBot/1.4; +https://openai.com/gptbot)"
74.7.242.58 - - [25/Sep/2026:20:05:32 +0000] "GET /?path=//lib64/fwupd-2.0.19 HTTP/2" 200 27640 "https://www.visitkarimun.com/?path=%2F%2Flib64%2Ffwupd-2.0.19" "Mozilla/5.0 AppleWebKit/537.36 (KHTML, like Gecko; compatible; GPTBot/1.4; +https://openai.com/gptbot)"
74.7.242.58 - - [25/Sep/2026:20:05:33 +0000] "GET /?path=%2F%2Flib64%2Fgdk-pixbuf-2.0%2F2.10.0 HTTP/2" 200 27590 "https://www.visitkarimun.com/?path=%2F%2Flib64%2Fgdk-pixbuf-2.0" "Mozilla/5.0 AppleWebKit/537.36 (KHTML, like Gecko; compatible; GPTBot/1.4; +https://openai.com/gptbot)"
74.7.242.58 - - [25/Sep/2026:20:05:34 +0000] "GET /?path=%2F%2Flib64%2FNetworkManager HTTP/2" 200 27592 "https://www.visitkarimun.com/?path=%2F%2Flib64" "Mozilla/5.0 AppleWebKit/537.36 (KHTML, like Gecko; compatible; GPTBot/1.4; +https://openai.com/gptbot)"
57.141.2.62 - - [25/Sep/2026:19:59:59 +0000] "GET /paket-wisata-karimunjawa-tahun-baru/ HTTP/2" 200 43255 "-" "Mozilla/5.0 (Macintosh; Intel Mac OS X 10_15_7) AppleWebKit/537.36 (KHTML, like Gecko) Chrome/145.0.0.0 Safari/537.36 (compatible; meta-webindexer/1.1 (+https://developers.facebook.com/docs/sharing/webmasters/crawler))"
66.249.66.35 - - [25/Sep/2026:20:00:17 +0000] "GET /?action=edit&file=code-editor-rtl.min.css&path=%2Fhome%2Fkarimun%2Fpublic_html%2Fwp-admin%2Fcss HTTP/1.1" 200 27642 "-" "Mozilla/5.0 (Linux; Android 6.0.1; Nexus 5X Build/MMB29P) AppleWebKit/537.36 (KHTML, like Gecko) Chrome/153.0.8010.52 Mobile Safari/537.36 (compatible; Googlebot/2.1; +http://www.google.com/bot.html)"
66.249.66.35 - - [25/Sep/2026:20:00:26 +0000] "GET /?action=edit&file=w-logo-white.png&path=%2Fhome%2Fkarimun%2Fpublic_html%2Fwp-admin%2Fimages HTTP/1.1" 200 27275 "-" "Mozilla/5.0 (Linux; Android 6.0.1; Nexus 5X Build/MMB29P) AppleWebKit/537.36 (KHTML, like Gecko) Chrome/153.0.8010.52 Mobile Safari/537.36 (compatible; Googlebot/2.1; +http://www.google.com/bot.html)"
66.249.66.35 - - [25/Sep/2026:20:00:34 +0000] "GET /category/blog-artikel/?action=edit&file=class-wp-widget-search.php&path=%2Fhome%2Fkarimun%2Fpublic_html%2Fwp-includes%2Fwidgets HTTP/1.1" 200 28913 "-" "Mozilla/5.0 (Linux; Android 6.0.1; Nexus 5X Build/MMB29P) AppleWebKit/537.36 (KHTML, like Gecko) Chrome/153.0.8010.52 Mobile Safari/537.36 (compatible; Googlebot/2.1; +http://www.google.com/bot.html)"
74.7.242.58 - - [25/Sep/2026:20:05:35 +0000] "GET /?path=%2F%2Flib64%2Fllvm21 HTTP/2" 200 27584 "https://www.visitkarimun.com/?path=%2F%2Flib64" "Mozilla/5.0 AppleWebKit/537.36 (KHTML, like Gecko; compatible; GPTBot/1.4; +https://openai.com/gptbot)"
74.7.242.58 - - [25/Sep/2026:20:05:36 +0000] "GET /?path=%2F%2Flib64%2FX11 HTTP/2" 200 27429 "https://www.visitkarimun.com/?path=%2F%2Flib64" "Mozilla/5.0 AppleWebKit/537.36 (KHTML, like Gecko; compatible; GPTBot/1.4; +https://openai.com/gptbot)"
192.250.235.217 - - [25/Sep/2026:20:05:37 +0000] "POST /wp-cron.php?doing_wp_cron=1790366737.4070179462432861328125 HTTP/1.1" 200 0 "-" "WordPress/7.1.2; https://www.visitkarimun.com"
74.7.242.58 - - [25/Sep/2026:20:05:37 +0000] "GET /?action=edit&file=profile&path=%2F%2Fetc HTTP/2" 200 28557 "https://www.visitkarimun.com/?path=%2F%2Fetc" "Mozilla/5.0 AppleWebKit/537.36 (KHTML, like Gecko; compatible; GPTBot/1.4; +https://openai.com/gptbot)"
74.7.242.58 - - [25/Sep/2026:20:05:37 +0000] "GET /?path=//lib HTTP/2" 200 28004 "https://www.visitkarimun.com/?path=%2F%2Flib" "Mozilla/5.0 AppleWebKit/537.36 (KHTML, like Gecko; compatible; GPTBot/1.4; +https://openai.com/gptbot)"
74.7.242.58 - - [25/Sep/2026:20:05:38 +0000] "GET /?path=//bin HTTP/2" 200 34121 "https://www.visitkarimun.com/?path=%2F%2Fbin" "Mozilla/5.0 AppleWebKit/537.36 (KHTML, like Gecko; compatible; GPTBot/1.4; +https://openai.com/gptbot)"
74.7.242.58 - - [25/Sep/2026:20:05:39 +0000] "GET /?path=//run HTTP/2" 200 27686 "https://www.visitkarimun.com/?path=%2F%2Frun" "Mozilla/5.0 AppleWebKit/537.36 (KHTML, like Gecko; compatible; GPTBot/1.4; +https://openai.com/gptbot)"
74.7.242.58 - - [25/Sep/2026:20:05:39 +0000] "GET /?path=//usr HTTP/2" 200 27597 "https://www.visitkarimun.com/?path=%2F%2Fusr" "Mozilla/5.0 AppleWebKit/537.36 (KHTML, like Gecko; compatible; GPTBot/1.4; +https://openai.com/gptbot)"
74.7.242.58 - - [25/Sep/2026:20:05:40 +0000] "GET /?path=//root HTTP/2" 200 27458 "https://www.visitkarimun.com/?path=%2F%2Froot" "Mozilla/5.0 AppleWebKit/537.36 (KHTML, like Gecko; compatible; GPTBot/1.4; +https://openai.com/gptbot)"
74.7.242.58 - - [25/Sep/2026:20:05:41 +0000] "GET /%22https:/www.visitkarimun.com/wp-content/uploads/2023/05/liburan-ke-karimunjawa.jpg/%22?path=/ HTTP/2" 301 849 "https://www.visitkarimun.com/%22https:/www.visitkarimun.com/wp-content/uploads/2023/05/liburan-ke-karimunjawa.jpg/%22" "Mozilla/5.0 AppleWebKit/537.36 (KHTML, like Gecko; compatible; GPTBot/1.4; +https://openai.com/gptbot)"
74.7.242.58 - - [25/Sep/2026:20:05:42 +0000] "GET /%22https:/www.visitkarimun.com/wp-content/uploads/2023/05/liburan-ke-karimunjawa.jpg/?path=/ HTTP/2" 404 15978 "https://www.visitkarimun.com/%22https:/www.visitkarimun.com/wp-content/uploads/2023/05/liburan-ke-karimunjawa.jpg/%22?path=/" "Mozilla/5.0 AppleWebKit/537.36 (KHTML, like Gecko; compatible; GPTBot/1.4; +https://openai.com/gptbot)"
74.7.242.58 - - [25/Sep/2026:20:05:42 +0000] "GET /?path=//lib64/gdk-pixbuf-2.0/2.10.0 HTTP/2" 200 27590 "https://www.visitkarimun.com/?path=%2F%2Flib64%2Fgdk-pixbuf-2.0%2F2.10.0" "Mozilla/5.0 AppleWebKit/537.36 (KHTML, like Gecko; compatible; GPTBot/1.4; +https://openai.com/gptbot)"
74.7.242.58 - - [25/Sep/2026:20:05:43 +0000] "GET /?action=edit&file=crti.o&path=%2F%2Flib64 HTTP/2" 200 27264 "https://www.visitkarimun.com/?path=%2F%2Flib64" "Mozilla/5.0 AppleWebKit/537.36 (KHTML, like Gecko; compatible; GPTBot/1.4; +https://openai.com/gptbot)"
74.7.242.58 - - [25/Sep/2026:20:05:44 +0000] "GET /?path=//lib64/llvm21 HTTP/2" 200 27584 "https://www.visitkarimun.com/?path=%2F%2Flib64%2Fllvm21" "Mozilla/5.0 AppleWebKit/537.36 (KHTML, like Gecko; compatible; GPTBot/1.4; +https://openai.com/gptbot)"
74.7.242.58 - - [25/Sep/2026:20:05:45 +0000] "GET /?path=//lib64/X11 HTTP/2" 200 27429 "https://www.visitkarimun.com/?path=%2F%2Flib64%2FX11" "Mozilla/5.0 AppleWebKit/537.36 (KHTML, like Gecko; compatible; GPTBot/1.4; +https://openai.com/gptbot)"
66.249.66.193 - - [25/Sep/2026:20:05:45 +0000] "GET /?action=edit&file=feed-rss.php&path=%2Fhome%2Fkarimun%2Fpublic_html%2Fwp-includes HTTP/1.1" 200 27790 "-" "Mozilla/5.0 (Linux; Android 6.0.1; Nexus 5X Build/MMB29P) AppleWebKit/537.36 (KHTML, like Gecko) Chrome/153.0.8010.52 Mobile Safari/537.36 (compatible; Googlebot/2.1; +http://www.google.com/bot.html)"
74.7.242.58 - - [25/Sep/2026:20:05:45 +0000] "GET /?path=%2F%2Flib64%2FNetworkManager%2F1.54.3-5.el9_8 HTTP/2" 200 27601 "https://www.visitkarimun.com/?path=%2F%2Flib64%2FNetworkManager" "Mozilla/5.0 AppleWebKit/537.36 (KHTML, like Gecko; compatible; GPTBot/1.4; +https://openai.com/gptbot)"
74.7.242.58 - - [25/Sep/2026:20:05:46 +0000] "GET /?path=%2F%2Flib64%2Fpkcs11 HTTP/2" 200 27567 "https://www.visitkarimun.com/?path=%2F%2Flib64" "Mozilla/5.0 AppleWebKit/537.36 (KHTML, like Gecko; compatible; GPTBot/1.4; +https://openai.com/gptbot)"
74.7.242.58 - - [25/Sep/2026:20:05:47 +0000] "GET /?path=//lib64/c++-plesk-13.2.0 HTTP/2" 200 27481 "https://www.visitkarimun.com/?path=%2F%2Flib64%2Fc%2B%2B-plesk-13.2.0" "Mozilla/5.0 AppleWebKit/537.36 (KHTML, like Gecko; compatible; GPTBot/1.4; +https://openai.com/gptbot)"
74.7.242.58 - - [25/Sep/2026:20:05:48 +0000] "GET /?path=%2F%2Flib64%2Ftracker-miners-3.0 HTTP/2" 200 27620 "https://www.visitkarimun.com/?path=%2F%2Flib64" "Mozilla/5.0 AppleWebKit/537.36 (KHTML, like Gecko; compatible; GPTBot/1.4; +https://openai.com/gptbot)"
74.7.242.58 - - [25/Sep/2026:20:05:49 +0000] "GET /?path=%2F%2Flib64%2Fgstreamer-1.0 HTTP/2" 200 28156 "https://www.visitkarimun.com/?path=%2F%2Flib64" "Mozilla/5.0 AppleWebKit/537.36 (KHTML, like Gecko; compatible; GPTBot/1.4; +https://openai.com/gptbot)"
74.7.242.58 - - [25/Sep/2026:20:05:49 +0000] "GET /?path=//lib/fontconfig HTTP/2" 200 27535 "https://www.visitkarimun.com/?path=%2F%2Flib%2Ffontconfig" "Mozilla/5.0 AppleWebKit/537.36 (KHTML, like Gecko; compatible; GPTBot/1.4; +https://openai.com/gptbot)"
74.7.242.58 - - [25/Sep/2026:20:05:50 +0000] "GET /?path=//proc HTTP/2" 200 28156 "https://www.visitkarimun.com/?path=%2F%2Fproc" "Mozilla/5.0 AppleWebKit/537.36 (KHTML, like Gecko; compatible; GPTBot/1.4; +https://openai.com/gptbot)"
74.7.242.58 - - [25/Sep/2026:20:05:51 +0000] "GET /?path=%2F%2Flib64%2Fgirepository-1.0 HTTP/2" 200 28903 "https://www.visitkarimun.com/?path=%2F%2Flib64" "Mozilla/5.0 AppleWebKit/537.36 (KHTML, like Gecko; compatible; GPTBot/1.4; +https://openai.com/gptbot)"
74.7.242.58 - - [25/Sep/2026:20:05:52 +0000] "GET /?path=%2F%2Flib64%2Fglib-2.0 HTTP/2" 200 27558 "https://www.visitkarimun.com/?path=%2F%2Flib64" "Mozilla/5.0 AppleWebKit/537.36 (KHTML, like Gecko; compatible; GPTBot/1.4; +https://openai.com/gptbot)"
74.7.242.58 - - [25/Sep/2026:20:05:53 +0000] "GET /?path=//lib64/gnome-settings-daemon-3.0 HTTP/2" 200 27491 "https://www.visitkarimun.com/?path=%2F%2Flib64%2Fgnome-settings-daemon-3.0" "Mozilla/5.0 AppleWebKit/537.36 (KHTML, like Gecko; compatible; GPTBot/1.4; +https://openai.com/gptbot)"
74.7.242.58 - - [25/Sep/2026:20:05:53 +0000] "GET /%22https:/www.visitkarimun.com/wp-content/uploads/2023/05/liburan-ke-karimunjawa.jpg/%22?path=%2Fhome%2Fkarimun%2Fpublic_html%2Fwp-admin HTTP/2" 200 2282 "https://www.visitkarimun.com/%22https:/www.visitkarimun.com/wp-content/uploads/2023/05/liburan-ke-karimunjawa.jpg/%22" "Mozilla/5.0 AppleWebKit/537.36 (KHTML, like Gecko; compatible; GPTBot/1.4; +https://openai.com/gptbot)"
74.7.242.58 - - [25/Sep/2026:20:05:54 +0000] "GET /?path=//lib64/NetworkManager/1.54.3-5.el9_8 HTTP/2" 200 27601 "https://www.visitkarimun.com/?path=%2F%2Flib64%2FNetworkManager%2F1.54.3-5.el9_8" "Mozilla/5.0 AppleWebKit/537.36 (KHTML, like Gecko; compatible; GPTBot/1.4; +https://openai.com/gptbot)"
66.249.66.193 - - [25/Sep/2026:20:05:54 +0000] "GET /category/blog-artikel/?action=edit&file=user-edit.php&path=%2Fhome%2Fkarimun%2Fpublic_html%2Fwp-admin HTTP/1.1" 200 38838 "-" "Mozilla/5.0 (Linux; Android 6.0.1; Nexus 5X Build/MMB29P) AppleWebKit/537.36 (KHTML, like Gecko) Chrome/153.0.8010.52 Mobile Safari/537.36 (compatible; Googlebot/2.1; +http://www.google.com/bot.html)"
74.7.242.58 - - [25/Sep/2026:20:05:55 +0000] "GET /?path=//lib64/pkcs11 HTTP/2" 200 27567 "https://www.visitkarimun.com/?path=%2F%2Flib64%2Fpkcs11" "Mozilla/5.0 AppleWebKit/537.36 (KHTML, like Gecko; compatible; GPTBot/1.4; +https://openai.com/gptbot)"
74.7.242.58 - - [25/Sep/2026:20:05:55 +0000] "GET /?path=//lib64/c%20%20-plesk-13.2.0 HTTP/2" 200 27481 "https://www.visitkarimun.com/?path=//lib64/c++-plesk-13.2.0" "Mozilla/5.0 AppleWebKit/537.36 (KHTML, like Gecko; compatible; GPTBot/1.4; +https://openai.com/gptbot)"
74.7.242.58 - - [25/Sep/2026:20:05:56 +0000] "GET /?path=//lib64/tracker-miners-3.0 HTTP/2" 200 27620 "https://www.visitkarimun.com/?path=%2F%2Flib64%2Ftracker-miners-3.0" "Mozilla/5.0 AppleWebKit/537.36 (KHTML, like Gecko; compatible; GPTBot/1.4; +https://openai.com/gptbot)"
74.7.242.58 - - [25/Sep/2026:20:05:57 +0000] "GET /?path=//lib64/gstreamer-1.0 HTTP/2" 200 28156 "https://www.visitkarimun.com/?path=%2F%2Flib64%2Fgstreamer-1.0" "Mozilla/5.0 AppleWebKit/537.36 (KHTML, like Gecko; compatible; GPTBot/1.4; +https://openai.com/gptbot)"
66.249.66.35 - - [25/Sep/2026:20:05:57 +0000] "GET /rincian-biaya-wisata-karimunjawa/?action=edit&file=class-wp-styles.php&path=%2Fhome%2Fkarimun%2Fpublic_html%2Fwp-includes HTTP/1.1" 200 65441 "-" "Mozilla/5.0 (Linux; Android 6.0.1; Nexus 5X Build/MMB29P) AppleWebKit/537.36 (KHTML, like Gecko) Chrome/153.0.8010.52 Mobile Safari/537.36 (compatible; Googlebot/2.1; +http://www.google.com/bot.html)"
74.7.242.58 - - [25/Sep/2026:20:05:58 +0000] "GET /?path=%2F%2Flib64%2Ftracker-miners-3.0%2Fwriteback-modules HTTP/2" 200 27615 "https://www.visitkarimun.com/?path=%2F%2Flib64%2Ftracker-miners-3.0" "Mozilla/5.0 AppleWebKit/537.36 (KHTML, like Gecko; compatible; GPTBot/1.4; +https://openai.com/gptbot)"
74.7.242.58 - - [25/Sep/2026:20:05:59 +0000] "GET /?action=edit&file=tclsh8.6&path=%2F%2Fbin HTTP/2" 200 27224 "https://www.visitkarimun.com/?path=%2F%2Fbin" "Mozilla/5.0 AppleWebKit/537.36 (KHTML, like Gecko; compatible; GPTBot/1.4; +https://openai.com/gptbot)"
74.7.242.58 - - [25/Sep/2026:20:05:59 +0000] "GET /?path=//lib64/girepository-1.0 HTTP/2" 200 28904 "https://www.visitkarimun.com/?path=%2F%2Flib64%2Fgirepository-1.0" "Mozilla/5.0 AppleWebKit/537.36 (KHTML, like Gecko; compatible; GPTBot/1.4; +https://openai.com/gptbot)"
74.7.242.58 - - [25/Sep/2026:20:06:00 +0000] "GET /?path=//lib64/glib-2.0 HTTP/2" 200 27558 "https://www.visitkarimun.com/?path=%2F%2Flib64%2Fglib-2.0" "Mozilla/5.0 AppleWebKit/537.36 (KHTML, like Gecko; compatible; GPTBot/1.4; +https://openai.com/gptbot)"
74.7.242.58 - - [25/Sep/2026:20:06:01 +0000] "GET /?action=edit&file=crtn.o&path=%2F%2Flib64 HTTP/2" 200 27264 "https://www.visitkarimun.com/?path=%2F%2Flib64" "Mozilla/5.0 AppleWebKit/537.36 (KHTML, like Gecko; compatible; GPTBot/1.4; +https://openai.com/gptbot)"
74.7.242.58 - - [25/Sep/2026:20:06:01 +0000] "GET /%22https:/www.visitkarimun.com/wp-content/uploads/2023/05/liburan-ke-karimunjawa.jpg/%22?action=edit&file=admin-functions.php&path=%2Fhome%2Fkarimun%2Fpublic_html%2Fwp-admin HTTP/2" 301 747 "https://www.visitkarimun.com/%22https:/www.visitkarimun.com/wp-content/uploads/2023/05/liburan-ke-karimunjawa.jpg/%22?path=%2Fhome%2Fkarimun%2Fpublic_html%2Fwp-admin" "Mozilla/5.0 AppleWebKit/537.36 (KHTML, like Gecko; compatible; GPTBot/1.4; +https://openai.com/gptbot)"
74.7.242.58 - - [25/Sep/2026:20:06:02 +0000] "GET /%22https:/www.visitkarimun.com/wp-content/uploads/2023/05/liburan-ke-karimunjawa.jpg/?action=edit&file=admin-functions.php&path=%2Fhome%2Fkarimun%2Fpublic_html%2Fwp-admin HTTP/2" 404 15807 "https://www.visitkarimun.com/%22https:/www.visitkarimun.com/wp-content/uploads/2023/05/liburan-ke-karimunjawa.jpg/%22?action=edit&file=admin-functions.php&path=%2Fhome%2Fkarimun%2Fpublic_html%2Fwp-admin" "Mozilla/5.0 AppleWebKit/537.36 (KHTML, like Gecko; compatible; GPTBot/1.4; +https://openai.com/gptbot)"
74.7.242.58 - - [25/Sep/2026:20:06:02 +0000] "GET /%22https:/www.visitkarimun.com/wp-content/uploads/2023/05/liburan-ke-karimunjawa.jpg/%22?action=edit&file=themes.php&path=%2Fhome%2Fkarimun%2Fpublic_html%2Fwp-admin HTTP/2" 200 9940 "https://www.visitkarimun.com/%22https:/www.visitkarimun.com/wp-content/uploads/2023/05/liburan-ke-karimunjawa.jpg/%22?path=%2Fhome%2Fkarimun%2Fpublic_html%2Fwp-admin" "Mozilla/5.0 AppleWebKit/537.36 (KHTML, like Gecko; compatible; GPTBot/1.4; +https://openai.com/gptbot)"
74.7.242.58 - - [25/Sep/2026:20:06:03 +0000] "GET /?action=edit&file=pydoc3.9&path=%2F%2Fbin HTTP/2" 200 27314 "https://www.visitkarimun.com/?path=%2F%2Fbin" "Mozilla/5.0 AppleWebKit/537.36 (KHTML, like Gecko; compatible; GPTBot/1.4; +https://openai.com/gptbot)"
74.7.242.58 - - [25/Sep/2026:20:06:04 +0000] "GET /?path=%2F%2Flib64%2Fgtk-3.0 HTTP/2" 200 27570 "https://www.visitkarimun.com/?path=%2F%2Flib64" "Mozilla/5.0 AppleWebKit/537.36 (KHTML, like Gecko; compatible; GPTBot/1.4; +https://openai.com/gptbot)"
74.7.242.58 - - [25/Sep/2026:20:06:05 +0000] "GET /?path=%2F%2Flib64%2Fpython3.9 HTTP/2" 200 30377 "https://www.visitkarimun.com/?path=%2F%2Flib64" "Mozilla/5.0 AppleWebKit/537.36 (KHTML, like Gecko; compatible; GPTBot/1.4; +https://openai.com/gptbot)"
74.7.242.58 - - [25/Sep/2026:20:06:05 +0000] "GET /?action=edit&file=dnstap-read&path=%2F%2Fbin HTTP/2" 200 27294 "https://www.visitkarimun.com/?path=%2F%2Fbin" "Mozilla/5.0 AppleWebKit/537.36 (KHTML, like Gecko; compatible; GPTBot/1.4; +https://openai.com/gptbot)"
74.7.242.58 - - [25/Sep/2026:20:06:06 +0000] "GET /?path=%2F%2Flib64%2Fspa-0.2 HTTP/2" 200 27654 "https://www.visitkarimun.com/?path=%2F%2Flib64" "Mozilla/5.0 AppleWebKit/537.36 (KHTML, like Gecko; compatible; GPTBot/1.4; +https://openai.com/gptbot)"
74.7.242.58 - - [25/Sep/2026:20:06:07 +0000] "GET /?path=%2F%2Flib64%2Fgtk-2.0 HTTP/2" 200 27565 "https://www.visitkarimun.com/?path=%2F%2Flib64" "Mozilla/5.0 AppleWebKit/537.36 (KHTML, like Gecko; compatible; GPTBot/1.4; +https://openai.com/gptbot)"
74.7.242.58 - - [25/Sep/2026:20:06:08 +0000] "GET /?path=%2F%2Flib64%2Flibuv HTTP/2" 200 27588 "https://www.visitkarimun.com/?path=%2F%2Flib64" "Mozilla/5.0 AppleWebKit/537.36 (KHTML, like Gecko; compatible; GPTBot/1.4; +https://openai.com/gptbot)"
74.7.242.58 - - [25/Sep/2026:20:06:09 +0000] "GET /?path=%2F%2Flib64%2Flibnl HTTP/2" 200 27457 "https://www.visitkarimun.com/?path=%2F%2Flib64" "Mozilla/5.0 AppleWebKit/537.36 (KHTML, like Gecko; compatible; GPTBot/1.4; +https://openai.com/gptbot)"
74.7.242.58 - - [25/Sep/2026:20:06:09 +0000] "GET /?action=edit&file=eps2eps&path=%2F%2Fbin HTTP/2" 200 27713 "https://www.visitkarimun.com/?path=%2F%2Fbin" "Mozilla/5.0 AppleWebKit/537.36 (KHTML, like Gecko; compatible; GPTBot/1.4; +https://openai.com/gptbot)"
74.7.242.58 - - [25/Sep/2026:20:06:10 +0000] "GET /?path=%2F%2Flib64%2Fc%2B%2B-plesk-13.2.0%2Flib64 HTTP/2" 200 27627 "https://www.visitkarimun.com/?path=%2F%2Flib64%2Fc%2B%2B-plesk-13.2.0" "Mozilla/5.0 AppleWebKit/537.36 (KHTML, like Gecko; compatible; GPTBot/1.4; +https://openai.com/gptbot)"
74.7.242.58 - - [25/Sep/2026:20:06:11 +0000] "GET /?action=edit&file=GIRepository-2.0.typelib&path=%2F%2Flib64%2Fgirepository-1.0 HTTP/2" 200 27261 "https://www.visitkarimun.com/?path=%2F%2Flib64%2Fgirepository-1.0" "Mozilla/5.0 AppleWebKit/537.36 (KHTML, like Gecko; compatible; GPTBot/1.4; +https://openai.com/gptbot)"
74.7.242.58 - - [25/Sep/2026:20:06:12 +0000] "GET /?action=edit&file=base32&path=%2F%2Fbin HTTP/2" 200 27264 "https://www.visitkarimun.com/?path=%2F%2Fbin" "Mozilla/5.0 AppleWebKit/537.36 (KHTML, like Gecko; compatible; GPTBot/1.4; +https://openai.com/gptbot)"
74.7.242.58 - - [25/Sep/2026:20:06:12 +0000] "GET /?path=//lib64/gtk-3.0 HTTP/2" 200 27570 "https://www.visitkarimun.com/?path=%2F%2Flib64%2Fgtk-3.0" "Mozilla/5.0 AppleWebKit/537.36 (KHTML, like Gecko; compatible; GPTBot/1.4; +https://openai.com/gptbot)"
66.249.66.193 - - [25/Sep/2026:20:06:13 +0000] "GET /category/blog-artikel/?action=edit&file=module.audio-video.riff.php&path=%2Fhome%2Fkarimun%2Fpublic_html%2Fwp-includes%2FID3 HTTP/1.1" 200 59332 "-" "Mozilla/5.0 (Linux; Android 6.0.1; Nexus 5X Build/MMB29P) AppleWebKit/537.36 (KHTML, like Gecko) Chrome/153.0.8010.52 Mobile Safari/537.36 (compatible; Googlebot/2.1; +http://www.google.com/bot.html)"
74.7.242.58 - - [25/Sep/2026:20:06:13 +0000] "GET /?action=edit&file=_collections_abc.py&path=%2F%2Flib64%2Fpython3.9 HTTP/2" 200 34406 "https://www.visitkarimun.com/?path=%2F%2Flib64%2Fpython3.9" "Mozilla/5.0 AppleWebKit/537.36 (KHTML, like Gecko; compatible; GPTBot/1.4; +https://openai.com/gptbot)"
74.7.242.58 - - [25/Sep/2026:20:06:14 +0000] "GET /?action=edit&file=secrets.py&path=%2F%2Flib64%2Fpython3.9 HTTP/2" 200 28160 "https://www.visitkarimun.com/?path=%2F%2Flib64%2Fpython3.9" "Mozilla/5.0 AppleWebKit/537.36 (KHTML, like Gecko; compatible; GPTBot/1.4; +https://openai.com/gptbot)"
74.7.242.58 - - [25/Sep/2026:20:06:15 +0000] "GET /?action=edit&file=configparser.py&path=%2F%2Flib64%2Fpython3.9 HTTP/2" 200 40512 "https://www.visitkarimun.com/?path=%2F%2Flib64%2Fpython3.9" "Mozilla/5.0 AppleWebKit/537.36 (KHTML, like Gecko; compatible; GPTBot/1.4; +https://openai.com/gptbot)"
74.7.242.58 - - [25/Sep/2026:20:06:15 +0000] "GET /?action=edit&file=asynchat.py&path=%2F%2Flib64%2Fpython3.9 HTTP/2" 200 31111 "https://www.visitkarimun.com/?path=%2F%2Flib64%2Fpython3.9" "Mozilla/5.0 AppleWebKit/537.36 (KHTML, like Gecko; compatible; GPTBot/1.4; +https://openai.com/gptbot)"
74.7.242.58 - - [25/Sep/2026:20:06:16 +0000] "GET /?path=//lib64/libuv HTTP/2" 200 27588 "https://www.visitkarimun.com/?path=%2F%2Flib64%2Flibuv" "Mozilla/5.0 AppleWebKit/537.36 (KHTML, like Gecko; compatible; GPTBot/1.4; +https://openai.com/gptbot)"
74.7.242.58 - - [25/Sep/2026:20:06:16 +0000] "GET /?path=//lib64/libnl HTTP/2" 200 27457 "https://www.visitkarimun.com/?path=%2F%2Flib64%2Flibnl" "Mozilla/5.0 AppleWebKit/537.36 (KHTML, like Gecko; compatible; GPTBot/1.4; +https://openai.com/gptbot)"
74.7.242.58 - - [25/Sep/2026:20:06:17 +0000] "GET /?path=//lib64/python3.9 HTTP/2" 200 30377 "https://www.visitkarimun.com/?path=%2F%2Flib64%2Fpython3.9" "Mozilla/5.0 AppleWebKit/537.36 (KHTML, like Gecko; compatible; GPTBot/1.4; +https://openai.com/gptbot)"
74.7.242.58 - - [25/Sep/2026:20:06:18 +0000] "GET /?path=%2F%2Flib64%2Fgtk-2.0%2F2.10.0 HTTP/2" 200 27604 "https://www.visitkarimun.com/?path=%2F%2Flib64%2Fgtk-2.0" "Mozilla/5.0 AppleWebKit/537.36 (KHTML, like Gecko; compatible; GPTBot/1.4; +https://openai.com/gptbot)"
74.7.242.58 - - [25/Sep/2026:20:06:19 +0000] "GET /?path=//lib64/spa-0.2 HTTP/2" 200 27654 "https://www.visitkarimun.com/?path=%2F%2Flib64%2Fspa-0.2" "Mozilla/5.0 AppleWebKit/537.36 (KHTML, like Gecko; compatible; GPTBot/1.4; +https://openai.com/gptbot)"
74.7.242.58 - - [25/Sep/2026:20:06:19 +0000] "GET /?path=//lib64/gtk-2.0 HTTP/2" 200 27565 "https://www.visitkarimun.com/?path=%2F%2Flib64%2Fgtk-2.0" "Mozilla/5.0 AppleWebKit/537.36 (KHTML, like Gecko; compatible; GPTBot/1.4; +https://openai.com/gptbot)"
74.7.242.58 - - [25/Sep/2026:20:06:20 +0000] "GET /?path=%2F%2Flib64%2Fgtk-3.0%2F3.0.0 HTTP/2" 200 27607 "https://www.visitkarimun.com/?path=%2F%2Flib64%2Fgtk-3.0" "Mozilla/5.0 AppleWebKit/537.36 (KHTML, like Gecko; compatible; GPTBot/1.4; +https://openai.com/gptbot)"
74.7.242.58 - - [25/Sep/2026:20:06:21 +0000] "GET /?path=//lib64/c++-plesk-13.2.0/lib64 HTTP/2" 200 27468 "https://www.visitkarimun.com/?path=%2F%2Flib64%2Fc%2B%2B-plesk-13.2.0%2Flib64" "Mozilla/5.0 AppleWebKit/537.36 (KHTML, like Gecko; compatible; GPTBot/1.4; +https://openai.com/gptbot)"
74.7.242.58 - - [25/Sep/2026:20:06:22 +0000] "GET /?action=edit&file=libgcc_s.so.1&path=%2F%2Flib64%2Fc%2B%2B-plesk-13.2.0%2Flib64 HTTP/2" 200 27278 "https://www.visitkarimun.com/?path=%2F%2Flib64%2Fc%2B%2B-plesk-13.2.0%2Flib64" "Mozilla/5.0 AppleWebKit/537.36 (KHTML, like Gecko; compatible; GPTBot/1.4; +https://openai.com/gptbot)"
66.249.66.65 - - [25/Sep/2026:20:06:22 +0000] "GET /category/blog-artikel/?action=edit&file=dma&path=%2F%2Fproc HTTP/1.1" 200 27734 "-" "Mozilla/5.0 (Linux; Android 6.0.1; Nexus 5X Build/MMB29P) AppleWebKit/537.36 (KHTML, like Gecko) Chrome/153.0.8010.52 Mobile Safari/537.36 (compatible; Googlebot/2.1; +http://www.google.com/bot.html)"
74.7.242.58 - - [25/Sep/2026:20:06:23 +0000] "GET /?path=%2F%2Flib64%2Fpython3.9%2Fconfig-3.9-x86_64-linux-gnu HTTP/2" 200 27695 "https://www.visitkarimun.com/?path=%2F%2Flib64%2Fpython3.9" "Mozilla/5.0 AppleWebKit/537.36 (KHTML, like Gecko; compatible; GPTBot/1.4; +https://openai.com/gptbot)"
66.249.66.65 - - [25/Sep/2026:20:06:23 +0000] "GET /?action=edit&file=class-simplepie.php&path=%2Fhome%2Fkarimun%2Fpublic_html%2Fwp-includes HTTP/1.1" 200 27580 "-" "Mozilla/5.0 (Linux; Android 6.0.1; Nexus 5X Build/MMB29P) AppleWebKit/537.36 (KHTML, like Gecko) Chrome/153.0.8010.52 Mobile Safari/537.36 (compatible; Googlebot/2.1; +http://www.google.com/bot.html)"
74.7.242.58 - - [25/Sep/2026:20:06:24 +0000] "GET /?action=edit&file=libstdc%2B%2B.so.6&path=%2F%2Flib64%2Fc%2B%2B-plesk-13.2.0%2Flib64 HTTP/2" 200 27258 "https://www.visitkarimun.com/?path=%2F%2Flib64%2Fc%2B%2B-plesk-13.2.0%2Flib64" "Mozilla/5.0 AppleWebKit/537.36 (KHTML, like Gecko; compatible; GPTBot/1.4; +https://openai.com/gptbot)"
74.7.242.58 - - [25/Sep/2026:20:06:24 +0000] "GET /?action=edit&file=libstdc%2B%2B.so.6.0.32&path=%2F%2Flib64%2Fc%2B%2B-plesk-13.2.0%2Flib64 HTTP/2" 200 27331 "https://www.visitkarimun.com/?path=%2F%2Flib64%2Fc%2B%2B-plesk-13.2.0%2Flib64" "Mozilla/5.0 AppleWebKit/537.36 (KHTML, like Gecko; compatible; GPTBot/1.4; +https://openai.com/gptbot)"
213.180.203.88 - - [25/Sep/2026:20:06:24 +0000] "GET /wp-content/uploads/2021/02/karimun-jawa-dari-jogjakarta-768x441.jpg HTTP/2" 200 209862 "-" "Mozilla/5.0 (compatible; YandexImages/3.0; +http://yandex.com/bots)"
66.249.66.35 - - [25/Sep/2026:20:06:24 +0000] "GET /rincian-biaya-wisata-karimunjawa/?action=edit&file=class-wp-post.php&path=%2Fhome%2Fkarimun%2Fpublic_html%2Fwp-includes HTTP/1.1" 200 63947 "-" "Mozilla/5.0 (Linux; Android 6.0.1; Nexus 5X Build/MMB29P) AppleWebKit/537.36 (KHTML, like Gecko) Chrome/153.0.8010.52 Mobile Safari/537.36 (compatible; Googlebot/2.1; +http://www.google.com/bot.html)"
74.7.242.58 - - [25/Sep/2026:20:06:25 +0000] "GET /?action=edit&file=profile.py&path=%2F%2Flib64%2Fpython3.9 HTTP/2" 200 34673 "https://www.visitkarimun.com/?path=%2F%2Flib64%2Fpython3.9" "Mozilla/5.0 AppleWebKit/537.36 (KHTML, like Gecko; compatible; GPTBot/1.4; +https://openai.com/gptbot)"
74.7.242.58 - - [25/Sep/2026:20:06:25 +0000] "GET /?path=%2F%2Flib64%2Fpython3.9%2F__pycache__ HTTP/2" 200 33099 "https://www.visitkarimun.com/?path=%2F%2Flib64%2Fpython3.9" "Mozilla/5.0 AppleWebKit/537.36 (KHTML, like Gecko; compatible; GPTBot/1.4; +https://openai.com/gptbot)"
74.7.242.58 - - [25/Sep/2026:20:06:26 +0000] "GET /?path=%2F%2Flib64%2Fgtk-2.0%2F2.10.0%2Fengines HTTP/2" 200 27594 "https://www.visitkarimun.com/?path=%2F%2Flib64%2Fgtk-2.0%2F2.10.0" "Mozilla/5.0 AppleWebKit/537.36 (KHTML, like Gecko; compatible; GPTBot/1.4; +https://openai.com/gptbot)"
74.7.242.58 - - [25/Sep/2026:20:06:27 +0000] "GET /?path=%2F%2Flib64%2Fpython3.9%2Flib-dynload HTTP/2" 200 28632 "https://www.visitkarimun.com/?path=%2F%2Flib64%2Fpython3.9" "Mozilla/5.0 AppleWebKit/537.36 (KHTML, like Gecko; compatible; GPTBot/1.4; +https://openai.com/gptbot)"
74.7.242.58 - - [25/Sep/2026:20:06:27 +0000] "GET /?action=edit&file=sha224sum&path=%2F%2Fbin HTTP/2" 200 27218 "https://www.visitkarimun.com/?path=%2F%2Fbin" "Mozilla/5.0 AppleWebKit/537.36 (KHTML, like Gecko; compatible; GPTBot/1.4; +https://openai.com/gptbot)"
74.7.242.58 - - [25/Sep/2026:20:06:28 +0000] "GET /?path=//lib64/gtk-3.0/3.0.0 HTTP/2" 200 27607 "https://www.visitkarimun.com/?path=%2F%2Flib64%2Fgtk-3.0%2F3.0.0" "Mozilla/5.0 AppleWebKit/537.36 (KHTML, like Gecko; compatible; GPTBot/1.4; +https://openai.com/gptbot)"
74.7.242.58 - - [25/Sep/2026:20:06:29 +0000] "GET /?path=//lib64/c%20%20-plesk-13.2.0/lib64 HTTP/2" 200 27468 "https://www.visitkarimun.com/?path=//lib64/c++-plesk-13.2.0/lib64" "Mozilla/5.0 AppleWebKit/537.36 (KHTML, like Gecko; compatible; GPTBot/1.4; +https://openai.com/gptbot)"
74.7.242.58 - - [25/Sep/2026:20:06:30 +0000] "GET /?action=edit&file=immodules.cache&path=%2F%2Flib64%2Fgtk-3.0%2F3.0.0 HTTP/2" 200 27431 "https://www.visitkarimun.com/?path=%2F%2Flib64%2Fgtk-3.0%2F3.0.0" "Mozilla/5.0 AppleWebKit/537.36 (KHTML, like Gecko; compatible; GPTBot/1.4; +https://openai.com/gptbot)"
74.7.242.58 - - [25/Sep/2026:20:06:30 +0000] "GET /?path=%2F%2Flib64%2Fpython3.9%2Fconfig-3.9-x86_64-linux-gnu%2F__pycache__ HTTP/2" 200 27623 "https://www.visitkarimun.com/?path=%2F%2Flib64%2Fpython3.9%2Fconfig-3.9-x86_64-linux-gnu" "Mozilla/5.0 AppleWebKit/537.36 (KHTML, like Gecko; compatible; GPTBot/1.4; +https://openai.com/gptbot)"
74.7.242.58 - - [25/Sep/2026:20:06:31 +0000] "GET /?path=//lib64/python3.9/config-3.9-x86_64-linux-gnu HTTP/2" 200 27695 "https://www.visitkarimun.com/?path=%2F%2Flib64%2Fpython3.9%2Fconfig-3.9-x86_64-linux-gnu" "Mozilla/5.0 AppleWebKit/537.36 (KHTML, like Gecko; compatible; GPTBot/1.4; +https://openai.com/gptbot)"
74.7.242.58 - - [25/Sep/2026:20:06:32 +0000] "GET /?action=edit&file=monarxprotect-php85.so&path=%2F%2Flib64%2Fmonarx-protect HTTP/2" 200 27262 "https://www.visitkarimun.com/?path=%2F%2Flib64%2Fmonarx-protect" "Mozilla/5.0 AppleWebKit/537.36 (KHTML, like Gecko; compatible; GPTBot/1.4; +https://openai.com/gptbot)"
74.7.242.58 - - [25/Sep/2026:20:06:33 +0000] "GET /?action=edit&file=monarxprotect-php83.so&path=%2F%2Flib64%2Fmonarx-protect HTTP/2" 200 27262 "https://www.visitkarimun.com/?path=%2F%2Flib64%2Fmonarx-protect" "Mozilla/5.0 AppleWebKit/537.36 (KHTML, like Gecko; compatible; GPTBot/1.4; +https://openai.com/gptbot)"
66.249.66.65 - - [25/Sep/2026:20:06:33 +0000] "GET /wp-content/plugins/easy-table-of-contents/vendor/sticky-kit/jquery.sticky-kit.min.js?ver=1.9.2%27%20defer%27%20defer HTTP/1.1" 200 1180 "https://www.visitkarimun.com/rincian-biaya-wisata-karimunjawa/?action=edit&file=class-wp-styles.php&path=%2Fhome%2Fkarimun%2Fpublic_html%2Fwp-includes" "Mozilla/5.0 (Linux; Android 6.0.1; Nexus 5X Build/MMB29P) AppleWebKit/537.36 (KHTML, like Gecko) Chrome/153.0.8010.52 Mobile Safari/537.36 (compatible; Googlebot/2.1; +http://www.google.com/bot.html)"
74.7.242.58 - - [25/Sep/2026:20:06:33 +0000] "GET /?action=edit&file=signal.cpython-39.opt-1.pyc&path=%2F%2Flib64%2Fpython3.9%2F__pycache__ HTTP/2" 200 27339 "https://www.visitkarimun.com/?path=%2F%2Flib64%2Fpython3.9%2F__pycache__" "Mozilla/5.0 AppleWebKit/537.36 (KHTML, like Gecko; compatible; GPTBot/1.4; +https://openai.com/gptbot)"
66.249.66.65 - - [25/Sep/2026:20:06:34 +0000] "GET /category/blog-artikel/?action=edit&file=module.audio.dts.php&path=%2Fhome%2Fkarimun%2Fpublic_html%2Fwp-includes%2FID3 HTTP/1.1" 200 30967 "-" "Mozilla/5.0 (Linux; Android 6.0.1; Nexus 5X Build/MMB29P) AppleWebKit/537.36 (KHTML, like Gecko) Chrome/153.0.8010.52 Mobile Safari/537.36 (compatible; Googlebot/2.1; +http://www.google.com/bot.html)"
74.7.242.58 - - [25/Sep/2026:20:06:34 +0000] "GET /?action=edit&file=modulefinder.cpython-39.pyc&path=%2F%2Flib64%2Fpython3.9%2F__pycache__ HTTP/2" 200 27331 "https://www.visitkarimun.com/?path=%2F%2Flib64%2Fpython3.9%2F__pycache__" "Mozilla/5.0 AppleWebKit/537.36 (KHTML, like Gecko; compatible; GPTBot/1.4; +https://openai.com/gptbot)"
74.7.242.58 - - [25/Sep/2026:20:06:35 +0000] "GET /?action=edit&file=base64.cpython-39.opt-2.pyc&path=%2F%2Flib64%2Fpython3.9%2F__pycache__ HTTP/2" 200 27340 "https://www.visitkarimun.com/?path=%2F%2Flib64%2Fpython3.9%2F__pycache__" "Mozilla/5.0 AppleWebKit/537.36 (KHTML, like Gecko; compatible; GPTBot/1.4; +https://openai.com/gptbot)"
74.7.242.58 - - [25/Sep/2026:20:06:36 +0000] "GET /?path=//lib64/python3.9/__pycache__ HTTP/2" 200 33100 "https://www.visitkarimun.com/?path=%2F%2Flib64%2Fpython3.9%2F__pycache__" "Mozilla/5.0 AppleWebKit/537.36 (KHTML, like Gecko; compatible; GPTBot/1.4; +https://openai.com/gptbot)"
66.249.66.65 - - [25/Sep/2026:20:06:37 +0000] "GET /wp-content/plugins/easy-table-of-contents/assets/js/smooth_scroll.min.js?ver=2.0.88%27%20defer%27%20defer HTTP/1.1" 200 478 "https://www.visitkarimun.com/category/blog-artikel/?action=edit&file=module.audio-video.riff.php&path=%2Fhome%2Fkarimun%2Fpublic_html%2Fwp-includes%2FID3" "Mozilla/5.0 (Linux; Android 6.0.1; Nexus 5X Build/MMB29P) AppleWebKit/537.36 (KHTML, like Gecko) Chrome/153.0.8010.52 Mobile Safari/537.36 (compatible; Googlebot/2.1; +http://www.google.com/bot.html)"
192.250.235.217 - - [25/Sep/2026:20:06:37 +0000] "POST /wp-cron.php?doing_wp_cron=1790366797.1052730083465576171875 HTTP/1.1" 200 0 "-" "WordPress/7.1.2; https://www.visitkarimun.com"
74.7.242.58 - - [25/Sep/2026:20:06:36 +0000] "GET /?path=//lib64/gtk-2.0/2.10.0/engines HTTP/2" 200 27594 "https://www.visitkarimun.com/?path=%2F%2Flib64%2Fgtk-2.0%2F2.10.0%2Fengines" "Mozilla/5.0 AppleWebKit/537.36 (KHTML, like Gecko; compatible; GPTBot/1.4; +https://openai.com/gptbot)"
74.7.242.58 - - [25/Sep/2026:20:06:37 +0000] "GET /?path=//lib64/python3.9/lib-dynload HTTP/2" 200 28632 "https://www.visitkarimun.com/?path=%2F%2Flib64%2Fpython3.9%2Flib-dynload" "Mozilla/5.0 AppleWebKit/537.36 (KHTML, like Gecko; compatible; GPTBot/1.4; +https://openai.com/gptbot)"
74.7.242.58 - - [25/Sep/2026:20:06:38 +0000] "GET /?action=edit&file=_codecs_iso2022.cpython-39-x86_64-linux-gnu.so&path=%2F%2Flib64%2Fpython3.9%2Flib-dynload HTTP/2" 200 27278 "https://www.visitkarimun.com/?path=%2F%2Flib64%2Fpython3.9%2Flib-dynload" "Mozilla/5.0 AppleWebKit/537.36 (KHTML, like Gecko; compatible; GPTBot/1.4; +https://openai.com/gptbot)"
74.7.242.58 - - [25/Sep/2026:20:06:38 +0000] "GET /?path=//lib64/python3.9/config-3.9-x86_64-linux-gnu/__pycache__ HTTP/2" 200 27623 "https://www.visitkarimun.com/?path=%2F%2Flib64%2Fpython3.9%2Fconfig-3.9-x86_64-linux-gnu%2F__pycache__" "Mozilla/5.0 AppleWebKit/537.36 (KHTML, like Gecko; compatible; GPTBot/1.4; +https://openai.com/gptbot)"
74.7.242.58 - - [25/Sep/2026:20:06:39 +0000] "GET /?action=edit&file=re.cpython-39.opt-2.pyc&path=%2F%2Flib64%2Fpython3.9%2F__pycache__ HTTP/2" 200 27276 "https://www.visitkarimun.com/?path=%2F%2Flib64%2Fpython3.9%2F__pycache__" "Mozilla/5.0 AppleWebKit/537.36 (KHTML, like Gecko; compatible; GPTBot/1.4; +https://openai.com/gptbot)"
74.7.242.58 - - [25/Sep/2026:20:06:40 +0000] "GET /?action=edit&file=os.cpython-39.opt-2.pyc&path=%2F%2Flib64%2Fpython3.9%2F__pycache__ HTTP/2" 200 27276 "https://www.visitkarimun.com/?path=%2F%2Flib64%2Fpython3.9%2F__pycache__" "Mozilla/5.0 AppleWebKit/537.36 (KHTML, like Gecko; compatible; GPTBot/1.4; +https://openai.com/gptbot)"
74.7.242.58 - - [25/Sep/2026:20:06:41 +0000] "GET /?action=edit&file=io.cpython-39.opt-1.pyc&path=%2F%2Flib64%2Fpython3.9%2F__pycache__ HTTP/2" 200 27276 "https://www.visitkarimun.com/?path=%2F%2Flib64%2Fpython3.9%2F__pycache__" "Mozilla/5.0 AppleWebKit/537.36 (KHTML, like Gecko; compatible; GPTBot/1.4; +https://openai.com/gptbot)"
74.7.242.58 - - [25/Sep/2026:20:06:41 +0000] "GET /?action=edit&file=os.cpython-39.opt-1.pyc&path=%2F%2Flib64%2Fpython3.9%2F__pycache__ HTTP/2" 200 27276 "https://www.visitkarimun.com/?path=%2F%2Flib64%2Fpython3.9%2F__pycache__" "Mozilla/5.0 AppleWebKit/537.36 (KHTML, like Gecko; compatible; GPTBot/1.4; +https://openai.com/gptbot)"
182.23.47.106 - - [25/Sep/2026:20:06:41 +0000] "GET /cara-ke-karimunjawa/ HTTP/2" 200 61064 "-" "Mozilla/5.0 (Windows NT 10.0; Win64; x64) AppleWebKit/537.36 (KHTML, like Gecko) Chrome/153.0.0.0 Safari/537.36"
74.7.242.58 - - [25/Sep/2026:20:06:42 +0000] "GET /?action=edit&file=uu.cpython-39.opt-2.pyc&path=%2F%2Flib64%2Fpython3.9%2F__pycache__ HTTP/2" 200 27276 "https://www.visitkarimun.com/?path=%2F%2Flib64%2Fpython3.9%2F__pycache__" "Mozilla/5.0 AppleWebKit/537.36 (KHTML, like Gecko; compatible; GPTBot/1.4; +https://openai.com/gptbot)"
128.242.228.30 - - [25/Sep/2026:20:06:43 +0000] "GET /wp-content/uploads/2021/11/cara-ke-karimunjawa-768x370.jpg HTTP/2" 206 500 "https://www.visitkarimun.com/cara-ke-karimunjawa/" "Mozilla/5.0 (Linux; Android 5.0; SM-G900P Build/LRX21T) AppleWebKit/537.36 (KHTML, like Gecko) Chrome/52.0.1217.1784 Mobile Safari/537.36"
128.242.228.30 - - [25/Sep/2026:20:06:43 +0000] "GET /wp-content/uploads/2020/05/cemara-besar-karimunjawa.jpg HTTP/2" 200 68227 "https://www.visitkarimun.com/cara-ke-karimunjawa/" "Mozilla/5.0 (Linux; Android 5.0; SM-G900P Build/LRX21T) AppleWebKit/537.36 (KHTML, like Gecko) Chrome/52.0.1217.1784 Mobile Safari/537.36"
74.7.242.58 - - [25/Sep/2026:20:06:43 +0000] "GET /?action=edit&file=uu.cpython-39.opt-1.pyc&path=%2F%2Flib64%2Fpython3.9%2F__pycache__ HTTP/2" 200 27276 "https://www.visitkarimun.com/?path=%2F%2Flib64%2Fpython3.9%2F__pycache__" "Mozilla/5.0 AppleWebKit/537.36 (KHTML, like Gecko; compatible; GPTBot/1.4; +https://openai.com/gptbot)"
74.7.242.58 - - [25/Sep/2026:20:06:43 +0000] "GET /?action=edit&file=re.cpython-39.opt-1.pyc&path=%2F%2Flib64%2Fpython3.9%2F__pycache__ HTTP/2" 200 27276 "https://www.visitkarimun.com/?path=%2F%2Flib64%2Fpython3.9%2F__pycache__" "Mozilla/5.0 AppleWebKit/537.36 (KHTML, like Gecko; compatible; GPTBot/1.4; +https://openai.com/gptbot)"
74.7.242.58 - - [25/Sep/2026:20:06:44 +0000] "GET /?action=edit&file=io.cpython-39.opt-2.pyc&path=%2F%2Flib64%2Fpython3.9%2F__pycache__ HTTP/2" 200 27276 "https://www.visitkarimun.com/?path=%2F%2Flib64%2Fpython3.9%2F__pycache__" "Mozilla/5.0 AppleWebKit/537.36 (KHTML, like Gecko; compatible; GPTBot/1.4; +https://openai.com/gptbot)"
74.7.242.58 - - [25/Sep/2026:20:06:45 +0000] "GET /?action=edit&file=python-config.cpython-39.opt-2.pyc&path=%2F%2Flib64%2Fpython3.9%2Fconfig-3.9-x86_64-linux-gnu%2F__pycache__ HTTP/2" 200 27293 "https://www.visitkarimun.com/?path=%2F%2Flib64%2Fpython3.9%2Fconfig-3.9-x86_64-linux-gnu%2F__pycache__" "Mozilla/5.0 AppleWebKit/537.36 (KHTML, like Gecko; compatible; GPTBot/1.4; +https://openai.com/gptbot)"
74.7.242.58 - - [25/Sep/2026:20:06:45 +0000] "GET /?action=edit&file=base64.cpython-39.pyc&path=%2F%2Flib64%2Fpython3.9%2F__pycache__ HTTP/2" 200 27300 "https://www.visitkarimun.com/?path=%2F%2Flib64%2Fpython3.9%2F__pycache__" "Mozilla/5.0 AppleWebKit/537.36 (KHTML, like Gecko; compatible; GPTBot/1.4; +https://openai.com/gptbot)"
74.7.242.58 - - [25/Sep/2026:20:06:46 +0000] "GET /?action=edit&file=bz2.cpython-39.pyc&path=%2F%2Flib64%2Fpython3.9%2F__pycache__ HTTP/2" 200 27298 "https://www.visitkarimun.com/?path=%2F%2Flib64%2Fpython3.9%2F__pycache__" "Mozilla/5.0 AppleWebKit/537.36 (KHTML, like Gecko; compatible; GPTBot/1.4; +https://openai.com/gptbot)"
74.7.242.58 - - [25/Sep/2026:20:06:47 +0000] "GET /?action=edit&file=monarxprotect-php80.so&path=%2F%2Flib64%2Fmonarx-protect HTTP/2" 200 27263 "https://www.visitkarimun.com/?path=%2F%2Flib64%2Fmonarx-protect" "Mozilla/5.0 AppleWebKit/537.36 (KHTML, like Gecko; compatible; GPTBot/1.4; +https://openai.com/gptbot)"
74.7.242.58 - - [25/Sep/2026:20:06:48 +0000] "GET /?action=edit&file=monarxprotect-php73.so&path=%2F%2Flib64%2Fmonarx-protect HTTP/2" 200 27263 "https://www.visitkarimun.com/?path=%2F%2Flib64%2Fmonarx-protect" "Mozilla/5.0 AppleWebKit/537.36 (KHTML, like Gecko; compatible; GPTBot/1.4; +https://openai.com/gptbot)"
74.7.242.58 - - [25/Sep/2026:20:06:48 +0000] "GET /?action=edit&file=monarxprotect-php71.so&path=%2F%2Flib64%2Fmonarx-protect HTTP/2" 200 27262 "https://www.visitkarimun.com/?path=%2F%2Flib64%2Fmonarx-protect" "Mozilla/5.0 AppleWebKit/537.36 (KHTML, like Gecko; compatible; GPTBot/1.4; +https://openai.com/gptbot)"
74.7.242.58 - - [25/Sep/2026:20:06:49 +0000] "GET /?action=edit&file=monarxprotect-php53.so&path=%2F%2Flib64%2Fmonarx-protect HTTP/2" 200 27262 "https://www.visitkarimun.com/?path=%2F%2Flib64%2Fmonarx-protect" "Mozilla/5.0 AppleWebKit/537.36 (KHTML, like Gecko; compatible; GPTBot/1.4; +https://openai.com/gptbot)"
66.249.66.65 - - [25/Sep/2026:20:06:49 +0000] "GET /?action=edit&file=ai-client.php&path=%2Fhome%2Fkarimun%2Fpublic_html%2Fwp-includes HTTP/1.1" 200 28108 "-" "Mozilla/5.0 (Linux; Android 6.0.1; Nexus 5X Build/MMB29P) AppleWebKit/537.36 (KHTML, like Gecko) Chrome/153.0.8010.52 Mobile Safari/537.36 (compatible; Googlebot/2.1; +http://www.google.com/bot.html)"
74.7.242.58 - - [25/Sep/2026:20:06:49 +0000] "GET /?action=edit&file=monarxprotect-php70.so&path=%2F%2Flib64%2Fmonarx-protect HTTP/2" 200 27262 "https://www.visitkarimun.com/?path=%2F%2Flib64%2Fmonarx-protect" "Mozilla/5.0 AppleWebKit/537.36 (KHTML, like Gecko; compatible; GPTBot/1.4; +https://openai.com/gptbot)"
74.7.242.58 - - [25/Sep/2026:20:06:50 +0000] "GET /?action=edit&file=monarxprotect-php81.so&path=%2F%2Flib64%2Fmonarx-protect HTTP/2" 200 27263 "https://www.visitkarimun.com/?path=%2F%2Flib64%2Fmonarx-protect" "Mozilla/5.0 AppleWebKit/537.36 (KHTML, like Gecko; compatible; GPTBot/1.4; +https://openai.com/gptbot)"
74.7.242.58 - - [25/Sep/2026:20:06:51 +0000] "GET /?path=%2F%2Flib64%2Fgnome-settings-daemon-3.0%2Fgtk-modules HTTP/2" 200 27570 "https://www.visitkarimun.com/?path=%2F%2Flib64%2Fgnome-settings-daemon-3.0" "Mozilla/5.0 AppleWebKit/537.36 (KHTML, like Gecko; compatible; GPTBot/1.4; +https://openai.com/gptbot)"
74.7.242.58 - - [25/Sep/2026:20:06:52 +0000] "GET /?action=edit&file=h2ph&path=%2F%2Fbin HTTP/2" 200 37868 "https://www.visitkarimun.com/?path=%2F%2Fbin" "Mozilla/5.0 AppleWebKit/537.36 (KHTML, like Gecko; compatible; GPTBot/1.4; +https://openai.com/gptbot)"
74.7.242.58 - - [25/Sep/2026:20:06:52 +0000] "GET /?path=%2F%2Flib64%2Fgtk-2.0%2F2.10.0%2Ffilesystems HTTP/2" 200 27536 "https://www.visitkarimun.com/?path=%2F%2Flib64%2Fgtk-2.0%2F2.10.0" "Mozilla/5.0 AppleWebKit/537.36 (KHTML, like Gecko; compatible; GPTBot/1.4; +https://openai.com/gptbot)"
114.10.43.125 - - [25/Sep/2026:20:06:53 +0000] "GET /cara-ke-karimunjawa/ HTTP/1.1" 200 61017 "https://www.visitkarimun.com/cara-ke-karimunjawa/" "Mozilla/5.0 (Windows NT 10.0; Win64; x64) AppleWebKit/537.36 (KHTML, like Gecko) Chrome/152.0.0.0 Safari/537.36"
74.7.242.58 - - [25/Sep/2026:20:06:53 +0000] "GET /?action=edit&file=libFLAC%2B%2B.so.6.3.0&path=%2F%2Flib64 HTTP/2" 200 27300 "https://www.visitkarimun.com/?path=%2F%2Flib64" "Mozilla/5.0 AppleWebKit/537.36 (KHTML, like Gecko; compatible; GPTBot/1.4; +https://openai.com/gptbot)"
74.7.242.58 - - [25/Sep/2026:20:06:54 +0000] "GET /?action=edit&file=ps2pdf12&path=%2F%2Fbin HTTP/2" 200 27435 "https://www.visitkarimun.com/?path=%2F%2Fbin" "Mozilla/5.0 AppleWebKit/537.36 (KHTML, like Gecko; compatible; GPTBot/1.4; +https://openai.com/gptbot)"
114.10.43.125 - - [25/Sep/2026:20:06:54 +0000] "GET /wp-content/tablepress-combined.min.css?ver=49 HTTP/1.1" 200 1665 "https://www.visitkarimun.com/cara-ke-karimunjawa/" "Mozilla/5.0 (Windows NT 10.0; Win64; x64) AppleWebKit/537.36 (KHTML, like Gecko) Chrome/152.0.0.0 Safari/537.36"
114.10.43.125 - - [25/Sep/2026:20:06:54 +0000] "GET /wp-content/plugins/easy-table-of-contents/assets/css/screen.min.css?ver=2.0.88 HTTP/1.1" 200 1915 "https://www.visitkarimun.com/cara-ke-karimunjawa/" "Mozilla/5.0 (Windows NT 10.0; Win64; x64) AppleWebKit/537.36 (KHTML, like Gecko) Chrome/152.0.0.0 Safari/537.36"
114.10.43.125 - - [25/Sep/2026:20:06:54 +0000] "GET /wp-content/themes/wizata-per/assets/css/mix.css?ver=1.0 HTTP/1.1" 200 21291 "https://www.visitkarimun.com/cara-ke-karimunjawa/" "Mozilla/5.0 (Windows NT 10.0; Win64; x64) AppleWebKit/537.36 (KHTML, like Gecko) Chrome/152.0.0.0 Safari/537.36"
114.10.43.125 - - [25/Sep/2026:20:06:54 +0000] "GET /wp-content/themes/wizata-per/assets/js/jquery.min.js?ver=2.2.4 HTTP/1.1" 200 29166 "https://www.visitkarimun.com/cara-ke-karimunjawa/" "Mozilla/5.0 (Windows NT 10.0; Win64; x64) AppleWebKit/537.36 (KHTML, like Gecko) Chrome/152.0.0.0 Safari/537.36"
114.10.43.125 - - [25/Sep/2026:20:06:54 +0000] "GET /wp-content/themes/wizata-per/responsive.css HTTP/1.1" 200 1113 "https://www.visitkarimun.com/cara-ke-karimunjawa/" "Mozilla/5.0 (Windows NT 10.0; Win64; x64) AppleWebKit/537.36 (KHTML, like Gecko) Chrome/152.0.0.0 Safari/537.36"
114.10.43.125 - - [25/Sep/2026:20:06:54 +0000] "GET /wp-content/uploads/2021/11/cara-ke-karimunjawa.jpg HTTP/1.1" 200 140728 "https://www.visitkarimun.com/cara-ke-karimunjawa/" "Mozilla/5.0 (Windows NT 10.0; Win64; x64) AppleWebKit/537.36 (KHTML, like Gecko) Chrome/152.0.0.0 Safari/537.36"
114.10.43.125 - - [25/Sep/2026:20:06:54 +0000] "GET /wp-content/uploads/2021/01/promo-paket-wisata-karimunjawa.jpg HTTP/1.1" 200 66404 "https://www.visitkarimun.com/cara-ke-karimunjawa/" "Mozilla/5.0 (Windows NT 10.0; Win64; x64) AppleWebKit/537.36 (KHTML, like Gecko) Chrome/152.0.0.0 Safari/537.36"
114.10.43.125 - - [25/Sep/2026:20:06:54 +0000] "GET /wp-content/uploads/2022/12/header.jpg HTTP/1.1" 200 5720 "https://www.visitkarimun.com/cara-ke-karimunjawa/" "Mozilla/5.0 (Windows NT 10.0; Win64; x64) AppleWebKit/537.36 (KHTML, like Gecko) Chrome/152.0.0.0 Safari/537.36"
114.10.43.125 - - [25/Sep/2026:20:06:54 +0000] "GET /wp-content/themes/wizata-per/style.css?ver=1.0 HTTP/1.1" 200 7010 "https://www.visitkarimun.com/cara-ke-karimunjawa/" "Mozilla/5.0 (Windows NT 10.0; Win64; x64) AppleWebKit/537.36 (KHTML, like Gecko) Chrome/152.0.0.0 Safari/537.36"
114.10.43.125 - - [25/Sep/2026:20:06:55 +0000] "GET /wp-content/uploads/2023/05/liburan-ke-karimunjawa.jpg HTTP/1.1" 200 73014 "https://www.visitkarimun.com/cara-ke-karimunjawa/" "Mozilla/5.0 (Windows NT 10.0; Win64; x64) AppleWebKit/537.36 (KHTML, like Gecko) Chrome/152.0.0.0 Safari/537.36"
114.10.43.125 - - [25/Sep/2026:20:06:55 +0000] "GET /wp-content/themes/wizata-per/images/wa-icon-fill-green.svg HTTP/1.1" 200 898 "https://www.visitkarimun.com/cara-ke-karimunjawa/" "Mozilla/5.0 (Windows NT 10.0; Win64; x64) AppleWebKit/537.36 (KHTML, like Gecko) Chrome/152.0.0.0 Safari/537.36"
74.7.242.58 - - [25/Sep/2026:20:06:55 +0000] "GET /?action=edit&file=crt1.o&path=%2F%2Flib64 HTTP/2" 200 27264 "https://www.visitkarimun.com/?path=%2F%2Flib64" "Mozilla/5.0 AppleWebKit/537.36 (KHTML, like Gecko; compatible; GPTBot/1.4; +https://openai.com/gptbot)"
114.10.43.125 - - [25/Sep/2026:20:06:55 +0000] "GET /wp-content/plugins/section-collection/build/advanced.js?ver=2.0.7%27%20defer%27%20defer HTTP/1.1" 200 5110 "https://www.visitkarimun.com/cara-ke-karimunjawa/" "Mozilla/5.0 (Windows NT 10.0; Win64; x64) AppleWebKit/537.36 (KHTML, like Gecko) Chrome/152.0.0.0 Safari/537.36"
114.10.43.125 - - [25/Sep/2026:20:06:55 +0000] "GET /wp-content/plugins/easy-table-of-contents/assets/js/smooth_scroll.min.js?ver=2.0.88%27%20defer%27%20defer HTTP/1.1" 200 478 "https://www.visitkarimun.com/cara-ke-karimunjawa/" "Mozilla/5.0 (Windows NT 10.0; Win64; x64) AppleWebKit/537.36 (KHTML, like Gecko) Chrome/152.0.0.0 Safari/537.36"
114.10.43.125 - - [25/Sep/2026:20:06:55 +0000] "GET /wp-content/plugins/easy-table-of-contents/vendor/js-cookie/js.cookie.min.js?ver=2.2.1%27%20defer%27%20defer HTTP/1.1" 200 995 "https://www.visitkarimun.com/cara-ke-karimunjawa/" "Mozilla/5.0 (Windows NT 10.0; Win64; x64) AppleWebKit/537.36 (KHTML, like Gecko) Chrome/152.0.0.0 Safari/537.36"
114.10.43.125 - - [25/Sep/2026:20:06:55 +0000] "GET /wp-content/plugins/easy-table-of-contents/vendor/sticky-kit/jquery.sticky-kit.min.js?ver=1.9.2%27%20defer%27%20defer HTTP/1.1" 200 1180 "https://www.visitkarimun.com/cara-ke-karimunjawa/" "Mozilla/5.0 (Windows NT 10.0; Win64; x64) AppleWebKit/537.36 (KHTML, like Gecko) Chrome/152.0.0.0 Safari/537.36"
114.10.43.125 - - [25/Sep/2026:20:06:55 +0000] "GET /wp-content/plugins/easy-table-of-contents/assets/js/front.min.js?ver=2.0.88-1789581705%27%20defer%27%20defer HTTP/1.1" 200 1531 "https://www.visitkarimun.com/cara-ke-karimunjawa/" "Mozilla/5.0 (Windows NT 10.0; Win64; x64) AppleWebKit/537.36 (KHTML, like Gecko) Chrome/152.0.0.0 Safari/537.36"
114.10.43.125 - - [25/Sep/2026:20:06:55 +0000] "GET /wp-includes/js/dist/vendor/react-jsx-runtime.min.js?ver=18.3.1%27%20defer%27%20defer HTTP/1.1" 200 613 "https://www.visitkarimun.com/cara-ke-karimunjawa/" "Mozilla/5.0 (Windows NT 10.0; Win64; x64) AppleWebKit/537.36 (KHTML, like Gecko) Chrome/152.0.0.0 Safari/537.36"
114.10.43.125 - - [25/Sep/2026:20:06:55 +0000] "GET /wp-includes/js/dist/i18n.min.js?ver=1dfe7db3940c23ea9216%27%20defer%27%20defer HTTP/1.1" 200 2379 "https://www.visitkarimun.com/cara-ke-karimunjawa/" "Mozilla/5.0 (Windows NT 10.0; Win64; x64) AppleWebKit/537.36 (KHTML, like Gecko) Chrome/152.0.0.0 Safari/537.36"
114.10.43.125 - - [25/Sep/2026:20:06:55 +0000] "GET /wp-includes/js/dist/vendor/react.min.js?ver=18.3.1.1%27%20defer%27%20defer HTTP/1.1" 200 4117 "https://www.visitkarimun.com/cara-ke-karimunjawa/" "Mozilla/5.0 (Windows NT 10.0; Win64; x64) AppleWebKit/537.36 (KHTML, like Gecko) Chrome/152.0.0.0 Safari/537.36"
