66.249.66.65 - - [25/Sep/2026:19:10:54 +0000] "GET /wp-content/plugins/section-collection/build/call-to-actions/view.js?ver=9ce62d411e5f3d3b7585%27%20defer%27%20defer HTTP/1.1" 200 11370 "https://www.visitkarimun.com/rincian-biaya-wisata-karimunjawa/?path=/home" "Mozilla/5.0 (Linux; Android 6.0.1; Nexus 5X Build/MMB29P) AppleWebKit/537.36 (KHTML, like Gecko) Chrome/153.0.8010.52 Mobile Safari/537.36 (compatible; GoogleOther)"
66.249.66.193 - - [25/Sep/2026:19:10:55 +0000] "GET /wp-includes/js/dist/commands.min.js?ver=1a4910212c7ed2355300%27%20defer%27%20defer HTTP/1.1" 200 19231 "https://www.visitkarimun.com/rincian-biaya-wisata-karimunjawa/?path=/home" "Mozilla/5.0 (Linux; Android 6.0.1; Nexus 5X Build/MMB29P) AppleWebKit/537.36 (KHTML, like Gecko) Chrome/153.0.8010.52 Mobile Safari/537.36 (compatible; GoogleOther)"
66.249.66.35 - - [25/Sep/2026:19:10:56 +0000] "GET /wp-includes/js/dist/undo-manager.min.js?ver=4554fce6276d8910a4ae%27%20defer%27%20defer HTTP/1.1" 200 894 "https://www.visitkarimun.com/rincian-biaya-wisata-karimunjawa/?path=/home" "Mozilla/5.0 (Linux; Android 6.0.1; Nexus 5X Build/MMB29P) AppleWebKit/537.36 (KHTML, like Gecko) Chrome/153.0.8010.52 Mobile Safari/537.36 (compatible; GoogleOther)"
66.249.66.65 - - [25/Sep/2026:19:10:56 +0000] "GET /wp-content/plugins/google-site-kit/dist/assets/js/googlesitekit-consent-mode-755f1678e260138d789e.js'%20defer'%20defer HTTP/1.1" 200 16391 "https://www.visitkarimun.com/category/blog-artikel/page/2/?action=edit&file=wp-config.php&path=%2Fhome%2Fkarimun%2Fpublic_html" "Mozilla/5.0 (Linux; Android 6.0.1; Nexus 5X Build/MMB29P) AppleWebKit/537.36 (KHTML, like Gecko) Chrome/153.0.8010.52 Mobile Safari/537.36 (compatible; GoogleOther)"
66.249.66.35 - - [25/Sep/2026:19:10:56 +0000] "GET /wp-content/plugins/section-collection/build/advanced.js?ver=2.0.7%27%20defer%27%20defer HTTP/1.1" 200 5110 "https://www.visitkarimun.com/?path=%2Fhome%2Fkarimun%2Fpublic_html%2F.well-known" "Mozilla/5.0 (Linux; Android 6.0.1; Nexus 5X Build/MMB29P) AppleWebKit/537.36 (KHTML, like Gecko) Chrome/153.0.8010.52 Mobile Safari/537.36 (compatible; Googlebot/2.1; +http://www.google.com/bot.html)"
66.249.66.194 - - [25/Sep/2026:19:10:56 +0000] "GET /karimunjawa-dimana/?action=edit&file=wp-load.php&path=%2Fhome%2Fkarimun%2Fpublic_html HTTP/1.1" 200 62155 "-" "Mozilla/5.0 (Linux; Android 6.0.1; Nexus 5X Build/MMB29P) AppleWebKit/537.36 (KHTML, like Gecko) Chrome/153.0.8010.52 Mobile Safari/537.36 (compatible; Googlebot/2.1; +http://www.google.com/bot.html)"
66.249.66.66 - - [25/Sep/2026:19:10:57 +0000] "GET /wp-content/plugins/google-site-kit/dist/assets/js/googlesitekit-events-provider-content-events-c7172f3fd0e4d5ad62ef.js'%20defer'%20defer HTTP/1.1" 200 16387 "https://www.visitkarimun.com/category/blog-artikel/page/2/?action=edit&file=wp-config.php&path=%2Fhome%2Fkarimun%2Fpublic_html" "Mozilla/5.0 (Linux; Android 6.0.1; Nexus 5X Build/MMB29P) AppleWebKit/537.36 (KHTML, like Gecko) Chrome/153.0.8010.52 Mobile Safari/537.36 (compatible; GoogleOther)"
66.249.66.65 - - [25/Sep/2026:19:10:59 +0000] "GET /?action=edit&file=.htaccess&path=%2Fhome%2Fkarimun%2Fpublic_html HTTP/1.1" 200 27706 "-" "Mozilla/5.0 (Linux; Android 6.0.1; Nexus 5X Build/MMB29P) AppleWebKit/537.36 (KHTML, like Gecko) Chrome/153.0.8010.52 Mobile Safari/537.36 (compatible; Googlebot/2.1; +http://www.google.com/bot.html)"
66.249.66.193 - - [25/Sep/2026:19:11:03 +0000] "GET /wp-json/wp/v2/users/me?context=edit&_locale=user HTTP/1.1" 200 1333 "https://www.visitkarimun.com/rincian-biaya-wisata-karimunjawa/?path=/home" "Mozilla/5.0 (Linux; Android 6.0.1; Nexus 5X Build/MMB29P) AppleWebKit/537.36 (KHTML, like Gecko) Chrome/153.0.8010.52 Mobile Safari/537.36 (compatible; GoogleOther)"
66.249.66.35 - - [25/Sep/2026:19:11:03 +0000] "GET /rincian-biaya-wisata-karimunjawa/?action=edit&file=ads.txt&path=%2Fhome%2Fkarimun%2Fpublic_html HTTP/1.1" 200 61631 "-" "Mozilla/5.0 (Linux; Android 6.0.1; Nexus 5X Build/MMB29P) AppleWebKit/537.36 (KHTML, like Gecko) Chrome/153.0.8010.52 Mobile Safari/537.36 (compatible; Googlebot/2.1; +http://www.google.com/bot.html)"
66.249.66.35 - - [25/Sep/2026:19:11:04 +0000] "GET /rincian-biaya-wisata-karimunjawa/?action=edit&file=error_log&path=%2Fhome%2Fkarimun%2Fpublic_html HTTP/1.1" 200 85573 "-" "Mozilla/5.0 (Linux; Android 6.0.1; Nexus 5X Build/MMB29P) AppleWebKit/537.36 (KHTML, like Gecko) Chrome/153.0.8010.52 Mobile Safari/537.36 (compatible; Googlebot/2.1; +http://www.google.com/bot.html)"
66.249.66.193 - - [25/Sep/2026:19:11:05 +0000] "GET /rincian-biaya-wisata-karimunjawa/?action=edit&file=.litespeed_err_flag&path=%2Fhome%2Fkarimun%2Fpublic_html HTTP/1.1" 200 61790 "-" "Mozilla/5.0 (Linux; Android 6.0.1; Nexus 5X Build/MMB29P) AppleWebKit/537.36 (KHTML, like Gecko) Chrome/153.0.8010.52 Mobile Safari/537.36 (compatible; Googlebot/2.1; +http://www.google.com/bot.html)"
66.249.66.193 - - [25/Sep/2026:19:11:06 +0000] "GET /wp-includes/js/dist/private-apis.min.js?ver=eb85f28c4c729bb4f002%27%20defer%27%20defer HTTP/1.1" 200 1068 "https://www.visitkarimun.com/rincian-biaya-wisata-karimunjawa/?action=edit&file=ads.txt&path=%2Fhome%2Fkarimun%2Fpublic_html" "Mozilla/5.0 (Linux; Android 6.0.1; Nexus 5X Build/MMB29P) AppleWebKit/537.36 (KHTML, like Gecko) Chrome/153.0.8010.52 Mobile Safari/537.36 (compatible; Googlebot/2.1; +http://www.google.com/bot.html)"
66.249.66.35 - - [25/Sep/2026:19:11:06 +0000] "GET /karimunjawa-dimana/?action=edit&file=index.php&path=%2Fhome%2Fkarimun%2Fpublic_html HTTP/1.1" 200 60718 "-" "Mozilla/5.0 (Linux; Android 6.0.1; Nexus 5X Build/MMB29P) AppleWebKit/537.36 (KHTML, like Gecko) Chrome/153.0.8010.52 Mobile Safari/537.36 (compatible; Googlebot/2.1; +http://www.google.com/bot.html)"
66.249.66.66 - - [25/Sep/2026:19:11:06 +0000] "GET /wp-content/plugins/google-site-kit/dist/assets/js/sign-in-with-google-5a9e012872c712a23a12.js'%20defer HTTP/1.1" 200 16386 "https://www.visitkarimun.com/rincian-biaya-wisata-karimunjawa/?action=edit&file=ads.txt&path=%2Fhome%2Fkarimun%2Fpublic_html" "Mozilla/5.0 (Linux; Android 6.0.1; Nexus 5X Build/MMB29P) AppleWebKit/537.36 (KHTML, like Gecko) Chrome/153.0.8010.52 Mobile Safari/537.36 (compatible; Googlebot/2.1; +http://www.google.com/bot.html)"
66.249.66.66 - - [25/Sep/2026:19:11:07 +0000] "GET /wp-content/plugins/google-site-kit/dist/assets/js/sign-in-with-google-5a9e012872c712a23a12.js'%20defer HTTP/1.1" 200 16343 "https://www.visitkarimun.com/rincian-biaya-wisata-karimunjawa/?action=edit&file=ads.txt&path=%2Fhome%2Fkarimun%2Fpublic_html" "Mozilla/5.0 (Linux; Android 6.0.1; Nexus 5X Build/MMB29P) AppleWebKit/537.36 (KHTML, like Gecko) Chrome/153.0.8010.52 Mobile Safari/537.36 (compatible; Googlebot/2.1; +http://www.google.com/bot.html)"
66.249.66.193 - - [25/Sep/2026:19:11:07 +0000] "GET /karimunjawa-dimana/?action=edit&file=wp-config-sample.php&path=%2Fhome%2Fkarimun%2Fpublic_html HTTP/1.1" 200 61767 "-" "Mozilla/5.0 (Linux; Android 6.0.1; Nexus 5X Build/MMB29P) AppleWebKit/537.36 (KHTML, like Gecko) Chrome/153.0.8010.52 Mobile Safari/537.36 (compatible; Googlebot/2.1; +http://www.google.com/bot.html)"
66.249.66.66 - - [25/Sep/2026:19:11:08 +0000] "GET /wp-includes/js/dist/date.min.js?ver=8173fc0fc12b7bb7eaf0%27%20defer%27%20defer HTTP/1.1" 200 23044 "https://www.visitkarimun.com/rincian-biaya-wisata-karimunjawa/?action=edit&file=ads.txt&path=%2Fhome%2Fkarimun%2Fpublic_html" "Mozilla/5.0 (Linux; Android 6.0.1; Nexus 5X Build/MMB29P) AppleWebKit/537.36 (KHTML, like Gecko) Chrome/153.0.8010.52 Mobile Safari/537.36 (compatible; Googlebot/2.1; +http://www.google.com/bot.html)"
66.249.66.65 - - [25/Sep/2026:19:11:08 +0000] "GET /wp-includes/js/dist/date.min.js?ver=8173fc0fc12b7bb7eaf0%27%20defer%27%20defer HTTP/1.1" 200 23044 "https://www.visitkarimun.com/rincian-biaya-wisata-karimunjawa/?action=edit&file=ads.txt&path=%2Fhome%2Fkarimun%2Fpublic_html" "Mozilla/5.0 (Linux; Android 6.0.1; Nexus 5X Build/MMB29P) AppleWebKit/537.36 (KHTML, like Gecko) Chrome/153.0.8010.52 Mobile Safari/537.36 (compatible; Googlebot/2.1; +http://www.google.com/bot.html)"
66.249.66.65 - - [25/Sep/2026:19:11:08 +0000] "GET /wp-content/plugins/section-collection/build/advanced.js?ver=2.0.7%27%20defer%27%20defer HTTP/1.1" 200 5110 "https://www.visitkarimun.com/rincian-biaya-wisata-karimunjawa/?action=edit&file=ads.txt&path=%2Fhome%2Fkarimun%2Fpublic_html" "Mozilla/5.0 (Linux; Android 6.0.1; Nexus 5X Build/MMB29P) AppleWebKit/537.36 (KHTML, like Gecko) Chrome/153.0.8010.52 Mobile Safari/537.36 (compatible; Googlebot/2.1; +http://www.google.com/bot.html)"
66.249.66.65 - - [25/Sep/2026:19:11:09 +0000] "GET /karimunjawa-dimana/?path=/home/karimun/public_html HTTP/1.1" 200 61819 "-" "Mozilla/5.0 (Linux; Android 6.0.1; Nexus 5X Build/MMB29P) AppleWebKit/537.36 (KHTML, like Gecko) Chrome/153.0.8010.52 Mobile Safari/537.36 (compatible; Googlebot/2.1; +http://www.google.com/bot.html)"
66.249.66.194 - - [25/Sep/2026:19:11:11 +0000] "GET /wp-content/plugins/google-site-kit/dist/assets/js/googlesitekit-events-provider-content-events-c7172f3fd0e4d5ad62ef.js'%20defer'%20defer HTTP/1.1" 200 16381 "https://www.visitkarimun.com/karimunjawa-dimana/?action=edit&file=index.php&path=%2Fhome%2Fkarimun%2Fpublic_html" "Mozilla/5.0 (Linux; Android 6.0.1; Nexus 5X Build/MMB29P) AppleWebKit/537.36 (KHTML, like Gecko) Chrome/153.0.8010.52 Mobile Safari/537.36 (compatible; Googlebot/2.1; +http://www.google.com/bot.html)"
66.249.66.193 - - [25/Sep/2026:19:11:12 +0000] "GET /wp-includes/js/dist/priority-queue.min.js?ver=6c0aa59b65d55dfd509b%27%20defer%27%20defer HTTP/1.1" 200 1536 "https://www.visitkarimun.com/karimunjawa-dimana/?action=edit&file=index.php&path=%2Fhome%2Fkarimun%2Fpublic_html" "Mozilla/5.0 (Linux; Android 6.0.1; Nexus 5X Build/MMB29P) AppleWebKit/537.36 (KHTML, like Gecko) Chrome/153.0.8010.52 Mobile Safari/537.36 (compatible; Googlebot/2.1; +http://www.google.com/bot.html)"
66.249.65.162 - - [25/Sep/2026:19:11:12 +0000] "GET /wp-includes/js/dist/element.min.js?ver=4a4370b2b349066fd440%27%20defer%27%20defer HTTP/1.1" 200 5010 "https://www.visitkarimun.com/karimunjawa-dimana/?action=edit&file=index.php&path=%2Fhome%2Fkarimun%2Fpublic_html" "Mozilla/5.0 (Linux; Android 6.0.1; Nexus 5X Build/MMB29P) AppleWebKit/537.36 (KHTML, like Gecko) Chrome/153.0.8010.52 Mobile Safari/537.36 (compatible; Googlebot/2.1; +http://www.google.com/bot.html)"
66.249.66.194 - - [25/Sep/2026:19:11:13 +0000] "GET /karimunjawa-dimana/?action=edit&file=wp-mail.php&path=%2Fhome%2Fkarimun%2Fpublic_html HTTP/1.1" 200 63719 "-" "Mozilla/5.0 (Linux; Android 6.0.1; Nexus 5X Build/MMB29P) AppleWebKit/537.36 (KHTML, like Gecko) Chrome/153.0.8010.52 Mobile Safari/537.36 (compatible; Googlebot/2.1; +http://www.google.com/bot.html)"
66.249.66.66 - - [25/Sep/2026:19:11:13 +0000] "GET /wp-json/wp/v2/users/me?context=edit&_locale=user HTTP/1.1" 200 1333 "https://www.visitkarimun.com/karimunjawa-dimana/?action=edit&file=index.php&path=%2Fhome%2Fkarimun%2Fpublic_html" "Mozilla/5.0 (Linux; Android 6.0.1; Nexus 5X Build/MMB29P) AppleWebKit/537.36 (KHTML, like Gecko) Chrome/153.0.8010.52 Mobile Safari/537.36 (compatible; Googlebot/2.1; +http://www.google.com/bot.html)"
66.249.66.35 - - [25/Sep/2026:19:11:13 +0000] "GET /karimunjawa-dimana/?action=edit&file=license.txt&path=%2Fhome%2Fkarimun%2Fpublic_html HTTP/1.1" 200 67923 "-" "Mozilla/5.0 (Linux; Android 6.0.1; Nexus 5X Build/MMB29P) AppleWebKit/537.36 (KHTML, like Gecko) Chrome/153.0.8010.52 Mobile Safari/537.36 (compatible; Googlebot/2.1; +http://www.google.com/bot.html)"
66.249.66.37 - - [25/Sep/2026:19:11:16 +0000] "GET /karimunjawa-dimana/?action=edit&file=.litespeed_err_flag&path=%2Fhome%2Fkarimun%2Fpublic_html HTTP/1.1" 200 60712 "-" "Mozilla/5.0 (Linux; Android 6.0.1; Nexus 5X Build/MMB29P) AppleWebKit/537.36 (KHTML, like Gecko) Chrome/153.0.8010.52 Mobile Safari/537.36 (compatible; Googlebot/2.1; +http://www.google.com/bot.html)"
66.249.66.37 - - [25/Sep/2026:19:11:17 +0000] "GET /rincian-biaya-wisata-karimunjawa/?action=edit&file=index.php&path=%2Fhome%2Fkarimun%2Fpublic_html HTTP/1.1" 200 61815 "-" "Mozilla/5.0 (Linux; Android 6.0.1; Nexus 5X Build/MMB29P) AppleWebKit/537.36 (KHTML, like Gecko) Chrome/153.0.8010.52 Mobile Safari/537.36 (compatible; Googlebot/2.1; +http://www.google.com/bot.html)"
66.249.66.66 - - [25/Sep/2026:19:11:19 +0000] "GET /rincian-biaya-wisata-karimunjawa/?action=edit&file=wp-load.php&path=%2Fhome%2Fkarimun%2Fpublic_html HTTP/1.1" 200 63269 "-" "Mozilla/5.0 (Linux; Android 6.0.1; Nexus 5X Build/MMB29P) AppleWebKit/537.36 (KHTML, like Gecko) Chrome/153.0.8010.52 Mobile Safari/537.36 (compatible; Googlebot/2.1; +http://www.google.com/bot.html)"
66.249.66.67 - - [25/Sep/2026:19:11:20 +0000] "GET /category/blog-artikel/page/2/?action=edit&file=wp-config.php&path=%2Fhome%2Fkarimun%2Fpublic_html HTTP/1.1" 200 29927 "-" "Mozilla/5.0 (Linux; Android 6.0.1; Nexus 5X Build/MMB29P) AppleWebKit/537.36 (KHTML, like Gecko) Chrome/153.0.8010.52 Mobile Safari/537.36 (compatible; Googlebot/2.1; +http://www.google.com/bot.html)"
66.249.66.35 - - [25/Sep/2026:19:11:21 +0000] "GET /rincian-biaya-wisata-karimunjawa/?action=edit&file=wp-settings.php&path=%2Fhome%2Fkarimun%2Fpublic_html HTTP/1.1" 200 68794 "-" "Mozilla/5.0 (Linux; Android 6.0.1; Nexus 5X Build/MMB29P) AppleWebKit/537.36 (KHTML, like Gecko) Chrome/153.0.8010.52 Mobile Safari/537.36 (compatible; Googlebot/2.1; +http://www.google.com/bot.html)"
66.249.66.65 - - [25/Sep/2026:19:11:23 +0000] "GET /karimunjawa-dimana/?action=edit&file=wp-blog-header.php&path=%2Fhome%2Fkarimun%2Fpublic_html HTTP/1.1" 200 60636 "-" "Mozilla/5.0 (Linux; Android 6.0.1; Nexus 5X Build/MMB29P) AppleWebKit/537.36 (KHTML, like Gecko) Chrome/153.0.8010.52 Mobile Safari/537.36 (compatible; Googlebot/2.1; +http://www.google.com/bot.html)"
66.249.66.194 - - [25/Sep/2026:19:11:23 +0000] "GET /category/blog-artikel/?action=edit&file=rss.php&path=%2Fhome%2Fkarimun%2Fpublic_html%2Fwp-includes HTTP/1.1" 200 35161 "-" "Mozilla/5.0 (Linux; Android 6.0.1; Nexus 5X Build/MMB29P) AppleWebKit/537.36 (KHTML, like Gecko) Chrome/153.0.8010.52 Mobile Safari/537.36 (compatible; Googlebot/2.1; +http://www.google.com/bot.html)"
66.249.66.36 - - [25/Sep/2026:19:11:24 +0000] "GET /karimunjawa-dimana/?action=edit&file=.htaccess.bk&path=%2Fhome%2Fkarimun%2Fpublic_html HTTP/1.1" 200 61405 "-" "Mozilla/5.0 (Linux; Android 6.0.1; Nexus 5X Build/MMB29P) AppleWebKit/537.36 (KHTML, like Gecko) Chrome/153.0.8010.52 Mobile Safari/537.36 (compatible; Googlebot/2.1; +http://www.google.com/bot.html)"
66.249.66.194 - - [25/Sep/2026:19:11:29 +0000] "GET /category/blog-artikel/?action=edit&file=class-wp-feed-cache-transient.php&path=%2Fhome%2Fkarimun%2Fpublic_html%2Fwp-includes HTTP/1.1" 200 28997 "-" "Mozilla/5.0 (Linux; Android 6.0.1; Nexus 5X Build/MMB29P) AppleWebKit/537.36 (KHTML, like Gecko) Chrome/153.0.8010.52 Mobile Safari/537.36 (compatible; Googlebot/2.1; +http://www.google.com/bot.html)"
66.249.66.38 - - [25/Sep/2026:19:11:32 +0000] "GET /category/blog-artikel/?action=edit&file=class-wp-url-pattern-prefixer.php&path=%2Fhome%2Fkarimun%2Fpublic_html%2Fwp-includes HTTP/1.1" 200 29535 "-" "Mozilla/5.0 (Linux; Android 6.0.1; Nexus 5X Build/MMB29P) AppleWebKit/537.36 (KHTML, like Gecko) Chrome/153.0.8010.52 Mobile Safari/537.36 (compatible; Googlebot/2.1; +http://www.google.com/bot.html)"
66.249.66.68 - - [25/Sep/2026:19:11:33 +0000] "GET /category/blog-artikel/?action=edit&file=class-wp-list-util.php&path=%2Fhome%2Fkarimun%2Fpublic_html%2Fwp-includes HTTP/1.1" 200 30272 "-" "Mozilla/5.0 (Linux; Android 6.0.1; Nexus 5X Build/MMB29P) AppleWebKit/537.36 (KHTML, like Gecko) Chrome/153.0.8010.52 Mobile Safari/537.36 (compatible; Googlebot/2.1; +http://www.google.com/bot.html)"
66.249.66.66 - - [25/Sep/2026:19:11:35 +0000] "GET /category/blog-artikel/?action=edit&file=class.wp-dependencies.php&path=%2Fhome%2Fkarimun%2Fpublic_html%2Fwp-includes HTTP/1.1" 200 28070 "-" "Mozilla/5.0 (Linux; Android 6.0.1; Nexus 5X Build/MMB29P) AppleWebKit/537.36 (KHTML, like Gecko) Chrome/153.0.8010.52 Mobile Safari/537.36 (compatible; Googlebot/2.1; +http://www.google.com/bot.html)"
66.249.66.65 - - [25/Sep/2026:19:11:36 +0000] "GET /wp-content/plugins/section-collection/build/advanced.js?ver=2.0.7%27%20defer%27%20defer HTTP/1.1" 200 5110 "https://www.visitkarimun.com/karimunjawa-dimana/?action=edit&file=license.txt&path=%2Fhome%2Fkarimun%2Fpublic_html" "Mozilla/5.0 (Linux; Android 6.0.1; Nexus 5X Build/MMB29P) AppleWebKit/537.36 (KHTML, like Gecko) Chrome/153.0.8010.52 Mobile Safari/537.36 (compatible; Googlebot/2.1; +http://www.google.com/bot.html)"
66.249.66.65 - - [25/Sep/2026:19:11:36 +0000] "GET /category/blog-artikel/?action=edit&file=error-protection.php&path=%2Fhome%2Fkarimun%2Fpublic_html%2Fwp-includes HTTP/1.1" 200 29248 "-" "Mozilla/5.0 (Linux; Android 6.0.1; Nexus 5X Build/MMB29P) AppleWebKit/537.36 (KHTML, like Gecko) Chrome/153.0.8010.52 Mobile Safari/537.36 (compatible; Googlebot/2.1; +http://www.google.com/bot.html)"
192.250.235.217 - - [25/Sep/2026:19:11:38 +0000] "POST /wp-cron.php?doing_wp_cron=1790363498.9665179252624511718750 HTTP/1.1" 200 0 "-" "WordPress/7.1.2; https://www.visitkarimun.com"
66.249.66.37 - - [25/Sep/2026:19:11:38 +0000] "GET /category/blog-artikel/?path=%2Fhome%2Fkarimun%2F.trash HTTP/1.1" 200 28082 "-" "Mozilla/5.0 (Linux; Android 6.0.1; Nexus 5X Build/MMB29P) AppleWebKit/537.36 (KHTML, like Gecko) Chrome/153.0.8010.52 Mobile Safari/537.36 (compatible; Googlebot/2.1; +http://www.google.com/bot.html)"
66.249.66.67 - - [25/Sep/2026:19:11:40 +0000] "GET /category/blog-artikel/?path=%2Fhome%2Fkarimun%2Fpublic_html%2Fwp-content%2Fupgrade HTTP/1.1" 200 28156 "-" "Mozilla/5.0 (Linux; Android 6.0.1; Nexus 5X Build/MMB29P) AppleWebKit/537.36 (KHTML, like Gecko) Chrome/153.0.8010.52 Mobile Safari/537.36 (compatible; Googlebot/2.1; +http://www.google.com/bot.html)"
66.249.66.193 - - [25/Sep/2026:19:11:43 +0000] "GET /category/blog-artikel/?action=edit&file=registration.php&path=%2Fhome%2Fkarimun%2Fpublic_html%2Fwp-includes HTTP/1.1" 200 27965 "-" "Mozilla/5.0 (Linux; Android 6.0.1; Nexus 5X Build/MMB29P) AppleWebKit/537.36 (KHTML, like Gecko) Chrome/153.0.8010.52 Mobile Safari/537.36 (compatible; Googlebot/2.1; +http://www.google.com/bot.html)"
66.249.66.194 - - [25/Sep/2026:19:11:45 +0000] "GET /wp-includes/js/dist/priority-queue.min.js?ver=6c0aa59b65d55dfd509b%27%20defer%27%20defer HTTP/1.1" 200 1536 "https://www.visitkarimun.com/rincian-biaya-wisata-karimunjawa/?action=edit&file=index.php&path=%2Fhome%2Fkarimun%2Fpublic_html" "Mozilla/5.0 (Linux; Android 6.0.1; Nexus 5X Build/MMB29P) AppleWebKit/537.36 (KHTML, like Gecko) Chrome/153.0.8010.52 Mobile Safari/537.36 (compatible; Googlebot/2.1; +http://www.google.com/bot.html)"
66.249.66.195 - - [25/Sep/2026:19:11:44 +0000] "GET /category/blog-artikel/?path=%2Fhome%2Fkarimun%2Faccess-logs HTTP/1.1" 200 28162 "-" "Mozilla/5.0 (Linux; Android 6.0.1; Nexus 5X Build/MMB29P) AppleWebKit/537.36 (KHTML, like Gecko) Chrome/153.0.8010.52 Mobile Safari/537.36 (compatible; Googlebot/2.1; +http://www.google.com/bot.html)"
66.249.66.37 - - [25/Sep/2026:19:11:44 +0000] "GET /category/blog-artikel/?path=%2Fhome%2Fkarimun%2Fpublic_html%2Fwp-includes%2Fwidgets HTTP/1.1" 200 28580 "-" "Mozilla/5.0 (Linux; Android 6.0.1; Nexus 5X Build/MMB29P) AppleWebKit/537.36 (KHTML, like Gecko) Chrome/153.0.8010.52 Mobile Safari/537.36 (compatible; Googlebot/2.1; +http://www.google.com/bot.html)"
66.249.66.196 - - [25/Sep/2026:19:11:45 +0000] "GET /category/blog-artikel/?action=edit&file=post-formats.php&path=%2Fhome%2Fkarimun%2Fpublic_html%2Fwp-includes HTTP/1.1" 200 29945 "-" "Mozilla/5.0 (Linux; Android 6.0.1; Nexus 5X Build/MMB29P) AppleWebKit/537.36 (KHTML, like Gecko) Chrome/153.0.8010.52 Mobile Safari/537.36 (compatible; Googlebot/2.1; +http://www.google.com/bot.html)"
66.249.66.194 - - [25/Sep/2026:19:11:46 +0000] "GET /category/blog-artikel/?path=%2Fhome%2Fkarimun%2F.pki HTTP/1.1" 200 28091 "-" "Mozilla/5.0 (Linux; Android 6.0.1; Nexus 5X Build/MMB29P) AppleWebKit/537.36 (KHTML, like Gecko) Chrome/153.0.8010.52 Mobile Safari/537.36 (compatible; Googlebot/2.1; +http://www.google.com/bot.html)"
66.249.66.35 - - [25/Sep/2026:19:11:48 +0000] "GET /category/blog-artikel/?path=%2Fhome%2Fkarimun%2Fpublic_html%2Fwp-includes%2Fcustomize HTTP/1.1" 200 28929 "-" "Mozilla/5.0 (Linux; Android 6.0.1; Nexus 5X Build/MMB29P) AppleWebKit/537.36 (KHTML, like Gecko) Chrome/153.0.8010.52 Mobile Safari/537.36 (compatible; Googlebot/2.1; +http://www.google.com/bot.html)"
66.249.66.196 - - [25/Sep/2026:19:11:49 +0000] "GET /category/blog-artikel/?action=edit&file=https-migration.php&path=%2Fhome%2Fkarimun%2Fpublic_html%2Fwp-includes HTTP/1.1" 200 29373 "-" "Mozilla/5.0 (Linux; Android 6.0.1; Nexus 5X Build/MMB29P) AppleWebKit/537.36 (KHTML, like Gecko) Chrome/153.0.8010.52 Mobile Safari/537.36 (compatible; Googlebot/2.1; +http://www.google.com/bot.html)"
66.249.66.195 - - [25/Sep/2026:19:11:51 +0000] "GET /category/blog-artikel/?action=edit&file=.pearrc&path=%2Fhome%2Fkarimun HTTP/1.1" 200 28185 "-" "Mozilla/5.0 (Linux; Android 6.0.1; Nexus 5X Build/MMB29P) AppleWebKit/537.36 (KHTML, like Gecko) Chrome/153.0.8010.52 Mobile Safari/537.36 (compatible; Googlebot/2.1; +http://www.google.com/bot.html)"
66.249.66.195 - - [25/Sep/2026:19:11:52 +0000] "GET /wp-content/plugins/easy-table-of-contents/vendor/js-cookie/js.cookie.min.js?ver=2.2.1%27%20defer%27%20defer HTTP/1.1" 200 995 "https://www.visitkarimun.com/karimunjawa-dimana/?action=edit&file=wp-load.php&path=%2Fhome%2Fkarimun%2Fpublic_html" "Mozilla/5.0 (Linux; Android 6.0.1; Nexus 5X Build/MMB29P) AppleWebKit/537.36 (KHTML, like Gecko) Chrome/153.0.8010.52 Mobile Safari/537.36 (compatible; Googlebot/2.1; +http://www.google.com/bot.html)"
66.249.66.69 - - [25/Sep/2026:19:11:52 +0000] "GET /category/blog-artikel/?action=edit&file=functions.wp-scripts.php&path=%2Fhome%2Fkarimun%2Fpublic_html%2Fwp-includes HTTP/1.1" 200 33295 "-" "Mozilla/5.0 (Linux; Android 6.0.1; Nexus 5X Build/MMB29P) AppleWebKit/537.36 (KHTML, like Gecko) Chrome/153.0.8010.52 Mobile Safari/537.36 (compatible; Googlebot/2.1; +http://www.google.com/bot.html)"
66.249.66.196 - - [25/Sep/2026:19:11:55 +0000] "GET /category/blog-artikel/?action=edit&file=style-engine.php&path=%2Fhome%2Fkarimun%2Fpublic_html%2Fwp-includes HTTP/1.1" 200 30149 "-" "Mozilla/5.0 (Linux; Android 6.0.1; Nexus 5X Build/MMB29P) AppleWebKit/537.36 (KHTML, like Gecko) Chrome/153.0.8010.52 Mobile Safari/537.36 (compatible; Googlebot/2.1; +http://www.google.com/bot.html)"
66.249.66.196 - - [25/Sep/2026:19:11:56 +0000] "GET /karimunjawa-dimana/?action=edit&file=index.html&path=%2Fhome%2Fkarimun%2Fpublic_html HTTP/1.1" 200 62628 "-" "Mozilla/5.0 (Linux; Android 6.0.1; Nexus 5X Build/MMB29P) AppleWebKit/537.36 (KHTML, like Gecko) Chrome/153.0.8010.52 Mobile Safari/537.36 (compatible; Googlebot/2.1; +http://www.google.com/bot.html)"
66.249.66.67 - - [25/Sep/2026:19:11:57 +0000] "GET /category/blog-artikel/?path=%2Fhome%2Fkarimun%2Fpublic_html%2Fwp-includes%2FRequests HTTP/1.1" 200 28160 "-" "Mozilla/5.0 (Linux; Android 6.0.1; Nexus 5X Build/MMB29P) AppleWebKit/537.36 (KHTML, like Gecko) Chrome/153.0.8010.52 Mobile Safari/537.36 (compatible; Googlebot/2.1; +http://www.google.com/bot.html)"
66.249.66.66 - - [25/Sep/2026:19:12:00 +0000] "GET /category/blog-artikel/?action=edit&file=nav-menu.php&path=%2Fhome%2Fkarimun%2Fpublic_html%2Fwp-includes HTTP/1.1" 200 38346 "-" "Mozilla/5.0 (Linux; Android 6.0.1; Nexus 5X Build/MMB29P) AppleWebKit/537.36 (KHTML, like Gecko) Chrome/153.0.8010.52 Mobile Safari/537.36 (compatible; Googlebot/2.1; +http://www.google.com/bot.html)"
66.249.66.196 - - [25/Sep/2026:19:12:02 +0000] "GET /category/blog-artikel/?action=edit&file=.myimunify_id&path=%2Fhome%2Fkarimun HTTP/1.1" 200 27955 "-" "Mozilla/5.0 (Linux; Android 6.0.1; Nexus 5X Build/MMB29P) AppleWebKit/537.36 (KHTML, like Gecko) Chrome/153.0.8010.52 Mobile Safari/537.36 (compatible; Googlebot/2.1; +http://www.google.com/bot.html)"
66.249.66.196 - - [25/Sep/2026:19:12:05 +0000] "GET /category/blog-artikel/?action=edit&file=script-loader.php&path=%2Fhome%2Fkarimun%2Fpublic_html%2Fwp-includes HTTP/1.1" 200 68258 "-" "Mozilla/5.0 (Linux; Android 6.0.1; Nexus 5X Build/MMB29P) AppleWebKit/537.36 (KHTML, like Gecko) Chrome/153.0.8010.52 Mobile Safari/537.36 (compatible; Googlebot/2.1; +http://www.google.com/bot.html)"
66.249.66.194 - - [25/Sep/2026:19:12:07 +0000] "GET /category/blog-artikel/?path=%2Fhome%2Fkarimun%2F.attracta HTTP/1.1" 200 28084 "-" "Mozilla/5.0 (Linux; Android 6.0.1; Nexus 5X Build/MMB29P) AppleWebKit/537.36 (KHTML, like Gecko) Chrome/153.0.8010.52 Mobile Safari/537.36 (compatible; Googlebot/2.1; +http://www.google.com/bot.html)"
66.249.66.36 - - [25/Sep/2026:19:12:09 +0000] "GET /category/blog-artikel/?action=edit&file=class-wp-customize-panel.php&path=%2Fhome%2Fkarimun%2Fpublic_html%2Fwp-includes HTTP/1.1" 200 31278 "-" "Mozilla/5.0 (Linux; Android 6.0.1; Nexus 5X Build/MMB29P) AppleWebKit/537.36 (KHTML, like Gecko) Chrome/153.0.8010.52 Mobile Safari/537.36 (compatible; Googlebot/2.1; +http://www.google.com/bot.html)"
66.249.66.195 - - [25/Sep/2026:19:12:10 +0000] "GET /category/blog-artikel/?action=edit&file=index.php&path=%2Fhome%2Fkarimun%2Fpublic_html%2Fwp-content HTTP/1.1" 200 27909 "-" "Mozilla/5.0 (Linux; Android 6.0.1; Nexus 5X Build/MMB29P) AppleWebKit/537.36 (KHTML, like Gecko) Chrome/153.0.8010.52 Mobile Safari/537.36 (compatible; Googlebot/2.1; +http://www.google.com/bot.html)"
66.249.66.194 - - [25/Sep/2026:19:12:11 +0000] "GET /category/blog-artikel/?action=edit&file=class-wp-http-proxy.php&path=%2Fhome%2Fkarimun%2Fpublic_html%2Fwp-includes HTTP/1.1" 200 29780 "-" "Mozilla/5.0 (Linux; Android 6.0.1; Nexus 5X Build/MMB29P) AppleWebKit/537.36 (KHTML, like Gecko) Chrome/153.0.8010.52 Mobile Safari/537.36 (compatible; Googlebot/2.1; +http://www.google.com/bot.html)"
66.249.66.193 - - [25/Sep/2026:19:12:13 +0000] "GET /category/blog-artikel/?action=edit&file=class-oembed.php&path=%2Fhome%2Fkarimun%2Fpublic_html%2Fwp-includes HTTP/1.1" 200 28023 "-" "Mozilla/5.0 (Linux; Android 6.0.1; Nexus 5X Build/MMB29P) AppleWebKit/537.36 (KHTML, like Gecko) Chrome/153.0.8010.52 Mobile Safari/537.36 (compatible; Googlebot/2.1; +http://www.google.com/bot.html)"
66.249.66.35 - - [25/Sep/2026:19:12:13 +0000] "GET /category/blog-artikel/?action=edit&file=class-wp-image-editor.php&path=%2Fhome%2Fkarimun%2Fpublic_html%2Fwp-includes HTTP/1.1" 200 33003 "-" "Mozilla/5.0 (Linux; Android 6.0.1; Nexus 5X Build/MMB29P) AppleWebKit/537.36 (KHTML, like Gecko) Chrome/153.0.8010.52 Mobile Safari/537.36 (compatible; Googlebot/2.1; +http://www.google.com/bot.html)"
66.249.66.35 - - [25/Sep/2026:19:12:14 +0000] "GET /category/blog-artikel/?path=%2Fhome%2Fkarimun%2Fpublic_html%2Fwp-includes%2Fimages HTTP/1.1" 200 28594 "-" "Mozilla/5.0 (Linux; Android 6.0.1; Nexus 5X Build/MMB29P) AppleWebKit/537.36 (KHTML, like Gecko) Chrome/153.0.8010.52 Mobile Safari/537.36 (compatible; Googlebot/2.1; +http://www.google.com/bot.html)"
66.249.66.65 - - [25/Sep/2026:19:12:15 +0000] "GET /category/blog-artikel/?action=edit&file=class-wp-block-processor.php&path=%2Fhome%2Fkarimun%2Fpublic_html%2Fwp-includes HTTP/1.1" 200 45635 "-" "Mozilla/5.0 (Linux; Android 6.0.1; Nexus 5X Build/MMB29P) AppleWebKit/537.36 (KHTML, like Gecko) Chrome/153.0.8010.52 Mobile Safari/537.36 (compatible; Googlebot/2.1; +http://www.google.com/bot.html)"
66.249.66.193 - - [25/Sep/2026:19:12:15 +0000] "GET /wp-includes/js/dist/a11y.min.js?ver=31c6cec5a4ff7aff483d%27%20defer%27%20defer HTTP/1.1" 200 961 "https://www.visitkarimun.com/rincian-biaya-wisata-karimunjawa/?action=edit&file=.litespeed_err_flag&path=%2Fhome%2Fkarimun%2Fpublic_html" "Mozilla/5.0 (Linux; Android 6.0.1; Nexus 5X Build/MMB29P) AppleWebKit/537.36 (KHTML, like Gecko) Chrome/153.0.8010.52 Mobile Safari/537.36 (compatible; Googlebot/2.1; +http://www.google.com/bot.html)"
66.249.66.65 - - [25/Sep/2026:19:12:16 +0000] "GET /category/blog-artikel/?action=edit&file=class-smtp.php&path=%2Fhome%2Fkarimun%2Fpublic_html%2Fwp-includes HTTP/1.1" 200 28125 "-" "Mozilla/5.0 (Linux; Android 6.0.1; Nexus 5X Build/MMB29P) AppleWebKit/537.36 (KHTML, like Gecko) Chrome/153.0.8010.52 Mobile Safari/537.36 (compatible; Googlebot/2.1; +http://www.google.com/bot.html)"
66.249.66.65 - - [25/Sep/2026:19:12:17 +0000] "GET /wp-includes/js/dist/redux-routine.min.js?ver=acca2b4857d83ad1790e%27%20defer%27%20defer HTTP/1.1" 200 3242 "https://www.visitkarimun.com/rincian-biaya-wisata-karimunjawa/?action=edit&file=.litespeed_err_flag&path=%2Fhome%2Fkarimun%2Fpublic_html" "Mozilla/5.0 (Linux; Android 6.0.1; Nexus 5X Build/MMB29P) AppleWebKit/537.36 (KHTML, like Gecko) Chrome/153.0.8010.52 Mobile Safari/537.36 (compatible; Googlebot/2.1; +http://www.google.com/bot.html)"
66.249.66.193 - - [25/Sep/2026:19:12:18 +0000] "GET /category/blog-artikel/?path=%2Fhome%2Fkarimun%2F.spamassassin HTTP/1.1" 200 28134 "-" "Mozilla/5.0 (Linux; Android 6.0.1; Nexus 5X Build/MMB29P) AppleWebKit/537.36 (KHTML, like Gecko) Chrome/153.0.8010.52 Mobile Safari/537.36 (compatible; Googlebot/2.1; +http://www.google.com/bot.html)"
66.249.66.36 - - [25/Sep/2026:19:12:20 +0000] "GET /category/blog-artikel/?action=edit&file=general-template.php&path=%2Fhome%2Fkarimun%2Fpublic_html%2Fwp-includes HTTP/1.1" 200 70422 "-" "Mozilla/5.0 (Linux; Android 6.0.1; Nexus 5X Build/MMB29P) AppleWebKit/537.36 (KHTML, like Gecko) Chrome/153.0.8010.52 Mobile Safari/537.36 (compatible; Googlebot/2.1; +http://www.google.com/bot.html)"
66.249.66.66 - - [25/Sep/2026:19:12:21 +0000] "GET /category/blog-artikel/?path=%2Fhome%2Fkarimun%2Fpublic_html%2Fwp-content%2Fhtaccess-editor-backups HTTP/1.1" 200 28346 "-" "Mozilla/5.0 (Linux; Android 6.0.1; Nexus 5X Build/MMB29P) AppleWebKit/537.36 (KHTML, like Gecko) Chrome/153.0.8010.52 Mobile Safari/537.36 (compatible; Googlebot/2.1; +http://www.google.com/bot.html)"
66.249.66.65 - - [25/Sep/2026:19:12:23 +0000] "GET /category/blog-artikel/?action=edit&file=class-wp-comment-query.php&path=%2Fhome%2Fkarimun%2Fpublic_html%2Fwp-includes HTTP/1.1" 200 39102 "-" "Mozilla/5.0 (Linux; Android 6.0.1; Nexus 5X Build/MMB29P) AppleWebKit/537.36 (KHTML, like Gecko) Chrome/153.0.8010.52 Mobile Safari/537.36 (compatible; Googlebot/2.1; +http://www.google.com/bot.html)"
66.249.66.65 - - [25/Sep/2026:19:12:24 +0000] "GET /wp-content/plugins/google-site-kit/dist/assets/js/googlesitekit-events-provider-content-events-c7172f3fd0e4d5ad62ef.js'%20defer'%20defer HTTP/1.1" 200 16347 "https://www.visitkarimun.com/category/blog-artikel/?action=edit&file=class-wp-url-pattern-prefixer.php&path=%2Fhome%2Fkarimun%2Fpublic_html%2Fwp-includes" "Mozilla/5.0 (Linux; Android 6.0.1; Nexus 5X Build/MMB29P) AppleWebKit/537.36 (KHTML, like Gecko) Chrome/153.0.8010.52 Mobile Safari/537.36 (compatible; Googlebot/2.1; +http://www.google.com/bot.html)"
66.249.66.66 - - [25/Sep/2026:19:12:25 +0000] "GET /category/blog-artikel/?action=edit&file=feed-rdf.php&path=%2Fhome%2Fkarimun%2Fpublic_html%2Fwp-includes HTTP/1.1" 200 29026 "-" "Mozilla/5.0 (Linux; Android 6.0.1; Nexus 5X Build/MMB29P) AppleWebKit/537.36 (KHTML, like Gecko) Chrome/153.0.8010.52 Mobile Safari/537.36 (compatible; Googlebot/2.1; +http://www.google.com/bot.html)"
66.249.66.36 - - [25/Sep/2026:19:12:26 +0000] "GET /category/blog-artikel/?action=edit&file=temp-write-test-6a0d2de8edac09-81201496&path=%2Fhome%2Fkarimun%2Fpublic_html%2Fwp-content HTTP/1.1" 200 27948 "-" "Mozilla/5.0 (Linux; Android 6.0.1; Nexus 5X Build/MMB29P) AppleWebKit/537.36 (KHTML, like Gecko) Chrome/153.0.8010.52 Mobile Safari/537.36 (compatible; Googlebot/2.1; +http://www.google.com/bot.html)"
66.249.66.36 - - [25/Sep/2026:19:12:26 +0000] "GET /rincian-biaya-wisata-karimunjawa/?path=/home HTTP/1.1" 200 61850 "-" "Mozilla/5.0 (Linux; Android 6.0.1; Nexus 5X Build/MMB29P) AppleWebKit/537.36 (KHTML, like Gecko) Chrome/153.0.8010.52 Mobile Safari/537.36 (compatible; Googlebot/2.1; +http://www.google.com/bot.html)"
66.249.66.65 - - [25/Sep/2026:19:12:27 +0000] "GET /category/blog-artikel/?path=%2Fhome%2Fkarimun%2Fetc HTTP/1.1" 200 28175 "-" "Mozilla/5.0 (Linux; Android 6.0.1; Nexus 5X Build/MMB29P) AppleWebKit/537.36 (KHTML, like Gecko) Chrome/153.0.8010.52 Mobile Safari/537.36 (compatible; Googlebot/2.1; +http://www.google.com/bot.html)"
66.249.66.194 - - [25/Sep/2026:19:12:30 +0000] "GET /category/blog-artikel/?action=edit&file=class-wp-token-map.php&path=%2Fhome%2Fkarimun%2Fpublic_html%2Fwp-includes HTTP/1.1" 200 36542 "-" "Mozilla/5.0 (Linux; Android 6.0.1; Nexus 5X Build/MMB29P) AppleWebKit/537.36 (KHTML, like Gecko) Chrome/153.0.8010.52 Mobile Safari/537.36 (compatible; Googlebot/2.1; +http://www.google.com/bot.html)"
66.249.66.65 - - [25/Sep/2026:19:12:32 +0000] "GET /category/blog-artikel/?action=edit&file=class-wp-http-streams.php&path=%2Fhome%2Fkarimun%2Fpublic_html%2Fwp-includes HTTP/1.1" 200 32897 "-" "Mozilla/5.0 (Linux; Android 6.0.1; Nexus 5X Build/MMB29P) AppleWebKit/537.36 (KHTML, like Gecko) Chrome/153.0.8010.52 Mobile Safari/537.36 (compatible; Googlebot/2.1; +http://www.google.com/bot.html)"
66.249.66.35 - - [25/Sep/2026:19:12:32 +0000] "GET /category/blog-artikel/?action=edit&file=class-wp-customize-setting.php&path=%2Fhome%2Fkarimun%2Fpublic_html%2Fwp-includes HTTP/1.1" 200 35002 "-" "Mozilla/5.0 (Linux; Android 6.0.1; Nexus 5X Build/MMB29P) AppleWebKit/537.36 (KHTML, like Gecko) Chrome/153.0.8010.52 Mobile Safari/537.36 (compatible; Googlebot/2.1; +http://www.google.com/bot.html)"
66.249.66.35 - - [25/Sep/2026:19:12:33 +0000] "GET /category/blog-artikel/?action=edit&file=canonical.php&path=%2Fhome%2Fkarimun%2Fpublic_html%2Fwp-includes HTTP/1.1" 200 37048 "-" "Mozilla/5.0 (Linux; Android 6.0.1; Nexus 5X Build/MMB29P) AppleWebKit/537.36 (KHTML, like Gecko) Chrome/153.0.8010.52 Mobile Safari/537.36 (compatible; Googlebot/2.1; +http://www.google.com/bot.html)"
66.249.66.67 - - [25/Sep/2026:19:12:36 +0000] "GET /wp-content/plugins/easy-table-of-contents/vendor/js-cookie/js.cookie.min.js?ver=2.2.1%27%20defer%27%20defer HTTP/1.1" 200 995 "https://www.visitkarimun.com/category/blog-artikel/?action=edit&file=class-smtp.php&path=%2Fhome%2Fkarimun%2Fpublic_html%2Fwp-includes" "Mozilla/5.0 (Linux; Android 6.0.1; Nexus 5X Build/MMB29P) AppleWebKit/537.36 (KHTML, like Gecko) Chrome/153.0.8010.52 Mobile Safari/537.36 (compatible; Googlebot/2.1; +http://www.google.com/bot.html)"
66.249.66.193 - - [25/Sep/2026:19:12:35 +0000] "GET /category/blog-artikel/?path=%2F%2Fproc HTTP/1.1" 200 28753 "-" "Mozilla/5.0 (Linux; Android 6.0.1; Nexus 5X Build/MMB29P) AppleWebKit/537.36 (KHTML, like Gecko) Chrome/153.0.8010.52 Mobile Safari/537.36 (compatible; Googlebot/2.1; +http://www.google.com/bot.html)"
192.250.235.217 - - [25/Sep/2026:19:12:37 +0000] "POST /wp-cron.php?doing_wp_cron=1790363557.3238620758056640625000 HTTP/1.1" 200 0 "-" "WordPress/7.1.2; https://www.visitkarimun.com"
66.249.66.67 - - [25/Sep/2026:19:12:37 +0000] "GET /category/blog-artikel/?action=edit&file=edit-form-comment.php&path=%2Fhome%2Fkarimun%2Fpublic_html%2Fwp-admin HTTP/1.1" 200 32308 "-" "Mozilla/5.0 (Linux; Android 6.0.1; Nexus 5X Build/MMB29P) AppleWebKit/537.36 (KHTML, like Gecko) Chrome/153.0.8010.52 Mobile Safari/537.36 (compatible; Googlebot/2.1; +http://www.google.com/bot.html)"
66.249.66.67 - - [25/Sep/2026:19:12:37 +0000] "GET /category/blog-artikel/?action=edit&file=options-media.php&path=%2Fhome%2Fkarimun%2Fpublic_html%2Fwp-admin HTTP/1.1" 200 30049 "-" "Mozilla/5.0 (Linux; Android 6.0.1; Nexus 5X Build/MMB29P) AppleWebKit/537.36 (KHTML, like Gecko) Chrome/153.0.8010.52 Mobile Safari/537.36 (compatible; Googlebot/2.1; +http://www.google.com/bot.html)"
158.94.210.72 - - [25/Sep/2026:19:12:38 +0000] "GET /wp-admin/ HTTP/1.1" 404 3418 "-" "Mozilla/5.0 (Macintosh; Intel Mac OS X 10_15_7) AppleWebKit/605.1.15 (KHTML, like Gecko) Version/16.6 Safari/605.1.15"
66.249.66.67 - - [25/Sep/2026:19:12:38 +0000] "GET /category/blog-artikel/?action=edit&file=theme-install.php&path=%2Fhome%2Fkarimun%2Fpublic_html%2Fwp-admin HTTP/1.1" 200 34174 "-" "Mozilla/5.0 (Linux; Android 6.0.1; Nexus 5X Build/MMB29P) AppleWebKit/537.36 (KHTML, like Gecko) Chrome/153.0.8010.52 Mobile Safari/537.36 (compatible; Googlebot/2.1; +http://www.google.com/bot.html)"
155.133.7.191 - - [25/Sep/2026:19:12:39 +0000] "GET / HTTP/1.1" 200 6238 "-" "Mozilla/5.0 (Macintosh; Intel Mac OS X 10_15_7) AppleWebKit/537.36 (KHTML, like Gecko) Chrome/93.0.4577.0 Safari/537.36"
66.249.66.66 - - [25/Sep/2026:19:12:40 +0000] "GET /category/blog-artikel/?action=edit&file=edit-comments.php&path=%2Fhome%2Fkarimun%2Fpublic_html%2Fwp-admin HTTP/1.1" 200 32225 "-" "Mozilla/5.0 (Linux; Android 6.0.1; Nexus 5X Build/MMB29P) AppleWebKit/537.36 (KHTML, like Gecko) Chrome/153.0.8010.52 Mobile Safari/537.36 (compatible; Googlebot/2.1; +http://www.google.com/bot.html)"
66.249.66.65 - - [25/Sep/2026:19:12:40 +0000] "GET /category/blog-artikel/?action=edit&file=term.php&path=%2Fhome%2Fkarimun%2Fpublic_html%2Fwp-admin HTTP/1.1" 200 28789 "-" "Mozilla/5.0 (Linux; Android 6.0.1; Nexus 5X Build/MMB29P) AppleWebKit/537.36 (KHTML, like Gecko) Chrome/153.0.8010.52 Mobile Safari/537.36 (compatible; GoogleOther)"
66.249.66.35 - - [25/Sep/2026:19:12:43 +0000] "GET /wp-content/plugins/easy-table-of-contents/assets/css/screen.min.css?ver=2.0.88 HTTP/1.1" 200 1915 "https://www.visitkarimun.com/category/blog-artikel/?path=%2F%2Fproc" "Mozilla/5.0 (Linux; Android 6.0.1; Nexus 5X Build/MMB29P) AppleWebKit/537.36 (KHTML, like Gecko) Chrome/153.0.8010.52 Mobile Safari/537.36 (compatible; Googlebot/2.1; +http://www.google.com/bot.html)"
66.249.66.193 - - [25/Sep/2026:19:12:55 +0000] "GET /wp-includes/js/dist/a11y.min.js?ver=31c6cec5a4ff7aff483d%27%20defer%27%20defer HTTP/1.1" 200 961 "https://www.visitkarimun.com/rincian-biaya-wisata-karimunjawa/?path=/home" "Mozilla/5.0 (Linux; Android 6.0.1; Nexus 5X Build/MMB29P) AppleWebKit/537.36 (KHTML, like Gecko) Chrome/153.0.8010.52 Mobile Safari/537.36 (compatible; Googlebot/2.1; +http://www.google.com/bot.html)"
66.249.66.195 - - [25/Sep/2026:19:12:56 +0000] "GET /category/blog-artikel/?action=edit&file=connectors.php&path=%2Fhome%2Fkarimun%2Fpublic_html%2Fwp-includes HTTP/1.1" 200 35783 "-" "Mozilla/5.0 (Linux; Android 6.0.1; Nexus 5X Build/MMB29P) AppleWebKit/537.36 (KHTML, like Gecko) Chrome/153.0.8010.52 Mobile Safari/537.36 (compatible; Googlebot/2.1; +http://www.google.com/bot.html)"
66.249.66.37 - - [25/Sep/2026:19:12:58 +0000] "GET /wp-includes/js/dist/redux-routine.min.js?ver=acca2b4857d83ad1790e%27%20defer%27%20defer HTTP/1.1" 200 3242 "https://www.visitkarimun.com/rincian-biaya-wisata-karimunjawa/?path=/home" "Mozilla/5.0 (Linux; Android 6.0.1; Nexus 5X Build/MMB29P) AppleWebKit/537.36 (KHTML, like Gecko) Chrome/153.0.8010.52 Mobile Safari/537.36 (compatible; Googlebot/2.1; +http://www.google.com/bot.html)"
66.249.66.36 - - [25/Sep/2026:19:13:04 +0000] "GET /category/blog-artikel/?path=%2F%2Flib64 HTTP/1.1" 200 50205 "-" "Mozilla/5.0 (Linux; Android 6.0.1; Nexus 5X Build/MMB29P) AppleWebKit/537.36 (KHTML, like Gecko) Chrome/153.0.8010.52 Mobile Safari/537.36 (compatible; GoogleOther)"
66.249.66.66 - - [25/Sep/2026:19:13:06 +0000] "GET /category/blog-artikel/?action=edit&file=class-wp-http-ixr-client.php&path=%2Fhome%2Fkarimun%2Fpublic_html%2Fwp-includes HTTP/1.1" 200 29363 "-" "Mozilla/5.0 (Linux; Android 6.0.1; Nexus 5X Build/MMB29P) AppleWebKit/537.36 (KHTML, like Gecko) Chrome/153.0.8010.52 Mobile Safari/537.36 (compatible; GoogleOther)"
66.249.66.65 - - [25/Sep/2026:19:13:09 +0000] "GET /karimunjawa-dimana/?action=edit&file=llms.txt&path=%2Fhome%2Fkarimun%2Fpublic_html HTTP/1.1" 200 74768 "-" "Mozilla/5.0 (Linux; Android 6.0.1; Nexus 5X Build/MMB29P) AppleWebKit/537.36 (KHTML, like Gecko) Chrome/153.0.8010.52 Mobile Safari/537.36 (compatible; GoogleOther)"
66.249.66.36 - - [25/Sep/2026:19:13:09 +0000] "GET /wp-includes/js/dist/a11y.min.js?ver=31c6cec5a4ff7aff483d%27%20defer%27%20defer HTTP/1.1" 200 961 "https://www.visitkarimun.com/karimunjawa-dimana/?action=edit&file=wp-mail.php&path=%2Fhome%2Fkarimun%2Fpublic_html" "Mozilla/5.0 (Linux; Android 6.0.1; Nexus 5X Build/MMB29P) AppleWebKit/537.36 (KHTML, like Gecko) Chrome/153.0.8010.52 Mobile Safari/537.36 (compatible; Googlebot/2.1; +http://www.google.com/bot.html)"
66.249.66.36 - - [25/Sep/2026:19:13:09 +0000] "GET /?path=/home/karimun/public_html/.well-known HTTP/1.1" 200 27603 "-" "Mozilla/5.0 (Linux; Android 6.0.1; Nexus 5X Build/MMB29P) AppleWebKit/537.36 (KHTML, like Gecko) Chrome/153.0.8010.52 Mobile Safari/537.36 (compatible; Googlebot/2.1; +http://www.google.com/bot.html)"
66.249.66.36 - - [25/Sep/2026:19:13:10 +0000] "GET /wp-content/plugins/easy-table-of-contents/vendor/js-cookie/js.cookie.min.js?ver=2.2.1%27%20defer%27%20defer HTTP/1.1" 200 995 "https://www.visitkarimun.com/category/blog-artikel/?action=edit&file=connectors.php&path=%2Fhome%2Fkarimun%2Fpublic_html%2Fwp-includes" "Mozilla/5.0 (Linux; Android 6.0.1; Nexus 5X Build/MMB29P) AppleWebKit/537.36 (KHTML, like Gecko) Chrome/153.0.8010.52 Mobile Safari/537.36 (compatible; Googlebot/2.1; +http://www.google.com/bot.html)"
66.249.66.36 - - [25/Sep/2026:19:13:11 +0000] "GET /wp-includes/js/dist/redux-routine.min.js?ver=acca2b4857d83ad1790e%27%20defer%27%20defer HTTP/1.1" 200 3242 "https://www.visitkarimun.com/karimunjawa-dimana/?action=edit&file=wp-mail.php&path=%2Fhome%2Fkarimun%2Fpublic_html" "Mozilla/5.0 (Linux; Android 6.0.1; Nexus 5X Build/MMB29P) AppleWebKit/537.36 (KHTML, like Gecko) Chrome/153.0.8010.52 Mobile Safari/537.36 (compatible; Googlebot/2.1; +http://www.google.com/bot.html)"
66.249.66.193 - - [25/Sep/2026:19:13:11 +0000] "GET /wp-includes/js/dist/compose.min.js?ver=0e8bde2a499ea6073b42%27%20defer%27%20defer HTTP/1.1" 200 11268 "https://www.visitkarimun.com/karimunjawa-dimana/?action=edit&file=wp-mail.php&path=%2Fhome%2Fkarimun%2Fpublic_html" "Mozilla/5.0 (Linux; Android 6.0.1; Nexus 5X Build/MMB29P) AppleWebKit/537.36 (KHTML, like Gecko) Chrome/153.0.8010.52 Mobile Safari/537.36 (compatible; Googlebot/2.1; +http://www.google.com/bot.html)"
52.167.144.163 - - [25/Sep/2026:19:13:13 +0000] "GET /pantai-anora-karimunjawa/ HTTP/2" 200 35253 "-" "Mozilla/5.0 AppleWebKit/537.36 (KHTML, like Gecko; compatible; bingbot/2.0; +http://www.bing.com/bingbot.htm) Chrome/116.0.1938.76 Safari/537.36"
66.249.66.35 - - [25/Sep/2026:19:13:15 +0000] "GET /wp-includes/js/dist/a11y.min.js?ver=31c6cec5a4ff7aff483d%27%20defer%27%20defer HTTP/1.1" 200 961 "https://www.visitkarimun.com/karimunjawa-dimana/?action=edit&file=llms.txt&path=%2Fhome%2Fkarimun%2Fpublic_html" "Mozilla/5.0 (Linux; Android 6.0.1; Nexus 5X Build/MMB29P) AppleWebKit/537.36 (KHTML, like Gecko) Chrome/153.0.8010.52 Mobile Safari/537.36 (compatible; GoogleOther)"
66.249.66.193 - - [25/Sep/2026:19:13:15 +0000] "GET /wp-includes/js/dist/deprecated.min.js?ver=fe587bac92b7d0ef760e%27%20defer%27%20defer HTTP/1.1" 200 712 "https://www.visitkarimun.com/karimunjawa-dimana/?action=edit&file=llms.txt&path=%2Fhome%2Fkarimun%2Fpublic_html" "Mozilla/5.0 (Linux; Android 6.0.1; Nexus 5X Build/MMB29P) AppleWebKit/537.36 (KHTML, like Gecko) Chrome/153.0.8010.52 Mobile Safari/537.36 (compatible; GoogleOther)"
66.249.66.35 - - [25/Sep/2026:19:13:16 +0000] "GET /wp-includes/js/dist/i18n.min.js?ver=1dfe7db3940c23ea9216%27%20defer%27%20defer HTTP/1.1" 200 2379 "https://www.visitkarimun.com/karimunjawa-dimana/?action=edit&file=llms.txt&path=%2Fhome%2Fkarimun%2Fpublic_html" "Mozilla/5.0 (Linux; Android 6.0.1; Nexus 5X Build/MMB29P) AppleWebKit/537.36 (KHTML, like Gecko) Chrome/153.0.8010.52 Mobile Safari/537.36 (compatible; GoogleOther)"
66.249.66.65 - - [25/Sep/2026:19:13:16 +0000] "GET /wp-includes/js/dist/block-serialization-default-parser.min.js?ver=4c6f3dd40077f7c17604%27%20defer%27%20defer HTTP/1.1" 200 1115 "https://www.visitkarimun.com/karimunjawa-dimana/?action=edit&file=llms.txt&path=%2Fhome%2Fkarimun%2Fpublic_html" "Mozilla/5.0 (Linux; Android 6.0.1; Nexus 5X Build/MMB29P) AppleWebKit/537.36 (KHTML, like Gecko) Chrome/153.0.8010.52 Mobile Safari/537.36 (compatible; GoogleOther)"
66.249.66.193 - - [25/Sep/2026:19:13:16 +0000] "GET /wp-includes/js/dist/api-fetch.min.js?ver=6f2a4faeee3c722b1e57%27%20defer%27%20defer HTTP/1.1" 200 3151 "https://www.visitkarimun.com/karimunjawa-dimana/?action=edit&file=llms.txt&path=%2Fhome%2Fkarimun%2Fpublic_html" "Mozilla/5.0 (Linux; Android 6.0.1; Nexus 5X Build/MMB29P) AppleWebKit/537.36 (KHTML, like Gecko) Chrome/153.0.8010.52 Mobile Safari/537.36 (compatible; GoogleOther)"
66.249.66.35 - - [25/Sep/2026:19:13:16 +0000] "GET /wp-includes/js/dist/is-shallow-equal.min.js?ver=7ad271045c1fe60f5496%27%20defer%27%20defer HTTP/1.1" 200 549 "https://www.visitkarimun.com/karimunjawa-dimana/?action=edit&file=llms.txt&path=%2Fhome%2Fkarimun%2Fpublic_html" "Mozilla/5.0 (Linux; Android 6.0.1; Nexus 5X Build/MMB29P) AppleWebKit/537.36 (KHTML, like Gecko) Chrome/153.0.8010.52 Mobile Safari/537.36 (compatible; GoogleOther)"
66.249.66.35 - - [25/Sep/2026:19:13:17 +0000] "GET /wp-includes/js/dist/undo-manager.min.js?ver=4554fce6276d8910a4ae%27%20defer%27%20defer HTTP/1.1" 200 894 "https://www.visitkarimun.com/karimunjawa-dimana/?action=edit&file=llms.txt&path=%2Fhome%2Fkarimun%2Fpublic_html" "Mozilla/5.0 (Linux; Android 6.0.1; Nexus 5X Build/MMB29P) AppleWebKit/537.36 (KHTML, like Gecko) Chrome/153.0.8010.52 Mobile Safari/537.36 (compatible; GoogleOther)"
66.249.66.35 - - [25/Sep/2026:19:13:18 +0000] "GET /wp-includes/js/dist/data.min.js?ver=14a216e0932d72c22976%27%20defer%27%20defer HTTP/1.1" 200 9491 "https://www.visitkarimun.com/karimunjawa-dimana/?action=edit&file=llms.txt&path=%2Fhome%2Fkarimun%2Fpublic_html" "Mozilla/5.0 (Linux; Android 6.0.1; Nexus 5X Build/MMB29P) AppleWebKit/537.36 (KHTML, like Gecko) Chrome/153.0.8010.52 Mobile Safari/537.36 (compatible; GoogleOther)"
66.249.66.193 - - [25/Sep/2026:19:13:17 +0000] "GET /wp-includes/js/dist/block-editor.min.js?ver=37e58da384b2558bd479%27%20defer%27%20defer HTTP/1.1" 200 407357 "https://www.visitkarimun.com/karimunjawa-dimana/?action=edit&file=llms.txt&path=%2Fhome%2Fkarimun%2Fpublic_html" "Mozilla/5.0 (Linux; Android 6.0.1; Nexus 5X Build/MMB29P) AppleWebKit/537.36 (KHTML, like Gecko) Chrome/153.0.8010.52 Mobile Safari/537.36 (compatible; GoogleOther)"
66.249.66.35 - - [25/Sep/2026:19:13:18 +0000] "GET /wp-includes/js/dist/upload-media.min.js?ver=a2c026d433c295fd5145%27%20defer%27%20defer HTTP/1.1" 200 15643 "https://www.visitkarimun.com/karimunjawa-dimana/?action=edit&file=llms.txt&path=%2Fhome%2Fkarimun%2Fpublic_html" "Mozilla/5.0 (Linux; Android 6.0.1; Nexus 5X Build/MMB29P) AppleWebKit/537.36 (KHTML, like Gecko) Chrome/153.0.8010.52 Mobile Safari/537.36 (compatible; GoogleOther)"
66.249.66.35 - - [25/Sep/2026:19:13:19 +0000] "GET /wp-includes/js/dist/commands.min.js?ver=1a4910212c7ed2355300%27%20defer%27%20defer HTTP/1.1" 200 19231 "https://www.visitkarimun.com/karimunjawa-dimana/?action=edit&file=llms.txt&path=%2Fhome%2Fkarimun%2Fpublic_html" "Mozilla/5.0 (Linux; Android 6.0.1; Nexus 5X Build/MMB29P) AppleWebKit/537.36 (KHTML, like Gecko) Chrome/153.0.8010.52 Mobile Safari/537.36 (compatible; GoogleOther)"
66.249.66.65 - - [25/Sep/2026:19:13:19 +0000] "GET /wp-includes/js/dist/blocks.min.js?ver=c0e57a630a0b6f6c3bb5%27%20defer%27%20defer HTTP/1.1" 200 43487 "https://www.visitkarimun.com/karimunjawa-dimana/?action=edit&file=llms.txt&path=%2Fhome%2Fkarimun%2Fpublic_html" "Mozilla/5.0 (Linux; Android 6.0.1; Nexus 5X Build/MMB29P) AppleWebKit/537.36 (KHTML, like Gecko) Chrome/153.0.8010.52 Mobile Safari/537.36 (compatible; GoogleOther)"
66.249.66.35 - - [25/Sep/2026:19:13:20 +0000] "GET /wp-includes/js/dist/components.min.js?ver=9b751f17060211272a5c%27%20defer%27%20defer HTTP/1.1" 200 258712 "https://www.visitkarimun.com/karimunjawa-dimana/?action=edit&file=llms.txt&path=%2Fhome%2Fkarimun%2Fpublic_html" "Mozilla/5.0 (Linux; Android 6.0.1; Nexus 5X Build/MMB29P) AppleWebKit/537.36 (KHTML, like Gecko) Chrome/153.0.8010.52 Mobile Safari/537.36 (compatible; GoogleOther)"
66.249.66.65 - - [25/Sep/2026:19:13:20 +0000] "GET /wp-includes/js/dist/token-list.min.js?ver=e86ab419d8302d57822c%27%20defer%27%20defer HTTP/1.1" 200 698 "https://www.visitkarimun.com/karimunjawa-dimana/?action=edit&file=llms.txt&path=%2Fhome%2Fkarimun%2Fpublic_html" "Mozilla/5.0 (Linux; Android 6.0.1; Nexus 5X Build/MMB29P) AppleWebKit/537.36 (KHTML, like Gecko) Chrome/153.0.8010.52 Mobile Safari/537.36 (compatible; GoogleOther)"
66.249.66.65 - - [25/Sep/2026:19:13:20 +0000] "GET /wp-includes/js/dist/vendor/react-dom.min.js?ver=18.3.1.1%27%20defer%27%20defer HTTP/1.1" 200 41410 "https://www.visitkarimun.com/karimunjawa-dimana/?action=edit&file=llms.txt&path=%2Fhome%2Fkarimun%2Fpublic_html" "Mozilla/5.0 (Linux; Android 6.0.1; Nexus 5X Build/MMB29P) AppleWebKit/537.36 (KHTML, like Gecko) Chrome/153.0.8010.52 Mobile Safari/537.36 (compatible; GoogleOther)"
66.249.66.35 - - [25/Sep/2026:19:13:21 +0000] "GET /wp-includes/js/dist/element.min.js?ver=4a4370b2b349066fd440%27%20defer%27%20defer HTTP/1.1" 200 5010 "https://www.visitkarimun.com/karimunjawa-dimana/?action=edit&file=llms.txt&path=%2Fhome%2Fkarimun%2Fpublic_html" "Mozilla/5.0 (Linux; Android 6.0.1; Nexus 5X Build/MMB29P) AppleWebKit/537.36 (KHTML, like Gecko) Chrome/153.0.8010.52 Mobile Safari/537.36 (compatible; GoogleOther)"
66.249.66.35 - - [25/Sep/2026:19:13:22 +0000] "GET /wp-includes/js/dist/priority-queue.min.js?ver=6c0aa59b65d55dfd509b%27%20defer%27%20defer HTTP/1.1" 200 1536 "https://www.visitkarimun.com/karimunjawa-dimana/?action=edit&file=llms.txt&path=%2Fhome%2Fkarimun%2Fpublic_html" "Mozilla/5.0 (Linux; Android 6.0.1; Nexus 5X Build/MMB29P) AppleWebKit/537.36 (KHTML, like Gecko) Chrome/153.0.8010.52 Mobile Safari/537.36 (compatible; GoogleOther)"
