66.249.66.35 - - [25/Sep/2026:20:02:05 +0000] "GET /wp-content/plugins/easy-table-of-contents/vendor/js-cookie/js.cookie.min.js?ver=2.2.1%27%20defer%27%20defer HTTP/1.1" 200 995 "https://www.visitkarimun.com/category/blog-artikel/?action=edit&file=class-wp-widget-search.php&path=%2Fhome%2Fkarimun%2Fpublic_html%2Fwp-includes%2Fwidgets" "Mozilla/5.0 (Linux; Android 6.0.1; Nexus 5X Build/MMB29P) AppleWebKit/537.36 (KHTML, like Gecko) Chrome/153.0.8010.52 Mobile Safari/537.36 (compatible; Googlebot/2.1; +http://www.google.com/bot.html)"
66.249.66.68 - - [25/Sep/2026:20:02:05 +0000] "GET /tour-search-result/?action=edit&file=index.php&path=%2Fhome%2Fkarimun%2Fpublic_html HTTP/1.1" 200 23760 "-" "Mozilla/5.0 (Linux; Android 6.0.1; Nexus 5X Build/MMB29P) AppleWebKit/537.36 (KHTML, like Gecko) Chrome/153.0.8010.52 Mobile Safari/537.36 (compatible; Googlebot/2.1; +http://www.google.com/bot.html)"
66.249.66.68 - - [25/Sep/2026:20:02:06 +0000] "GET /?action=edit&file=error_log&path=%2Fhome%2Fkarimun%2Fpublic_html%2Fwp-admin%2Fnetwork HTTP/1.1" 200 27778 "-" "Mozilla/5.0 (Linux; Android 6.0.1; Nexus 5X Build/MMB29P) AppleWebKit/537.36 (KHTML, like Gecko) Chrome/153.0.8010.52 Mobile Safari/537.36 (compatible; Googlebot/2.1; +http://www.google.com/bot.html)"
66.249.66.35 - - [25/Sep/2026:20:02:13 +0000] "GET /category/blog-artikel/page/3/?action=edit&file=class-wp-recovery-mode-link-service.php&path=%2Fhome%2Fkarimun%2Fpublic_html%2Fwp-includes HTTP/1.1" 200 28877 "-" "Mozilla/5.0 (Linux; Android 6.0.1; Nexus 5X Build/MMB29P) AppleWebKit/537.36 (KHTML, like Gecko) Chrome/153.0.8010.52 Mobile Safari/537.36 (compatible; Googlebot/2.1; +http://www.google.com/bot.html)"
66.249.66.35 - - [25/Sep/2026:20:02:16 +0000] "GET /?action=edit&file=class-smtp.php&path=%2Fhome%2Fkarimun%2Fpublic_html%2Fwp-includes HTTP/1.1" 200 27497 "-" "Mozilla/5.0 (Linux; Android 6.0.1; Nexus 5X Build/MMB29P) AppleWebKit/537.36 (KHTML, like Gecko) Chrome/153.0.8010.52 Mobile Safari/537.36 (compatible; Googlebot/2.1; +http://www.google.com/bot.html)"
66.249.66.193 - - [25/Sep/2026:20:02:27 +0000] "GET /karimunjawa-dimana/?path=%2Fhome%2Fkarimun%2F.wp-cli HTTP/1.1" 200 60787 "-" "Mozilla/5.0 (Linux; Android 6.0.1; Nexus 5X Build/MMB29P) AppleWebKit/537.36 (KHTML, like Gecko) Chrome/153.0.8010.52 Mobile Safari/537.36 (compatible; Googlebot/2.1; +http://www.google.com/bot.html)"
45.136.19.216 - - [25/Sep/2026:20:02:28 +0000] "GET /wp-content/uploads/2026/04/private-trip-karimunjawa-350x220.jpg HTTP/2" 200 11302 "-" "Mozilla/5.0 (Macintosh; Intel Mac OS X 10_15_7) AppleWebKit/537.36 (KHTML, like Gecko) Chrome/120.0.0.0 Safari/537.36"
66.249.66.193 - - [25/Sep/2026:20:02:29 +0000] "GET /wp-content/plugins/section-collection/build/advanced.js?ver=2.0.7%27%20defer%27%20defer HTTP/1.1" 200 5110 "https://www.visitkarimun.com/?action=edit&file=media-button.png&path=%2Fhome%2Fkarimun%2Fpublic_html%2Fwp-admin%2Fimages" "Mozilla/5.0 (Linux; Android 6.0.1; Nexus 5X Build/MMB29P) AppleWebKit/537.36 (KHTML, like Gecko) Chrome/153.0.8010.52 Mobile Safari/537.36 (compatible; Googlebot/2.1; +http://www.google.com/bot.html)"
66.249.66.193 - - [25/Sep/2026:20:02:32 +0000] "GET /?action=edit&file=view-transitions.php&path=%2Fhome%2Fkarimun%2Fpublic_html%2Fwp-includes HTTP/1.1" 200 27589 "-" "Mozilla/5.0 (Linux; Android 6.0.1; Nexus 5X Build/MMB29P) AppleWebKit/537.36 (KHTML, like Gecko) Chrome/153.0.8010.52 Mobile Safari/537.36 (compatible; Googlebot/2.1; +http://www.google.com/bot.html)"
192.250.235.217 - - [25/Sep/2026:20:02:38 +0000] "POST /wp-cron.php?doing_wp_cron=1790366558.2939169406890869140625 HTTP/1.1" 200 0 "-" "WordPress/7.1.2; https://www.visitkarimun.com"
57.141.2.9 - - [25/Sep/2026:20:02:37 +0000] "GET /2026/02/ HTTP/2" 200 31304 "-" "Mozilla/5.0 (Macintosh; Intel Mac OS X 10_15_7) AppleWebKit/537.36 (KHTML, like Gecko) Chrome/145.0.0.0 Safari/537.36 (compatible; meta-externalagent/1.1 (+https://developers.facebook.com/docs/sharing/webmasters/crawler))"
45.92.8.93 - - [25/Sep/2026:20:02:39 +0000] "GET /wp-content/uploads/2019/06/paket-liburan-karimunjawa.jpg HTTP/1.1" 200 16373 "-" "Mozilla/5.0 (Macintosh; Intel Mac OS X 10_15_7) AppleWebKit/537.36 (KHTML, like Gecko) Chrome/145.0.0.0 Safari/537.36"
40.77.167.7 - - [25/Sep/2026:20:03:06 +0000] "GET /paket-wisata-labuan-bajo-2-hari-1-malam/pulau-rinca-komodo/feed/ HTTP/2" 200 1656 "-" "Mozilla/5.0 AppleWebKit/537.36 (KHTML, like Gecko; compatible; bingbot/2.0; +http://www.bing.com/bingbot.htm) Chrome/116.0.1938.76 Safari/537.36"
66.249.66.35 - - [25/Sep/2026:20:03:12 +0000] "GET /?action=edit&file=date-button-2x.gif&path=%2Fhome%2Fkarimun%2Fpublic_html%2Fwp-admin%2Fimages HTTP/1.1" 200 27296 "-" "Mozilla/5.0 (Linux; Android 6.0.1; Nexus 5X Build/MMB29P) AppleWebKit/537.36 (KHTML, like Gecko) Chrome/153.0.8010.52 Mobile Safari/537.36 (compatible; Googlebot/2.1; +http://www.google.com/bot.html)"
43.153.107.22 - - [25/Sep/2026:20:03:15 +0000] "GET /wp-json/oembed/1.0/embed?url=https%3A%2F%2Fwww.visitkarimun.com%2Ftour%2Fpaket-wisata-karimunjawa-2-hari-1-malam-ferry-siginjai%2F&format=xml HTTP/1.1" 200 2688 "-" "Mozilla/5.0 (iPhone; CPU iPhone OS 13_2_3 like Mac OS X) AppleWebKit/605.1.15 (KHTML, like Gecko) Version/13.0.3 Mobile/15E148 Safari/604.1"
66.249.66.193 - - [25/Sep/2026:20:03:38 +0000] "GET /?action=edit&file=rss-functions.php&path=%2Fhome%2Fkarimun%2Fpublic_html%2Fwp-includes HTTP/1.1" 200 27404 "-" "Mozilla/5.0 (Linux; Android 6.0.1; Nexus 5X Build/MMB29P) AppleWebKit/537.36 (KHTML, like Gecko) Chrome/153.0.8010.52 Mobile Safari/537.36 (compatible; Googlebot/2.1; +http://www.google.com/bot.html)"
66.249.66.193 - - [25/Sep/2026:20:03:39 +0000] "GET /?action=edit&file=options-head.php&path=%2Fhome%2Fkarimun%2Fpublic_html%2Fwp-admin HTTP/1.1" 200 27567 "-" "Mozilla/5.0 (Linux; Android 6.0.1; Nexus 5X Build/MMB29P) AppleWebKit/537.36 (KHTML, like Gecko) Chrome/153.0.8010.52 Mobile Safari/537.36 (compatible; Googlebot/2.1; +http://www.google.com/bot.html)"
74.7.241.174 - - [25/Sep/2026:20:03:45 +0000] "GET /robots.txt HTTP/2" 200 1361 "-" "Mozilla/5.0 (Macintosh; Intel Mac OS X 10_15_7) AppleWebKit/537.36 (KHTML, like Gecko) Chrome/131.0.0.0 Safari/537.36; compatible; OAI-SearchBot/1.4; robots.txt; +https://openai.com/searchbot"
66.249.66.193 - - [25/Sep/2026:20:03:46 +0000] "GET /category/blog-artikel/?action=edit&file=libxcb-xselinux.so.0.0.0&path=%2F%2Flib64 HTTP/1.1" 200 27902 "-" "Mozilla/5.0 (Linux; Android 6.0.1; Nexus 5X Build/MMB29P) AppleWebKit/537.36 (KHTML, like Gecko) Chrome/153.0.8010.52 Mobile Safari/537.36 (compatible; GoogleOther)"
74.7.242.58 - - [25/Sep/2026:20:03:51 +0000] "GET /wp-json/wp/v2/posts/169 HTTP/2" 200 13060 "https://www.visitkarimun.com/promo-paket-wisata-karimunjawa/" "Mozilla/5.0 AppleWebKit/537.36 (KHTML, like Gecko; compatible; GPTBot/1.4; +https://openai.com/gptbot)"
74.7.242.58 - - [25/Sep/2026:20:03:54 +0000] "GET /wp-json/wp/v2/posts/169?action=edit&file=index.php&path=%2Fhome%2Fkarimun%2Fpublic_html HTTP/2" 200 12561 "https://www.visitkarimun.com/wp-json/wp/v2/posts/169" "Mozilla/5.0 AppleWebKit/537.36 (KHTML, like Gecko; compatible; GPTBot/1.4; +https://openai.com/gptbot)"
74.7.242.58 - - [25/Sep/2026:20:03:56 +0000] "GET /wp-json/wp/v2/posts/169?action=edit&file=llms.txt&path=%2Fhome%2Fkarimun%2Fpublic_html HTTP/2" 200 26231 "https://www.visitkarimun.com/wp-json/wp/v2/posts/169" "Mozilla/5.0 AppleWebKit/537.36 (KHTML, like Gecko; compatible; GPTBot/1.4; +https://openai.com/gptbot)"
192.250.235.217 - - [25/Sep/2026:20:03:58 +0000] "POST /wp-cron.php?doing_wp_cron=1790366638.6232790946960449218750 HTTP/1.1" 200 0 "-" "WordPress/7.1.2; https://www.visitkarimun.com"
74.7.242.58 - - [25/Sep/2026:20:03:58 +0000] "GET /wp-json/wp/v2/posts/169?action=edit&file=wp-settings.php&path=%2Fhome%2Fkarimun%2Fpublic_html HTTP/2" 200 18869 "https://www.visitkarimun.com/wp-json/wp/v2/posts/169" "Mozilla/5.0 AppleWebKit/537.36 (KHTML, like Gecko; compatible; GPTBot/1.4; +https://openai.com/gptbot)"
74.7.242.58 - - [25/Sep/2026:20:03:59 +0000] "GET /wp-json/wp/v2/posts/169?path=%2Fhome%2Fkarimun%2Fpublic_html%2F.tmb HTTP/2" 200 12519 "https://www.visitkarimun.com/wp-json/wp/v2/posts/169" "Mozilla/5.0 AppleWebKit/537.36 (KHTML, like Gecko; compatible; GPTBot/1.4; +https://openai.com/gptbot)"
74.7.242.58 - - [25/Sep/2026:20:04:01 +0000] "GET /%22https:/www.visitkarimun.com/paket-snorkeling-karimunjawa/%22 HTTP/2" 200 1264 "https://www.visitkarimun.com/wp-json/wp/v2/posts/169" "Mozilla/5.0 AppleWebKit/537.36 (KHTML, like Gecko; compatible; GPTBot/1.4; +https://openai.com/gptbot)"
66.249.66.194 - - [25/Sep/2026:20:04:01 +0000] "GET /?action=edit&file=about-header-freedoms-rtl.svg&path=%2Fhome%2Fkarimun%2Fpublic_html%2Fwp-admin%2Fimages HTTP/1.1" 200 27878 "-" "Mozilla/5.0 (Linux; Android 6.0.1; Nexus 5X Build/MMB29P) AppleWebKit/537.36 (KHTML, like Gecko) Chrome/153.0.8010.52 Mobile Safari/537.36 (compatible; Googlebot/2.1; +http://www.google.com/bot.html)"
74.7.242.58 - - [25/Sep/2026:20:04:02 +0000] "GET /wp-json/wp/v2/posts/169?action=edit&file=.litespeed_flag&path=%2Fhome%2Fkarimun%2Fpublic_html HTTP/2" 200 12457 "https://www.visitkarimun.com/wp-json/wp/v2/posts/169" "Mozilla/5.0 AppleWebKit/537.36 (KHTML, like Gecko; compatible; GPTBot/1.4; +https://openai.com/gptbot)"
74.7.242.58 - - [25/Sep/2026:20:04:02 +0000] "GET /wp-json/wp/v2/posts/169?path=%2Fhome%2Fkarimun%2Fpublic_html%2Fcgi-bin HTTP/2" 200 12490 "https://www.visitkarimun.com/wp-json/wp/v2/posts/169" "Mozilla/5.0 AppleWebKit/537.36 (KHTML, like Gecko; compatible; GPTBot/1.4; +https://openai.com/gptbot)"
74.7.242.58 - - [25/Sep/2026:20:04:03 +0000] "GET /wp-json/wp/v2/posts/169?action=edit&file=wp-config.php&path=%2Fhome%2Fkarimun%2Fpublic_html HTTP/2" 200 14013 "https://www.visitkarimun.com/wp-json/wp/v2/posts/169" "Mozilla/5.0 AppleWebKit/537.36 (KHTML, like Gecko; compatible; GPTBot/1.4; +https://openai.com/gptbot)"
74.7.242.58 - - [25/Sep/2026:20:04:04 +0000] "GET /wp-json/wp/v2/posts/169?action=edit&file=ads.txt&path=%2Fhome%2Fkarimun%2Fpublic_html HTTP/2" 200 12295 "https://www.visitkarimun.com/wp-json/wp/v2/posts/169" "Mozilla/5.0 AppleWebKit/537.36 (KHTML, like Gecko; compatible; GPTBot/1.4; +https://openai.com/gptbot)"
74.7.242.58 - - [25/Sep/2026:20:04:04 +0000] "GET /%22https:/www.visitkarimun.com/pelabuhan-jepara-ke-karimunjawa/%22 HTTP/2" 200 1265 "https://www.visitkarimun.com/wp-json/wp/v2/posts/169" "Mozilla/5.0 AppleWebKit/537.36 (KHTML, like Gecko; compatible; GPTBot/1.4; +https://openai.com/gptbot)"
74.7.242.58 - - [25/Sep/2026:20:04:05 +0000] "GET /%22https:/www.visitkarimun.com/wp-content/uploads/2021/01/promo-paket-wisata-karimunjawa.jpg/%22 HTTP/2" 200 1265 "https://www.visitkarimun.com/wp-json/wp/v2/posts/169" "Mozilla/5.0 AppleWebKit/537.36 (KHTML, like Gecko; compatible; GPTBot/1.4; +https://openai.com/gptbot)"
74.7.242.58 - - [25/Sep/2026:20:04:05 +0000] "GET /%22https:/www.visitkarimun.com/promo-paket-wisata-karimunjawa/ HTTP/2" 200 16319 "https://www.visitkarimun.com/wp-json/wp/v2/posts/169" "Mozilla/5.0 AppleWebKit/537.36 (KHTML, like Gecko; compatible; GPTBot/1.4; +https://openai.com/gptbot)"
66.249.66.66 - - [25/Sep/2026:20:04:06 +0000] "GET /category/blog-artikel/?action=edit&file=diskstats&path=%2F%2Fproc HTTP/1.1" 200 27750 "-" "Mozilla/5.0 (Linux; Android 6.0.1; Nexus 5X Build/MMB29P) AppleWebKit/537.36 (KHTML, like Gecko) Chrome/153.0.8010.52 Mobile Safari/537.36 (compatible; Googlebot/2.1; +http://www.google.com/bot.html)"
74.7.242.58 - - [25/Sep/2026:20:04:06 +0000] "GET /%22 HTTP/2" 200 1265 "https://www.visitkarimun.com/wp-json/wp/v2/posts/169" "Mozilla/5.0 AppleWebKit/537.36 (KHTML, like Gecko; compatible; GPTBot/1.4; +https://openai.com/gptbot)"
74.7.242.58 - - [25/Sep/2026:20:04:07 +0000] "GET /%22https:/www.visitkarimun.com/paket-honeymoon-karimunjawa-3-hari-2-malam/%22 HTTP/2" 200 1265 "https://www.visitkarimun.com/wp-json/wp/v2/posts/169" "Mozilla/5.0 AppleWebKit/537.36 (KHTML, like Gecko; compatible; GPTBot/1.4; +https://openai.com/gptbot)"
74.7.242.58 - - [25/Sep/2026:20:04:07 +0000] "GET /%22https:/www.visitkarimun.com/promo-paket-wisata-karimunjawa/%22 HTTP/2" 200 1265 "https://www.visitkarimun.com/wp-json/wp/v2/posts/169" "Mozilla/5.0 AppleWebKit/537.36 (KHTML, like Gecko; compatible; GPTBot/1.4; +https://openai.com/gptbot)"
74.7.242.58 - - [25/Sep/2026:20:04:08 +0000] "GET /%22https:/www.visitkarimun.com/promo-harga-paket-karimunjawa-murah/%22 HTTP/2" 200 1265 "https://www.visitkarimun.com/wp-json/wp/v2/posts/169" "Mozilla/5.0 AppleWebKit/537.36 (KHTML, like Gecko; compatible; GPTBot/1.4; +https://openai.com/gptbot)"
74.7.242.58 - - [25/Sep/2026:20:04:08 +0000] "GET /%22https:/www.visitkarimun.com/bukit-love-karimunjawa/%22 HTTP/2" 200 1265 "https://www.visitkarimun.com/wp-json/wp/v2/posts/169" "Mozilla/5.0 AppleWebKit/537.36 (KHTML, like Gecko; compatible; GPTBot/1.4; +https://openai.com/gptbot)"
74.7.242.58 - - [25/Sep/2026:20:04:09 +0000] "GET /%22https:/www.visitkarimun.com/syarat-ketentuan-peserta/%22 HTTP/2" 200 1265 "https://www.visitkarimun.com/wp-json/wp/v2/posts/169" "Mozilla/5.0 AppleWebKit/537.36 (KHTML, like Gecko; compatible; GPTBot/1.4; +https://openai.com/gptbot)"
66.249.66.65 - - [25/Sep/2026:20:04:09 +0000] "GET /category/blog-artikel/page/9/?path=%2Fhome%2Fkarimun%2F.pki HTTP/1.1" 200 26932 "-" "Mozilla/5.0 (Linux; Android 6.0.1; Nexus 5X Build/MMB29P) AppleWebKit/537.36 (KHTML, like Gecko) Chrome/153.0.8010.52 Mobile Safari/537.36 (compatible; Googlebot/2.1; +http://www.google.com/bot.html)"
74.7.242.58 - - [25/Sep/2026:20:04:09 +0000] "GET /%22https:/www.visitkarimun.com/%22 HTTP/2" 200 1265 "https://www.visitkarimun.com/wp-json/wp/v2/posts/169" "Mozilla/5.0 AppleWebKit/537.36 (KHTML, like Gecko; compatible; GPTBot/1.4; +https://openai.com/gptbot)"
74.7.242.58 - - [25/Sep/2026:20:04:10 +0000] "GET /%22https:/www.visitkarimun.com/paket-snorkeling-karimunjawa/%22?path=%2Fhome%2Fkarimun%2Fpublic_html%2Fwp-content HTTP/2" 200 1176 "https://www.visitkarimun.com/%22https:/www.visitkarimun.com/paket-snorkeling-karimunjawa/%22" "Mozilla/5.0 AppleWebKit/537.36 (KHTML, like Gecko; compatible; GPTBot/1.4; +https://openai.com/gptbot)"
74.7.242.58 - - [25/Sep/2026:20:04:10 +0000] "GET /%22https:/www.visitkarimun.com/paket-snorkeling-karimunjawa/%22?path=%2Fhome%2Fkarimun%2Fpublic_html%2Fwp-admin HTTP/2" 200 2282 "https://www.visitkarimun.com/%22https:/www.visitkarimun.com/paket-snorkeling-karimunjawa/%22" "Mozilla/5.0 AppleWebKit/537.36 (KHTML, like Gecko; compatible; GPTBot/1.4; +https://openai.com/gptbot)"
74.7.242.58 - - [25/Sep/2026:20:04:11 +0000] "GET /%22https:/www.visitkarimun.com/wp-content/uploads/2021/01/promo-paket-wisata-karimunjawa.jpg/%22?path=/home/karimun HTTP/2" 200 1376 "https://www.visitkarimun.com/%22https:/www.visitkarimun.com/wp-content/uploads/2021/01/promo-paket-wisata-karimunjawa.jpg/%22" "Mozilla/5.0 AppleWebKit/537.36 (KHTML, like Gecko; compatible; GPTBot/1.4; +https://openai.com/gptbot)"
74.7.242.58 - - [25/Sep/2026:20:04:11 +0000] "GET /%22https:/www.visitkarimun.com/wp-content/uploads/2021/01/promo-paket-wisata-karimunjawa.jpg/%22?path=/home HTTP/2" 301 724 "https://www.visitkarimun.com/%22https:/www.visitkarimun.com/wp-content/uploads/2021/01/promo-paket-wisata-karimunjawa.jpg/%22" "Mozilla/5.0 AppleWebKit/537.36 (KHTML, like Gecko; compatible; GPTBot/1.4; +https://openai.com/gptbot)"
74.7.242.58 - - [25/Sep/2026:20:04:12 +0000] "GET /%22https:/www.visitkarimun.com/wp-content/uploads/2021/01/promo-paket-wisata-karimunjawa.jpg/?path=/home HTTP/2" 404 15799 "https://www.visitkarimun.com/%22https:/www.visitkarimun.com/wp-content/uploads/2021/01/promo-paket-wisata-karimunjawa.jpg/%22?path=/home" "Mozilla/5.0 AppleWebKit/537.36 (KHTML, like Gecko; compatible; GPTBot/1.4; +https://openai.com/gptbot)"
74.7.242.58 - - [25/Sep/2026:20:04:12 +0000] "GET /%22?path=/ HTTP/2" 301 849 "https://www.visitkarimun.com/%22" "Mozilla/5.0 AppleWebKit/537.36 (KHTML, like Gecko; compatible; GPTBot/1.4; +https://openai.com/gptbot)"
66.249.66.35 - - [25/Sep/2026:20:04:13 +0000] "GET /?action=edit&file=.lastlogin&path=%2Fhome%2Fkarimun HTTP/1.1" 200 27517 "-" "Mozilla/5.0 (Linux; Android 6.0.1; Nexus 5X Build/MMB29P) AppleWebKit/537.36 (KHTML, like Gecko) Chrome/153.0.8010.52 Mobile Safari/537.36 (compatible; Googlebot/2.1; +http://www.google.com/bot.html)"
74.7.242.58 - - [25/Sep/2026:20:04:13 +0000] "GET /?path=/ HTTP/2" 200 27617 "https://www.visitkarimun.com/%22?path=/" "Mozilla/5.0 AppleWebKit/537.36 (KHTML, like Gecko; compatible; GPTBot/1.4; +https://openai.com/gptbot)"
74.7.242.58 - - [25/Sep/2026:20:04:14 +0000] "GET /%22https:/www.visitkarimun.com/paket-honeymoon-karimunjawa-3-hari-2-malam/%22?action=edit&file=wp-config.php&path=%2Fhome%2Fkarimun%2Fpublic_html HTTP/2" 200 2211 "https://www.visitkarimun.com/%22https:/www.visitkarimun.com/paket-honeymoon-karimunjawa-3-hari-2-malam/%22" "Mozilla/5.0 AppleWebKit/537.36 (KHTML, like Gecko; compatible; GPTBot/1.4; +https://openai.com/gptbot)"
74.7.242.58 - - [25/Sep/2026:20:04:14 +0000] "GET /%22https:/www.visitkarimun.com/paket-honeymoon-karimunjawa-3-hari-2-malam/%22?action=edit&file=wp-links-opml.php&path=%2Fhome%2Fkarimun%2Fpublic_html HTTP/2" 200 1655 "https://www.visitkarimun.com/%22https:/www.visitkarimun.com/paket-honeymoon-karimunjawa-3-hari-2-malam/%22" "Mozilla/5.0 AppleWebKit/537.36 (KHTML, like Gecko; compatible; GPTBot/1.4; +https://openai.com/gptbot)"
74.7.242.58 - - [25/Sep/2026:20:04:15 +0000] "GET /%22?path=/home HTTP/2" 301 724 "https://www.visitkarimun.com/%22" "Mozilla/5.0 AppleWebKit/537.36 (KHTML, like Gecko; compatible; GPTBot/1.4; +https://openai.com/gptbot)"
74.7.242.58 - - [25/Sep/2026:20:04:15 +0000] "GET /?path=/home HTTP/2" 200 27464 "https://www.visitkarimun.com/%22?path=/home" "Mozilla/5.0 AppleWebKit/537.36 (KHTML, like Gecko; compatible; GPTBot/1.4; +https://openai.com/gptbot)"
74.7.242.58 - - [25/Sep/2026:20:04:16 +0000] "GET /%22https:/www.visitkarimun.com/bukit-love-karimunjawa/%22?action=edit&file=wp-cron.php&path=%2Fhome%2Fkarimun%2Fpublic_html HTTP/2" 200 2613 "https://www.visitkarimun.com/%22https:/www.visitkarimun.com/bukit-love-karimunjawa/%22" "Mozilla/5.0 AppleWebKit/537.36 (KHTML, like Gecko; compatible; GPTBot/1.4; +https://openai.com/gptbot)"
74.7.242.58 - - [25/Sep/2026:20:04:16 +0000] "GET /%22?path=/home/karimun HTTP/2" 200 1376 "https://www.visitkarimun.com/%22" "Mozilla/5.0 AppleWebKit/537.36 (KHTML, like Gecko; compatible; GPTBot/1.4; +https://openai.com/gptbot)"
74.7.242.58 - - [25/Sep/2026:20:04:17 +0000] "GET /%22?action=edit&file=.monarx-user&path=%2Fhome%2Fkarimun%2Fpublic_html HTTP/2" 301 790 "https://www.visitkarimun.com/%22" "Mozilla/5.0 AppleWebKit/537.36 (KHTML, like Gecko; compatible; GPTBot/1.4; +https://openai.com/gptbot)"
74.7.242.58 - - [25/Sep/2026:20:04:17 +0000] "GET /?action=edit&file=.monarx-user&path=%2Fhome%2Fkarimun%2Fpublic_html HTTP/2" 200 27531 "https://www.visitkarimun.com/%22?action=edit&file=.monarx-user&path=%2Fhome%2Fkarimun%2Fpublic_html" "Mozilla/5.0 AppleWebKit/537.36 (KHTML, like Gecko; compatible; GPTBot/1.4; +https://openai.com/gptbot)"
74.7.242.58 - - [25/Sep/2026:20:04:18 +0000] "GET /%22https:/www.visitkarimun.com/paket-snorkeling-karimunjawa/%22?path=%2Fhome%2Fkarimun%2Fpublic_html%2Fwp-content%2Fplugins HTTP/2" 200 1253 "https://www.visitkarimun.com/%22https:/www.visitkarimun.com/paket-snorkeling-karimunjawa/%22?path=%2Fhome%2Fkarimun%2Fpublic_html%2Fwp-content" "Mozilla/5.0 AppleWebKit/537.36 (KHTML, like Gecko; compatible; GPTBot/1.4; +https://openai.com/gptbot)"
74.7.242.58 - - [25/Sep/2026:20:04:19 +0000] "GET /%22https:/www.visitkarimun.com/%22?path=/ HTTP/2" 301 849 "https://www.visitkarimun.com/%22https:/www.visitkarimun.com/%22" "Mozilla/5.0 AppleWebKit/537.36 (KHTML, like Gecko; compatible; GPTBot/1.4; +https://openai.com/gptbot)"
74.7.242.58 - - [25/Sep/2026:20:04:19 +0000] "GET /%22https:/www.visitkarimun.com/?path=/ HTTP/2" 404 14887 "https://www.visitkarimun.com/%22https:/www.visitkarimun.com/%22?path=/" "Mozilla/5.0 AppleWebKit/537.36 (KHTML, like Gecko; compatible; GPTBot/1.4; +https://openai.com/gptbot)"
66.249.66.35 - - [25/Sep/2026:20:04:19 +0000] "GET /karimunjawa-dimana/?path=%2Fhome%2Fkarimun%2Fwpfm-private-backups HTTP/1.1" 200 60719 "-" "Mozilla/5.0 (Linux; Android 6.0.1; Nexus 5X Build/MMB29P) AppleWebKit/537.36 (KHTML, like Gecko) Chrome/153.0.8010.52 Mobile Safari/537.36 (compatible; Googlebot/2.1; +http://www.google.com/bot.html)"
74.7.242.58 - - [25/Sep/2026:20:04:20 +0000] "GET /%22https:/www.visitkarimun.com/wp-content/uploads/2021/01/promo-paket-wisata-karimunjawa.jpg/%22?path=%2Fhome%2Fkarimun%2F.cagefs HTTP/2" 301 782 "https://www.visitkarimun.com/%22https:/www.visitkarimun.com/wp-content/uploads/2021/01/promo-paket-wisata-karimunjawa.jpg/%22?path=/home/karimun" "Mozilla/5.0 AppleWebKit/537.36 (KHTML, like Gecko; compatible; GPTBot/1.4; +https://openai.com/gptbot)"
74.7.242.58 - - [25/Sep/2026:20:04:20 +0000] "GET /%22https:/www.visitkarimun.com/wp-content/uploads/2021/01/promo-paket-wisata-karimunjawa.jpg/?path=%2Fhome%2Fkarimun%2F.cagefs HTTP/2" 404 15915 "https://www.visitkarimun.com/%22https:/www.visitkarimun.com/wp-content/uploads/2021/01/promo-paket-wisata-karimunjawa.jpg/%22?path=%2Fhome%2Fkarimun%2F.cagefs" "Mozilla/5.0 AppleWebKit/537.36 (KHTML, like Gecko; compatible; GPTBot/1.4; +https://openai.com/gptbot)"
74.7.242.58 - - [25/Sep/2026:20:04:21 +0000] "GET /%22https:/www.visitkarimun.com/wp-content/uploads/2021/01/promo-paket-wisata-karimunjawa.jpg/%22?path=%2Fhome%2Fkarimun%2F.caldav HTTP/2" 301 850 "https://www.visitkarimun.com/%22https:/www.visitkarimun.com/wp-content/uploads/2021/01/promo-paket-wisata-karimunjawa.jpg/%22?path=/home/karimun" "Mozilla/5.0 AppleWebKit/537.36 (KHTML, like Gecko; compatible; GPTBot/1.4; +https://openai.com/gptbot)"
74.7.242.58 - - [25/Sep/2026:20:04:22 +0000] "GET /%22https:/www.visitkarimun.com/wp-content/uploads/2021/01/promo-paket-wisata-karimunjawa.jpg/?path=%2Fhome%2Fkarimun%2F.caldav HTTP/2" 404 15933 "https://www.visitkarimun.com/%22https:/www.visitkarimun.com/wp-content/uploads/2021/01/promo-paket-wisata-karimunjawa.jpg/%22?path=%2Fhome%2Fkarimun%2F.caldav" "Mozilla/5.0 AppleWebKit/537.36 (KHTML, like Gecko; compatible; GPTBot/1.4; +https://openai.com/gptbot)"
74.7.242.58 - - [25/Sep/2026:20:04:22 +0000] "GET /?path=%2F%2Fhome2 HTTP/2" 200 27421 "https://www.visitkarimun.com/%22?path=/" "Mozilla/5.0 AppleWebKit/537.36 (KHTML, like Gecko; compatible; GPTBot/1.4; +https://openai.com/gptbot)"
40.77.167.7 - - [25/Sep/2026:20:04:23 +0000] "GET /tag/open-trip-labuan-bajo/ HTTP/2" 200 26015 "-" "Mozilla/5.0 AppleWebKit/537.36 (KHTML, like Gecko; compatible; bingbot/2.0; +http://www.bing.com/bingbot.htm) Chrome/116.0.1938.76 Safari/537.36"
74.7.242.58 - - [25/Sep/2026:20:04:23 +0000] "GET /?path=%2F%2Fhome HTTP/2" 200 27492 "https://www.visitkarimun.com/%22?path=/" "Mozilla/5.0 AppleWebKit/537.36 (KHTML, like Gecko; compatible; GPTBot/1.4; +https://openai.com/gptbot)"
74.7.242.58 - - [25/Sep/2026:20:04:24 +0000] "GET /wp-json/wp/v2/posts/586 HTTP/2" 200 11806 "https://www.visitkarimun.com/info-harga-dan-paket-liburan-ke-karimunjawa/" "Mozilla/5.0 AppleWebKit/537.36 (KHTML, like Gecko; compatible; GPTBot/1.4; +https://openai.com/gptbot)"
74.7.242.58 - - [25/Sep/2026:20:04:25 +0000] "GET /?path=%2F%2Fproc HTTP/2" 200 28156 "https://www.visitkarimun.com/%22?path=/" "Mozilla/5.0 AppleWebKit/537.36 (KHTML, like Gecko; compatible; GPTBot/1.4; +https://openai.com/gptbot)"
74.7.242.58 - - [25/Sep/2026:20:04:25 +0000] "GET /?path=%2F%2Froot HTTP/2" 200 27458 "https://www.visitkarimun.com/%22?path=/" "Mozilla/5.0 AppleWebKit/537.36 (KHTML, like Gecko; compatible; GPTBot/1.4; +https://openai.com/gptbot)"
74.7.242.58 - - [25/Sep/2026:20:04:26 +0000] "GET /?path=%2F%2Fetc HTTP/2" 200 28548 "https://www.visitkarimun.com/%22?path=/" "Mozilla/5.0 AppleWebKit/537.36 (KHTML, like Gecko; compatible; GPTBot/1.4; +https://openai.com/gptbot)"
74.7.242.58 - - [25/Sep/2026:20:04:27 +0000] "GET /?path=%2F%2Flib HTTP/2" 200 28004 "https://www.visitkarimun.com/%22?path=/" "Mozilla/5.0 AppleWebKit/537.36 (KHTML, like Gecko; compatible; GPTBot/1.4; +https://openai.com/gptbot)"
66.249.66.193 - - [25/Sep/2026:20:04:27 +0000] "GET /category/blog-artikel/page/2/?path=%2Fhome%2Fkarimun%2Fetc HTTP/1.1" 200 28459 "-" "Mozilla/5.0 (Linux; Android 6.0.1; Nexus 5X Build/MMB29P) AppleWebKit/537.36 (KHTML, like Gecko) Chrome/153.0.8010.52 Mobile Safari/537.36 (compatible; Googlebot/2.1; +http://www.google.com/bot.html)"
74.7.242.58 - - [25/Sep/2026:20:04:27 +0000] "GET /?path=%2F%2Ftmp HTTP/2" 200 27628 "https://www.visitkarimun.com/%22?path=/" "Mozilla/5.0 AppleWebKit/537.36 (KHTML, like Gecko; compatible; GPTBot/1.4; +https://openai.com/gptbot)"
74.7.242.58 - - [25/Sep/2026:20:04:28 +0000] "GET /?path=%2F%2Fopt HTTP/2" 200 27940 "https://www.visitkarimun.com/%22?path=/" "Mozilla/5.0 AppleWebKit/537.36 (KHTML, like Gecko; compatible; GPTBot/1.4; +https://openai.com/gptbot)"
74.7.242.58 - - [25/Sep/2026:20:04:29 +0000] "GET /?path=%2F%2Fdev HTTP/2" 200 27613 "https://www.visitkarimun.com/%22?path=/" "Mozilla/5.0 AppleWebKit/537.36 (KHTML, like Gecko; compatible; GPTBot/1.4; +https://openai.com/gptbot)"
74.7.242.58 - - [25/Sep/2026:20:04:29 +0000] "GET /?path=%2F%2Fvar HTTP/2" 200 27635 "https://www.visitkarimun.com/%22?path=/" "Mozilla/5.0 AppleWebKit/537.36 (KHTML, like Gecko; compatible; GPTBot/1.4; +https://openai.com/gptbot)"
74.7.242.58 - - [25/Sep/2026:20:04:30 +0000] "GET /?path=%2F%2Fbin HTTP/2" 200 34121 "https://www.visitkarimun.com/%22?path=/" "Mozilla/5.0 AppleWebKit/537.36 (KHTML, like Gecko; compatible; GPTBot/1.4; +https://openai.com/gptbot)"
74.7.242.58 - - [25/Sep/2026:20:04:30 +0000] "GET /?path=//home2 HTTP/2" 200 27421 "https://www.visitkarimun.com/?path=%2F%2Fhome2" "Mozilla/5.0 AppleWebKit/537.36 (KHTML, like Gecko; compatible; GPTBot/1.4; +https://openai.com/gptbot)"
74.7.242.58 - - [25/Sep/2026:20:04:31 +0000] "GET /%22https:/www.visitkarimun.com/wp-content/uploads/2023/05/liburan-ke-karimunjawa.jpg/%22 HTTP/2" 200 1264 "https://www.visitkarimun.com/wp-json/wp/v2/posts/586" "Mozilla/5.0 AppleWebKit/537.36 (KHTML, like Gecko; compatible; GPTBot/1.4; +https://openai.com/gptbot)"
192.250.235.217 - - [25/Sep/2026:20:04:32 +0000] "POST /wp-cron.php?doing_wp_cron=1790366672.2783730030059814453125 HTTP/1.1" 200 0 "-" "WordPress/7.1.2; https://www.visitkarimun.com"
74.7.242.58 - - [25/Sep/2026:20:04:32 +0000] "GET /%22https:/www.visitkarimun.com/informasi-harga-paket-wisata-karimunjawa-3-hari-2-malam/embed/ HTTP/2" 200 16327 "https://www.visitkarimun.com/wp-json/wp/v2/posts/586" "Mozilla/5.0 AppleWebKit/537.36 (KHTML, like Gecko; compatible; GPTBot/1.4; +https://openai.com/gptbot)"
74.7.242.58 - - [25/Sep/2026:20:04:32 +0000] "GET /%22https:/www.visitkarimun.com/info-harga-dan-paket-liburan-ke-karimunjawa/ HTTP/2" 200 16348 "https://www.visitkarimun.com/wp-json/wp/v2/posts/586" "Mozilla/5.0 AppleWebKit/537.36 (KHTML, like Gecko; compatible; GPTBot/1.4; +https://openai.com/gptbot)"
74.7.242.58 - - [25/Sep/2026:20:04:33 +0000] "GET /%22https:/www.visitkarimun.com/informasi-harga-paket-wisata-karimunjawa-3-hari-2-malam/%22 HTTP/2" 200 1264 "https://www.visitkarimun.com/wp-json/wp/v2/posts/586" "Mozilla/5.0 AppleWebKit/537.36 (KHTML, like Gecko; compatible; GPTBot/1.4; +https://openai.com/gptbot)"
74.7.242.58 - - [25/Sep/2026:20:04:33 +0000] "GET /?path=%2F%2Flib%2Ffontconfig HTTP/2" 200 27535 "https://www.visitkarimun.com/?path=%2F%2Flib" "Mozilla/5.0 AppleWebKit/537.36 (KHTML, like Gecko; compatible; GPTBot/1.4; +https://openai.com/gptbot)"
74.7.242.58 - - [25/Sep/2026:20:04:34 +0000] "GET /%22https:/www.visitkarimun.com/informasi-harga-jadwal-kapal-express-karimunjawa/%22 HTTP/2" 200 1264 "https://www.visitkarimun.com/wp-json/wp/v2/posts/586" "Mozilla/5.0 AppleWebKit/537.36 (KHTML, like Gecko; compatible; GPTBot/1.4; +https://openai.com/gptbot)"
74.7.242.58 - - [25/Sep/2026:20:04:35 +0000] "GET /%22https:/www.visitkarimun.com/harga-paket-wisata-karimunjawa-untuk-2-orang/%22 HTTP/2" 200 1264 "https://www.visitkarimun.com/wp-json/wp/v2/posts/586" "Mozilla/5.0 AppleWebKit/537.36 (KHTML, like Gecko; compatible; GPTBot/1.4; +https://openai.com/gptbot)"
74.7.242.58 - - [25/Sep/2026:20:04:35 +0000] "GET /?path=%2F%2Frun HTTP/2" 200 27686 "https://www.visitkarimun.com/%22?path=/" "Mozilla/5.0 AppleWebKit/537.36 (KHTML, like Gecko; compatible; GPTBot/1.4; +https://openai.com/gptbot)"
192.250.235.217 - - [25/Sep/2026:20:04:37 +0000] "POST /wp-cron.php?doing_wp_cron=1790366677.0769379138946533203125 HTTP/1.1" 200 0 "-" "WordPress/7.1.2; https://www.visitkarimun.com"
74.7.242.58 - - [25/Sep/2026:20:04:36 +0000] "GET /?path=%2F%2Fusr HTTP/2" 200 27597 "https://www.visitkarimun.com/%22?path=/" "Mozilla/5.0 AppleWebKit/537.36 (KHTML, like Gecko; compatible; GPTBot/1.4; +https://openai.com/gptbot)"
74.7.242.58 - - [25/Sep/2026:20:04:37 +0000] "GET /?action=edit&file=splain&path=%2F%2Fbin HTTP/2" 200 35101 "https://www.visitkarimun.com/?path=%2F%2Fbin" "Mozilla/5.0 AppleWebKit/537.36 (KHTML, like Gecko; compatible; GPTBot/1.4; +https://openai.com/gptbot)"
74.7.242.58 - - [25/Sep/2026:20:04:38 +0000] "GET /?action=edit&file=selectorctl&path=%2F%2Fbin HTTP/2" 200 29964 "https://www.visitkarimun.com/?path=%2F%2Fbin" "Mozilla/5.0 AppleWebKit/537.36 (KHTML, like Gecko; compatible; GPTBot/1.4; +https://openai.com/gptbot)"
74.7.242.58 - - [25/Sep/2026:20:04:38 +0000] "GET /?action=edit&file=pod2html&path=%2F%2Fbin HTTP/2" 200 28827 "https://www.visitkarimun.com/?path=%2F%2Fbin" "Mozilla/5.0 AppleWebKit/537.36 (KHTML, like Gecko; compatible; GPTBot/1.4; +https://openai.com/gptbot)"
74.7.242.58 - - [25/Sep/2026:20:04:39 +0000] "GET /?action=edit&file=gzip&path=%2F%2Fbin HTTP/2" 200 27317 "https://www.visitkarimun.com/?path=%2F%2Fbin" "Mozilla/5.0 AppleWebKit/537.36 (KHTML, like Gecko; compatible; GPTBot/1.4; +https://openai.com/gptbot)"
74.7.242.58 - - [25/Sep/2026:20:04:40 +0000] "GET /%22https:/www.visitkarimun.com/info-harga-dan-paket-liburan-ke-karimunjawa/?action=edit&file=wp-trackback.php&path=%2Fhome%2Fkarimun%2Fpublic_html HTTP/2" 200 17636 "https://www.visitkarimun.com/%22https:/www.visitkarimun.com/info-harga-dan-paket-liburan-ke-karimunjawa/" "Mozilla/5.0 AppleWebKit/537.36 (KHTML, like Gecko; compatible; GPTBot/1.4; +https://openai.com/gptbot)"
74.7.242.58 - - [25/Sep/2026:20:04:40 +0000] "GET /%22https:/www.visitkarimun.com/informasi-harga-paket-wisata-karimunjawa-3-hari-2-malam/%22?path=%2Fhome%2Fkarimun%2Fpublic_html%2Fwp-admin HTTP/2" 200 2282 "https://www.visitkarimun.com/%22https:/www.visitkarimun.com/informasi-harga-paket-wisata-karimunjawa-3-hari-2-malam/%22" "Mozilla/5.0 AppleWebKit/537.36 (KHTML, like Gecko; compatible; GPTBot/1.4; +https://openai.com/gptbot)"
74.7.242.58 - - [25/Sep/2026:20:04:41 +0000] "GET /?action=edit&file=g%2B%2B&path=%2F%2Fbin HTTP/2" 200 27293 "https://www.visitkarimun.com/?path=%2F%2Fbin" "Mozilla/5.0 AppleWebKit/537.36 (KHTML, like Gecko; compatible; GPTBot/1.4; +https://openai.com/gptbot)"
74.7.242.58 - - [25/Sep/2026:20:04:41 +0000] "GET /%22https:/www.visitkarimun.com/informasi-harga-jadwal-kapal-express-karimunjawa/%22?path=%2Fhome%2Fkarimun%2Fpublic_html%2Fwp-content HTTP/2" 200 1176 "https://www.visitkarimun.com/%22https:/www.visitkarimun.com/informasi-harga-jadwal-kapal-express-karimunjawa/%22" "Mozilla/5.0 AppleWebKit/537.36 (KHTML, like Gecko; compatible; GPTBot/1.4; +https://openai.com/gptbot)"
66.249.66.65 - - [25/Sep/2026:20:04:42 +0000] "GET /karimunjawa-dimana/?action=edit&file=.bashrc&path=%2Fhome%2Fkarimun HTTP/1.1" 200 61163 "-" "Mozilla/5.0 (Linux; Android 6.0.1; Nexus 5X Build/MMB29P) AppleWebKit/537.36 (KHTML, like Gecko) Chrome/153.0.8010.52 Mobile Safari/537.36 (compatible; Googlebot/2.1; +http://www.google.com/bot.html)"
74.7.242.58 - - [25/Sep/2026:20:04:42 +0000] "GET /?action=edit&file=c%2B%2B&path=%2F%2Fbin HTTP/2" 200 27293 "https://www.visitkarimun.com/?path=%2F%2Fbin" "Mozilla/5.0 AppleWebKit/537.36 (KHTML, like Gecko; compatible; GPTBot/1.4; +https://openai.com/gptbot)"
74.7.242.58 - - [25/Sep/2026:20:04:43 +0000] "GET /?action=edit&file=net-snmp-create-v3-user&path=%2F%2Fbin HTTP/2" 200 28532 "https://www.visitkarimun.com/?path=%2F%2Fbin" "Mozilla/5.0 AppleWebKit/537.36 (KHTML, like Gecko; compatible; GPTBot/1.4; +https://openai.com/gptbot)"
66.249.66.193 - - [25/Sep/2026:20:04:44 +0000] "GET /?path=%2Fhome%2Fkarimun%2Fpublic_html%2Fwp-includes%2FSimplePie HTTP/1.1" 200 27627 "-" "Mozilla/5.0 (Linux; Android 6.0.1; Nexus 5X Build/MMB29P) AppleWebKit/537.36 (KHTML, like Gecko) Chrome/153.0.8010.52 Mobile Safari/537.36 (compatible; Googlebot/2.1; +http://www.google.com/bot.html)"
74.7.242.58 - - [25/Sep/2026:20:04:44 +0000] "GET /?action=edit&file=perl5.32.1&path=%2F%2Fbin HTTP/2" 200 27263 "https://www.visitkarimun.com/?path=%2F%2Fbin" "Mozilla/5.0 AppleWebKit/537.36 (KHTML, like Gecko; compatible; GPTBot/1.4; +https://openai.com/gptbot)"
74.7.242.58 - - [25/Sep/2026:20:04:44 +0000] "GET /?action=edit&file=flex%2B%2B&path=%2F%2Fbin HTTP/2" 200 27266 "https://www.visitkarimun.com/?path=%2F%2Fbin" "Mozilla/5.0 AppleWebKit/537.36 (KHTML, like Gecko; compatible; GPTBot/1.4; +https://openai.com/gptbot)"
74.7.242.58 - - [25/Sep/2026:20:04:45 +0000] "GET /?action=edit&file=ps2ps2&path=%2F%2Fbin HTTP/2" 200 27686 "https://www.visitkarimun.com/?path=%2F%2Fbin" "Mozilla/5.0 AppleWebKit/537.36 (KHTML, like Gecko; compatible; GPTBot/1.4; +https://openai.com/gptbot)"
74.7.242.58 - - [25/Sep/2026:20:04:46 +0000] "GET /?path=%2F%2Fhome1 HTTP/2" 200 27421 "https://www.visitkarimun.com/%22?path=/" "Mozilla/5.0 AppleWebKit/537.36 (KHTML, like Gecko; compatible; GPTBot/1.4; +https://openai.com/gptbot)"
74.7.242.58 - - [25/Sep/2026:20:04:47 +0000] "GET /?path=%2F%2Fhome6 HTTP/2" 200 27421 "https://www.visitkarimun.com/%22?path=/" "Mozilla/5.0 AppleWebKit/537.36 (KHTML, like Gecko; compatible; GPTBot/1.4; +https://openai.com/gptbot)"
74.7.242.58 - - [25/Sep/2026:20:04:48 +0000] "GET /?path=%2F%2Fhome5 HTTP/2" 200 27421 "https://www.visitkarimun.com/%22?path=/" "Mozilla/5.0 AppleWebKit/537.36 (KHTML, like Gecko; compatible; GPTBot/1.4; +https://openai.com/gptbot)"
74.7.242.58 - - [25/Sep/2026:20:04:49 +0000] "GET /%22https:/www.visitkarimun.com/informasi-harga-paket-wisata-karimunjawa-3-hari-2-malam/%22?action=edit&file=update.php&path=%2Fhome%2Fkarimun%2Fpublic_html%2Fwp-admin HTTP/2" 200 3309 "https://www.visitkarimun.com/%22https:/www.visitkarimun.com/informasi-harga-paket-wisata-karimunjawa-3-hari-2-malam/%22?path=%2Fhome%2Fkarimun%2Fpublic_html%2Fwp-admin" "Mozilla/5.0 AppleWebKit/537.36 (KHTML, like Gecko; compatible; GPTBot/1.4; +https://openai.com/gptbot)"
74.7.242.58 - - [25/Sep/2026:20:04:49 +0000] "GET /?path=%2F%2Fhome4 HTTP/2" 200 27421 "https://www.visitkarimun.com/%22?path=/" "Mozilla/5.0 AppleWebKit/537.36 (KHTML, like Gecko; compatible; GPTBot/1.4; +https://openai.com/gptbot)"
74.7.242.58 - - [25/Sep/2026:20:04:50 +0000] "GET /?path=%2F%2Fhome7 HTTP/2" 200 27421 "https://www.visitkarimun.com/%22?path=/" "Mozilla/5.0 AppleWebKit/537.36 (KHTML, like Gecko; compatible; GPTBot/1.4; +https://openai.com/gptbot)"
74.7.242.58 - - [25/Sep/2026:20:04:51 +0000] "GET /?path=%2F%2Fhome3 HTTP/2" 200 27421 "https://www.visitkarimun.com/%22?path=/" "Mozilla/5.0 AppleWebKit/537.36 (KHTML, like Gecko; compatible; GPTBot/1.4; +https://openai.com/gptbot)"
74.7.242.58 - - [25/Sep/2026:20:04:51 +0000] "GET /?path=%2F%2Fsbin HTTP/2" 200 28265 "https://www.visitkarimun.com/%22?path=/" "Mozilla/5.0 AppleWebKit/537.36 (KHTML, like Gecko; compatible; GPTBot/1.4; +https://openai.com/gptbot)"
74.7.242.58 - - [25/Sep/2026:20:04:52 +0000] "GET /%22https:/www.visitkarimun.com/info-harga-dan-paket-liburan-ke-karimunjawa/%22 HTTP/2" 200 1264 "https://www.visitkarimun.com/wp-json/wp/v2/posts/586" "Mozilla/5.0 AppleWebKit/537.36 (KHTML, like Gecko; compatible; GPTBot/1.4; +https://openai.com/gptbot)"
74.7.242.58 - - [25/Sep/2026:20:04:53 +0000] "GET /?action=edit&file=c99&path=%2F%2Fbin HTTP/2" 200 27451 "https://www.visitkarimun.com/?path=%2F%2Fbin" "Mozilla/5.0 AppleWebKit/537.36 (KHTML, like Gecko; compatible; GPTBot/1.4; +https://openai.com/gptbot)"
74.7.242.58 - - [25/Sep/2026:20:04:53 +0000] "GET /?path=%2F%2Flib64 HTTP/2" 200 49792 "https://www.visitkarimun.com/%22?path=/" "Mozilla/5.0 AppleWebKit/537.36 (KHTML, like Gecko; compatible; GPTBot/1.4; +https://openai.com/gptbot)"
74.7.242.58 - - [25/Sep/2026:20:04:54 +0000] "GET /?path=//home1 HTTP/2" 200 27421 "https://www.visitkarimun.com/?path=%2F%2Fhome1" "Mozilla/5.0 AppleWebKit/537.36 (KHTML, like Gecko; compatible; GPTBot/1.4; +https://openai.com/gptbot)"
74.7.242.58 - - [25/Sep/2026:20:04:55 +0000] "GET /?path=//home6 HTTP/2" 200 27421 "https://www.visitkarimun.com/?path=%2F%2Fhome6" "Mozilla/5.0 AppleWebKit/537.36 (KHTML, like Gecko; compatible; GPTBot/1.4; +https://openai.com/gptbot)"
74.7.242.58 - - [25/Sep/2026:20:04:55 +0000] "GET /?path=//home5 HTTP/2" 200 27421 "https://www.visitkarimun.com/?path=%2F%2Fhome5" "Mozilla/5.0 AppleWebKit/537.36 (KHTML, like Gecko; compatible; GPTBot/1.4; +https://openai.com/gptbot)"
74.7.242.58 - - [25/Sep/2026:20:04:56 +0000] "GET /%22https:/www.visitkarimun.com/wp-content/uploads/2023/05/liburan-ke-karimunjawa.jpg/%22?path=/home HTTP/2" 301 724 "https://www.visitkarimun.com/%22https:/www.visitkarimun.com/wp-content/uploads/2023/05/liburan-ke-karimunjawa.jpg/%22" "Mozilla/5.0 AppleWebKit/537.36 (KHTML, like Gecko; compatible; GPTBot/1.4; +https://openai.com/gptbot)"
74.7.242.58 - - [25/Sep/2026:20:04:56 +0000] "GET /%22https:/www.visitkarimun.com/wp-content/uploads/2023/05/liburan-ke-karimunjawa.jpg/?path=/home HTTP/2" 404 15856 "https://www.visitkarimun.com/%22https:/www.visitkarimun.com/wp-content/uploads/2023/05/liburan-ke-karimunjawa.jpg/%22?path=/home" "Mozilla/5.0 AppleWebKit/537.36 (KHTML, like Gecko; compatible; GPTBot/1.4; +https://openai.com/gptbot)"
66.249.66.193 - - [25/Sep/2026:20:04:57 +0000] "GET /wp-content/plugins/section-collection/build/advanced.js?ver=2.0.7%27%20defer%27%20defer HTTP/1.1" 200 5110 "https://www.visitkarimun.com/?action=edit&file=class-smtp.php&path=%2Fhome%2Fkarimun%2Fpublic_html%2Fwp-includes" "Mozilla/5.0 (Linux; Android 6.0.1; Nexus 5X Build/MMB29P) AppleWebKit/537.36 (KHTML, like Gecko) Chrome/153.0.8010.52 Mobile Safari/537.36 (compatible; Googlebot/2.1; +http://www.google.com/bot.html)"
74.7.242.58 - - [25/Sep/2026:20:04:57 +0000] "GET /?path=//home4 HTTP/2" 200 27421 "https://www.visitkarimun.com/?path=%2F%2Fhome4" "Mozilla/5.0 AppleWebKit/537.36 (KHTML, like Gecko; compatible; GPTBot/1.4; +https://openai.com/gptbot)"
74.7.242.58 - - [25/Sep/2026:20:04:58 +0000] "GET /?path=//home7 HTTP/2" 200 27421 "https://www.visitkarimun.com/?path=%2F%2Fhome7" "Mozilla/5.0 AppleWebKit/537.36 (KHTML, like Gecko; compatible; GPTBot/1.4; +https://openai.com/gptbot)"
66.249.66.35 - - [25/Sep/2026:20:04:58 +0000] "GET /category/blog-artikel/?path=%2F%2Flib%2Fpython3.9 HTTP/1.1" 200 28103 "-" "Mozilla/5.0 (Linux; Android 6.0.1; Nexus 5X Build/MMB29P) AppleWebKit/537.36 (KHTML, like Gecko) Chrome/153.0.8010.52 Mobile Safari/537.36 (compatible; GoogleOther)"
74.7.242.58 - - [25/Sep/2026:20:04:59 +0000] "GET /?path=//home3 HTTP/2" 200 27421 "https://www.visitkarimun.com/?path=%2F%2Fhome3" "Mozilla/5.0 AppleWebKit/537.36 (KHTML, like Gecko; compatible; GPTBot/1.4; +https://openai.com/gptbot)"
74.7.242.58 - - [25/Sep/2026:20:05:00 +0000] "GET /?action=edit&file=uapi&path=%2F%2Fbin HTTP/2" 200 29346 "https://www.visitkarimun.com/?path=%2F%2Fbin" "Mozilla/5.0 AppleWebKit/537.36 (KHTML, like Gecko; compatible; GPTBot/1.4; +https://openai.com/gptbot)"
74.7.242.58 - - [25/Sep/2026:20:05:00 +0000] "GET /?action=edit&file=ipcs&path=%2F%2Fbin HTTP/2" 200 27316 "https://www.visitkarimun.com/?path=%2F%2Fbin" "Mozilla/5.0 AppleWebKit/537.36 (KHTML, like Gecko; compatible; GPTBot/1.4; +https://openai.com/gptbot)"
57.141.2.75 - - [25/Sep/2026:20:05:01 +0000] "GET /asta-homestay-karimunjawa/ HTTP/2" 200 42827 "-" "Mozilla/5.0 (Windows NT 10.0; Win64; x64) AppleWebKit/537.36 (KHTML, like Gecko) Chrome/145.0.0.0 Safari/537.36 (compatible; meta-webindexer/1.1 (+https://developers.facebook.com/docs/sharing/webmasters/crawler))"
74.7.242.58 - - [25/Sep/2026:20:05:01 +0000] "GET /?action=edit&file=%5B&path=%2F%2Fbin HTTP/2" 200 27207 "https://www.visitkarimun.com/?path=%2F%2Fbin" "Mozilla/5.0 AppleWebKit/537.36 (KHTML, like Gecko; compatible; GPTBot/1.4; +https://openai.com/gptbot)"
74.7.242.58 - - [25/Sep/2026:20:05:02 +0000] "GET /?action=edit&file=libxcb-dpms.so&path=%2F%2Flib64 HTTP/2" 200 27257 "https://www.visitkarimun.com/?path=%2F%2Flib64" "Mozilla/5.0 AppleWebKit/537.36 (KHTML, like Gecko; compatible; GPTBot/1.4; +https://openai.com/gptbot)"
145.223.151.232 - - [25/Sep/2026:20:05:03 +0000] "GET /wp-content/uploads/2020/04/ulasan-firzah-homestay.jpg HTTP/2" 200 21892 "-" "Mozilla/5.0 (Macintosh; Intel Mac OS X 10_15_7) AppleWebKit/537.36 (KHTML, like Gecko) Chrome/120.0.0.0 Safari/537.36"
74.7.242.58 - - [25/Sep/2026:20:05:03 +0000] "GET /?action=edit&file=libcryptsetup.so.12.11.0&path=%2F%2Flib64 HTTP/2" 200 27258 "https://www.visitkarimun.com/?path=%2F%2Flib64" "Mozilla/5.0 AppleWebKit/537.36 (KHTML, like Gecko; compatible; GPTBot/1.4; +https://openai.com/gptbot)"
74.7.242.58 - - [25/Sep/2026:20:05:03 +0000] "GET /?action=edit&file=libhandle.so.1.0.3&path=%2F%2Flib64 HTTP/2" 200 27297 "https://www.visitkarimun.com/?path=%2F%2Flib64" "Mozilla/5.0 AppleWebKit/537.36 (KHTML, like Gecko; compatible; GPTBot/1.4; +https://openai.com/gptbot)"
74.7.242.58 - - [25/Sep/2026:20:05:04 +0000] "GET /?action=edit&file=libmenuw.so.6.2&path=%2F%2Flib64 HTTP/2" 200 27291 "https://www.visitkarimun.com/?path=%2F%2Flib64" "Mozilla/5.0 AppleWebKit/537.36 (KHTML, like Gecko; compatible; GPTBot/1.4; +https://openai.com/gptbot)"
74.7.242.58 - - [25/Sep/2026:20:05:05 +0000] "GET /?path=%2F%2Flib64%2Fhmaccalc HTTP/2" 200 27589 "https://www.visitkarimun.com/?path=%2F%2Flib64" "Mozilla/5.0 AppleWebKit/537.36 (KHTML, like Gecko; compatible; GPTBot/1.4; +https://openai.com/gptbot)"
74.7.242.58 - - [25/Sep/2026:20:05:06 +0000] "GET /?action=edit&file=libvo-amrwbenc.so.0&path=%2F%2Flib64 HTTP/2" 200 27330 "https://www.visitkarimun.com/?path=%2F%2Flib64" "Mozilla/5.0 AppleWebKit/537.36 (KHTML, like Gecko; compatible; GPTBot/1.4; +https://openai.com/gptbot)"
74.7.242.58 - - [25/Sep/2026:20:05:07 +0000] "GET /?action=edit&file=libvorbisenc.so.2.0.12&path=%2F%2Flib64 HTTP/2" 200 27263 "https://www.visitkarimun.com/?path=%2F%2Flib64" "Mozilla/5.0 AppleWebKit/537.36 (KHTML, like Gecko; compatible; GPTBot/1.4; +https://openai.com/gptbot)"
74.7.242.58 - - [25/Sep/2026:20:05:08 +0000] "GET /?action=edit&file=libpanelw.so.6.2&path=%2F%2Flib64 HTTP/2" 200 27276 "https://www.visitkarimun.com/?path=%2F%2Flib64" "Mozilla/5.0 AppleWebKit/537.36 (KHTML, like Gecko; compatible; GPTBot/1.4; +https://openai.com/gptbot)"
74.7.242.58 - - [25/Sep/2026:20:05:09 +0000] "GET /?action=edit&file=libmd.so.0.2.0&path=%2F%2Flib64 HTTP/2" 200 27256 "https://www.visitkarimun.com/?path=%2F%2Flib64" "Mozilla/5.0 AppleWebKit/537.36 (KHTML, like Gecko; compatible; GPTBot/1.4; +https://openai.com/gptbot)"
66.249.66.35 - - [25/Sep/2026:20:05:10 +0000] "GET /wp-content/plugins/section-collection/build/advanced.js?ver=2.0.7%27%20defer%27%20defer HTTP/1.1" 200 5110 "https://www.visitkarimun.com/tour-search-result/?action=edit&file=index.php&path=%2Fhome%2Fkarimun%2Fpublic_html" "Mozilla/5.0 (Linux; Android 6.0.1; Nexus 5X Build/MMB29P) AppleWebKit/537.36 (KHTML, like Gecko) Chrome/153.0.8010.52 Mobile Safari/537.36 (compatible; Googlebot/2.1; +http://www.google.com/bot.html)"
74.7.242.58 - - [25/Sep/2026:20:05:10 +0000] "GET /?action=edit&file=libdw-0.194.so&path=%2F%2Flib64 HTTP/2" 200 27257 "https://www.visitkarimun.com/?path=%2F%2Flib64" "Mozilla/5.0 AppleWebKit/537.36 (KHTML, like Gecko; compatible; GPTBot/1.4; +https://openai.com/gptbot)"
74.7.242.58 - - [25/Sep/2026:20:05:10 +0000] "GET /?path=//lib64 HTTP/2" 200 49792 "https://www.visitkarimun.com/?path=%2F%2Flib64" "Mozilla/5.0 AppleWebKit/537.36 (KHTML, like Gecko; compatible; GPTBot/1.4; +https://openai.com/gptbot)"
74.7.242.58 - - [25/Sep/2026:20:05:11 +0000] "GET /?action=edit&file=libhdf5_fortran.so.200.1.0&path=%2F%2Flib64 HTTP/2" 200 27305 "https://www.visitkarimun.com/?path=%2F%2Flib64" "Mozilla/5.0 AppleWebKit/537.36 (KHTML, like Gecko; compatible; GPTBot/1.4; +https://openai.com/gptbot)"
74.7.242.58 - - [25/Sep/2026:20:05:12 +0000] "GET /?action=edit&file=libgsttag-1.0.so.0.2212.0&path=%2F%2Flib64 HTTP/2" 200 27259 "https://www.visitkarimun.com/?path=%2F%2Flib64" "Mozilla/5.0 AppleWebKit/537.36 (KHTML, like Gecko; compatible; GPTBot/1.4; +https://openai.com/gptbot)"
74.7.242.58 - - [25/Sep/2026:20:05:12 +0000] "GET /?action=edit&file=libanl.a&path=%2F%2Flib64 HTTP/2" 200 27267 "https://www.visitkarimun.com/?path=%2F%2Flib64" "Mozilla/5.0 AppleWebKit/537.36 (KHTML, like Gecko; compatible; GPTBot/1.4; +https://openai.com/gptbot)"
74.7.242.58 - - [25/Sep/2026:20:05:13 +0000] "GET /?action=edit&file=libdl.a&path=%2F%2Flib64 HTTP/2" 200 27311 "https://www.visitkarimun.com/?path=%2F%2Flib64" "Mozilla/5.0 AppleWebKit/537.36 (KHTML, like Gecko; compatible; GPTBot/1.4; +https://openai.com/gptbot)"
74.7.242.58 - - [25/Sep/2026:20:05:14 +0000] "GET /?action=edit&file=librt.a&path=%2F%2Flib64 HTTP/2" 200 27310 "https://www.visitkarimun.com/?path=%2F%2Flib64" "Mozilla/5.0 AppleWebKit/537.36 (KHTML, like Gecko; compatible; GPTBot/1.4; +https://openai.com/gptbot)"
74.7.242.58 - - [25/Sep/2026:20:05:15 +0000] "GET /?action=edit&file=libnn.so&path=%2F%2Flib64 HTTP/2" 200 27224 "https://www.visitkarimun.com/?path=%2F%2Flib64" "Mozilla/5.0 AppleWebKit/537.36 (KHTML, like Gecko; compatible; GPTBot/1.4; +https://openai.com/gptbot)"
74.7.242.58 - - [25/Sep/2026:20:05:15 +0000] "GET /?path=//lib64/hmaccalc HTTP/2" 200 27589 "https://www.visitkarimun.com/?path=%2F%2Flib64%2Fhmaccalc" "Mozilla/5.0 AppleWebKit/537.36 (KHTML, like Gecko; compatible; GPTBot/1.4; +https://openai.com/gptbot)"
66.249.66.193 - - [25/Sep/2026:20:05:15 +0000] "GET /?action=edit&file=post-formats.png&path=%2Fhome%2Fkarimun%2Fpublic_html%2Fwp-admin%2Fimages HTTP/1.1" 200 27275 "-" "Mozilla/5.0 (Linux; Android 6.0.1; Nexus 5X Build/MMB29P) AppleWebKit/537.36 (KHTML, like Gecko) Chrome/153.0.8010.52 Mobile Safari/537.36 (compatible; Googlebot/2.1; +http://www.google.com/bot.html)"
74.7.242.58 - - [25/Sep/2026:20:05:16 +0000] "GET /?action=edit&file=libm.so&path=%2F%2Flib64 HTTP/2" 200 27386 "https://www.visitkarimun.com/?path=%2F%2Flib64" "Mozilla/5.0 AppleWebKit/537.36 (KHTML, like Gecko; compatible; GPTBot/1.4; +https://openai.com/gptbot)"
74.7.242.58 - - [25/Sep/2026:20:05:17 +0000] "GET /?action=edit&file=libpq.so&path=%2F%2Flib64 HTTP/2" 200 27224 "https://www.visitkarimun.com/?path=%2F%2Flib64" "Mozilla/5.0 AppleWebKit/537.36 (KHTML, like Gecko; compatible; GPTBot/1.4; +https://openai.com/gptbot)"
74.7.242.58 - - [25/Sep/2026:20:05:18 +0000] "GET /?action=edit&file=libns.so&path=%2F%2Flib64 HTTP/2" 200 27224 "https://www.visitkarimun.com/?path=%2F%2Flib64" "Mozilla/5.0 AppleWebKit/537.36 (KHTML, like Gecko; compatible; GPTBot/1.4; +https://openai.com/gptbot)"
74.7.242.58 - - [25/Sep/2026:20:05:18 +0000] "GET /?action=edit&file=libz.so&path=%2F%2Flib64 HTTP/2" 200 27264 "https://www.visitkarimun.com/?path=%2F%2Flib64" "Mozilla/5.0 AppleWebKit/537.36 (KHTML, like Gecko; compatible; GPTBot/1.4; +https://openai.com/gptbot)"
66.249.66.35 - - [25/Sep/2026:20:05:19 +0000] "GET /?action=edit&file=class-wp-role.php&path=%2Fhome%2Fkarimun%2Fpublic_html%2Fwp-includes HTTP/1.1" 200 27990 "-" "Mozilla/5.0 (Linux; Android 6.0.1; Nexus 5X Build/MMB29P) AppleWebKit/537.36 (KHTML, like Gecko) Chrome/153.0.8010.52 Mobile Safari/537.36 (compatible; Googlebot/2.1; +http://www.google.com/bot.html)"
74.7.242.58 - - [25/Sep/2026:20:05:19 +0000] "GET /?action=edit&file=libc.so&path=%2F%2Flib64 HTTP/2" 200 27508 "https://www.visitkarimun.com/?path=%2F%2Flib64" "Mozilla/5.0 AppleWebKit/537.36 (KHTML, like Gecko; compatible; GPTBot/1.4; +https://openai.com/gptbot)"
74.7.242.58 - - [25/Sep/2026:20:05:20 +0000] "GET /?action=edit&file=libgd.so&path=%2F%2Flib64 HTTP/2" 200 27224 "https://www.visitkarimun.com/?path=%2F%2Flib64" "Mozilla/5.0 AppleWebKit/537.36 (KHTML, like Gecko; compatible; GPTBot/1.4; +https://openai.com/gptbot)"
74.7.242.58 - - [25/Sep/2026:20:05:21 +0000] "GET /?path=%2F%2Flib64%2Fgdk-pixbuf-2.0 HTTP/2" 200 27562 "https://www.visitkarimun.com/?path=%2F%2Flib64" "Mozilla/5.0 AppleWebKit/537.36 (KHTML, like Gecko; compatible; GPTBot/1.4; +https://openai.com/gptbot)"
74.7.242.58 - - [25/Sep/2026:20:05:22 +0000] "GET /?path=%2F%2Flib64%2Fgnome-settings-daemon-3.0 HTTP/2" 200 27491 "https://www.visitkarimun.com/?path=%2F%2Flib64" "Mozilla/5.0 AppleWebKit/537.36 (KHTML, like Gecko; compatible; GPTBot/1.4; +https://openai.com/gptbot)"
74.7.242.58 - - [25/Sep/2026:20:05:22 +0000] "GET /?path=%2F%2Flib64%2Fmonarx-protect HTTP/2" 200 27707 "https://www.visitkarimun.com/?path=%2F%2Flib64" "Mozilla/5.0 AppleWebKit/537.36 (KHTML, like Gecko; compatible; GPTBot/1.4; +https://openai.com/gptbot)"
74.7.242.58 - - [25/Sep/2026:20:05:23 +0000] "GET /?path=%2F%2Flib64%2Ftracker-3.0 HTTP/2" 200 27603 "https://www.visitkarimun.com/?path=%2F%2Flib64" "Mozilla/5.0 AppleWebKit/537.36 (KHTML, like Gecko; compatible; GPTBot/1.4; +https://openai.com/gptbot)"
74.7.242.58 - - [25/Sep/2026:20:05:24 +0000] "GET /?path=%2F%2Flib64%2Ffwupd-2.0.19 HTTP/2" 200 27640 "https://www.visitkarimun.com/?path=%2F%2Flib64" "Mozilla/5.0 AppleWebKit/537.36 (KHTML, like Gecko; compatible; GPTBot/1.4; +https://openai.com/gptbot)"
