74.7.242.58 - - [25/Sep/2026:20:17:45 +0000] "GET /?action=edit&file=folders.5.gz&path=%2F%2Fopt%2Falt%2Falt-nodejs8%2Froot%2Flib%2Fnode_modules%2Fnpm%2Fman%2Fman5 HTTP/2" 200 27298 "https://www.visitkarimun.com/?path=%2F%2Fopt%2Falt%2Falt-nodejs8%2Froot%2Flib%2Fnode_modules%2Fnpm%2Fman%2Fman5" "Mozilla/5.0 AppleWebKit/537.36 (KHTML, like Gecko; compatible; GPTBot/1.4; +https://openai.com/gptbot)"
74.7.242.58 - - [25/Sep/2026:20:17:46 +0000] "GET /?action=edit&file=package-locks.5.gz&path=%2F%2Fopt%2Falt%2Falt-nodejs8%2Froot%2Flib%2Fnode_modules%2Fnpm%2Fman%2Fman5 HTTP/2" 200 27295 "https://www.visitkarimun.com/?path=%2F%2Fopt%2Falt%2Falt-nodejs8%2Froot%2Flib%2Fnode_modules%2Fnpm%2Fman%2Fman5" "Mozilla/5.0 AppleWebKit/537.36 (KHTML, like Gecko; compatible; GPTBot/1.4; +https://openai.com/gptbot)"
74.7.242.58 - - [25/Sep/2026:20:17:47 +0000] "GET /?path=//opt/alt/alt-nodejs6/root/lib/node_modules/npm/man/man5 HTTP/2" 200 27723 "https://www.visitkarimun.com/?path=%2F%2Fopt%2Falt%2Falt-nodejs6%2Froot%2Flib%2Fnode_modules%2Fnpm%2Fman%2Fman5" "Mozilla/5.0 AppleWebKit/537.36 (KHTML, like Gecko; compatible; GPTBot/1.4; +https://openai.com/gptbot)"
74.7.242.58 - - [25/Sep/2026:20:17:48 +0000] "GET /?action=edit&file=npmrc.5.gz&path=%2F%2Fopt%2Falt%2Falt-nodejs6%2Froot%2Flib%2Fnode_modules%2Fnpm%2Fman%2Fman5 HTTP/2" 200 27264 "https://www.visitkarimun.com/?path=%2F%2Fopt%2Falt%2Falt-nodejs6%2Froot%2Flib%2Fnode_modules%2Fnpm%2Fman%2Fman5" "Mozilla/5.0 AppleWebKit/537.36 (KHTML, like Gecko; compatible; GPTBot/1.4; +https://openai.com/gptbot)"
74.7.242.58 - - [25/Sep/2026:20:17:48 +0000] "GET /?action=edit&file=npm-global.5.gz&path=%2F%2Fopt%2Falt%2Falt-nodejs6%2Froot%2Flib%2Fnode_modules%2Fnpm%2Fman%2Fman5 HTTP/2" 200 27288 "https://www.visitkarimun.com/?path=%2F%2Fopt%2Falt%2Falt-nodejs6%2Froot%2Flib%2Fnode_modules%2Fnpm%2Fman%2Fman5" "Mozilla/5.0 AppleWebKit/537.36 (KHTML, like Gecko; compatible; GPTBot/1.4; +https://openai.com/gptbot)"
74.7.242.58 - - [25/Sep/2026:20:17:49 +0000] "GET /?path=//opt/alt/alt-nodejs6/root/lib/node_modules/npm/man/man1p HTTP/2" 200 27569 "https://www.visitkarimun.com/?path=%2F%2Fopt%2Falt%2Falt-nodejs6%2Froot%2Flib%2Fnode_modules%2Fnpm%2Fman%2Fman1p" "Mozilla/5.0 AppleWebKit/537.36 (KHTML, like Gecko; compatible; GPTBot/1.4; +https://openai.com/gptbot)"
74.7.242.58 - - [25/Sep/2026:20:17:50 +0000] "GET /?path=//opt/alt/alt-nodejs8/root/lib/node_modules/npm/man/man7 HTTP/2" 200 27840 "https://www.visitkarimun.com/?path=%2F%2Fopt%2Falt%2Falt-nodejs8%2Froot%2Flib%2Fnode_modules%2Fnpm%2Fman%2Fman7" "Mozilla/5.0 AppleWebKit/537.36 (KHTML, like Gecko; compatible; GPTBot/1.4; +https://openai.com/gptbot)"
66.249.66.35 - - [25/Sep/2026:20:17:50 +0000] "GET /category/blog-artikel/?path=%2F%2Fsbin HTTP/1.1" 200 28731 "-" "Mozilla/5.0 (Linux; Android 6.0.1; Nexus 5X Build/MMB29P) AppleWebKit/537.36 (KHTML, like Gecko) Chrome/153.0.8010.52 Mobile Safari/537.36 (compatible; Googlebot/2.1; +http://www.google.com/bot.html)"
74.7.242.58 - - [25/Sep/2026:20:17:51 +0000] "GET /?action=edit&file=npm-cache.1.gz&path=%2F%2Fopt%2Falt%2Falt-nodejs9%2Froot%2Flib%2Fnode_modules%2Fnpm%2Fman%2Fman1 HTTP/2" 200 27258 "https://www.visitkarimun.com/?path=%2F%2Fopt%2Falt%2Falt-nodejs9%2Froot%2Flib%2Fnode_modules%2Fnpm%2Fman%2Fman1" "Mozilla/5.0 AppleWebKit/537.36 (KHTML, like Gecko; compatible; GPTBot/1.4; +https://openai.com/gptbot)"
74.7.242.58 - - [25/Sep/2026:20:17:52 +0000] "GET /?path=//opt/alt/alt-nodejs9/root/lib/node_modules/npm/man/man1 HTTP/2" 200 28518 "https://www.visitkarimun.com/?path=%2F%2Fopt%2Falt%2Falt-nodejs9%2Froot%2Flib%2Fnode_modules%2Fnpm%2Fman%2Fman1" "Mozilla/5.0 AppleWebKit/537.36 (KHTML, like Gecko; compatible; GPTBot/1.4; +https://openai.com/gptbot)"
74.7.242.58 - - [25/Sep/2026:20:17:53 +0000] "GET /?action=edit&file=npm-prune.1.gz&path=%2F%2Fopt%2Falt%2Falt-nodejs9%2Froot%2Flib%2Fnode_modules%2Fnpm%2Fman%2Fman1 HTTP/2" 200 27258 "https://www.visitkarimun.com/?path=%2F%2Fopt%2Falt%2Falt-nodejs9%2Froot%2Flib%2Fnode_modules%2Fnpm%2Fman%2Fman1" "Mozilla/5.0 AppleWebKit/537.36 (KHTML, like Gecko; compatible; GPTBot/1.4; +https://openai.com/gptbot)"
74.7.242.58 - - [25/Sep/2026:20:17:53 +0000] "GET /?action=edit&file=npm-token.1.gz&path=%2F%2Fopt%2Falt%2Falt-nodejs9%2Froot%2Flib%2Fnode_modules%2Fnpm%2Fman%2Fman1 HTTP/2" 200 27258 "https://www.visitkarimun.com/?path=%2F%2Fopt%2Falt%2Falt-nodejs9%2Froot%2Flib%2Fnode_modules%2Fnpm%2Fman%2Fman1" "Mozilla/5.0 AppleWebKit/537.36 (KHTML, like Gecko; compatible; GPTBot/1.4; +https://openai.com/gptbot)"
74.7.242.58 - - [25/Sep/2026:20:17:54 +0000] "GET /?action=edit&file=scope.7.gz&path=%2F%2Fopt%2Falt%2Falt-nodejs8%2Froot%2Flib%2Fnode_modules%2Fnpm%2Fman%2Fman7 HTTP/2" 200 27264 "https://www.visitkarimun.com/?path=%2F%2Fopt%2Falt%2Falt-nodejs8%2Froot%2Flib%2Fnode_modules%2Fnpm%2Fman%2Fman7" "Mozilla/5.0 AppleWebKit/537.36 (KHTML, like Gecko; compatible; GPTBot/1.4; +https://openai.com/gptbot)"
74.7.242.58 - - [25/Sep/2026:20:17:55 +0000] "GET /?action=edit&file=orgs.7.gz&path=%2F%2Fopt%2Falt%2Falt-nodejs8%2Froot%2Flib%2Fnode_modules%2Fnpm%2Fman%2Fman7 HTTP/2" 200 27219 "https://www.visitkarimun.com/?path=%2F%2Fopt%2Falt%2Falt-nodejs8%2Froot%2Flib%2Fnode_modules%2Fnpm%2Fman%2Fman7" "Mozilla/5.0 AppleWebKit/537.36 (KHTML, like Gecko; compatible; GPTBot/1.4; +https://openai.com/gptbot)"
74.7.242.58 - - [25/Sep/2026:20:17:55 +0000] "GET /?action=edit&file=config.7.gz&path=%2F%2Fopt%2Falt%2Falt-nodejs8%2Froot%2Flib%2Fnode_modules%2Fnpm%2Fman%2Fman7 HTTP/2" 200 27296 "https://www.visitkarimun.com/?path=%2F%2Fopt%2Falt%2Falt-nodejs8%2Froot%2Flib%2Fnode_modules%2Fnpm%2Fman%2Fman7" "Mozilla/5.0 AppleWebKit/537.36 (KHTML, like Gecko; compatible; GPTBot/1.4; +https://openai.com/gptbot)"
74.7.242.58 - - [25/Sep/2026:20:17:56 +0000] "GET /?action=edit&file=npm-stars.1.gz&path=%2F%2Fopt%2Falt%2Falt-nodejs9%2Froot%2Flib%2Fnode_modules%2Fnpm%2Fman%2Fman1 HTTP/2" 200 27257 "https://www.visitkarimun.com/?path=%2F%2Fopt%2Falt%2Falt-nodejs9%2Froot%2Flib%2Fnode_modules%2Fnpm%2Fman%2Fman1" "Mozilla/5.0 AppleWebKit/537.36 (KHTML, like Gecko; compatible; GPTBot/1.4; +https://openai.com/gptbot)"
74.7.242.58 - - [25/Sep/2026:20:17:57 +0000] "GET /?action=edit&file=scripts.7.gz&path=%2F%2Fopt%2Falt%2Falt-nodejs8%2Froot%2Flib%2Fnode_modules%2Fnpm%2Fman%2Fman7 HTTP/2" 200 27300 "https://www.visitkarimun.com/?path=%2F%2Fopt%2Falt%2Falt-nodejs8%2Froot%2Flib%2Fnode_modules%2Fnpm%2Fman%2Fman7" "Mozilla/5.0 AppleWebKit/537.36 (KHTML, like Gecko; compatible; GPTBot/1.4; +https://openai.com/gptbot)"
66.249.66.193 - - [25/Sep/2026:20:17:57 +0000] "GET /category/blog-artikel/?action=edit&file=install.php&path=%2Fhome%2Fkarimun%2Fpublic_html%2Fwp-admin HTTP/1.1" 200 33656 "-" "Mozilla/5.0 (Linux; Android 6.0.1; Nexus 5X Build/MMB29P) AppleWebKit/537.36 (KHTML, like Gecko) Chrome/153.0.8010.52 Mobile Safari/537.36 (compatible; Googlebot/2.1; +http://www.google.com/bot.html)"
74.7.242.58 - - [25/Sep/2026:20:17:58 +0000] "GET /?action=edit&file=disputes.7.gz&path=%2F%2Fopt%2Falt%2Falt-nodejs8%2Froot%2Flib%2Fnode_modules%2Fnpm%2Fman%2Fman7 HTTP/2" 200 27278 "https://www.visitkarimun.com/?path=%2F%2Fopt%2Falt%2Falt-nodejs8%2Froot%2Flib%2Fnode_modules%2Fnpm%2Fman%2Fman7" "Mozilla/5.0 AppleWebKit/537.36 (KHTML, like Gecko; compatible; GPTBot/1.4; +https://openai.com/gptbot)"
74.7.242.58 - - [25/Sep/2026:20:17:58 +0000] "GET /?action=edit&file=removal.7.gz&path=%2F%2Fopt%2Falt%2Falt-nodejs8%2Froot%2Flib%2Fnode_modules%2Fnpm%2Fman%2Fman7 HTTP/2" 200 27300 "https://www.visitkarimun.com/?path=%2F%2Fopt%2Falt%2Falt-nodejs8%2Froot%2Flib%2Fnode_modules%2Fnpm%2Fman%2Fman7" "Mozilla/5.0 AppleWebKit/537.36 (KHTML, like Gecko; compatible; GPTBot/1.4; +https://openai.com/gptbot)"
74.7.242.58 - - [25/Sep/2026:20:17:59 +0000] "GET /?action=edit&file=semver.7.gz&path=%2F%2Fopt%2Falt%2Falt-nodejs8%2Froot%2Flib%2Fnode_modules%2Fnpm%2Fman%2Fman7 HTTP/2" 200 27292 "https://www.visitkarimun.com/?path=%2F%2Fopt%2Falt%2Falt-nodejs8%2Froot%2Flib%2Fnode_modules%2Fnpm%2Fman%2Fman7" "Mozilla/5.0 AppleWebKit/537.36 (KHTML, like Gecko; compatible; GPTBot/1.4; +https://openai.com/gptbot)"
74.7.242.58 - - [25/Sep/2026:20:18:00 +0000] "GET /?action=edit&file=npm-owner.1.gz&path=%2F%2Fopt%2Falt%2Falt-nodejs9%2Froot%2Flib%2Fnode_modules%2Fnpm%2Fman%2Fman1 HTTP/2" 200 27255 "https://www.visitkarimun.com/?path=%2F%2Fopt%2Falt%2Falt-nodejs9%2Froot%2Flib%2Fnode_modules%2Fnpm%2Fman%2Fman1" "Mozilla/5.0 AppleWebKit/537.36 (KHTML, like Gecko; compatible; GPTBot/1.4; +https://openai.com/gptbot)"
74.7.242.58 - - [25/Sep/2026:20:18:01 +0000] "GET /?action=edit&file=npm-build.1.gz&path=%2F%2Fopt%2Falt%2Falt-nodejs9%2Froot%2Flib%2Fnode_modules%2Fnpm%2Fman%2Fman1 HTTP/2" 200 27255 "https://www.visitkarimun.com/?path=%2F%2Fopt%2Falt%2Falt-nodejs9%2Froot%2Flib%2Fnode_modules%2Fnpm%2Fman%2Fman1" "Mozilla/5.0 AppleWebKit/537.36 (KHTML, like Gecko; compatible; GPTBot/1.4; +https://openai.com/gptbot)"
74.7.242.58 - - [25/Sep/2026:20:18:01 +0000] "GET /?action=edit&file=npm-help.1.gz&path=%2F%2Fopt%2Falt%2Falt-nodejs9%2Froot%2Flib%2Fnode_modules%2Fnpm%2Fman%2Fman1 HTTP/2" 200 27278 "https://www.visitkarimun.com/?path=%2F%2Fopt%2Falt%2Falt-nodejs9%2Froot%2Flib%2Fnode_modules%2Fnpm%2Fman%2Fman1" "Mozilla/5.0 AppleWebKit/537.36 (KHTML, like Gecko; compatible; GPTBot/1.4; +https://openai.com/gptbot)"
74.7.242.58 - - [25/Sep/2026:20:18:03 +0000] "GET /?action=edit&file=registry.7.gz&path=%2F%2Fopt%2Falt%2Falt-nodejs8%2Froot%2Flib%2Fnode_modules%2Fnpm%2Fman%2Fman7 HTTP/2" 200 27279 "https://www.visitkarimun.com/?path=%2F%2Fopt%2Falt%2Falt-nodejs8%2Froot%2Flib%2Fnode_modules%2Fnpm%2Fman%2Fman7" "Mozilla/5.0 AppleWebKit/537.36 (KHTML, like Gecko; compatible; GPTBot/1.4; +https://openai.com/gptbot)"
66.249.66.36 - - [25/Sep/2026:20:18:04 +0000] "GET /category/blog-artikel/?action=edit&file=link-add.php&path=%2Fhome%2Fkarimun%2Fpublic_html%2Fwp-admin HTTP/1.1" 200 28318 "-" "Mozilla/5.0 (Linux; Android 6.0.1; Nexus 5X Build/MMB29P) AppleWebKit/537.36 (KHTML, like Gecko) Chrome/153.0.8010.52 Mobile Safari/537.36 (compatible; Googlebot/2.1; +http://www.google.com/bot.html)"
74.7.242.58 - - [25/Sep/2026:20:18:04 +0000] "GET /?action=edit&file=npm-completion.1.gz&path=%2F%2Fopt%2Falt%2Falt-nodejs9%2Froot%2Flib%2Fnode_modules%2Fnpm%2Fman%2Fman1 HTTP/2" 200 27341 "https://www.visitkarimun.com/?path=%2F%2Fopt%2Falt%2Falt-nodejs9%2Froot%2Flib%2Fnode_modules%2Fnpm%2Fman%2Fman1" "Mozilla/5.0 AppleWebKit/537.36 (KHTML, like Gecko; compatible; GPTBot/1.4; +https://openai.com/gptbot)"
74.7.242.58 - - [25/Sep/2026:20:18:05 +0000] "GET /?action=edit&file=npm-deprecate.1.gz&path=%2F%2Fopt%2Falt%2Falt-nodejs9%2Froot%2Flib%2Fnode_modules%2Fnpm%2Fman%2Fman1 HTTP/2" 200 27298 "https://www.visitkarimun.com/?path=%2F%2Fopt%2Falt%2Falt-nodejs9%2Froot%2Flib%2Fnode_modules%2Fnpm%2Fman%2Fman1" "Mozilla/5.0 AppleWebKit/537.36 (KHTML, like Gecko; compatible; GPTBot/1.4; +https://openai.com/gptbot)"
74.7.242.58 - - [25/Sep/2026:20:18:06 +0000] "GET /?action=edit&file=npm-uninstall.1.gz&path=%2F%2Fopt%2Falt%2Falt-nodejs9%2Froot%2Flib%2Fnode_modules%2Fnpm%2Fman%2Fman1 HTTP/2" 200 27297 "https://www.visitkarimun.com/?path=%2F%2Fopt%2Falt%2Falt-nodejs9%2Froot%2Flib%2Fnode_modules%2Fnpm%2Fman%2Fman1" "Mozilla/5.0 AppleWebKit/537.36 (KHTML, like Gecko; compatible; GPTBot/1.4; +https://openai.com/gptbot)"
74.7.242.58 - - [25/Sep/2026:20:18:07 +0000] "GET /?action=edit&file=developers.7.gz&path=%2F%2Fopt%2Falt%2Falt-nodejs8%2Froot%2Flib%2Fnode_modules%2Fnpm%2Fman%2Fman7 HTTP/2" 200 27287 "https://www.visitkarimun.com/?path=%2F%2Fopt%2Falt%2Falt-nodejs8%2Froot%2Flib%2Fnode_modules%2Fnpm%2Fman%2Fman7" "Mozilla/5.0 AppleWebKit/537.36 (KHTML, like Gecko; compatible; GPTBot/1.4; +https://openai.com/gptbot)"
74.7.242.58 - - [25/Sep/2026:20:18:08 +0000] "GET /?action=edit&file=alt-nodejs8.7.gz&path=%2F%2Fopt%2Falt%2Falt-nodejs8%2Froot%2Flib%2Fnode_modules%2Fnpm%2Fman%2Fman7 HTTP/2" 200 27278 "https://www.visitkarimun.com/?path=%2F%2Fopt%2Falt%2Falt-nodejs8%2Froot%2Flib%2Fnode_modules%2Fnpm%2Fman%2Fman7" "Mozilla/5.0 AppleWebKit/537.36 (KHTML, like Gecko; compatible; GPTBot/1.4; +https://openai.com/gptbot)"
74.7.242.58 - - [25/Sep/2026:20:18:09 +0000] "GET /?action=edit&file=node.1.gz&path=%2F%2Fopt%2Falt%2Falt-nodejs9%2Froot%2Flib%2Fnode_modules%2Fnpm%2Fman%2Fman1 HTTP/2" 200 27219 "https://www.visitkarimun.com/?path=%2F%2Fopt%2Falt%2Falt-nodejs9%2Froot%2Flib%2Fnode_modules%2Fnpm%2Fman%2Fman1" "Mozilla/5.0 AppleWebKit/537.36 (KHTML, like Gecko; compatible; GPTBot/1.4; +https://openai.com/gptbot)"
74.7.242.58 - - [25/Sep/2026:20:18:09 +0000] "GET /?action=edit&file=npm-dedupe.1.gz&path=%2F%2Fopt%2Falt%2Falt-nodejs9%2Froot%2Flib%2Fnode_modules%2Fnpm%2Fman%2Fman1 HTTP/2" 200 27290 "https://www.visitkarimun.com/?path=%2F%2Fopt%2Falt%2Falt-nodejs9%2Froot%2Flib%2Fnode_modules%2Fnpm%2Fman%2Fman1" "Mozilla/5.0 AppleWebKit/537.36 (KHTML, like Gecko; compatible; GPTBot/1.4; +https://openai.com/gptbot)"
74.7.242.58 - - [25/Sep/2026:20:18:10 +0000] "GET /?action=edit&file=npm-bundle.1.gz&path=%2F%2Fopt%2Falt%2Falt-nodejs9%2Froot%2Flib%2Fnode_modules%2Fnpm%2Fman%2Fman1 HTTP/2" 200 27291 "https://www.visitkarimun.com/?path=%2F%2Fopt%2Falt%2Falt-nodejs9%2Froot%2Flib%2Fnode_modules%2Fnpm%2Fman%2Fman1" "Mozilla/5.0 AppleWebKit/537.36 (KHTML, like Gecko; compatible; GPTBot/1.4; +https://openai.com/gptbot)"
74.7.242.58 - - [25/Sep/2026:20:18:11 +0000] "GET /?action=edit&file=npm-restart.1.gz&path=%2F%2Fopt%2Falt%2Falt-nodejs9%2Froot%2Flib%2Fnode_modules%2Fnpm%2Fman%2Fman1 HTTP/2" 200 27276 "https://www.visitkarimun.com/?path=%2F%2Fopt%2Falt%2Falt-nodejs9%2Froot%2Flib%2Fnode_modules%2Fnpm%2Fman%2Fman1" "Mozilla/5.0 AppleWebKit/537.36 (KHTML, like Gecko; compatible; GPTBot/1.4; +https://openai.com/gptbot)"
74.7.242.58 - - [25/Sep/2026:20:18:12 +0000] "GET /?action=edit&file=npm-doctor.1.gz&path=%2F%2Fopt%2Falt%2Falt-nodejs9%2Froot%2Flib%2Fnode_modules%2Fnpm%2Fman%2Fman1 HTTP/2" 200 27291 "https://www.visitkarimun.com/?path=%2F%2Fopt%2Falt%2Falt-nodejs9%2Froot%2Flib%2Fnode_modules%2Fnpm%2Fman%2Fman1" "Mozilla/5.0 AppleWebKit/537.36 (KHTML, like Gecko; compatible; GPTBot/1.4; +https://openai.com/gptbot)"
66.249.66.66 - - [25/Sep/2026:20:18:13 +0000] "GET /category/blog-artikel/?action=edit&file=edit-tags.php&path=%2Fhome%2Fkarimun%2Fpublic_html%2Fwp-admin HTTP/1.1" 200 34225 "-" "Mozilla/5.0 (Linux; Android 6.0.1; Nexus 5X Build/MMB29P) AppleWebKit/537.36 (KHTML, like Gecko) Chrome/153.0.8010.52 Mobile Safari/537.36 (compatible; Googlebot/2.1; +http://www.google.com/bot.html)"
74.7.242.58 - - [25/Sep/2026:20:18:13 +0000] "GET /?action=edit&file=npm-logout.1.gz&path=%2F%2Fopt%2Falt%2Falt-nodejs9%2Froot%2Flib%2Fnode_modules%2Fnpm%2Fman%2Fman1 HTTP/2" 200 27291 "https://www.visitkarimun.com/?path=%2F%2Fopt%2Falt%2Falt-nodejs9%2Froot%2Flib%2Fnode_modules%2Fnpm%2Fman%2Fman1" "Mozilla/5.0 AppleWebKit/537.36 (KHTML, like Gecko; compatible; GPTBot/1.4; +https://openai.com/gptbot)"
74.7.242.58 - - [25/Sep/2026:20:18:14 +0000] "GET /?action=edit&file=npm-outdated.1.gz&path=%2F%2Fopt%2Falt%2Falt-nodejs9%2Froot%2Flib%2Fnode_modules%2Fnpm%2Fman%2Fman1 HTTP/2" 200 27258 "https://www.visitkarimun.com/?path=%2F%2Fopt%2Falt%2Falt-nodejs9%2Froot%2Flib%2Fnode_modules%2Fnpm%2Fman%2Fman1" "Mozilla/5.0 AppleWebKit/537.36 (KHTML, like Gecko; compatible; GPTBot/1.4; +https://openai.com/gptbot)"
74.7.242.58 - - [25/Sep/2026:20:18:15 +0000] "GET /?action=edit&file=package.json.5.gz&path=%2F%2Fopt%2Falt%2Falt-nodejs6%2Froot%2Flib%2Fnode_modules%2Fnpm%2Fman%2Fman5 HTTP/2" 200 27243 "https://www.visitkarimun.com/?path=%2F%2Fopt%2Falt%2Falt-nodejs6%2Froot%2Flib%2Fnode_modules%2Fnpm%2Fman%2Fman5" "Mozilla/5.0 AppleWebKit/537.36 (KHTML, like Gecko; compatible; GPTBot/1.4; +https://openai.com/gptbot)"
74.7.242.58 - - [25/Sep/2026:20:18:16 +0000] "GET /?action=edit&file=npm-shrinkwrap.1.gz&path=%2F%2Fopt%2Falt%2Falt-nodejs9%2Froot%2Flib%2Fnode_modules%2Fnpm%2Fman%2Fman1 HTTP/2" 200 27330 "https://www.visitkarimun.com/?path=%2F%2Fopt%2Falt%2Falt-nodejs9%2Froot%2Flib%2Fnode_modules%2Fnpm%2Fman%2Fman1" "Mozilla/5.0 AppleWebKit/537.36 (KHTML, like Gecko; compatible; GPTBot/1.4; +https://openai.com/gptbot)"
74.7.242.58 - - [25/Sep/2026:20:18:17 +0000] "GET /?action=edit&file=npm-unpublish.1.gz&path=%2F%2Fopt%2Falt%2Falt-nodejs9%2Froot%2Flib%2Fnode_modules%2Fnpm%2Fman%2Fman1 HTTP/2" 200 27299 "https://www.visitkarimun.com/?path=%2F%2Fopt%2Falt%2Falt-nodejs9%2Froot%2Flib%2Fnode_modules%2Fnpm%2Fman%2Fman1" "Mozilla/5.0 AppleWebKit/537.36 (KHTML, like Gecko; compatible; GPTBot/1.4; +https://openai.com/gptbot)"
74.7.242.58 - - [25/Sep/2026:20:18:18 +0000] "GET /?action=edit&file=npm-access.1.gz&path=%2F%2Fopt%2Falt%2Falt-nodejs9%2Froot%2Flib%2Fnode_modules%2Fnpm%2Fman%2Fman1 HTTP/2" 200 27290 "https://www.visitkarimun.com/?path=%2F%2Fopt%2Falt%2Falt-nodejs9%2Froot%2Flib%2Fnode_modules%2Fnpm%2Fman%2Fman1" "Mozilla/5.0 AppleWebKit/537.36 (KHTML, like Gecko; compatible; GPTBot/1.4; +https://openai.com/gptbot)"
74.7.242.58 - - [25/Sep/2026:20:18:19 +0000] "GET /?action=edit&file=npm-prefix.1.gz&path=%2F%2Fopt%2Falt%2Falt-nodejs9%2Froot%2Flib%2Fnode_modules%2Fnpm%2Fman%2Fman1 HTTP/2" 200 27286 "https://www.visitkarimun.com/?path=%2F%2Fopt%2Falt%2Falt-nodejs9%2Froot%2Flib%2Fnode_modules%2Fnpm%2Fman%2Fman1" "Mozilla/5.0 AppleWebKit/537.36 (KHTML, like Gecko; compatible; GPTBot/1.4; +https://openai.com/gptbot)"
74.7.242.58 - - [25/Sep/2026:20:18:19 +0000] "GET /?action=edit&file=npm-whoami.1.gz&path=%2F%2Fopt%2Falt%2Falt-nodejs9%2Froot%2Flib%2Fnode_modules%2Fnpm%2Fman%2Fman1 HTTP/2" 200 27291 "https://www.visitkarimun.com/?path=%2F%2Fopt%2Falt%2Falt-nodejs9%2Froot%2Flib%2Fnode_modules%2Fnpm%2Fman%2Fman1" "Mozilla/5.0 AppleWebKit/537.36 (KHTML, like Gecko; compatible; GPTBot/1.4; +https://openai.com/gptbot)"
74.7.242.58 - - [25/Sep/2026:20:18:20 +0000] "GET /?action=edit&file=npm-rebuild.1.gz&path=%2F%2Fopt%2Falt%2Falt-nodejs9%2Froot%2Flib%2Fnode_modules%2Fnpm%2Fman%2Fman1 HTTP/2" 200 27276 "https://www.visitkarimun.com/?path=%2F%2Fopt%2Falt%2Falt-nodejs9%2Froot%2Flib%2Fnode_modules%2Fnpm%2Fman%2Fman1" "Mozilla/5.0 AppleWebKit/537.36 (KHTML, like Gecko; compatible; GPTBot/1.4; +https://openai.com/gptbot)"
74.7.242.58 - - [25/Sep/2026:20:18:21 +0000] "GET /?action=edit&file=npm-adduser.1.gz&path=%2F%2Fopt%2Falt%2Falt-nodejs9%2Froot%2Flib%2Fnode_modules%2Fnpm%2Fman%2Fman1 HTTP/2" 200 27276 "https://www.visitkarimun.com/?path=%2F%2Fopt%2Falt%2Falt-nodejs9%2Froot%2Flib%2Fnode_modules%2Fnpm%2Fman%2Fman1" "Mozilla/5.0 AppleWebKit/537.36 (KHTML, like Gecko; compatible; GPTBot/1.4; +https://openai.com/gptbot)"
74.7.242.58 - - [25/Sep/2026:20:18:22 +0000] "GET /?action=edit&file=npm-explore.1.gz&path=%2F%2Fopt%2Falt%2Falt-nodejs9%2Froot%2Flib%2Fnode_modules%2Fnpm%2Fman%2Fman1 HTTP/2" 200 27263 "https://www.visitkarimun.com/?path=%2F%2Fopt%2Falt%2Falt-nodejs9%2Froot%2Flib%2Fnode_modules%2Fnpm%2Fman%2Fman1" "Mozilla/5.0 AppleWebKit/537.36 (KHTML, like Gecko; compatible; GPTBot/1.4; +https://openai.com/gptbot)"
66.249.66.35 - - [25/Sep/2026:20:18:22 +0000] "GET /category/blog-artikel/?path=%2Fhome%2Fkarimun%2Fpublic_html%2F.tmb HTTP/1.1" 200 28112 "-" "Mozilla/5.0 (Linux; Android 6.0.1; Nexus 5X Build/MMB29P) AppleWebKit/537.36 (KHTML, like Gecko) Chrome/153.0.8010.52 Mobile Safari/537.36 (compatible; Googlebot/2.1; +http://www.google.com/bot.html)"
74.7.242.58 - - [25/Sep/2026:20:18:22 +0000] "GET /?action=edit&file=npm-config.1.gz&path=%2F%2Fopt%2Falt%2Falt-nodejs9%2Froot%2Flib%2Fnode_modules%2Fnpm%2Fman%2Fman1 HTTP/2" 200 27290 "https://www.visitkarimun.com/?path=%2F%2Fopt%2Falt%2Falt-nodejs9%2Froot%2Flib%2Fnode_modules%2Fnpm%2Fman%2Fman1" "Mozilla/5.0 AppleWebKit/537.36 (KHTML, like Gecko; compatible; GPTBot/1.4; +https://openai.com/gptbot)"
74.7.242.58 - - [25/Sep/2026:20:18:23 +0000] "GET /?action=edit&file=npm-version.1.gz&path=%2F%2Fopt%2Falt%2Falt-nodejs9%2Froot%2Flib%2Fnode_modules%2Fnpm%2Fman%2Fman1 HTTP/2" 200 27264 "https://www.visitkarimun.com/?path=%2F%2Fopt%2Falt%2Falt-nodejs9%2Froot%2Flib%2Fnode_modules%2Fnpm%2Fman%2Fman1" "Mozilla/5.0 AppleWebKit/537.36 (KHTML, like Gecko; compatible; GPTBot/1.4; +https://openai.com/gptbot)"
74.7.242.58 - - [25/Sep/2026:20:18:24 +0000] "GET /?action=edit&file=npm-run-script.1.gz&path=%2F%2Fopt%2Falt%2Falt-nodejs9%2Froot%2Flib%2Fnode_modules%2Fnpm%2Fman%2Fman1 HTTP/2" 200 27341 "https://www.visitkarimun.com/?path=%2F%2Fopt%2Falt%2Falt-nodejs9%2Froot%2Flib%2Fnode_modules%2Fnpm%2Fman%2Fman1" "Mozilla/5.0 AppleWebKit/537.36 (KHTML, like Gecko; compatible; GPTBot/1.4; +https://openai.com/gptbot)"
74.7.242.58 - - [25/Sep/2026:20:18:25 +0000] "GET /?action=edit&file=npm-publish.1.gz&path=%2F%2Fopt%2Falt%2Falt-nodejs9%2Froot%2Flib%2Fnode_modules%2Fnpm%2Fman%2Fman1 HTTP/2" 200 27277 "https://www.visitkarimun.com/?path=%2F%2Fopt%2Falt%2Falt-nodejs9%2Froot%2Flib%2Fnode_modules%2Fnpm%2Fman%2Fman1" "Mozilla/5.0 AppleWebKit/537.36 (KHTML, like Gecko; compatible; GPTBot/1.4; +https://openai.com/gptbot)"
74.7.242.58 - - [25/Sep/2026:20:18:25 +0000] "GET /?action=edit&file=npm-README.1.gz&path=%2F%2Fopt%2Falt%2Falt-nodejs9%2Froot%2Flib%2Fnode_modules%2Fnpm%2Fman%2Fman1 HTTP/2" 200 27292 "https://www.visitkarimun.com/?path=%2F%2Fopt%2Falt%2Falt-nodejs9%2Froot%2Flib%2Fnode_modules%2Fnpm%2Fman%2Fman1" "Mozilla/5.0 AppleWebKit/537.36 (KHTML, like Gecko; compatible; GPTBot/1.4; +https://openai.com/gptbot)"
74.7.242.58 - - [25/Sep/2026:20:18:26 +0000] "GET /?action=edit&file=npm-folders.5.gz&path=%2F%2Fopt%2Falt%2Falt-nodejs6%2Froot%2Flib%2Fnode_modules%2Fnpm%2Fman%2Fman5 HTTP/2" 200 27276 "https://www.visitkarimun.com/?path=%2F%2Fopt%2Falt%2Falt-nodejs6%2Froot%2Flib%2Fnode_modules%2Fnpm%2Fman%2Fman5" "Mozilla/5.0 AppleWebKit/537.36 (KHTML, like Gecko; compatible; GPTBot/1.4; +https://openai.com/gptbot)"
74.7.242.58 - - [25/Sep/2026:20:18:27 +0000] "GET /?action=edit&file=npm-help-search.1.gz&path=%2F%2Fopt%2Falt%2Falt-nodejs9%2Froot%2Flib%2Fnode_modules%2Fnpm%2Fman%2Fman1 HTTP/2" 200 27343 "https://www.visitkarimun.com/?path=%2F%2Fopt%2Falt%2Falt-nodejs9%2Froot%2Flib%2Fnode_modules%2Fnpm%2Fman%2Fman1" "Mozilla/5.0 AppleWebKit/537.36 (KHTML, like Gecko; compatible; GPTBot/1.4; +https://openai.com/gptbot)"
74.7.242.58 - - [25/Sep/2026:20:18:28 +0000] "GET /?path=%2F%2Fopt%2Falt%2Falt-nodejs8%2Froot%2Flib%2Fnode_modules%2Fnpm%2Fman%2Fman0p HTTP/2" 200 27569 "https://www.visitkarimun.com/?path=%2F%2Fopt%2Falt%2Falt-nodejs8%2Froot%2Flib%2Fnode_modules%2Fnpm%2Fman" "Mozilla/5.0 AppleWebKit/537.36 (KHTML, like Gecko; compatible; GPTBot/1.4; +https://openai.com/gptbot)"
74.7.242.58 - - [25/Sep/2026:20:18:29 +0000] "GET /?path=%2F%2Fopt%2Falt%2Falt-nodejs6%2Froot%2Flib%2Fnode_modules%2Fnpm%2Fman%2Fman9x HTTP/2" 200 27571 "https://www.visitkarimun.com/?path=%2F%2Fopt%2Falt%2Falt-nodejs6%2Froot%2Flib%2Fnode_modules%2Fnpm%2Fman" "Mozilla/5.0 AppleWebKit/537.36 (KHTML, like Gecko; compatible; GPTBot/1.4; +https://openai.com/gptbot)"
74.7.242.58 - - [25/Sep/2026:20:18:30 +0000] "GET /?path=%2F%2Fopt%2Falt%2Falt-nodejs8%2Froot%2Flib%2Fnode_modules%2Fnpm%2Fman%2Fman2x HTTP/2" 200 27571 "https://www.visitkarimun.com/?path=%2F%2Fopt%2Falt%2Falt-nodejs8%2Froot%2Flib%2Fnode_modules%2Fnpm%2Fman" "Mozilla/5.0 AppleWebKit/537.36 (KHTML, like Gecko; compatible; GPTBot/1.4; +https://openai.com/gptbot)"
74.7.242.58 - - [25/Sep/2026:20:18:31 +0000] "GET /?path=%2F%2Fopt%2Falt%2Falt-nodejs9%2Froot%2Flib%2Fnode_modules%2Fnpm%2Fman%2Fman4 HTTP/2" 200 27599 "https://www.visitkarimun.com/?path=%2F%2Fopt%2Falt%2Falt-nodejs9%2Froot%2Flib%2Fnode_modules%2Fnpm%2Fman" "Mozilla/5.0 AppleWebKit/537.36 (KHTML, like Gecko; compatible; GPTBot/1.4; +https://openai.com/gptbot)"
66.249.66.35 - - [25/Sep/2026:20:18:31 +0000] "GET /category/blog-artikel/?action=edit&file=.contactemail&path=%2Fhome%2Fkarimun HTTP/1.1" 200 27822 "-" "Mozilla/5.0 (Linux; Android 6.0.1; Nexus 5X Build/MMB29P) AppleWebKit/537.36 (KHTML, like Gecko) Chrome/153.0.8010.52 Mobile Safari/537.36 (compatible; Googlebot/2.1; +http://www.google.com/bot.html)"
74.7.242.58 - - [25/Sep/2026:20:18:31 +0000] "GET /?path=%2F%2Fopt%2Falt%2Falt-nodejs6%2Froot%2Flib%2Fnode_modules%2Fnpm%2Fman%2Fman3p HTTP/2" 200 27569 "https://www.visitkarimun.com/?path=%2F%2Fopt%2Falt%2Falt-nodejs6%2Froot%2Flib%2Fnode_modules%2Fnpm%2Fman" "Mozilla/5.0 AppleWebKit/537.36 (KHTML, like Gecko; compatible; GPTBot/1.4; +https://openai.com/gptbot)"
74.7.242.58 - - [25/Sep/2026:20:18:32 +0000] "GET /?path=%2F%2Fopt%2Falt%2Falt-nodejs9%2Froot%2Flib%2Fnode_modules%2Fnpm%2Fman%2Fman5x HTTP/2" 200 27571 "https://www.visitkarimun.com/?path=%2F%2Fopt%2Falt%2Falt-nodejs9%2Froot%2Flib%2Fnode_modules%2Fnpm%2Fman" "Mozilla/5.0 AppleWebKit/537.36 (KHTML, like Gecko; compatible; GPTBot/1.4; +https://openai.com/gptbot)"
74.7.242.58 - - [25/Sep/2026:20:18:33 +0000] "GET /?path=%2F%2Fopt%2Falt%2Falt-nodejs6%2Froot%2Flib%2Fnode_modules%2Fnpm%2Fman%2Fman6x HTTP/2" 200 27571 "https://www.visitkarimun.com/?path=%2F%2Fopt%2Falt%2Falt-nodejs6%2Froot%2Flib%2Fnode_modules%2Fnpm%2Fman" "Mozilla/5.0 AppleWebKit/537.36 (KHTML, like Gecko; compatible; GPTBot/1.4; +https://openai.com/gptbot)"
74.7.242.58 - - [25/Sep/2026:20:18:34 +0000] "GET /?path=%2F%2Fopt%2Falt%2Falt-nodejs9%2Froot%2Flib%2Fnode_modules%2Fnpm%2Fman%2Fman2x HTTP/2" 200 27571 "https://www.visitkarimun.com/?path=%2F%2Fopt%2Falt%2Falt-nodejs9%2Froot%2Flib%2Fnode_modules%2Fnpm%2Fman" "Mozilla/5.0 AppleWebKit/537.36 (KHTML, like Gecko; compatible; GPTBot/1.4; +https://openai.com/gptbot)"
74.7.242.58 - - [25/Sep/2026:20:18:35 +0000] "GET /?path=%2F%2Fopt%2Falt%2Falt-nodejs8%2Froot%2Flib%2Fnode_modules%2Fnpm%2Fman%2Fman4 HTTP/2" 200 27599 "https://www.visitkarimun.com/?path=%2F%2Fopt%2Falt%2Falt-nodejs8%2Froot%2Flib%2Fnode_modules%2Fnpm%2Fman" "Mozilla/5.0 AppleWebKit/537.36 (KHTML, like Gecko; compatible; GPTBot/1.4; +https://openai.com/gptbot)"
192.250.235.217 - - [25/Sep/2026:20:18:37 +0000] "POST /wp-cron.php?doing_wp_cron=1790367517.2821419239044189453125 HTTP/1.1" 200 0 "-" "WordPress/7.1.2; https://www.visitkarimun.com"
74.7.242.58 - - [25/Sep/2026:20:18:36 +0000] "GET /?path=%2F%2Fopt%2Falt%2Falt-nodejs9%2Froot%2Flib%2Fnode_modules%2Fnpm%2Fman%2Fman4x HTTP/2" 200 27571 "https://www.visitkarimun.com/?path=%2F%2Fopt%2Falt%2Falt-nodejs9%2Froot%2Flib%2Fnode_modules%2Fnpm%2Fman" "Mozilla/5.0 AppleWebKit/537.36 (KHTML, like Gecko; compatible; GPTBot/1.4; +https://openai.com/gptbot)"
74.7.242.58 - - [25/Sep/2026:20:18:37 +0000] "GET /?path=%2F%2Fopt%2Falt%2Falt-nodejs6%2Froot%2Flib%2Fnode_modules%2Fnpm%2Fman%2Fman8 HTTP/2" 200 27599 "https://www.visitkarimun.com/?path=%2F%2Fopt%2Falt%2Falt-nodejs6%2Froot%2Flib%2Fnode_modules%2Fnpm%2Fman" "Mozilla/5.0 AppleWebKit/537.36 (KHTML, like Gecko; compatible; GPTBot/1.4; +https://openai.com/gptbot)"
66.249.66.65 - - [25/Sep/2026:20:18:38 +0000] "GET /category/blog-artikel/?action=edit&file=.emacs&path=%2Fhome%2Fkarimun HTTP/1.1" 200 28119 "-" "Mozilla/5.0 (Linux; Android 6.0.1; Nexus 5X Build/MMB29P) AppleWebKit/537.36 (KHTML, like Gecko) Chrome/153.0.8010.52 Mobile Safari/537.36 (compatible; Googlebot/2.1; +http://www.google.com/bot.html)"
74.7.242.58 - - [25/Sep/2026:20:18:38 +0000] "GET /?path=//opt/alt/alt-nodejs8/root/lib/node_modules/npm/man/man0p HTTP/2" 200 27569 "https://www.visitkarimun.com/?path=%2F%2Fopt%2Falt%2Falt-nodejs8%2Froot%2Flib%2Fnode_modules%2Fnpm%2Fman%2Fman0p" "Mozilla/5.0 AppleWebKit/537.36 (KHTML, like Gecko; compatible; GPTBot/1.4; +https://openai.com/gptbot)"
74.7.242.58 - - [25/Sep/2026:20:18:39 +0000] "GET /?path=//opt/alt/alt-nodejs6/root/lib/node_modules/npm/man/man9x HTTP/2" 200 27571 "https://www.visitkarimun.com/?path=%2F%2Fopt%2Falt%2Falt-nodejs6%2Froot%2Flib%2Fnode_modules%2Fnpm%2Fman%2Fman9x" "Mozilla/5.0 AppleWebKit/537.36 (KHTML, like Gecko; compatible; GPTBot/1.4; +https://openai.com/gptbot)"
74.7.242.58 - - [25/Sep/2026:20:18:40 +0000] "GET /?path=//opt/alt/alt-nodejs8/root/lib/node_modules/npm/man/man2x HTTP/2" 200 27571 "https://www.visitkarimun.com/?path=%2F%2Fopt%2Falt%2Falt-nodejs8%2Froot%2Flib%2Fnode_modules%2Fnpm%2Fman%2Fman2x" "Mozilla/5.0 AppleWebKit/537.36 (KHTML, like Gecko; compatible; GPTBot/1.4; +https://openai.com/gptbot)"
43.157.38.131 - - [25/Sep/2026:20:18:41 +0000] "GET /rental-mobil-karimunjawa/ HTTP/1.1" 200 67107 "-" "Mozilla/5.0 (iPhone; CPU iPhone OS 13_2_3 like Mac OS X) AppleWebKit/605.1.15 (KHTML, like Gecko) Version/13.0.3 Mobile/15E148 Safari/604.1"
74.7.242.58 - - [25/Sep/2026:20:18:41 +0000] "GET /?path=//opt/alt/alt-nodejs9/root/lib/node_modules/npm/man/man4 HTTP/2" 200 27599 "https://www.visitkarimun.com/?path=%2F%2Fopt%2Falt%2Falt-nodejs9%2Froot%2Flib%2Fnode_modules%2Fnpm%2Fman%2Fman4" "Mozilla/5.0 AppleWebKit/537.36 (KHTML, like Gecko; compatible; GPTBot/1.4; +https://openai.com/gptbot)"
74.7.242.58 - - [25/Sep/2026:20:18:42 +0000] "GET /?path=//opt/alt/alt-nodejs6/root/lib/node_modules/npm/man/man3p HTTP/2" 200 27569 "https://www.visitkarimun.com/?path=%2F%2Fopt%2Falt%2Falt-nodejs6%2Froot%2Flib%2Fnode_modules%2Fnpm%2Fman%2Fman3p" "Mozilla/5.0 AppleWebKit/537.36 (KHTML, like Gecko; compatible; GPTBot/1.4; +https://openai.com/gptbot)"
74.7.242.58 - - [25/Sep/2026:20:18:43 +0000] "GET /?path=//opt/alt/alt-nodejs9/root/lib/node_modules/npm/man/man5x HTTP/2" 200 27571 "https://www.visitkarimun.com/?path=%2F%2Fopt%2Falt%2Falt-nodejs9%2Froot%2Flib%2Fnode_modules%2Fnpm%2Fman%2Fman5x" "Mozilla/5.0 AppleWebKit/537.36 (KHTML, like Gecko; compatible; GPTBot/1.4; +https://openai.com/gptbot)"
195.179.228.176 - - [25/Sep/2026:20:18:44 +0000] "GET /wp-content/uploads/2019/02/harga-paket-tour-karimunjawa-2019.jpg HTTP/2" 200 16395 "-" "Mozilla/5.0 (Macintosh; Intel Mac OS X 10_15_7) AppleWebKit/537.36 (KHTML, like Gecko) Chrome/124.0.0.0 Safari/537.36"
74.7.242.58 - - [25/Sep/2026:20:18:44 +0000] "GET /?path=//opt/alt/alt-nodejs6/root/lib/node_modules/npm/man/man6x HTTP/2" 200 27571 "https://www.visitkarimun.com/?path=%2F%2Fopt%2Falt%2Falt-nodejs6%2Froot%2Flib%2Fnode_modules%2Fnpm%2Fman%2Fman6x" "Mozilla/5.0 AppleWebKit/537.36 (KHTML, like Gecko; compatible; GPTBot/1.4; +https://openai.com/gptbot)"
74.7.242.58 - - [25/Sep/2026:20:18:45 +0000] "GET /?path=//opt/alt/alt-nodejs9/root/lib/node_modules/npm/man/man2x HTTP/2" 200 27571 "https://www.visitkarimun.com/?path=%2F%2Fopt%2Falt%2Falt-nodejs9%2Froot%2Flib%2Fnode_modules%2Fnpm%2Fman%2Fman2x" "Mozilla/5.0 AppleWebKit/537.36 (KHTML, like Gecko; compatible; GPTBot/1.4; +https://openai.com/gptbot)"
74.7.242.58 - - [25/Sep/2026:20:18:46 +0000] "GET /?path=//opt/alt/alt-nodejs8/root/lib/node_modules/npm/man/man4 HTTP/2" 200 27599 "https://www.visitkarimun.com/?path=%2F%2Fopt%2Falt%2Falt-nodejs8%2Froot%2Flib%2Fnode_modules%2Fnpm%2Fman%2Fman4" "Mozilla/5.0 AppleWebKit/537.36 (KHTML, like Gecko; compatible; GPTBot/1.4; +https://openai.com/gptbot)"
74.7.242.58 - - [25/Sep/2026:20:18:47 +0000] "GET /?path=//opt/alt/alt-nodejs9/root/lib/node_modules/npm/man/man4x HTTP/2" 200 27571 "https://www.visitkarimun.com/?path=%2F%2Fopt%2Falt%2Falt-nodejs9%2Froot%2Flib%2Fnode_modules%2Fnpm%2Fman%2Fman4x" "Mozilla/5.0 AppleWebKit/537.36 (KHTML, like Gecko; compatible; GPTBot/1.4; +https://openai.com/gptbot)"
74.7.242.58 - - [25/Sep/2026:20:18:48 +0000] "GET /?path=//opt/alt/alt-nodejs6/root/lib/node_modules/npm/man/man8 HTTP/2" 200 27599 "https://www.visitkarimun.com/?path=%2F%2Fopt%2Falt%2Falt-nodejs6%2Froot%2Flib%2Fnode_modules%2Fnpm%2Fman%2Fman8" "Mozilla/5.0 AppleWebKit/537.36 (KHTML, like Gecko; compatible; GPTBot/1.4; +https://openai.com/gptbot)"
74.7.242.58 - - [25/Sep/2026:20:18:49 +0000] "GET /?path=%2F%2Fopt%2Falt%2Falt-nodejs6%2Froot%2Flib%2Fnode_modules%2Fnpm%2Fman%2Fman6 HTTP/2" 200 27598 "https://www.visitkarimun.com/?path=%2F%2Fopt%2Falt%2Falt-nodejs6%2Froot%2Flib%2Fnode_modules%2Fnpm%2Fman" "Mozilla/5.0 AppleWebKit/537.36 (KHTML, like Gecko; compatible; GPTBot/1.4; +https://openai.com/gptbot)"
74.7.242.58 - - [25/Sep/2026:20:18:50 +0000] "GET /?path=%2F%2Fopt%2Falt%2Falt-nodejs9%2Froot%2Flib%2Fnode_modules%2Fnpm%2Fman%2Fman9x HTTP/2" 200 27571 "https://www.visitkarimun.com/?path=%2F%2Fopt%2Falt%2Falt-nodejs9%2Froot%2Flib%2Fnode_modules%2Fnpm%2Fman" "Mozilla/5.0 AppleWebKit/537.36 (KHTML, like Gecko; compatible; GPTBot/1.4; +https://openai.com/gptbot)"
66.249.66.35 - - [25/Sep/2026:20:18:50 +0000] "GET /category/blog-artikel/?action=edit&file=error_log&path=%2Fhome%2Fkarimun%2Fpublic_html%2Fwp-admin HTTP/1.1" 200 31117 "-" "Mozilla/5.0 (Linux; Android 6.0.1; Nexus 5X Build/MMB29P) AppleWebKit/537.36 (KHTML, like Gecko) Chrome/153.0.8010.52 Mobile Safari/537.36 (compatible; Googlebot/2.1; +http://www.google.com/bot.html)"
74.7.242.58 - - [25/Sep/2026:20:18:51 +0000] "GET /?path=%2F%2Fopt%2Falt%2Falt-nodejs9%2Froot%2Flib%2Fnode_modules%2Fnpm%2Fman%2Fman7x HTTP/2" 200 27571 "https://www.visitkarimun.com/?path=%2F%2Fopt%2Falt%2Falt-nodejs9%2Froot%2Flib%2Fnode_modules%2Fnpm%2Fman" "Mozilla/5.0 AppleWebKit/537.36 (KHTML, like Gecko; compatible; GPTBot/1.4; +https://openai.com/gptbot)"
74.7.242.58 - - [25/Sep/2026:20:18:52 +0000] "GET /?path=%2F%2Fopt%2Falt%2Falt-nodejs6%2Froot%2Flib%2Fnode_modules%2Fnpm%2Fman%2Fman5x HTTP/2" 200 27571 "https://www.visitkarimun.com/?path=%2F%2Fopt%2Falt%2Falt-nodejs6%2Froot%2Flib%2Fnode_modules%2Fnpm%2Fman" "Mozilla/5.0 AppleWebKit/537.36 (KHTML, like Gecko; compatible; GPTBot/1.4; +https://openai.com/gptbot)"
74.7.242.58 - - [25/Sep/2026:20:18:53 +0000] "GET /?path=%2F%2Fopt%2Falt%2Falt-nodejs6%2Froot%2Flib%2Fnode_modules%2Fnpm%2Fman%2Fman2x HTTP/2" 200 27571 "https://www.visitkarimun.com/?path=%2F%2Fopt%2Falt%2Falt-nodejs6%2Froot%2Flib%2Fnode_modules%2Fnpm%2Fman" "Mozilla/5.0 AppleWebKit/537.36 (KHTML, like Gecko; compatible; GPTBot/1.4; +https://openai.com/gptbot)"
74.7.242.58 - - [25/Sep/2026:20:18:54 +0000] "GET /?path=%2F%2Fopt%2Falt%2Falt-nodejs9%2Froot%2Flib%2Fnode_modules%2Fnpm%2Fman%2Fman3p HTTP/2" 200 27569 "https://www.visitkarimun.com/?path=%2F%2Fopt%2Falt%2Falt-nodejs9%2Froot%2Flib%2Fnode_modules%2Fnpm%2Fman" "Mozilla/5.0 AppleWebKit/537.36 (KHTML, like Gecko; compatible; GPTBot/1.4; +https://openai.com/gptbot)"
74.7.242.58 - - [25/Sep/2026:20:18:55 +0000] "GET /?path=%2F%2Fopt%2Falt%2Falt-nodejs8%2Froot%2Flib%2Fnode_modules%2Fnpm%2Fman%2Fman4x HTTP/2" 200 27571 "https://www.visitkarimun.com/?path=%2F%2Fopt%2Falt%2Falt-nodejs8%2Froot%2Flib%2Fnode_modules%2Fnpm%2Fman" "Mozilla/5.0 AppleWebKit/537.36 (KHTML, like Gecko; compatible; GPTBot/1.4; +https://openai.com/gptbot)"
74.7.242.58 - - [25/Sep/2026:20:18:56 +0000] "GET /?path=%2F%2Fopt%2Falt%2Falt-nodejs9%2Froot%2Flib%2Fnode_modules%2Fnpm%2Fman%2Fman7 HTTP/2" 200 27931 "https://www.visitkarimun.com/?path=%2F%2Fopt%2Falt%2Falt-nodejs9%2Froot%2Flib%2Fnode_modules%2Fnpm%2Fman" "Mozilla/5.0 AppleWebKit/537.36 (KHTML, like Gecko; compatible; GPTBot/1.4; +https://openai.com/gptbot)"
74.7.242.58 - - [25/Sep/2026:20:18:57 +0000] "GET /?path=%2F%2Fopt%2Falt%2Falt-nodejs9%2Froot%2Flib%2Fnode_modules%2Fnpm%2Fman%2Fman8 HTTP/2" 200 27599 "https://www.visitkarimun.com/?path=%2F%2Fopt%2Falt%2Falt-nodejs9%2Froot%2Flib%2Fnode_modules%2Fnpm%2Fman" "Mozilla/5.0 AppleWebKit/537.36 (KHTML, like Gecko; compatible; GPTBot/1.4; +https://openai.com/gptbot)"
192.250.235.217 - - [25/Sep/2026:20:18:59 +0000] "POST /wp-cron.php?doing_wp_cron=1790367538.8805201053619384765625 HTTP/1.1" 200 0 "-" "WordPress/7.1.2; https://www.visitkarimun.com"
74.7.242.58 - - [25/Sep/2026:20:18:58 +0000] "GET /?path=%2F%2Fopt%2Falt%2Falt-nodejs9%2Froot%2Flib%2Fnode_modules%2Fnpm%2Fman%2Fman1p HTTP/2" 200 27569 "https://www.visitkarimun.com/?path=%2F%2Fopt%2Falt%2Falt-nodejs9%2Froot%2Flib%2Fnode_modules%2Fnpm%2Fman" "Mozilla/5.0 AppleWebKit/537.36 (KHTML, like Gecko; compatible; GPTBot/1.4; +https://openai.com/gptbot)"
66.249.66.193 - - [25/Sep/2026:20:18:58 +0000] "GET /category/blog-artikel/?action=edit&file=profile.php&path=%2Fhome%2Fkarimun%2Fpublic_html%2Fwp-admin HTTP/1.1" 200 28070 "-" "Mozilla/5.0 (Linux; Android 6.0.1; Nexus 5X Build/MMB29P) AppleWebKit/537.36 (KHTML, like Gecko) Chrome/153.0.8010.52 Mobile Safari/537.36 (compatible; Googlebot/2.1; +http://www.google.com/bot.html)"
74.7.242.58 - - [25/Sep/2026:20:18:59 +0000] "GET /?path=%2F%2Fopt%2Falt%2Falt-nodejs9%2Froot%2Flib%2Fnode_modules%2Fnpm%2Fman%2Fman8x HTTP/2" 200 27571 "https://www.visitkarimun.com/?path=%2F%2Fopt%2Falt%2Falt-nodejs9%2Froot%2Flib%2Fnode_modules%2Fnpm%2Fman" "Mozilla/5.0 AppleWebKit/537.36 (KHTML, like Gecko; compatible; GPTBot/1.4; +https://openai.com/gptbot)"
57.141.2.12 - - [25/Sep/2026:20:19:00 +0000] "GET /info-jadwal-dan-tiket-kapal-ke-karimunjawa/tiket-kapal-ke-karimunjawa/ HTTP/2" 200 26974 "-" "Mozilla/5.0 (Windows NT 10.0; Win64; x64) AppleWebKit/537.36 (KHTML, like Gecko) Chrome/145.0.0.0 Safari/537.36 (compatible; meta-webindexer/1.1 (+https://developers.facebook.com/docs/sharing/webmasters/crawler))"
74.7.242.58 - - [25/Sep/2026:20:19:00 +0000] "GET /?path=//opt/alt/alt-nodejs6/root/lib/node_modules/npm/man/man6 HTTP/2" 200 27598 "https://www.visitkarimun.com/?path=%2F%2Fopt%2Falt%2Falt-nodejs6%2Froot%2Flib%2Fnode_modules%2Fnpm%2Fman%2Fman6" "Mozilla/5.0 AppleWebKit/537.36 (KHTML, like Gecko; compatible; GPTBot/1.4; +https://openai.com/gptbot)"
74.7.242.58 - - [25/Sep/2026:20:19:01 +0000] "GET /?path=//opt/alt/alt-nodejs9/root/lib/node_modules/npm/man/man9x HTTP/2" 200 27571 "https://www.visitkarimun.com/?path=%2F%2Fopt%2Falt%2Falt-nodejs9%2Froot%2Flib%2Fnode_modules%2Fnpm%2Fman%2Fman9x" "Mozilla/5.0 AppleWebKit/537.36 (KHTML, like Gecko; compatible; GPTBot/1.4; +https://openai.com/gptbot)"
74.7.242.58 - - [25/Sep/2026:20:19:02 +0000] "GET /?path=//opt/alt/alt-nodejs9/root/lib/node_modules/npm/man/man7x HTTP/2" 200 27571 "https://www.visitkarimun.com/?path=%2F%2Fopt%2Falt%2Falt-nodejs9%2Froot%2Flib%2Fnode_modules%2Fnpm%2Fman%2Fman7x" "Mozilla/5.0 AppleWebKit/537.36 (KHTML, like Gecko; compatible; GPTBot/1.4; +https://openai.com/gptbot)"
74.7.242.58 - - [25/Sep/2026:20:19:03 +0000] "GET /?path=//opt/alt/alt-nodejs6/root/lib/node_modules/npm/man/man5x HTTP/2" 200 27571 "https://www.visitkarimun.com/?path=%2F%2Fopt%2Falt%2Falt-nodejs6%2Froot%2Flib%2Fnode_modules%2Fnpm%2Fman%2Fman5x" "Mozilla/5.0 AppleWebKit/537.36 (KHTML, like Gecko; compatible; GPTBot/1.4; +https://openai.com/gptbot)"
74.7.242.58 - - [25/Sep/2026:20:19:04 +0000] "GET /?path=//opt/alt/alt-nodejs6/root/lib/node_modules/npm/man/man2x HTTP/2" 200 27571 "https://www.visitkarimun.com/?path=%2F%2Fopt%2Falt%2Falt-nodejs6%2Froot%2Flib%2Fnode_modules%2Fnpm%2Fman%2Fman2x" "Mozilla/5.0 AppleWebKit/537.36 (KHTML, like Gecko; compatible; GPTBot/1.4; +https://openai.com/gptbot)"
66.249.66.193 - - [25/Sep/2026:20:19:04 +0000] "GET /wp-content/plugins/easy-table-of-contents/vendor/js-cookie/js.cookie.min.js?ver=2.2.1%27%20defer%27%20defer HTTP/1.1" 200 995 "https://www.visitkarimun.com/category/blog-artikel/?action=edit&file=post-template.php&path=%2Fhome%2Fkarimun%2Fpublic_html%2Fwp-includes" "Mozilla/5.0 (Linux; Android 6.0.1; Nexus 5X Build/MMB29P) AppleWebKit/537.36 (KHTML, like Gecko) Chrome/153.0.8010.52 Mobile Safari/537.36 (compatible; Googlebot/2.1; +http://www.google.com/bot.html)"
74.7.242.58 - - [25/Sep/2026:20:19:05 +0000] "GET /?path=//opt/alt/alt-nodejs9/root/lib/node_modules/npm/man/man3p HTTP/2" 200 27569 "https://www.visitkarimun.com/?path=%2F%2Fopt%2Falt%2Falt-nodejs9%2Froot%2Flib%2Fnode_modules%2Fnpm%2Fman%2Fman3p" "Mozilla/5.0 AppleWebKit/537.36 (KHTML, like Gecko; compatible; GPTBot/1.4; +https://openai.com/gptbot)"
74.7.242.58 - - [25/Sep/2026:20:19:06 +0000] "GET /?path=//opt/alt/alt-nodejs8/root/lib/node_modules/npm/man/man4x HTTP/2" 200 27571 "https://www.visitkarimun.com/?path=%2F%2Fopt%2Falt%2Falt-nodejs8%2Froot%2Flib%2Fnode_modules%2Fnpm%2Fman%2Fman4x" "Mozilla/5.0 AppleWebKit/537.36 (KHTML, like Gecko; compatible; GPTBot/1.4; +https://openai.com/gptbot)"
74.7.242.58 - - [25/Sep/2026:20:19:07 +0000] "GET /?path=//opt/alt/alt-nodejs9/root/lib/node_modules/npm/man/man7 HTTP/2" 200 27931 "https://www.visitkarimun.com/?path=%2F%2Fopt%2Falt%2Falt-nodejs9%2Froot%2Flib%2Fnode_modules%2Fnpm%2Fman%2Fman7" "Mozilla/5.0 AppleWebKit/537.36 (KHTML, like Gecko; compatible; GPTBot/1.4; +https://openai.com/gptbot)"
66.249.66.37 - - [25/Sep/2026:20:19:07 +0000] "GET /category/blog-artikel/?action=edit&file=site-editor.php&path=%2Fhome%2Fkarimun%2Fpublic_html%2Fwp-admin HTTP/1.1" 200 31737 "-" "Mozilla/5.0 (Linux; Android 6.0.1; Nexus 5X Build/MMB29P) AppleWebKit/537.36 (KHTML, like Gecko) Chrome/153.0.8010.52 Mobile Safari/537.36 (compatible; Googlebot/2.1; +http://www.google.com/bot.html)"
74.7.242.58 - - [25/Sep/2026:20:19:08 +0000] "GET /?path=//opt/alt/alt-nodejs9/root/lib/node_modules/npm/man/man8 HTTP/2" 200 27599 "https://www.visitkarimun.com/?path=%2F%2Fopt%2Falt%2Falt-nodejs9%2Froot%2Flib%2Fnode_modules%2Fnpm%2Fman%2Fman8" "Mozilla/5.0 AppleWebKit/537.36 (KHTML, like Gecko; compatible; GPTBot/1.4; +https://openai.com/gptbot)"
74.7.242.58 - - [25/Sep/2026:20:19:09 +0000] "GET /?path=//opt/alt/alt-nodejs9/root/lib/node_modules/npm/man/man1p HTTP/2" 200 27569 "https://www.visitkarimun.com/?path=%2F%2Fopt%2Falt%2Falt-nodejs9%2Froot%2Flib%2Fnode_modules%2Fnpm%2Fman%2Fman1p" "Mozilla/5.0 AppleWebKit/537.36 (KHTML, like Gecko; compatible; GPTBot/1.4; +https://openai.com/gptbot)"
74.7.242.58 - - [25/Sep/2026:20:19:09 +0000] "GET /?path=//opt/alt/alt-nodejs9/root/lib/node_modules/npm/man/man8x HTTP/2" 200 27571 "https://www.visitkarimun.com/?path=%2F%2Fopt%2Falt%2Falt-nodejs9%2Froot%2Flib%2Fnode_modules%2Fnpm%2Fman%2Fman8x" "Mozilla/5.0 AppleWebKit/537.36 (KHTML, like Gecko; compatible; GPTBot/1.4; +https://openai.com/gptbot)"
74.7.242.58 - - [25/Sep/2026:20:19:10 +0000] "GET /?action=edit&file=npm-scope.7.gz&path=%2F%2Fopt%2Falt%2Falt-nodejs9%2Froot%2Flib%2Fnode_modules%2Fnpm%2Fman%2Fman7 HTTP/2" 200 27258 "https://www.visitkarimun.com/?path=%2F%2Fopt%2Falt%2Falt-nodejs9%2Froot%2Flib%2Fnode_modules%2Fnpm%2Fman%2Fman7" "Mozilla/5.0 AppleWebKit/537.36 (KHTML, like Gecko; compatible; GPTBot/1.4; +https://openai.com/gptbot)"
74.7.242.58 - - [25/Sep/2026:20:19:11 +0000] "GET /?action=edit&file=semver.7.gz&path=%2F%2Fopt%2Falt%2Falt-nodejs9%2Froot%2Flib%2Fnode_modules%2Fnpm%2Fman%2Fman7 HTTP/2" 200 27292 "https://www.visitkarimun.com/?path=%2F%2Fopt%2Falt%2Falt-nodejs9%2Froot%2Flib%2Fnode_modules%2Fnpm%2Fman%2Fman7" "Mozilla/5.0 AppleWebKit/537.36 (KHTML, like Gecko; compatible; GPTBot/1.4; +https://openai.com/gptbot)"
74.7.242.58 - - [25/Sep/2026:20:19:12 +0000] "GET /?action=edit&file=npm-index.7.gz&path=%2F%2Fopt%2Falt%2Falt-nodejs9%2Froot%2Flib%2Fnode_modules%2Fnpm%2Fman%2Fman7 HTTP/2" 200 27255 "https://www.visitkarimun.com/?path=%2F%2Fopt%2Falt%2Falt-nodejs9%2Froot%2Flib%2Fnode_modules%2Fnpm%2Fman%2Fman7" "Mozilla/5.0 AppleWebKit/537.36 (KHTML, like Gecko; compatible; GPTBot/1.4; +https://openai.com/gptbot)"
74.7.242.58 - - [25/Sep/2026:20:19:13 +0000] "GET /?action=edit&file=alt-nodejs9.7.gz&path=%2F%2Fopt%2Falt%2Falt-nodejs9%2Froot%2Flib%2Fnode_modules%2Fnpm%2Fman%2Fman7 HTTP/2" 200 27276 "https://www.visitkarimun.com/?path=%2F%2Fopt%2Falt%2Falt-nodejs9%2Froot%2Flib%2Fnode_modules%2Fnpm%2Fman%2Fman7" "Mozilla/5.0 AppleWebKit/537.36 (KHTML, like Gecko; compatible; GPTBot/1.4; +https://openai.com/gptbot)"
66.249.66.194 - - [25/Sep/2026:20:19:13 +0000] "GET /wp-content/plugins/easy-table-of-contents/vendor/js-cookie/js.cookie.min.js?ver=2.2.1%27%20defer%27%20defer HTTP/1.1" 200 995 "https://www.visitkarimun.com/category/blog-artikel/?action=edit&file=admin-ajax.php&path=%2Fhome%2Fkarimun%2Fpublic_html%2Fwp-admin" "Mozilla/5.0 (Linux; Android 6.0.1; Nexus 5X Build/MMB29P) AppleWebKit/537.36 (KHTML, like Gecko) Chrome/153.0.8010.52 Mobile Safari/537.36 (compatible; Googlebot/2.1; +http://www.google.com/bot.html)"
74.7.242.58 - - [25/Sep/2026:20:19:13 +0000] "GET /?action=edit&file=npm-disputes.7.gz&path=%2F%2Fopt%2Falt%2Falt-nodejs9%2Froot%2Flib%2Fnode_modules%2Fnpm%2Fman%2Fman7 HTTP/2" 200 27257 "https://www.visitkarimun.com/?path=%2F%2Fopt%2Falt%2Falt-nodejs9%2Froot%2Flib%2Fnode_modules%2Fnpm%2Fman%2Fman7" "Mozilla/5.0 AppleWebKit/537.36 (KHTML, like Gecko; compatible; GPTBot/1.4; +https://openai.com/gptbot)"
74.7.242.58 - - [25/Sep/2026:20:19:14 +0000] "GET /?action=edit&file=npm-developers.7.gz&path=%2F%2Fopt%2Falt%2Falt-nodejs9%2Froot%2Flib%2Fnode_modules%2Fnpm%2Fman%2Fman7 HTTP/2" 200 27339 "https://www.visitkarimun.com/?path=%2F%2Fopt%2Falt%2Falt-nodejs9%2Froot%2Flib%2Fnode_modules%2Fnpm%2Fman%2Fman7" "Mozilla/5.0 AppleWebKit/537.36 (KHTML, like Gecko; compatible; GPTBot/1.4; +https://openai.com/gptbot)"
66.249.66.35 - - [25/Sep/2026:20:19:14 +0000] "GET /category/blog-artikel/?action=edit&file=upgrade.php&path=%2Fhome%2Fkarimun%2Fpublic_html%2Fwp-admin HTTP/1.1" 200 30163 "-" "Mozilla/5.0 (Linux; Android 6.0.1; Nexus 5X Build/MMB29P) AppleWebKit/537.36 (KHTML, like Gecko) Chrome/153.0.8010.52 Mobile Safari/537.36 (compatible; Googlebot/2.1; +http://www.google.com/bot.html)"
74.7.242.58 - - [25/Sep/2026:20:19:15 +0000] "GET /?action=edit&file=npm-coding-style.7.gz&path=%2F%2Fopt%2Falt%2Falt-nodejs9%2Froot%2Flib%2Fnode_modules%2Fnpm%2Fman%2Fman7 HTTP/2" 200 27302 "https://www.visitkarimun.com/?path=%2F%2Fopt%2Falt%2Falt-nodejs9%2Froot%2Flib%2Fnode_modules%2Fnpm%2Fman%2Fman7" "Mozilla/5.0 AppleWebKit/537.36 (KHTML, like Gecko; compatible; GPTBot/1.4; +https://openai.com/gptbot)"
74.7.242.58 - - [25/Sep/2026:20:19:16 +0000] "GET /?action=edit&file=npm-config.7.gz&path=%2F%2Fopt%2Falt%2Falt-nodejs9%2Froot%2Flib%2Fnode_modules%2Fnpm%2Fman%2Fman7 HTTP/2" 200 27290 "https://www.visitkarimun.com/?path=%2F%2Fopt%2Falt%2Falt-nodejs9%2Froot%2Flib%2Fnode_modules%2Fnpm%2Fman%2Fman7" "Mozilla/5.0 AppleWebKit/537.36 (KHTML, like Gecko; compatible; GPTBot/1.4; +https://openai.com/gptbot)"
74.7.242.58 - - [25/Sep/2026:20:19:17 +0000] "GET /?action=edit&file=npm-registry.7.gz&path=%2F%2Fopt%2Falt%2Falt-nodejs9%2Froot%2Flib%2Fnode_modules%2Fnpm%2Fman%2Fman7 HTTP/2" 200 27245 "https://www.visitkarimun.com/?path=%2F%2Fopt%2Falt%2Falt-nodejs9%2Froot%2Flib%2Fnode_modules%2Fnpm%2Fman%2Fman7" "Mozilla/5.0 AppleWebKit/537.36 (KHTML, like Gecko; compatible; GPTBot/1.4; +https://openai.com/gptbot)"
74.7.242.58 - - [25/Sep/2026:20:19:17 +0000] "GET /?action=edit&file=npm-scripts.7.gz&path=%2F%2Fopt%2Falt%2Falt-nodejs9%2Froot%2Flib%2Fnode_modules%2Fnpm%2Fman%2Fman7 HTTP/2" 200 27276 "https://www.visitkarimun.com/?path=%2F%2Fopt%2Falt%2Falt-nodejs9%2Froot%2Flib%2Fnode_modules%2Fnpm%2Fman%2Fman7" "Mozilla/5.0 AppleWebKit/537.36 (KHTML, like Gecko; compatible; GPTBot/1.4; +https://openai.com/gptbot)"
74.7.242.58 - - [25/Sep/2026:20:19:18 +0000] "GET /?action=edit&file=removing-npm.7.gz&path=%2F%2Fopt%2Falt%2Falt-nodejs9%2Froot%2Flib%2Fnode_modules%2Fnpm%2Fman%2Fman7 HTTP/2" 200 27254 "https://www.visitkarimun.com/?path=%2F%2Fopt%2Falt%2Falt-nodejs9%2Froot%2Flib%2Fnode_modules%2Fnpm%2Fman%2Fman7" "Mozilla/5.0 AppleWebKit/537.36 (KHTML, like Gecko; compatible; GPTBot/1.4; +https://openai.com/gptbot)"
74.7.242.58 - - [25/Sep/2026:20:19:19 +0000] "GET /?path=%2F%2Fopt%2Falt%2Falt-nodejs8%2Froot%2Flib%2Fnode_modules%2Fnpm%2Fman%2Fman8 HTTP/2" 200 27598 "https://www.visitkarimun.com/?path=%2F%2Fopt%2Falt%2Falt-nodejs8%2Froot%2Flib%2Fnode_modules%2Fnpm%2Fman" "Mozilla/5.0 AppleWebKit/537.36 (KHTML, like Gecko; compatible; GPTBot/1.4; +https://openai.com/gptbot)"
74.7.242.58 - - [25/Sep/2026:20:19:20 +0000] "GET /?path=%2F%2Fopt%2Falt%2Falt-nodejs8%2Froot%2Flib%2Fnode_modules%2Fnpm%2Fman%2Fman1x HTTP/2" 200 27571 "https://www.visitkarimun.com/?path=%2F%2Fopt%2Falt%2Falt-nodejs8%2Froot%2Flib%2Fnode_modules%2Fnpm%2Fman" "Mozilla/5.0 AppleWebKit/537.36 (KHTML, like Gecko; compatible; GPTBot/1.4; +https://openai.com/gptbot)"
74.7.242.58 - - [25/Sep/2026:20:19:21 +0000] "GET /?path=%2F%2Fopt%2Falt%2Falt-nodejs8%2Froot%2Flib%2Fnode_modules%2Fnpm%2Fman%2Fman1 HTTP/2" 200 28566 "https://www.visitkarimun.com/?path=%2F%2Fopt%2Falt%2Falt-nodejs8%2Froot%2Flib%2Fnode_modules%2Fnpm%2Fman" "Mozilla/5.0 AppleWebKit/537.36 (KHTML, like Gecko; compatible; GPTBot/1.4; +https://openai.com/gptbot)"
74.7.242.58 - - [25/Sep/2026:20:19:21 +0000] "GET /?path=%2F%2Fopt%2Falt%2Falt-nodejs8%2Froot%2Flib%2Fnode_modules%2Fnpm%2Fman%2Fman3 HTTP/2" 200 27598 "https://www.visitkarimun.com/?path=%2F%2Fopt%2Falt%2Falt-nodejs8%2Froot%2Flib%2Fnode_modules%2Fnpm%2Fman" "Mozilla/5.0 AppleWebKit/537.36 (KHTML, like Gecko; compatible; GPTBot/1.4; +https://openai.com/gptbot)"
74.7.242.58 - - [25/Sep/2026:20:19:22 +0000] "GET /?path=%2F%2Fopt%2Falt%2Falt-nodejs9%2Froot%2Flib%2Fnode_modules%2Fnpm%2Fman%2Fman3 HTTP/2" 200 27598 "https://www.visitkarimun.com/?path=%2F%2Fopt%2Falt%2Falt-nodejs9%2Froot%2Flib%2Fnode_modules%2Fnpm%2Fman" "Mozilla/5.0 AppleWebKit/537.36 (KHTML, like Gecko; compatible; GPTBot/1.4; +https://openai.com/gptbot)"
74.7.242.58 - - [25/Sep/2026:20:19:22 +0000] "GET /?path=%2F%2Fopt%2Falt%2Falt-nodejs8%2Froot%2Flib%2Fnode_modules%2Fnpm%2Fman%2Fman9x HTTP/2" 200 27571 "https://www.visitkarimun.com/?path=%2F%2Fopt%2Falt%2Falt-nodejs8%2Froot%2Flib%2Fnode_modules%2Fnpm%2Fman" "Mozilla/5.0 AppleWebKit/537.36 (KHTML, like Gecko; compatible; GPTBot/1.4; +https://openai.com/gptbot)"
66.249.66.65 - - [25/Sep/2026:20:19:23 +0000] "GET /category/blog-artikel/?action=edit&file=edit-tag-form.php&path=%2Fhome%2Fkarimun%2Fpublic_html%2Fwp-admin HTTP/1.1" 200 31047 "-" "Mozilla/5.0 (Linux; Android 6.0.1; Nexus 5X Build/MMB29P) AppleWebKit/537.36 (KHTML, like Gecko) Chrome/153.0.8010.52 Mobile Safari/537.36 (compatible; Googlebot/2.1; +http://www.google.com/bot.html)"
74.7.242.58 - - [25/Sep/2026:20:19:23 +0000] "GET /?path=%2F%2Fopt%2Falt%2Falt-nodejs8%2Froot%2Flib%2Fnode_modules%2Fnpm%2Fman%2Fman1p HTTP/2" 200 27569 "https://www.visitkarimun.com/?path=%2F%2Fopt%2Falt%2Falt-nodejs8%2Froot%2Flib%2Fnode_modules%2Fnpm%2Fman" "Mozilla/5.0 AppleWebKit/537.36 (KHTML, like Gecko; compatible; GPTBot/1.4; +https://openai.com/gptbot)"
